Results for 3.4.0 20040102 (experimental) testsuite on sparc64-sun-solaris2.7

Kaveh R. Ghazi ghazi@caip.rutgers.edu
Fri Jan 2 18:39:00 GMT 2004


LAST_UPDATED: 
Native configuration is sparc64-sun-solaris2.7

		=== g++ tests ===


Running target unix
WARNING: g++.dg/eh/simd-1.C compilation failed to produce executable
WARNING: g++.dg/eh/simd-2.C compilation failed to produce executable
XPASS: g++.dg/ext/lvalue1.C not an lvalue (test for errors, line 7)
FAIL: g++.dg/parse/stack1.C (test for excess errors)
XPASS: g++.dg/warn/Wunused-2.C  (test for warnings, line 5)
WARNING: g++.old-deja/g++.mike/p10769a.C compilation failed to produce executable
FAIL: g++.old-deja/g++.other/crash34.C (test for excess errors)
WARNING: g++.old-deja/g++.other/enum5.C compilation failed to produce executable
WARNING: g++.old-deja/g++.pt/friend44.C compilation failed to produce executable

		=== g++ Summary ===

# of expected passes		9222
# of unexpected failures	2
# of unexpected successes	2
# of expected failures		57
# of unsupported tests		68
/teal/tmpdisk/ghazi/gcc-testing/v9-34/build/gcc/testsuite/../g++ version 3.4.0 20040102 (experimental)

		=== g77 tests ===


Running target unix

		=== g77 Summary ===

# of expected passes		1786
# of expected failures		1
# of untested testcases		1
# of unsupported tests		6
/teal/tmpdisk/ghazi/gcc-testing/v9-34/build/gcc/testsuite/../g77 version 3.4.0 20040102 (experimental)

		=== gcc tests ===


Running target unix
UNRESOLVED: gcc.c-torture/execute/simd-4.c execution,  -O0 
UNRESOLVED: gcc.c-torture/execute/va-arg-25.c execution,  -O0 
UNRESOLVED: gcc.c-torture/execute/va-arg-25.c execution,  -O1 
UNRESOLVED: gcc.c-torture/execute/va-arg-25.c execution,  -O2 
UNRESOLVED: gcc.c-torture/execute/va-arg-25.c execution,  -O3 -fomit-frame-pointer 
UNRESOLVED: gcc.c-torture/execute/va-arg-25.c execution,  -O3 -g 
UNRESOLVED: gcc.c-torture/execute/va-arg-25.c execution,  -Os 
FAIL: gcc.dg/compat/scalar-by-value-3 c_compat_x_tst.o-c_compat_y_tst.o execute 
FAIL: gcc.dg/compat/struct-by-value-10 c_compat_x_tst.o-c_compat_y_tst.o execute 
FAIL: gcc.dg/compat/struct-by-value-11 c_compat_x_tst.o-c_compat_y_tst.o execute 
FAIL: gcc.dg/compat/struct-by-value-12 c_compat_x_tst.o-c_compat_y_tst.o execute 
FAIL: gcc.dg/compat/struct-by-value-13 c_compat_x_tst.o-c_compat_y_tst.o execute 
FAIL: gcc.dg/compat/struct-by-value-14 c_compat_x_tst.o-c_compat_y_tst.o execute 
FAIL: gcc.dg/compat/struct-by-value-15 c_compat_x_tst.o-c_compat_y_tst.o execute 
FAIL: gcc.dg/compat/struct-by-value-16 c_compat_x_tst.o-c_compat_y_tst.o execute 
FAIL: gcc.dg/compat/struct-by-value-17 c_compat_x_tst.o-c_compat_y_tst.o execute 
FAIL: gcc.dg/compat/struct-by-value-18 c_compat_x_tst.o-c_compat_y_tst.o execute 
FAIL: gcc.dg/compat/struct-by-value-19 c_compat_x_tst.o-c_compat_y_tst.o execute 
FAIL: gcc.dg/compat/struct-by-value-5 c_compat_x_tst.o-c_compat_y_tst.o execute 
FAIL: gcc.dg/compat/struct-by-value-6 c_compat_x_tst.o-c_compat_y_tst.o execute 
FAIL: gcc.dg/compat/struct-by-value-7 c_compat_x_tst.o-c_compat_y_tst.o execute 
FAIL: gcc.dg/compat/struct-by-value-8 c_compat_x_tst.o-c_compat_y_tst.o execute 
FAIL: gcc.dg/compat/struct-by-value-9 c_compat_x_tst.o-c_compat_y_tst.o execute 
UNRESOLVED: gcc.dg/compat/vector-1 c_compat_x_tst.o-c_compat_y_tst.o link 
UNRESOLVED: gcc.dg/compat/vector-1 c_compat_x_tst.o-c_compat_y_tst.o execute 
UNRESOLVED: gcc.dg/compat/vector-2 c_compat_x_tst.o-c_compat_y_tst.o link 
UNRESOLVED: gcc.dg/compat/vector-2 c_compat_x_tst.o-c_compat_y_tst.o execute 
WARNING: gcc.dg/20021014-1.c compilation failed to produce executable
XPASS: gcc.dg/uninit-4.c uninitialized variable warning (test for bogus messages, line 26)
UNRESOLVED: gcc.dg/visibility-1.c
UNRESOLVED: gcc.dg/visibility-2.c
UNRESOLVED: gcc.dg/visibility-3.c
UNRESOLVED: gcc.dg/visibility-4.c
UNRESOLVED: gcc.dg/visibility-5.c
UNRESOLVED: gcc.dg/visibility-6.c
UNRESOLVED: gcc.dg/visibility-7.c

		=== gcc Summary ===

# of expected passes		24475
# of unexpected failures	16
# of unexpected successes	1
# of expected failures		87
# of unresolved testcases	18
# of untested testcases		7
# of unsupported tests		288
/teal/tmpdisk/ghazi/gcc-testing/v9-34/build/gcc/xgcc version 3.4.0 20040102 (experimental)

		=== objc tests ===


Running target unix
FAIL: objc.dg/call-super-2.m (test for excess errors)
FAIL: objc.dg/desig-init-1.m (test for excess errors)
FAIL: objc.dg/encode-2.m execution test
FAIL: objc.dg/encode-3.m execution test
FAIL: objc.dg/proto-qual-1.m execution test

		=== objc Summary ===

# of expected passes		1334
# of unexpected failures	5
# of unsupported tests		7
/teal/tmpdisk/ghazi/gcc-testing/v9-34/build/gcc/xgcc version 3.4.0 20040102 (experimental)

		=== libffi tests ===


Running target unix
FAIL: libffi.call/cls_12byte.c execution test
FAIL: libffi.call/cls_16byte.c output pattern test, is 7 8 9 1 9 3: 8 17 12
FAIL: libffi.call/cls_18byte.c output pattern test, is 1 127 126 3 4 125 124 5: 5 252 250 8
FAIL: libffi.call/cls_19byte.c output pattern test, is 1 127 126 3 120 4 125 124 5 119: 5 252 250 8 239
FAIL: libffi.call/cls_1_1byte.c execution test
FAIL: libffi.call/cls_20byte.c output pattern test, is 1 2 3 4 5 7: 5 7 10
FAIL: libffi.call/cls_20byte1.c output pattern test, is 1 2 3 4 5 7: 5 7 10
FAIL: libffi.call/cls_24byte.c output pattern test, is 9 2 6 5 1 2 3 7 4 5 7 9 8 6 1 9: 22 15 17 25
FAIL: libffi.call/cls_2byte.c execution test
FAIL: libffi.call/cls_3_1byte.c execution test
FAIL: libffi.call/cls_3byte1.c execution test
FAIL: libffi.call/cls_3byte2.c execution test
FAIL: libffi.call/cls_4_1byte.c execution test
FAIL: libffi.call/cls_4byte.c execution test
FAIL: libffi.call/cls_5byte.c execution test
FAIL: libffi.call/cls_64byte.c execution test
FAIL: libffi.call/cls_6byte.c execution test
FAIL: libffi.call/cls_7byte.c execution test
FAIL: libffi.call/cls_8byte.c execution test
FAIL: libffi.call/cls_9byte1.c execution test
FAIL: libffi.call/cls_9byte2.c execution test
FAIL: libffi.call/cls_align_double.c output pattern test, is 12 4951 127 1 9320 13: 13 14271 140
FAIL: libffi.call/cls_align_float.c execution test
FAIL: libffi.call/cls_align_longdouble.c output pattern test, is 1 9320 13 255 -NaN 0: 0 -NaN 13
FAIL: libffi.call/cls_align_pointer.c output pattern test, is 12 4951 127 1 9320 13: 13 14271 140
FAIL: libffi.call/cls_align_sint16.c execution test
FAIL: libffi.call/cls_align_sint32.c execution test
FAIL: libffi.call/cls_align_sint64.c output pattern test, is 12 4951 127 1 9320 13: 13 14271 140
FAIL: libffi.call/cls_align_uint16.c execution test
FAIL: libffi.call/cls_align_uint32.c execution test
FAIL: libffi.call/cls_align_uint64.c output pattern test, is 12 4951 127 1 9320 13: 13 14271 140
FAIL: libffi.call/cls_uint.c output pattern test, is 2147483647: 2147483647
FAIL: libffi.call/nested_struct.c execution test
FAIL: libffi.call/nested_struct1.c execution test
FAIL: libffi.call/nested_struct2.c execution test
FAIL: libffi.call/nested_struct3.c execution test
FAIL: libffi.call/problem1.c output pattern test, is 1 2 3 1 2 3: 2 4 6
FAIL: libffi.call/pyobjc-tc.c execution test

		=== libffi Summary ===

# of expected passes		150
# of unexpected failures	38
# of unsupported tests		2
		=== libjava tests ===


Running target unix
FAIL: linking simple
FAIL: /teal/caip5/ghazi/tmpdisk/gcc-testing/v9-34/egcc-CVS20040101/libjava/testsuite/libjava.jar/simple.jar execution - gij test
FAIL: linking cxxtest
FAIL: Array_3 execution - gij test
FAIL: Array_3 execution - gij test
FAIL: FileHandleGcTest execution - source compiled test
FAIL: FileHandleGcTest execution - gij test
FAIL: FileHandleGcTest execution - bytecode->native test
FAIL: FileHandleGcTest -O3 execution - source compiled test
FAIL: FileHandleGcTest execution - gij test
FAIL: FileHandleGcTest -O3 execution - bytecode->native test
WARNING: program timed out.
FAIL: Thread_Wait_2 execution - gij test
WARNING: program timed out.
FAIL: Thread_Wait_2 execution - gij test
FAIL: Thread_Wait_Interrupt execution - gij test
FAIL: Thread_Wait_Interrupt execution - gij test
FAIL: anonarray -O3 output - source compiled test

		=== libjava Summary ===

# of expected passes		3231
# of unexpected failures	16
# of expected failures		12
# of untested testcases		21
		=== libstdc++ tests ===


Running target unix

		=== libstdc++ Summary ===

# of expected passes		2470
# of expected failures		12

Compiler version: 3.4.0 20040102 (experimental) 
Platform: sparc64-sun-solaris2.7
configure flags: --verbose sparc64-sun-solaris2.7



More information about the Gcc-testresults mailing list