Results for 3.5.0 20040229 (experimental) testsuite on mips-sgi-irix6.5
Billinghurst, David (CALCRTS)
david.billinghurst@comalco.riotinto.com.au
Sun Feb 29 23:31:00 GMT 2004
This run on SGI Origin 300 cru300 running IRIX 6.5.22m
Bootstrap compiler MIPSpro Compilers: Version 7.41
dejagnu version:
Expect version is 5.40.0
Tcl version is 8.4
Framework version is 1.4.4
LAST_UPDATED: Sun Feb 29 08:06:11 GMT 2004
Native configuration is mips-sgi-irix6.5
=== g++ tests ===
Running target unix
FAIL: g++.dg/pch/system-1.C -g assembly comparison
FAIL: g++.dg/pch/system-2.C -g assembly comparison
XPASS: g++.old-deja/g++.jason/thunk3.C execution test
WARNING: g++.old-deja/g++.mike/p10769a.C compilation failed to produce
executable
WARNING: g++.old-deja/g++.other/enum5.C compilation failed to produce
executable
WARNING: g++.old-deja/g++.pt/friend44.C compilation failed to produce
executable
=== g++ Summary for unix ===
# of expected passes 9207
# of unexpected failures 2
# of unexpected successes 1
# of expected failures 80
# of unsupported tests 83
Running target unix/-mabi=64
FAIL: g++.dg/pch/system-1.C -g assembly comparison
FAIL: g++.dg/pch/system-2.C -g assembly comparison
XPASS: g++.old-deja/g++.jason/thunk3.C execution test
WARNING: g++.old-deja/g++.mike/p10769a.C compilation failed to produce
executable
WARNING: g++.old-deja/g++.other/enum5.C compilation failed to produce
executable
WARNING: g++.old-deja/g++.pt/friend44.C compilation failed to produce
executable
=== g++ Summary for unix/-mabi=64 ===
# of expected passes 9207
# of unexpected failures 2
# of unexpected successes 1
# of expected failures 80
# of unsupported tests 83
Running target unix/-mabi=32
FAIL: g++.dg/parse/attr-ctor1.C (test for bogus messages, line 9)
XPASS: g++.old-deja/g++.jason/thunk3.C execution test
WARNING: g++.old-deja/g++.mike/p10769a.C compilation failed to produce
executable
WARNING: g++.old-deja/g++.other/enum5.C compilation failed to produce
executable
WARNING: g++.old-deja/g++.pt/friend44.C compilation failed to produce
executable
=== g++ Summary for unix/-mabi=32 ===
# of expected passes 9973
# of unexpected failures 1
# of unexpected successes 1
# of expected failures 80
# of unsupported tests 83
=== g++ Summary ===
# of expected passes 28387
# of unexpected failures 5
# of unexpected successes 3
# of expected failures 240
# of unsupported tests 249
/disk4/billingd/obj/gcc/gcc/testsuite/../g++ version 3.5.0 20040229
(experimental)
=== g77 tests ===
Running target unix
=== g77 Summary for unix ===
# of expected passes 1788
# of unsupported tests 6
Running target unix/-mabi=64
=== g77 Summary for unix/-mabi=64 ===
# of expected passes 1788
# of unsupported tests 6
Running target unix/-mabi=32
FAIL: g77.dg/f77-edit-apostrophe-out.f -O0 (test for excess errors)
WARNING: g77.dg/f77-edit-apostrophe-out.f -O0 compilation failed to
produce executable
FAIL: g77.dg/f77-edit-apostrophe-out.f -O1 (test for excess errors)
WARNING: g77.dg/f77-edit-apostrophe-out.f -O1 compilation failed to
produce executable
FAIL: g77.dg/f77-edit-apostrophe-out.f -O2 (test for excess errors)
WARNING: g77.dg/f77-edit-apostrophe-out.f -O2 compilation failed to
produce executable
FAIL: g77.dg/f77-edit-apostrophe-out.f -O3 -fomit-frame-pointer (test
for excess errors)
WARNING: g77.dg/f77-edit-apostrophe-out.f -O3 -fomit-frame-pointer
compilation failed to produce executable
FAIL: g77.dg/f77-edit-apostrophe-out.f -O3 -fomit-frame-pointer
-funroll-loops (test for excess errors)
WARNING: g77.dg/f77-edit-apostrophe-out.f -O3 -fomit-frame-pointer
-funroll-loops compilation failed to produce executable
FAIL: g77.dg/f77-edit-apostrophe-out.f -O3 -fomit-frame-pointer
-funroll-all-loops -finline-functions (test for excess errors)
WARNING: g77.dg/f77-edit-apostrophe-out.f -O3 -fomit-frame-pointer
-funroll-all-loops -finline-functions compilation failed to produce
executable
FAIL: g77.dg/f77-edit-apostrophe-out.f -O3 -g (test for excess errors)
WARNING: g77.dg/f77-edit-apostrophe-out.f -O3 -g compilation failed to
produce executable
FAIL: g77.dg/f77-edit-apostrophe-out.f -Os (test for excess errors)
WARNING: g77.dg/f77-edit-apostrophe-out.f -Os compilation failed to
produce executable
FAIL: g77.dg/fbackslash.f -O0 (test for excess errors)
WARNING: g77.dg/fbackslash.f -O0 compilation failed to produce
executable
FAIL: g77.dg/fbackslash.f -O1 (test for excess errors)
WARNING: g77.dg/fbackslash.f -O1 compilation failed to produce
executable
FAIL: g77.dg/fbackslash.f -O2 (test for excess errors)
WARNING: g77.dg/fbackslash.f -O2 compilation failed to produce
executable
FAIL: g77.dg/fbackslash.f -O3 -fomit-frame-pointer (test for excess
errors)
WARNING: g77.dg/fbackslash.f -O3 -fomit-frame-pointer compilation
failed to produce executable
FAIL: g77.dg/fbackslash.f -O3 -g (test for excess errors)
WARNING: g77.dg/fbackslash.f -O3 -g compilation failed to produce
executable
FAIL: g77.dg/fbackslash.f -Os (test for excess errors)
WARNING: g77.dg/fbackslash.f -Os compilation failed to produce
executable
FAIL: g77.dg/fcase-preserve.f -O0 (test for excess errors)
WARNING: g77.dg/fcase-preserve.f -O0 compilation failed to produce
executable
FAIL: g77.dg/fcase-preserve.f -O1 (test for excess errors)
WARNING: g77.dg/fcase-preserve.f -O1 compilation failed to produce
executable
FAIL: g77.dg/fcase-preserve.f -O2 (test for excess errors)
WARNING: g77.dg/fcase-preserve.f -O2 compilation failed to produce
executable
FAIL: g77.dg/fcase-preserve.f -O3 -fomit-frame-pointer (test for
excess errors)
WARNING: g77.dg/fcase-preserve.f -O3 -fomit-frame-pointer compilation
failed to produce executable
FAIL: g77.dg/fcase-preserve.f -O3 -g (test for excess errors)
WARNING: g77.dg/fcase-preserve.f -O3 -g compilation failed to produce
executable
FAIL: g77.dg/fcase-preserve.f -Os (test for excess errors)
WARNING: g77.dg/fcase-preserve.f -Os compilation failed to produce
executable
FAIL: g77.dg/fno-backslash.f -O0 (test for excess errors)
WARNING: g77.dg/fno-backslash.f -O0 compilation failed to produce
executable
FAIL: g77.dg/fno-backslash.f -O1 (test for excess errors)
WARNING: g77.dg/fno-backslash.f -O1 compilation failed to produce
executable
FAIL: g77.dg/fno-backslash.f -O2 (test for excess errors)
WARNING: g77.dg/fno-backslash.f -O2 compilation failed to produce
executable
FAIL: g77.dg/fno-backslash.f -O3 -fomit-frame-pointer (test for excess
errors)
WARNING: g77.dg/fno-backslash.f -O3 -fomit-frame-pointer compilation
failed to produce executable
FAIL: g77.dg/fno-backslash.f -O3 -g (test for excess errors)
WARNING: g77.dg/fno-backslash.f -O3 -g compilation failed to produce
executable
FAIL: g77.dg/fno-backslash.f -Os (test for excess errors)
WARNING: g77.dg/fno-backslash.f -Os compilation failed to produce
executable
FAIL: g77.dg/fno-onetrip.f -O0 (test for excess errors)
WARNING: g77.dg/fno-onetrip.f -O0 compilation failed to produce
executable
FAIL: g77.dg/fno-onetrip.f -O1 (test for excess errors)
WARNING: g77.dg/fno-onetrip.f -O1 compilation failed to produce
executable
FAIL: g77.dg/fno-onetrip.f -O2 (test for excess errors)
WARNING: g77.dg/fno-onetrip.f -O2 compilation failed to produce
executable
FAIL: g77.dg/fno-onetrip.f -O3 -fomit-frame-pointer (test for excess
errors)
WARNING: g77.dg/fno-onetrip.f -O3 -fomit-frame-pointer compilation
failed to produce executable
FAIL: g77.dg/fno-onetrip.f -O3 -g (test for excess errors)
WARNING: g77.dg/fno-onetrip.f -O3 -g compilation failed to produce
executable
FAIL: g77.dg/fno-onetrip.f -Os (test for excess errors)
WARNING: g77.dg/fno-onetrip.f -Os compilation failed to produce
executable
FAIL: g77.dg/pr3743-1.f -O0 (test for excess errors)
FAIL: g77.dg/pr3743-1.f -O1 (test for excess errors)
FAIL: g77.dg/pr3743-1.f -O2 (test for excess errors)
FAIL: g77.dg/pr3743-1.f -O3 -fomit-frame-pointer (test for excess
errors)
FAIL: g77.dg/pr3743-1.f -O3 -g (test for excess errors)
FAIL: g77.dg/pr3743-1.f -Os (test for excess errors)
FAIL: g77.dg/pr3743-2.f -O0 (test for excess errors)
FAIL: g77.dg/pr3743-2.f -O1 (test for excess errors)
FAIL: g77.dg/pr3743-2.f -O2 (test for excess errors)
FAIL: g77.dg/pr3743-2.f -O3 -fomit-frame-pointer (test for excess
errors)
FAIL: g77.dg/pr3743-2.f -O3 -g (test for excess errors)
FAIL: g77.dg/pr3743-2.f -Os (test for excess errors)
FAIL: g77.dg/pr3743-3.f -O0 (test for excess errors)
FAIL: g77.dg/pr3743-3.f -O1 (test for excess errors)
FAIL: g77.dg/pr3743-3.f -O2 (test for excess errors)
FAIL: g77.dg/pr3743-3.f -O3 -fomit-frame-pointer (test for excess
errors)
FAIL: g77.dg/pr3743-3.f -O3 -g (test for excess errors)
FAIL: g77.dg/pr3743-3.f -Os (test for excess errors)
FAIL: g77.dg/pr3743-4.f -O0 (test for excess errors)
FAIL: g77.dg/pr3743-4.f -O1 (test for excess errors)
FAIL: g77.dg/pr3743-4.f -O2 (test for excess errors)
FAIL: g77.dg/pr3743-4.f -O3 -fomit-frame-pointer (test for excess
errors)
FAIL: g77.dg/pr3743-4.f -O3 -g (test for excess errors)
FAIL: g77.dg/pr3743-4.f -Os (test for excess errors)
FAIL: g77.f-torture/compile/19990826-3.f, -O1
FAIL: g77.f-torture/compile/19990826-3.f, -O2
FAIL: g77.f-torture/compile/19990826-3.f, -O3 -fomit-frame-pointer
FAIL: g77.f-torture/compile/19990826-3.f, -O3 -fomit-frame-pointer
-funroll-loops
FAIL: g77.f-torture/compile/19990826-3.f, -O3 -fomit-frame-pointer
-funroll-all-loops -finline-functions
FAIL: g77.f-torture/compile/19990826-3.f, -O3 -g
FAIL: g77.f-torture/compile/19990826-3.f, -Os
FAIL: g77.f-torture/compile/20000601-1.f, -O3 -fomit-frame-pointer
-funroll-loops
FAIL: g77.f-torture/compile/20000601-1.f, -O3 -fomit-frame-pointer
-funroll-all-loops -finline-functions
FAIL: g77.f-torture/compile/20020307-1.f, -O1
FAIL: g77.f-torture/compile/20020307-1.f, -O2
FAIL: g77.f-torture/compile/20020307-1.f, -O3 -fomit-frame-pointer
FAIL: g77.f-torture/compile/20020307-1.f, -O3 -fomit-frame-pointer
-funroll-loops
FAIL: g77.f-torture/compile/20020307-1.f, -O3 -fomit-frame-pointer
-funroll-all-loops -finline-functions
FAIL: g77.f-torture/compile/20020307-1.f, -O3 -g
FAIL: g77.f-torture/compile/20020307-1.f, -Os
FAIL: g77.f-torture/execute/19981119-0.f compilation, -O0
FAIL: g77.f-torture/execute/19981119-0.f compilation, -O1
FAIL: g77.f-torture/execute/19981119-0.f compilation, -O2
FAIL: g77.f-torture/execute/19981119-0.f compilation, -O3
-fomit-frame-pointer
FAIL: g77.f-torture/execute/19981119-0.f compilation, -O3 -g
FAIL: g77.f-torture/execute/19981119-0.f compilation, -Os
FAIL: g77.f-torture/execute/19990313-0.f compilation, -O0
FAIL: g77.f-torture/execute/19990313-0.f compilation, -O1
FAIL: g77.f-torture/execute/19990313-0.f compilation, -O2
FAIL: g77.f-torture/execute/19990313-0.f compilation, -O3
-fomit-frame-pointer
FAIL: g77.f-torture/execute/19990313-0.f compilation, -O3 -g
FAIL: g77.f-torture/execute/19990313-0.f compilation, -Os
FAIL: g77.f-torture/execute/19990313-1.f compilation, -O0
FAIL: g77.f-torture/execute/19990313-1.f compilation, -O1
FAIL: g77.f-torture/execute/19990313-1.f compilation, -O2
FAIL: g77.f-torture/execute/19990313-1.f compilation, -O3
-fomit-frame-pointer
FAIL: g77.f-torture/execute/19990313-1.f compilation, -O3 -g
FAIL: g77.f-torture/execute/19990313-1.f compilation, -Os
FAIL: g77.f-torture/execute/19990313-2.f compilation, -O0
FAIL: g77.f-torture/execute/19990313-2.f compilation, -O1
FAIL: g77.f-torture/execute/19990313-2.f compilation, -O2
FAIL: g77.f-torture/execute/19990313-2.f compilation, -O3
-fomit-frame-pointer
FAIL: g77.f-torture/execute/19990313-2.f compilation, -O3 -g
FAIL: g77.f-torture/execute/19990313-2.f compilation, -Os
FAIL: g77.f-torture/execute/19990313-3.f compilation, -O0
FAIL: g77.f-torture/execute/19990313-3.f compilation, -O1
FAIL: g77.f-torture/execute/19990313-3.f compilation, -O2
FAIL: g77.f-torture/execute/19990313-3.f compilation, -O3
-fomit-frame-pointer
FAIL: g77.f-torture/execute/19990313-3.f compilation, -O3 -g
FAIL: g77.f-torture/execute/19990313-3.f compilation, -Os
FAIL: g77.f-torture/execute/19990419-1.f compilation, -O0
FAIL: g77.f-torture/execute/19990419-1.f compilation, -O1
FAIL: g77.f-torture/execute/19990419-1.f compilation, -O2
FAIL: g77.f-torture/execute/19990419-1.f compilation, -O3
-fomit-frame-pointer
FAIL: g77.f-torture/execute/19990419-1.f compilation, -O3
-fomit-frame-pointer -funroll-loops
FAIL: g77.f-torture/execute/19990419-1.f compilation, -O3
-fomit-frame-pointer -funroll-all-loops -finline-functions
FAIL: g77.f-torture/execute/19990419-1.f compilation, -O3 -g
FAIL: g77.f-torture/execute/19990419-1.f compilation, -Os
FAIL: g77.f-torture/execute/19990826-0.f compilation, -O0
FAIL: g77.f-torture/execute/19990826-0.f compilation, -O1
FAIL: g77.f-torture/execute/19990826-0.f compilation, -O2
FAIL: g77.f-torture/execute/19990826-0.f compilation, -O3
-fomit-frame-pointer
FAIL: g77.f-torture/execute/19990826-0.f compilation, -O3 -g
FAIL: g77.f-torture/execute/19990826-0.f compilation, -Os
FAIL: g77.f-torture/execute/20010610.f compilation, -O0
FAIL: g77.f-torture/execute/20010610.f compilation, -O1
FAIL: g77.f-torture/execute/20010610.f compilation, -O2
FAIL: g77.f-torture/execute/20010610.f compilation, -O3
-fomit-frame-pointer
FAIL: g77.f-torture/execute/20010610.f compilation, -O3
-fomit-frame-pointer -funroll-loops
FAIL: g77.f-torture/execute/20010610.f compilation, -O3
-fomit-frame-pointer -funroll-all-loops -finline-functions
FAIL: g77.f-torture/execute/20010610.f compilation, -O3 -g
FAIL: g77.f-torture/execute/20010610.f compilation, -Os
FAIL: g77.f-torture/execute/980520-1.f compilation, -O0
FAIL: g77.f-torture/execute/980520-1.f compilation, -O1
FAIL: g77.f-torture/execute/980520-1.f compilation, -O2
FAIL: g77.f-torture/execute/980520-1.f compilation, -O3
-fomit-frame-pointer
FAIL: g77.f-torture/execute/980520-1.f compilation, -O3 -g
FAIL: g77.f-torture/execute/980520-1.f compilation, -Os
FAIL: g77.f-torture/execute/auto0.f compilation, -O0
FAIL: g77.f-torture/execute/auto0.f compilation, -O1
FAIL: g77.f-torture/execute/auto0.f compilation, -O2
FAIL: g77.f-torture/execute/auto0.f compilation, -O3
-fomit-frame-pointer
FAIL: g77.f-torture/execute/auto0.f compilation, -O3
-fomit-frame-pointer -funroll-loops
FAIL: g77.f-torture/execute/auto0.f compilation, -O3
-fomit-frame-pointer -funroll-all-loops -finline-functions
FAIL: g77.f-torture/execute/auto0.f compilation, -O3 -g
FAIL: g77.f-torture/execute/auto0.f compilation, -Os
FAIL: g77.f-torture/execute/auto1.f compilation, -O0
FAIL: g77.f-torture/execute/auto1.f compilation, -O1
FAIL: g77.f-torture/execute/auto1.f compilation, -O2
FAIL: g77.f-torture/execute/auto1.f compilation, -O3
-fomit-frame-pointer
FAIL: g77.f-torture/execute/auto1.f compilation, -O3
-fomit-frame-pointer -funroll-loops
FAIL: g77.f-torture/execute/auto1.f compilation, -O3
-fomit-frame-pointer -funroll-all-loops -finline-functions
FAIL: g77.f-torture/execute/auto1.f compilation, -O3 -g
FAIL: g77.f-torture/execute/auto1.f compilation, -Os
FAIL: g77.f-torture/execute/labug1.f compilation, -O0
FAIL: g77.f-torture/execute/labug1.f compilation, -Os
FAIL: g77.f-torture/execute/large_vec.f compilation, -O0
FAIL: g77.f-torture/execute/large_vec.f compilation, -O1
FAIL: g77.f-torture/execute/large_vec.f compilation, -O2
FAIL: g77.f-torture/execute/large_vec.f compilation, -O3
-fomit-frame-pointer
FAIL: g77.f-torture/execute/large_vec.f compilation, -O3 -g
FAIL: g77.f-torture/execute/large_vec.f compilation, -Os
FAIL: g77.f-torture/execute/cpp2.F compilation, -O0
FAIL: g77.f-torture/execute/cpp2.F compilation, -O1
FAIL: g77.f-torture/execute/cpp2.F compilation, -O2
FAIL: g77.f-torture/execute/cpp2.F compilation, -O3
-fomit-frame-pointer
FAIL: g77.f-torture/execute/cpp2.F compilation, -O3 -g
FAIL: g77.f-torture/execute/cpp2.F compilation, -Os
=== g77 Summary for unix/-mabi=32 ===
# of expected passes 1500
# of unexpected failures 160
# of untested testcases 88
# of unsupported tests 6
=== g77 Summary ===
# of expected passes 5076
# of unexpected failures 160
# of untested testcases 88
# of unsupported tests 18
/disk4/billingd/obj/gcc/gcc/testsuite/../g77 version 3.5.0 20040229
(experimental)
=== gcc tests ===
Running target unix
FAIL: gcc.c-torture/execute/20030914-1.c execution, -O0
FAIL: gcc.c-torture/execute/20030914-1.c execution, -O1
FAIL: gcc.c-torture/execute/20030914-1.c execution, -O2
FAIL: gcc.c-torture/execute/20030914-1.c execution, -Os
FAIL: gcc.dg/compat/struct-by-value-12 c_compat_x_tst.o-c_compat_y_tst.o
execute
FAIL: gcc.dg/compat/struct-by-value-13 c_compat_x_tst.o-c_compat_y_tst.o
execute
FAIL: gcc.dg/compat/struct-by-value-14 c_compat_x_tst.o-c_compat_y_tst.o
execute
FAIL: gcc.dg/compat/struct-by-value-16 c_compat_x_tst.o-c_compat_y_tst.o
execute
FAIL: gcc.dg/compat/struct-by-value-1 c_compat_x_tst.o-c_compat_y_tst.o
execute
FAIL: gcc.dg/compat/struct-by-value-2 c_compat_x_tst.o-c_compat_y_tst.o
execute
FAIL: gcc.dg/compat/struct-by-value-4 c_compat_x_tst.o-c_compat_y_tst.o
execute
FAIL: gcc.dg/compat/struct-by-value-5 c_compat_x_tst.o-c_compat_y_tst.o
execute
FAIL: gcc.dg/compat/struct-by-value-6 c_compat_x_tst.o-c_compat_y_tst.o
execute
FAIL: gcc.dg/compat/struct-by-value-8 c_compat_x_tst.o-c_compat_y_tst.o
execute
FAIL: gcc.dg/compat/struct-by-value-9 c_compat_x_tst.o-c_compat_y_tst.o
execute
FAIL: gcc.dg/compat/struct-return-2 c_compat_x_tst.o-c_compat_y_tst.o
execute
FAIL: gcc.dg/builtins-18.c (test for excess errors)
FAIL: gcc.dg/builtins-20.c (test for excess errors)
FAIL: gcc.dg/builtins-32.c execution test
XPASS: gcc.dg/sibcall-3.c execution test
XPASS: gcc.dg/sibcall-4.c execution test
FAIL: gcc.dg/struct-by-value-1.c execution test
UNRESOLVED: gcc.dg/visibility-1.c
UNRESOLVED: gcc.dg/visibility-2.c
UNRESOLVED: gcc.dg/visibility-3.c
UNRESOLVED: gcc.dg/visibility-4.c
UNRESOLVED: gcc.dg/visibility-5.c
UNRESOLVED: gcc.dg/visibility-6.c
UNRESOLVED: gcc.dg/visibility-7.c
UNRESOLVED: gcc.dg/visibility-8.c
=== gcc Summary for unix ===
# of expected passes 23989
# of unexpected failures 20
# of unexpected successes 2
# of expected failures 67
# of unresolved testcases 8
# of untested testcases 7
# of unsupported tests 304
Running target unix/-mabi=64
FAIL: gcc.c-torture/compile/20031023-1.c -O0 (test for excess errors)
FAIL: gcc.c-torture/compile/20031023-1.c -O1 (test for excess errors)
FAIL: gcc.c-torture/compile/20031023-1.c -O2 (test for excess errors)
FAIL: gcc.c-torture/compile/20031023-1.c -O3 -fomit-frame-pointer
(test for excess errors)
FAIL: gcc.c-torture/compile/20031023-1.c -O3 -g (test for excess
errors)
FAIL: gcc.c-torture/compile/20031023-1.c -Os (test for excess errors)
FAIL: gcc.c-torture/compile/20031023-2.c -O0 (test for excess errors)
FAIL: gcc.c-torture/compile/20031023-2.c -O1 (test for excess errors)
FAIL: gcc.c-torture/compile/20031023-2.c -O2 (test for excess errors)
FAIL: gcc.c-torture/compile/20031023-2.c -O3 -fomit-frame-pointer
(test for excess errors)
FAIL: gcc.c-torture/compile/20031023-2.c -O3 -g (test for excess
errors)
FAIL: gcc.c-torture/compile/20031023-2.c -Os (test for excess errors)
FAIL: gcc.c-torture/compile/20031023-3.c -O0 (test for excess errors)
FAIL: gcc.c-torture/compile/20031023-3.c -O1 (test for excess errors)
FAIL: gcc.c-torture/compile/20031023-3.c -O2 (test for excess errors)
FAIL: gcc.c-torture/compile/20031023-3.c -O3 -fomit-frame-pointer
(test for excess errors)
FAIL: gcc.c-torture/compile/20031023-3.c -O3 -g (test for excess
errors)
FAIL: gcc.c-torture/compile/20031023-3.c -Os (test for excess errors)
FAIL: gcc.c-torture/execute/20030914-1.c execution, -O0
FAIL: gcc.c-torture/execute/20030914-1.c execution, -O1
FAIL: gcc.c-torture/execute/20030914-1.c execution, -O2
FAIL: gcc.c-torture/execute/20030914-1.c execution, -Os
FAIL: gcc.dg/compat/struct-by-value-12 c_compat_x_tst.o-c_compat_y_tst.o
execute
FAIL: gcc.dg/compat/struct-by-value-13 c_compat_x_tst.o-c_compat_y_tst.o
execute
FAIL: gcc.dg/compat/struct-by-value-16 c_compat_x_tst.o-c_compat_y_tst.o
execute
FAIL: gcc.dg/compat/struct-by-value-1 c_compat_x_tst.o-c_compat_y_tst.o
execute
FAIL: gcc.dg/compat/struct-by-value-2 c_compat_x_tst.o-c_compat_y_tst.o
execute
FAIL: gcc.dg/compat/struct-by-value-4 c_compat_x_tst.o-c_compat_y_tst.o
execute
FAIL: gcc.dg/compat/struct-by-value-5 c_compat_x_tst.o-c_compat_y_tst.o
execute
FAIL: gcc.dg/compat/struct-by-value-6 c_compat_x_tst.o-c_compat_y_tst.o
execute
FAIL: gcc.dg/compat/struct-by-value-8 c_compat_x_tst.o-c_compat_y_tst.o
execute
FAIL: gcc.dg/compat/struct-by-value-9 c_compat_x_tst.o-c_compat_y_tst.o
execute
FAIL: gcc.dg/compat/struct-return-2 c_compat_x_tst.o-c_compat_y_tst.o
execute
FAIL: gcc.dg/builtins-18.c (test for excess errors)
FAIL: gcc.dg/builtins-20.c (test for excess errors)
FAIL: gcc.dg/builtins-32.c execution test
FAIL: gcc.dg/funcorder.c scan-assembler-not link_error
XPASS: gcc.dg/sibcall-3.c execution test
XPASS: gcc.dg/sibcall-4.c execution test
FAIL: gcc.dg/struct-by-value-1.c execution test
UNRESOLVED: gcc.dg/visibility-1.c
UNRESOLVED: gcc.dg/visibility-2.c
UNRESOLVED: gcc.dg/visibility-3.c
UNRESOLVED: gcc.dg/visibility-4.c
UNRESOLVED: gcc.dg/visibility-5.c
UNRESOLVED: gcc.dg/visibility-6.c
UNRESOLVED: gcc.dg/visibility-7.c
UNRESOLVED: gcc.dg/visibility-8.c
=== gcc Summary for unix/-mabi=64 ===
# of expected passes 23971
# of unexpected failures 38
# of unexpected successes 2
# of expected failures 67
# of unresolved testcases 8
# of untested testcases 7
# of unsupported tests 304
Running target unix/-mabi=32
XPASS: gcc.c-torture/execute/20020227-1.c execution, -O0
XPASS: gcc.c-torture/execute/20020227-1.c execution, -O1
XPASS: gcc.c-torture/execute/20020227-1.c execution, -O2
XPASS: gcc.c-torture/execute/20020227-1.c execution, -O3
-fomit-frame-pointer
XPASS: gcc.c-torture/execute/20020227-1.c execution, -O3 -g
XPASS: gcc.c-torture/execute/20020227-1.c execution, -Os
FAIL: gcc.c-torture/execute/920501-2.c compilation, -O1
UNRESOLVED: gcc.c-torture/execute/920501-2.c execution, -O1
FAIL: gcc.c-torture/execute/920501-2.c compilation, -O2
UNRESOLVED: gcc.c-torture/execute/920501-2.c execution, -O2
FAIL: gcc.c-torture/execute/920501-2.c compilation, -O3
-fomit-frame-pointer
UNRESOLVED: gcc.c-torture/execute/920501-2.c execution, -O3
-fomit-frame-pointer
FAIL: gcc.c-torture/execute/920501-2.c compilation, -O3
-fomit-frame-pointer -funroll-loops
UNRESOLVED: gcc.c-torture/execute/920501-2.c execution, -O3
-fomit-frame-pointer -funroll-loops
FAIL: gcc.c-torture/execute/920501-2.c compilation, -O3
-fomit-frame-pointer -funroll-all-loops -finline-functions
UNRESOLVED: gcc.c-torture/execute/920501-2.c execution, -O3
-fomit-frame-pointer -funroll-all-loops -finline-functions
FAIL: gcc.c-torture/execute/920501-2.c compilation, -O3 -g
UNRESOLVED: gcc.c-torture/execute/920501-2.c execution, -O3 -g
FAIL: gcc.c-torture/execute/920501-2.c compilation, -Os
UNRESOLVED: gcc.c-torture/execute/920501-2.c execution, -Os
FAIL: gcc.c-torture/execute/930921-1.c compilation, -O3
-fomit-frame-pointer -funroll-loops
UNRESOLVED: gcc.c-torture/execute/930921-1.c execution, -O3
-fomit-frame-pointer -funroll-loops
FAIL: gcc.c-torture/execute/930921-1.c compilation, -O3
-fomit-frame-pointer -funroll-all-loops -finline-functions
UNRESOLVED: gcc.c-torture/execute/930921-1.c execution, -O3
-fomit-frame-pointer -funroll-all-loops -finline-functions
FAIL: gcc.c-torture/execute/961213-1.c compilation, -O3
-fomit-frame-pointer -funroll-loops
UNRESOLVED: gcc.c-torture/execute/961213-1.c execution, -O3
-fomit-frame-pointer -funroll-loops
FAIL: gcc.c-torture/execute/961213-1.c compilation, -O3
-fomit-frame-pointer -funroll-all-loops -finline-functions
UNRESOLVED: gcc.c-torture/execute/961213-1.c execution, -O3
-fomit-frame-pointer -funroll-all-loops -finline-functions
FAIL: gcc.c-torture/execute/arith-rand-ll.c compilation, -O1
UNRESOLVED: gcc.c-torture/execute/arith-rand-ll.c execution, -O1
FAIL: gcc.c-torture/execute/arith-rand-ll.c compilation, -O2
UNRESOLVED: gcc.c-torture/execute/arith-rand-ll.c execution, -O2
FAIL: gcc.c-torture/execute/arith-rand-ll.c compilation, -O3
-fomit-frame-pointer
UNRESOLVED: gcc.c-torture/execute/arith-rand-ll.c execution, -O3
-fomit-frame-pointer
FAIL: gcc.c-torture/execute/arith-rand-ll.c compilation, -O3
-fomit-frame-pointer -funroll-loops
UNRESOLVED: gcc.c-torture/execute/arith-rand-ll.c execution, -O3
-fomit-frame-pointer -funroll-loops
FAIL: gcc.c-torture/execute/arith-rand-ll.c compilation, -O3
-fomit-frame-pointer -funroll-all-loops -finline-functions
UNRESOLVED: gcc.c-torture/execute/arith-rand-ll.c execution, -O3
-fomit-frame-pointer -funroll-all-loops -finline-functions
FAIL: gcc.c-torture/execute/arith-rand-ll.c compilation, -O3 -g
UNRESOLVED: gcc.c-torture/execute/arith-rand-ll.c execution, -O3 -g
FAIL: gcc.c-torture/execute/arith-rand-ll.c compilation, -Os
UNRESOLVED: gcc.c-torture/execute/arith-rand-ll.c execution, -Os
FAIL: gcc.c-torture/execute/arith-rand.c compilation, -O1
UNRESOLVED: gcc.c-torture/execute/arith-rand.c execution, -O1
FAIL: gcc.c-torture/execute/arith-rand.c compilation, -O2
UNRESOLVED: gcc.c-torture/execute/arith-rand.c execution, -O2
FAIL: gcc.c-torture/execute/arith-rand.c compilation, -O3
-fomit-frame-pointer
UNRESOLVED: gcc.c-torture/execute/arith-rand.c execution, -O3
-fomit-frame-pointer
FAIL: gcc.c-torture/execute/arith-rand.c compilation, -O3
-fomit-frame-pointer -funroll-loops
UNRESOLVED: gcc.c-torture/execute/arith-rand.c execution, -O3
-fomit-frame-pointer -funroll-loops
FAIL: gcc.c-torture/execute/arith-rand.c compilation, -O3
-fomit-frame-pointer -funroll-all-loops -finline-functions
UNRESOLVED: gcc.c-torture/execute/arith-rand.c execution, -O3
-fomit-frame-pointer -funroll-all-loops -finline-functions
FAIL: gcc.c-torture/execute/arith-rand.c compilation, -O3 -g
UNRESOLVED: gcc.c-torture/execute/arith-rand.c execution, -O3 -g
FAIL: gcc.c-torture/execute/arith-rand.c compilation, -Os
UNRESOLVED: gcc.c-torture/execute/arith-rand.c execution, -Os
FAIL: gcc.c-torture/unsorted/udivmod4.c, -O1
FAIL: gcc.c-torture/unsorted/udivmod4.c, -O2
FAIL: gcc.c-torture/unsorted/udivmod4.c, -O3 -fomit-frame-pointer
FAIL: gcc.c-torture/unsorted/udivmod4.c, -O3 -fomit-frame-pointer
-funroll-loops
FAIL: gcc.c-torture/unsorted/udivmod4.c, -O3 -fomit-frame-pointer
-funroll-all-loops -finline-functions
FAIL: gcc.c-torture/unsorted/udivmod4.c, -O3 -g
FAIL: gcc.dg/compat/sdata-1 c_compat_x_tst.o compile
FAIL: gcc.dg/compat/sdata-1 c_compat_y_tst.o compile
UNRESOLVED: gcc.dg/compat/sdata-1 c_compat_x_tst.o-c_compat_y_tst.o link
UNRESOLVED: gcc.dg/compat/sdata-1 c_compat_x_tst.o-c_compat_y_tst.o
execute
FAIL: gcc.dg/compat/struct-by-value-13 c_compat_x_tst.o-c_compat_y_tst.o
link
UNRESOLVED: gcc.dg/compat/struct-by-value-13
c_compat_x_tst.o-c_compat_y_tst.o execute
FAIL: gcc.dg/compat/struct-by-value-14 c_compat_x_tst.o-c_compat_y_tst.o
link
UNRESOLVED: gcc.dg/compat/struct-by-value-14
c_compat_x_tst.o-c_compat_y_tst.o execute
FAIL: gcc.dg/compat/struct-by-value-15 c_compat_x_tst.o-c_compat_y_tst.o
link
UNRESOLVED: gcc.dg/compat/struct-by-value-15
c_compat_x_tst.o-c_compat_y_tst.o execute
FAIL: gcc.dg/compat/struct-by-value-16 c_compat_x_tst.o-c_compat_y_tst.o
link
UNRESOLVED: gcc.dg/compat/struct-by-value-16
c_compat_x_tst.o-c_compat_y_tst.o execute
FAIL: gcc.dg/compat/struct-by-value-17 c_compat_x_tst.o-c_compat_y_tst.o
link
UNRESOLVED: gcc.dg/compat/struct-by-value-17
c_compat_x_tst.o-c_compat_y_tst.o execute
FAIL: gcc.dg/compat/struct-by-value-18 c_compat_x_tst.o-c_compat_y_tst.o
link
UNRESOLVED: gcc.dg/compat/struct-by-value-18
c_compat_x_tst.o-c_compat_y_tst.o execute
FAIL: gcc.dg/compat/struct-by-value-6 c_compat_x_tst.o-c_compat_y_tst.o
link
UNRESOLVED: gcc.dg/compat/struct-by-value-6
c_compat_x_tst.o-c_compat_y_tst.o execute
FAIL: gcc.dg/compat/struct-by-value-7 c_compat_x_tst.o-c_compat_y_tst.o
link
UNRESOLVED: gcc.dg/compat/struct-by-value-7
c_compat_x_tst.o-c_compat_y_tst.o execute
FAIL: gcc.dg/debug/debug-1.c -gdwarf-2 scan-assembler xyzzy
FAIL: gcc.dg/debug/debug-1.c -gdwarf-2 -O scan-assembler xyzzy
FAIL: gcc.dg/debug/debug-1.c -gdwarf-2 -O3 scan-assembler xyzzy
FAIL: gcc.dg/debug/debug-1.c -gdwarf-23 scan-assembler xyzzy
FAIL: gcc.dg/debug/debug-1.c -gdwarf-23 -O scan-assembler xyzzy
FAIL: gcc.dg/debug/debug-1.c -gdwarf-23 -O3 scan-assembler xyzzy
FAIL: gcc.dg/debug/debug-1.c -gstabs scan-assembler xyzzy
FAIL: gcc.dg/debug/debug-1.c -gstabs3 scan-assembler xyzzy
FAIL: gcc.dg/debug/debug-1.c -gstabs+ scan-assembler xyzzy
FAIL: gcc.dg/debug/debug-1.c -gstabs+3 scan-assembler xyzzy
FAIL: gcc.dg/debug/debug-1.c -gxcoff scan-assembler xyzzy
FAIL: gcc.dg/debug/debug-1.c -gxcoff3 scan-assembler xyzzy
FAIL: gcc.dg/debug/debug-1.c -gxcoff+ scan-assembler xyzzy
FAIL: gcc.dg/debug/debug-1.c -gxcoff+3 scan-assembler xyzzy
FAIL: gcc.dg/debug/debug-1.c -gcoff scan-assembler xyzzy
FAIL: gcc.dg/debug/debug-1.c -gcoff3 scan-assembler xyzzy
FAIL: gcc.dg/debug/debug-2.c -gdwarf-2 scan-assembler xyzzy
FAIL: gcc.dg/debug/debug-2.c -gdwarf-2 -O scan-assembler xyzzy
FAIL: gcc.dg/debug/debug-2.c -gdwarf-2 -O3 scan-assembler xyzzy
FAIL: gcc.dg/debug/debug-2.c -gdwarf-23 scan-assembler xyzzy
FAIL: gcc.dg/debug/debug-2.c -gdwarf-23 -O scan-assembler xyzzy
FAIL: gcc.dg/debug/debug-2.c -gdwarf-23 -O3 scan-assembler xyzzy
FAIL: gcc.dg/debug/debug-2.c -gstabs scan-assembler xyzzy
FAIL: gcc.dg/debug/debug-2.c -gstabs3 scan-assembler xyzzy
FAIL: gcc.dg/debug/debug-2.c -gstabs+ scan-assembler xyzzy
FAIL: gcc.dg/debug/debug-2.c -gstabs+3 scan-assembler xyzzy
FAIL: gcc.dg/debug/debug-2.c -gxcoff scan-assembler xyzzy
FAIL: gcc.dg/debug/debug-2.c -gxcoff3 scan-assembler xyzzy
FAIL: gcc.dg/debug/debug-2.c -gxcoff+ scan-assembler xyzzy
FAIL: gcc.dg/debug/debug-2.c -gxcoff+3 scan-assembler xyzzy
FAIL: gcc.dg/debug/debug-2.c -gcoff scan-assembler xyzzy
FAIL: gcc.dg/debug/debug-2.c -gcoff3 scan-assembler xyzzy
FAIL: gcc.dg/debug/debug-6.c -gdwarf-2 scan-assembler xyzzy
FAIL: gcc.dg/debug/debug-6.c -gdwarf-2 -O scan-assembler xyzzy
FAIL: gcc.dg/debug/debug-6.c -gdwarf-2 -O3 scan-assembler xyzzy
FAIL: gcc.dg/debug/debug-6.c -gdwarf-23 scan-assembler xyzzy
FAIL: gcc.dg/debug/debug-6.c -gdwarf-23 -O scan-assembler xyzzy
FAIL: gcc.dg/debug/debug-6.c -gdwarf-23 -O3 scan-assembler xyzzy
FAIL: gcc.dg/debug/debug-6.c -gstabs scan-assembler xyzzy
FAIL: gcc.dg/debug/debug-6.c -gstabs -O scan-assembler xyzzy
FAIL: gcc.dg/debug/debug-6.c -gstabs -O3 scan-assembler xyzzy
FAIL: gcc.dg/debug/debug-6.c -gstabs3 scan-assembler xyzzy
FAIL: gcc.dg/debug/debug-6.c -gstabs3 -O scan-assembler xyzzy
FAIL: gcc.dg/debug/debug-6.c -gstabs3 -O3 scan-assembler xyzzy
FAIL: gcc.dg/debug/debug-6.c -gstabs+ scan-assembler xyzzy
FAIL: gcc.dg/debug/debug-6.c -gstabs+ -O scan-assembler xyzzy
FAIL: gcc.dg/debug/debug-6.c -gstabs+ -O3 scan-assembler xyzzy
FAIL: gcc.dg/debug/debug-6.c -gstabs+3 scan-assembler xyzzy
FAIL: gcc.dg/debug/debug-6.c -gstabs+3 -O scan-assembler xyzzy
FAIL: gcc.dg/debug/debug-6.c -gstabs+3 -O3 scan-assembler xyzzy
FAIL: gcc.dg/debug/debug-6.c -gxcoff scan-assembler xyzzy
FAIL: gcc.dg/debug/debug-6.c -gxcoff -O scan-assembler xyzzy
FAIL: gcc.dg/debug/debug-6.c -gxcoff -O3 scan-assembler xyzzy
FAIL: gcc.dg/debug/debug-6.c -gxcoff3 scan-assembler xyzzy
FAIL: gcc.dg/debug/debug-6.c -gxcoff3 -O scan-assembler xyzzy
FAIL: gcc.dg/debug/debug-6.c -gxcoff3 -O3 scan-assembler xyzzy
FAIL: gcc.dg/debug/debug-6.c -gxcoff+ scan-assembler xyzzy
FAIL: gcc.dg/debug/debug-6.c -gxcoff+ -O scan-assembler xyzzy
FAIL: gcc.dg/debug/debug-6.c -gxcoff+ -O3 scan-assembler xyzzy
FAIL: gcc.dg/debug/debug-6.c -gxcoff+3 scan-assembler xyzzy
FAIL: gcc.dg/debug/debug-6.c -gxcoff+3 -O scan-assembler xyzzy
FAIL: gcc.dg/debug/debug-6.c -gxcoff+3 -O3 scan-assembler xyzzy
FAIL: gcc.dg/debug/debug-6.c -gcoff scan-assembler xyzzy
FAIL: gcc.dg/debug/debug-6.c -gcoff -O scan-assembler xyzzy
FAIL: gcc.dg/debug/debug-6.c -gcoff -O3 scan-assembler xyzzy
FAIL: gcc.dg/debug/debug-6.c -gcoff3 scan-assembler xyzzy
FAIL: gcc.dg/debug/debug-6.c -gcoff3 -O scan-assembler xyzzy
FAIL: gcc.dg/debug/debug-6.c -gcoff3 -O3 scan-assembler xyzzy
FAIL: gcc.dg/debug/dwarf2/dwarf-die5.c scan-assembler 3.*DW_AT_inline
FAIL: gcc.dg/debug/dwarf2/dwarf-die7.c scan-assembler 1.*DW_AT_inline
FAIL: gcc.dg/array-quals-1.c scan-assembler-not
\\\\.data(?!\\\\.rel\\\\.ro)
FAIL: gcc.dg/builtins-18.c (test for excess errors)
FAIL: gcc.dg/builtins-20.c (test for excess errors)
FAIL: gcc.dg/builtins-32.c execution test
XPASS: gcc.dg/sibcall-3.c execution test
XPASS: gcc.dg/sibcall-4.c execution test
UNRESOLVED: gcc.dg/visibility-1.c
UNRESOLVED: gcc.dg/visibility-2.c
UNRESOLVED: gcc.dg/visibility-3.c
UNRESOLVED: gcc.dg/visibility-4.c
UNRESOLVED: gcc.dg/visibility-5.c
UNRESOLVED: gcc.dg/visibility-6.c
UNRESOLVED: gcc.dg/visibility-7.c
UNRESOLVED: gcc.dg/visibility-8.c
FAIL: gcc.dg/torture/mips-sdata-1.c -O0 (test for excess errors)
ERROR: gcc.dg/torture/mips-sdata-1.c -O0 : error executing dg-final:
couldn't open "mips-sdata-1.s": no such file or directory
UNRESOLVED: gcc.dg/torture/mips-sdata-1.c -O0 : error executing
dg-final: couldn't open "mips-sdata-1.s": no such file or directory
FAIL: gcc.dg/torture/mips-sdata-1.c -O1 (test for excess errors)
ERROR: gcc.dg/torture/mips-sdata-1.c -O1 : error executing dg-final:
couldn't open "mips-sdata-1.s": no such file or directory
UNRESOLVED: gcc.dg/torture/mips-sdata-1.c -O1 : error executing
dg-final: couldn't open "mips-sdata-1.s": no such file or directory
FAIL: gcc.dg/torture/mips-sdata-1.c -O2 (test for excess errors)
ERROR: gcc.dg/torture/mips-sdata-1.c -O2 : error executing dg-final:
couldn't open "mips-sdata-1.s": no such file or directory
UNRESOLVED: gcc.dg/torture/mips-sdata-1.c -O2 : error executing
dg-final: couldn't open "mips-sdata-1.s": no such file or directory
FAIL: gcc.dg/torture/mips-sdata-1.c -O3 -fomit-frame-pointer (test for
excess errors)
ERROR: gcc.dg/torture/mips-sdata-1.c -O3 -fomit-frame-pointer : error
executing dg-final: couldn't open "mips-sdata-1.s": no such file or
directory
UNRESOLVED: gcc.dg/torture/mips-sdata-1.c -O3 -fomit-frame-pointer :
error executing dg-final: couldn't open "mips-sdata-1.s": no such file
or directory
FAIL: gcc.dg/torture/mips-sdata-1.c -O3 -g (test for excess errors)
ERROR: gcc.dg/torture/mips-sdata-1.c -O3 -g : error executing dg-final:
couldn't open "mips-sdata-1.s": no such file or directory
UNRESOLVED: gcc.dg/torture/mips-sdata-1.c -O3 -g : error executing
dg-final: couldn't open "mips-sdata-1.s": no such file or directory
FAIL: gcc.dg/torture/mips-sdata-1.c -Os (test for excess errors)
ERROR: gcc.dg/torture/mips-sdata-1.c -Os : error executing dg-final:
couldn't open "mips-sdata-1.s": no such file or directory
UNRESOLVED: gcc.dg/torture/mips-sdata-1.c -Os : error executing
dg-final: couldn't open "mips-sdata-1.s": no such file or directory
=== gcc Summary for unix/-mabi=32 ===
# of expected passes 24802
# of unexpected failures 121
# of unexpected successes 8
# of expected failures 61
# of unresolved testcases 49
# of untested testcases 7
# of unsupported tests 304
=== gcc Summary ===
# of expected passes 72762
# of unexpected failures 179
# of unexpected successes 12
# of expected failures 195
# of unresolved testcases 65
# of untested testcases 21
# of unsupported tests 912
/disk4/billingd/obj/gcc/gcc/xgcc version 3.5.0 20040229 (experimental)
=== objc tests ===
Running target unix
=== objc Summary for unix ===
# of expected passes 1341
# of unsupported tests 8
Running target unix/-mabi=64
=== objc Summary for unix/-mabi=64 ===
# of expected passes 1341
# of unsupported tests 8
Running target unix/-mabi=32
=== objc Summary for unix/-mabi=32 ===
# of expected passes 1341
# of unsupported tests 8
=== objc Summary ===
# of expected passes 4023
# of unsupported tests 24
/disk4/billingd/obj/gcc/gcc/xgcc version 3.5.0 20040229 (experimental)
=== libstdc++ tests ===
Running target unix
FAIL: 18_support/numeric_limits.cc execution test
FAIL: 21_strings/basic_string/inserters_extractors/wchar_t/1.cc
execution test
FAIL: 21_strings/basic_string/inserters_extractors/wchar_t/5.cc
execution test
FAIL: 22_locale/ctype/cons/char/1.cc execution test
FAIL: 22_locale/ctype/is/wchar_t/1.cc execution test
FAIL: 22_locale/ctype/scan/wchar_t/1.cc execution test
FAIL: 22_locale/money_get/get/wchar_t/8.cc execution test
FAIL: 22_locale/num_get/get/char/10.cc execution test
FAIL: 22_locale/num_get/get/wchar_t/10.cc execution test
FAIL: 23_containers/multiset/insert/1.cc execution test
FAIL: 23_containers/multiset/invalidation/2.cc execution test
FAIL: 23_containers/set/invalidation/2.cc execution test
FAIL: 26_numerics/c99_classification_macros_c++.cc (test for excess
errors)
FAIL: 26_numerics/c99_classification_macros_c.cc (test for excess
errors)
=== libstdc++ Summary for unix ===
# of expected passes 2545
# of unexpected failures 14
# of expected failures 2
# of unsupported tests 7
Running target unix/-mabi=64
FAIL: 18_support/numeric_limits.cc execution test
FAIL: 21_strings/basic_string/inserters_extractors/wchar_t/1.cc
execution test
FAIL: 21_strings/basic_string/inserters_extractors/wchar_t/5.cc
execution test
FAIL: 22_locale/ctype/cons/char/1.cc execution test
FAIL: 22_locale/ctype/is/wchar_t/1.cc execution test
FAIL: 22_locale/ctype/scan/wchar_t/1.cc execution test
FAIL: 22_locale/money_get/get/wchar_t/8.cc execution test
FAIL: 22_locale/num_get/get/char/10.cc execution test
FAIL: 22_locale/num_get/get/wchar_t/10.cc execution test
FAIL: 23_containers/multiset/invalidation/2.cc execution test
FAIL: 23_containers/set/invalidation/2.cc execution test
FAIL: 26_numerics/c99_classification_macros_c++.cc (test for excess
errors)
FAIL: 26_numerics/c99_classification_macros_c.cc (test for excess
errors)
=== libstdc++ Summary for unix/-mabi=64 ===
# of expected passes 2546
# of unexpected failures 13
# of expected failures 2
# of unsupported tests 7
Running target unix/-mabi=32
FAIL: 21_strings/basic_string/append/wchar_t/1.cc (test for excess
errors)
WARNING: 21_strings/basic_string/append/wchar_t/1.cc compilation failed
to produce executable
FAIL: 21_strings/basic_string/assign/wchar_t/1.cc (test for excess
errors)
WARNING: 21_strings/basic_string/assign/wchar_t/1.cc compilation failed
to produce executable
FAIL: 21_strings/basic_string/assign/wchar_t/2.cc (test for excess
errors)
WARNING: 21_strings/basic_string/assign/wchar_t/2.cc compilation failed
to produce executable
FAIL: 21_strings/basic_string/assign/wchar_t/3.cc (test for excess
errors)
WARNING: 21_strings/basic_string/assign/wchar_t/3.cc compilation failed
to produce executable
FAIL: 21_strings/basic_string/capacity/wchar_t/1.cc (test for excess
errors)
WARNING: 21_strings/basic_string/capacity/wchar_t/1.cc compilation
failed to produce executable
FAIL: 21_strings/basic_string/capacity/wchar_t/2.cc (test for excess
errors)
WARNING: 21_strings/basic_string/capacity/wchar_t/2.cc compilation
failed to produce executable
FAIL: 21_strings/basic_string/compare/wchar_t/1.cc (test for excess
errors)
WARNING: 21_strings/basic_string/compare/wchar_t/1.cc compilation failed
to produce executable
FAIL: 21_strings/basic_string/compare/wchar_t/13650.cc (test for excess
errors)
WARNING: 21_strings/basic_string/compare/wchar_t/13650.cc compilation
failed to produce executable
FAIL: 21_strings/basic_string/cons/wchar_t/1.cc (test for excess errors)
WARNING: 21_strings/basic_string/cons/wchar_t/1.cc compilation failed to
produce executable
FAIL: 21_strings/basic_string/cons/wchar_t/2.cc (test for excess errors)
WARNING: 21_strings/basic_string/cons/wchar_t/2.cc compilation failed to
produce executable
FAIL: 21_strings/basic_string/cons/wchar_t/3.cc (test for excess errors)
WARNING: 21_strings/basic_string/cons/wchar_t/3.cc compilation failed to
produce executable
FAIL: 21_strings/basic_string/cons/wchar_t/4.cc (test for excess errors)
WARNING: 21_strings/basic_string/cons/wchar_t/4.cc compilation failed to
produce executable
FAIL: 21_strings/basic_string/cons/wchar_t/5.cc (test for excess errors)
WARNING: 21_strings/basic_string/cons/wchar_t/5.cc compilation failed to
produce executable
FAIL: 21_strings/basic_string/cons/wchar_t/6.cc (test for excess errors)
WARNING: 21_strings/basic_string/cons/wchar_t/6.cc compilation failed to
produce executable
FAIL: 21_strings/basic_string/element_access/wchar_t/1.cc (test for
excess errors)
WARNING: 21_strings/basic_string/element_access/wchar_t/1.cc compilation
failed to produce executable
FAIL: 21_strings/basic_string/element_access/wchar_t/2.cc (test for
excess errors)
WARNING: 21_strings/basic_string/element_access/wchar_t/2.cc compilation
failed to produce executable
FAIL: 21_strings/basic_string/element_access/wchar_t/3.cc (test for
excess errors)
WARNING: 21_strings/basic_string/element_access/wchar_t/3.cc compilation
failed to produce executable
FAIL: 21_strings/basic_string/element_access/wchar_t/4.cc (test for
excess errors)
WARNING: 21_strings/basic_string/element_access/wchar_t/4.cc compilation
failed to produce executable
FAIL: 21_strings/basic_string/find/wchar_t/1.cc (test for excess errors)
WARNING: 21_strings/basic_string/find/wchar_t/1.cc compilation failed to
produce executable
FAIL: 21_strings/basic_string/find/wchar_t/2.cc (test for excess errors)
WARNING: 21_strings/basic_string/find/wchar_t/2.cc compilation failed to
produce executable
FAIL: 21_strings/basic_string/find/wchar_t/3.cc (test for excess errors)
WARNING: 21_strings/basic_string/find/wchar_t/3.cc compilation failed to
produce executable
FAIL: 21_strings/basic_string/insert/wchar_t/1.cc (test for excess
errors)
WARNING: 21_strings/basic_string/insert/wchar_t/1.cc compilation failed
to produce executable
FAIL: 21_strings/basic_string/insert/wchar_t/2.cc (test for excess
errors)
WARNING: 21_strings/basic_string/insert/wchar_t/2.cc compilation failed
to produce executable
FAIL: 21_strings/basic_string/inserters_extractors/wchar_t/1.cc (test
for excess errors)
WARNING: 21_strings/basic_string/inserters_extractors/wchar_t/1.cc
compilation failed to produce executable
FAIL: 21_strings/basic_string/inserters_extractors/wchar_t/4.cc (test
for excess errors)
WARNING: 21_strings/basic_string/inserters_extractors/wchar_t/4.cc
compilation failed to produce executable
FAIL: 21_strings/basic_string/inserters_extractors/wchar_t/5.cc (test
for excess errors)
WARNING: 21_strings/basic_string/inserters_extractors/wchar_t/5.cc
compilation failed to produce executable
FAIL: 21_strings/basic_string/inserters_extractors/wchar_t/6.cc (test
for excess errors)
WARNING: 21_strings/basic_string/inserters_extractors/wchar_t/6.cc
compilation failed to produce executable
FAIL: 21_strings/basic_string/inserters_extractors/wchar_t/7.cc (test
for excess errors)
WARNING: 21_strings/basic_string/inserters_extractors/wchar_t/7.cc
compilation failed to produce executable
FAIL: 21_strings/basic_string/inserters_extractors/wchar_t/8.cc (test
for excess errors)
WARNING: 21_strings/basic_string/inserters_extractors/wchar_t/8.cc
compilation failed to produce executable
FAIL: 21_strings/basic_string/inserters_extractors/wchar_t/9.cc (test
for excess errors)
WARNING: 21_strings/basic_string/inserters_extractors/wchar_t/9.cc
compilation failed to produce executable
FAIL: 21_strings/basic_string/operators/wchar_t/1.cc (test for excess
errors)
WARNING: 21_strings/basic_string/operators/wchar_t/1.cc compilation
failed to produce executable
FAIL: 21_strings/basic_string/operators/wchar_t/2.cc (test for excess
errors)
WARNING: 21_strings/basic_string/operators/wchar_t/2.cc compilation
failed to produce executable
FAIL: 21_strings/basic_string/replace/wchar_t/1.cc (test for excess
errors)
WARNING: 21_strings/basic_string/replace/wchar_t/1.cc compilation failed
to produce executable
FAIL: 21_strings/basic_string/replace/wchar_t/2.cc (test for excess
errors)
WARNING: 21_strings/basic_string/replace/wchar_t/2.cc compilation failed
to produce executable
FAIL: 21_strings/basic_string/replace/wchar_t/3.cc (test for excess
errors)
WARNING: 21_strings/basic_string/replace/wchar_t/3.cc compilation failed
to produce executable
FAIL: 21_strings/basic_string/replace/wchar_t/4.cc (test for excess
errors)
WARNING: 21_strings/basic_string/replace/wchar_t/4.cc compilation failed
to produce executable
FAIL: 21_strings/basic_string/replace/wchar_t/5.cc (test for excess
errors)
WARNING: 21_strings/basic_string/replace/wchar_t/5.cc compilation failed
to produce executable
FAIL: 21_strings/basic_string/replace/wchar_t/6.cc (test for excess
errors)
WARNING: 21_strings/basic_string/replace/wchar_t/6.cc compilation failed
to produce executable
FAIL: 21_strings/basic_string/rfind/wchar_t/1.cc (test for excess
errors)
WARNING: 21_strings/basic_string/rfind/wchar_t/1.cc compilation failed
to produce executable
FAIL: 21_strings/basic_string/rfind/wchar_t/2.cc (test for excess
errors)
WARNING: 21_strings/basic_string/rfind/wchar_t/2.cc compilation failed
to produce executable
FAIL: 21_strings/basic_string/rfind/wchar_t/3.cc (test for excess
errors)
WARNING: 21_strings/basic_string/rfind/wchar_t/3.cc compilation failed
to produce executable
FAIL: 21_strings/basic_string/substr/wchar_t/1.cc (test for excess
errors)
WARNING: 21_strings/basic_string/substr/wchar_t/1.cc compilation failed
to produce executable
FAIL: 21_strings/c_strings/wchar_t/1.cc (test for excess errors)
WARNING: 21_strings/c_strings/wchar_t/1.cc compilation failed to produce
executable
FAIL: 21_strings/c_strings/wchar_t/2.cc (test for excess errors)
WARNING: 21_strings/c_strings/wchar_t/2.cc compilation failed to produce
executable
FAIL: 21_strings/char_traits/requirements/wchar_t/1.cc (test for excess
errors)
WARNING: 21_strings/char_traits/requirements/wchar_t/1.cc compilation
failed to produce executable
FAIL: 22_locale/codecvt/always_noconv/wchar_t/1.cc execution test
FAIL: 22_locale/codecvt/encoding/wchar_t/1.cc execution test
FAIL: 22_locale/codecvt/in/wchar_t/1.cc (test for excess errors)
WARNING: 22_locale/codecvt/in/wchar_t/1.cc compilation failed to produce
executable
FAIL: 22_locale/codecvt/in/wchar_t/2.cc (test for excess errors)
WARNING: 22_locale/codecvt/in/wchar_t/2.cc compilation failed to produce
executable
FAIL: 22_locale/codecvt/in/wchar_t/3.cc (test for excess errors)
WARNING: 22_locale/codecvt/in/wchar_t/3.cc compilation failed to produce
executable
FAIL: 22_locale/codecvt/in/wchar_t/4.cc (test for excess errors)
WARNING: 22_locale/codecvt/in/wchar_t/4.cc compilation failed to produce
executable
FAIL: 22_locale/codecvt/in/wchar_t/5.cc (test for excess errors)
WARNING: 22_locale/codecvt/in/wchar_t/5.cc compilation failed to produce
executable
FAIL: 22_locale/codecvt/in/wchar_t/6.cc (test for excess errors)
WARNING: 22_locale/codecvt/in/wchar_t/6.cc compilation failed to produce
executable
FAIL: 22_locale/codecvt/in/wchar_t/7.cc (test for excess errors)
WARNING: 22_locale/codecvt/in/wchar_t/7.cc compilation failed to produce
executable
FAIL: 22_locale/codecvt/in/wchar_t/8.cc (test for excess errors)
WARNING: 22_locale/codecvt/in/wchar_t/8.cc compilation failed to produce
executable
FAIL: 22_locale/codecvt/in/wchar_t/9.cc (test for excess errors)
WARNING: 22_locale/codecvt/in/wchar_t/9.cc compilation failed to produce
executable
FAIL: 22_locale/codecvt/in/wchar_t/wrapped_env.cc (test for excess
errors)
WARNING: 22_locale/codecvt/in/wchar_t/wrapped_env.cc compilation failed
to produce executable
FAIL: 22_locale/codecvt/in/wchar_t/wrapped_locale.cc (test for excess
errors)
WARNING: 22_locale/codecvt/in/wchar_t/wrapped_locale.cc compilation
failed to produce executable
FAIL: 22_locale/codecvt/length/wchar_t/1.cc execution test
FAIL: 22_locale/codecvt/length/wchar_t/5.cc execution test
FAIL: 22_locale/codecvt/length/wchar_t/6.cc (test for excess errors)
WARNING: 22_locale/codecvt/length/wchar_t/6.cc compilation failed to
produce executable
FAIL: 22_locale/codecvt/max_length/wchar_t/1.cc execution test
FAIL: 22_locale/codecvt/out/wchar_t/1.cc execution test
FAIL: 22_locale/codecvt/out/wchar_t/5.cc execution test
FAIL: 22_locale/codecvt/out/wchar_t/6.cc execution test
FAIL: 22_locale/codecvt/unshift/wchar_t/1.cc execution test
FAIL: 22_locale/collate/hash/wchar_t/1.cc execution test
FAIL: 22_locale/ctype/cons/char/1.cc execution test
FAIL: 22_locale/ctype/is/wchar_t/1.cc (test for excess errors)
WARNING: 22_locale/ctype/is/wchar_t/1.cc compilation failed to produce
executable
FAIL: 22_locale/ctype/is/wchar_t/11740.cc execution test
FAIL: 22_locale/ctype/is/wchar_t/2.cc execution test
FAIL: 22_locale/ctype/is/wchar_t/wrapped_env.cc (test for excess errors)
WARNING: 22_locale/ctype/is/wchar_t/wrapped_env.cc compilation failed to
produce executable
FAIL: 22_locale/ctype/is/wchar_t/wrapped_locale.cc (test for excess
errors)
WARNING: 22_locale/ctype/is/wchar_t/wrapped_locale.cc compilation failed
to produce executable
FAIL: 22_locale/ctype/narrow/wchar_t/1.cc execution test
FAIL: 22_locale/ctype/narrow/wchar_t/2.cc execution test
FAIL: 22_locale/ctype/scan/wchar_t/wrapped_env.cc (test for excess
errors)
WARNING: 22_locale/ctype/scan/wchar_t/wrapped_env.cc compilation failed
to produce executable
FAIL: 22_locale/ctype/scan/wchar_t/wrapped_locale.cc (test for excess
errors)
WARNING: 22_locale/ctype/scan/wchar_t/wrapped_locale.cc compilation
failed to produce executable
FAIL: 22_locale/ctype/to/wchar_t/1.cc (test for excess errors)
WARNING: 22_locale/ctype/to/wchar_t/1.cc compilation failed to produce
executable
FAIL: 22_locale/ctype/to/wchar_t/wrapped_env.cc (test for excess errors)
WARNING: 22_locale/ctype/to/wchar_t/wrapped_env.cc compilation failed to
produce executable
FAIL: 22_locale/ctype/to/wchar_t/wrapped_locale.cc (test for excess
errors)
WARNING: 22_locale/ctype/to/wchar_t/wrapped_locale.cc compilation failed
to produce executable
FAIL: 22_locale/ctype/widen/wchar_t/1.cc execution test
FAIL: 22_locale/money_get/get/wchar_t/1.cc (test for excess errors)
WARNING: 22_locale/money_get/get/wchar_t/1.cc compilation failed to
produce executable
FAIL: 22_locale/money_get/get/wchar_t/10.cc (test for excess errors)
WARNING: 22_locale/money_get/get/wchar_t/10.cc compilation failed to
produce executable
FAIL: 22_locale/money_get/get/wchar_t/11.cc (test for excess errors)
WARNING: 22_locale/money_get/get/wchar_t/11.cc compilation failed to
produce executable
FAIL: 22_locale/money_get/get/wchar_t/11528.cc (test for excess errors)
WARNING: 22_locale/money_get/get/wchar_t/11528.cc compilation failed to
produce executable
FAIL: 22_locale/money_get/get/wchar_t/12.cc (test for excess errors)
WARNING: 22_locale/money_get/get/wchar_t/12.cc compilation failed to
produce executable
FAIL: 22_locale/money_get/get/wchar_t/13.cc (test for excess errors)
WARNING: 22_locale/money_get/get/wchar_t/13.cc compilation failed to
produce executable
FAIL: 22_locale/money_get/get/wchar_t/14.cc (test for excess errors)
WARNING: 22_locale/money_get/get/wchar_t/14.cc compilation failed to
produce executable
FAIL: 22_locale/money_get/get/wchar_t/2.cc (test for excess errors)
WARNING: 22_locale/money_get/get/wchar_t/2.cc compilation failed to
produce executable
FAIL: 22_locale/money_get/get/wchar_t/3.cc (test for excess errors)
WARNING: 22_locale/money_get/get/wchar_t/3.cc compilation failed to
produce executable
FAIL: 22_locale/money_get/get/wchar_t/4.cc (test for excess errors)
WARNING: 22_locale/money_get/get/wchar_t/4.cc compilation failed to
produce executable
FAIL: 22_locale/money_get/get/wchar_t/5.cc (test for excess errors)
WARNING: 22_locale/money_get/get/wchar_t/5.cc compilation failed to
produce executable
FAIL: 22_locale/money_get/get/wchar_t/6.cc (test for excess errors)
WARNING: 22_locale/money_get/get/wchar_t/6.cc compilation failed to
produce executable
FAIL: 22_locale/money_get/get/wchar_t/7.cc (test for excess errors)
WARNING: 22_locale/money_get/get/wchar_t/7.cc compilation failed to
produce executable
FAIL: 22_locale/money_get/get/wchar_t/8.cc (test for excess errors)
WARNING: 22_locale/money_get/get/wchar_t/8.cc compilation failed to
produce executable
FAIL: 22_locale/money_get/get/wchar_t/9.cc (test for excess errors)
WARNING: 22_locale/money_get/get/wchar_t/9.cc compilation failed to
produce executable
FAIL: 22_locale/money_get/get/wchar_t/wrapped_env.cc (test for excess
errors)
WARNING: 22_locale/money_get/get/wchar_t/wrapped_env.cc compilation
failed to produce executable
FAIL: 22_locale/money_get/get/wchar_t/wrapped_locale.cc (test for excess
errors)
WARNING: 22_locale/money_get/get/wchar_t/wrapped_locale.cc compilation
failed to produce executable
FAIL: 22_locale/money_put/put/wchar_t/1.cc (test for excess errors)
WARNING: 22_locale/money_put/put/wchar_t/1.cc compilation failed to
produce executable
FAIL: 22_locale/money_put/put/wchar_t/12971.cc (test for excess errors)
WARNING: 22_locale/money_put/put/wchar_t/12971.cc compilation failed to
produce executable
FAIL: 22_locale/money_put/put/wchar_t/2.cc (test for excess errors)
WARNING: 22_locale/money_put/put/wchar_t/2.cc compilation failed to
produce executable
FAIL: 22_locale/money_put/put/wchar_t/3.cc (test for excess errors)
WARNING: 22_locale/money_put/put/wchar_t/3.cc compilation failed to
produce executable
FAIL: 22_locale/money_put/put/wchar_t/4.cc (test for excess errors)
WARNING: 22_locale/money_put/put/wchar_t/4.cc compilation failed to
produce executable
FAIL: 22_locale/money_put/put/wchar_t/5.cc (test for excess errors)
WARNING: 22_locale/money_put/put/wchar_t/5.cc compilation failed to
produce executable
FAIL: 22_locale/money_put/put/wchar_t/6.cc (test for excess errors)
WARNING: 22_locale/money_put/put/wchar_t/6.cc compilation failed to
produce executable
FAIL: 22_locale/money_put/put/wchar_t/wrapped_env.cc (test for excess
errors)
WARNING: 22_locale/money_put/put/wchar_t/wrapped_env.cc compilation
failed to produce executable
FAIL: 22_locale/money_put/put/wchar_t/wrapped_locale.cc (test for excess
errors)
WARNING: 22_locale/money_put/put/wchar_t/wrapped_locale.cc compilation
failed to produce executable
FAIL: 22_locale/moneypunct/members/wchar_t/1.cc (test for excess errors)
WARNING: 22_locale/moneypunct/members/wchar_t/1.cc compilation failed to
produce executable
FAIL: 22_locale/moneypunct/members/wchar_t/2.cc (test for excess errors)
WARNING: 22_locale/moneypunct/members/wchar_t/2.cc compilation failed to
produce executable
FAIL: 22_locale/moneypunct/members/wchar_t/wrapped_env.cc (test for
excess errors)
WARNING: 22_locale/moneypunct/members/wchar_t/wrapped_env.cc compilation
failed to produce executable
FAIL: 22_locale/moneypunct/members/wchar_t/wrapped_locale.cc (test for
excess errors)
WARNING: 22_locale/moneypunct/members/wchar_t/wrapped_locale.cc
compilation failed to produce executable
FAIL: 22_locale/num_get/get/char/10.cc execution test
FAIL: 22_locale/num_get/get/wchar_t/1.cc (test for excess errors)
WARNING: 22_locale/num_get/get/wchar_t/1.cc compilation failed to
produce executable
FAIL: 22_locale/num_get/get/wchar_t/10.cc (test for excess errors)
WARNING: 22_locale/num_get/get/wchar_t/10.cc compilation failed to
produce executable
FAIL: 22_locale/num_get/get/wchar_t/11.cc (test for excess errors)
WARNING: 22_locale/num_get/get/wchar_t/11.cc compilation failed to
produce executable
FAIL: 22_locale/num_get/get/wchar_t/12.cc (test for excess errors)
WARNING: 22_locale/num_get/get/wchar_t/12.cc compilation failed to
produce executable
FAIL: 22_locale/num_get/get/wchar_t/13.cc (test for excess errors)
WARNING: 22_locale/num_get/get/wchar_t/13.cc compilation failed to
produce executable
FAIL: 22_locale/num_get/get/wchar_t/14.cc (test for excess errors)
WARNING: 22_locale/num_get/get/wchar_t/14.cc compilation failed to
produce executable
FAIL: 22_locale/num_get/get/wchar_t/2.cc (test for excess errors)
WARNING: 22_locale/num_get/get/wchar_t/2.cc compilation failed to
produce executable
FAIL: 22_locale/num_get/get/wchar_t/3.cc (test for excess errors)
WARNING: 22_locale/num_get/get/wchar_t/3.cc compilation failed to
produce executable
FAIL: 22_locale/num_get/get/wchar_t/4.cc (test for excess errors)
WARNING: 22_locale/num_get/get/wchar_t/4.cc compilation failed to
produce executable
FAIL: 22_locale/num_get/get/wchar_t/5.cc (test for excess errors)
WARNING: 22_locale/num_get/get/wchar_t/5.cc compilation failed to
produce executable
FAIL: 22_locale/num_get/get/wchar_t/6.cc (test for excess errors)
WARNING: 22_locale/num_get/get/wchar_t/6.cc compilation failed to
produce executable
FAIL: 22_locale/num_get/get/wchar_t/7.cc (test for excess errors)
WARNING: 22_locale/num_get/get/wchar_t/7.cc compilation failed to
produce executable
FAIL: 22_locale/num_get/get/wchar_t/8.cc (test for excess errors)
WARNING: 22_locale/num_get/get/wchar_t/8.cc compilation failed to
produce executable
FAIL: 22_locale/num_get/get/wchar_t/9.cc (test for excess errors)
WARNING: 22_locale/num_get/get/wchar_t/9.cc compilation failed to
produce executable
FAIL: 22_locale/num_get/get/wchar_t/wrapped_env.cc (test for excess
errors)
WARNING: 22_locale/num_get/get/wchar_t/wrapped_env.cc compilation failed
to produce executable
FAIL: 22_locale/num_get/get/wchar_t/wrapped_locale.cc (test for excess
errors)
WARNING: 22_locale/num_get/get/wchar_t/wrapped_locale.cc compilation
failed to produce executable
FAIL: 22_locale/num_put/put/wchar_t/1.cc (test for excess errors)
WARNING: 22_locale/num_put/put/wchar_t/1.cc compilation failed to
produce executable
FAIL: 22_locale/num_put/put/wchar_t/2.cc (test for excess errors)
WARNING: 22_locale/num_put/put/wchar_t/2.cc compilation failed to
produce executable
FAIL: 22_locale/num_put/put/wchar_t/3.cc (test for excess errors)
WARNING: 22_locale/num_put/put/wchar_t/3.cc compilation failed to
produce executable
FAIL: 22_locale/num_put/put/wchar_t/4.cc (test for excess errors)
WARNING: 22_locale/num_put/put/wchar_t/4.cc compilation failed to
produce executable
FAIL: 22_locale/num_put/put/wchar_t/5.cc (test for excess errors)
WARNING: 22_locale/num_put/put/wchar_t/5.cc compilation failed to
produce executable
FAIL: 22_locale/num_put/put/wchar_t/6.cc (test for excess errors)
WARNING: 22_locale/num_put/put/wchar_t/6.cc compilation failed to
produce executable
FAIL: 22_locale/num_put/put/wchar_t/7.cc (test for excess errors)
WARNING: 22_locale/num_put/put/wchar_t/7.cc compilation failed to
produce executable
FAIL: 22_locale/num_put/put/wchar_t/8.cc (test for excess errors)
WARNING: 22_locale/num_put/put/wchar_t/8.cc compilation failed to
produce executable
FAIL: 22_locale/num_put/put/wchar_t/wrapped_env.cc (test for excess
errors)
WARNING: 22_locale/num_put/put/wchar_t/wrapped_env.cc compilation failed
to produce executable
FAIL: 22_locale/num_put/put/wchar_t/wrapped_locale.cc (test for excess
errors)
WARNING: 22_locale/num_put/put/wchar_t/wrapped_locale.cc compilation
failed to produce executable
FAIL: 22_locale/numpunct/members/wchar_t/1.cc (test for excess errors)
WARNING: 22_locale/numpunct/members/wchar_t/1.cc compilation failed to
produce executable
FAIL: 22_locale/numpunct/members/wchar_t/2.cc (test for excess errors)
WARNING: 22_locale/numpunct/members/wchar_t/2.cc compilation failed to
produce executable
FAIL: 22_locale/numpunct/members/wchar_t/cache_1.cc (test for excess
errors)
WARNING: 22_locale/numpunct/members/wchar_t/cache_1.cc compilation
failed to produce executable
FAIL: 22_locale/numpunct/members/wchar_t/cache_2.cc (test for excess
errors)
WARNING: 22_locale/numpunct/members/wchar_t/cache_2.cc compilation
failed to produce executable
FAIL: 22_locale/numpunct/members/wchar_t/wrapped_env.cc (test for excess
errors)
WARNING: 22_locale/numpunct/members/wchar_t/wrapped_env.cc compilation
failed to produce executable
FAIL: 22_locale/numpunct/members/wchar_t/wrapped_locale.cc (test for
excess errors)
WARNING: 22_locale/numpunct/members/wchar_t/wrapped_locale.cc
compilation failed to produce executable
FAIL: 22_locale/time_get/get_date/wchar_t/1.cc (test for excess errors)
WARNING: 22_locale/time_get/get_date/wchar_t/1.cc compilation failed to
produce executable
FAIL: 22_locale/time_get/get_date/wchar_t/12750.cc (test for excess
errors)
WARNING: 22_locale/time_get/get_date/wchar_t/12750.cc compilation failed
to produce executable
FAIL: 22_locale/time_get/get_date/wchar_t/12791.cc (test for excess
errors)
WARNING: 22_locale/time_get/get_date/wchar_t/12791.cc compilation failed
to produce executable
FAIL: 22_locale/time_get/get_date/wchar_t/2.cc (test for excess errors)
WARNING: 22_locale/time_get/get_date/wchar_t/2.cc compilation failed to
produce executable
FAIL: 22_locale/time_get/get_date/wchar_t/3.cc (test for excess errors)
WARNING: 22_locale/time_get/get_date/wchar_t/3.cc compilation failed to
produce executable
FAIL: 22_locale/time_get/get_date/wchar_t/4.cc (test for excess errors)
WARNING: 22_locale/time_get/get_date/wchar_t/4.cc compilation failed to
produce executable
FAIL: 22_locale/time_get/get_date/wchar_t/wrapped_env.cc (test for
excess errors)
WARNING: 22_locale/time_get/get_date/wchar_t/wrapped_env.cc compilation
failed to produce executable
FAIL: 22_locale/time_get/get_date/wchar_t/wrapped_locale.cc (test for
excess errors)
WARNING: 22_locale/time_get/get_date/wchar_t/wrapped_locale.cc
compilation failed to produce executable
FAIL: 22_locale/time_get/get_monthname/wchar_t/1.cc (test for excess
errors)
WARNING: 22_locale/time_get/get_monthname/wchar_t/1.cc compilation
failed to produce executable
FAIL: 22_locale/time_get/get_monthname/wchar_t/2.cc (test for excess
errors)
WARNING: 22_locale/time_get/get_monthname/wchar_t/2.cc compilation
failed to produce executable
FAIL: 22_locale/time_get/get_monthname/wchar_t/3.cc (test for excess
errors)
WARNING: 22_locale/time_get/get_monthname/wchar_t/3.cc compilation
failed to produce executable
FAIL: 22_locale/time_get/get_monthname/wchar_t/wrapped_env.cc (test for
excess errors)
WARNING: 22_locale/time_get/get_monthname/wchar_t/wrapped_env.cc
compilation failed to produce executable
FAIL: 22_locale/time_get/get_monthname/wchar_t/wrapped_locale.cc (test
for excess errors)
WARNING: 22_locale/time_get/get_monthname/wchar_t/wrapped_locale.cc
compilation failed to produce executable
FAIL: 22_locale/time_get/get_time/wchar_t/1.cc (test for excess errors)
WARNING: 22_locale/time_get/get_time/wchar_t/1.cc compilation failed to
produce executable
FAIL: 22_locale/time_get/get_time/wchar_t/2.cc (test for excess errors)
WARNING: 22_locale/time_get/get_time/wchar_t/2.cc compilation failed to
produce executable
FAIL: 22_locale/time_get/get_time/wchar_t/3.cc (test for excess errors)
WARNING: 22_locale/time_get/get_time/wchar_t/3.cc compilation failed to
produce executable
FAIL: 22_locale/time_get/get_time/wchar_t/wrapped_env.cc (test for
excess errors)
WARNING: 22_locale/time_get/get_time/wchar_t/wrapped_env.cc compilation
failed to produce executable
FAIL: 22_locale/time_get/get_time/wchar_t/wrapped_locale.cc (test for
excess errors)
WARNING: 22_locale/time_get/get_time/wchar_t/wrapped_locale.cc
compilation failed to produce executable
FAIL: 22_locale/time_get/get_weekday/wchar_t/1.cc (test for excess
errors)
WARNING: 22_locale/time_get/get_weekday/wchar_t/1.cc compilation failed
to produce executable
FAIL: 22_locale/time_get/get_weekday/wchar_t/2.cc (test for excess
errors)
WARNING: 22_locale/time_get/get_weekday/wchar_t/2.cc compilation failed
to produce executable
FAIL: 22_locale/time_get/get_weekday/wchar_t/3.cc (test for excess
errors)
WARNING: 22_locale/time_get/get_weekday/wchar_t/3.cc compilation failed
to produce executable
FAIL: 22_locale/time_get/get_weekday/wchar_t/wrapped_env.cc (test for
excess errors)
WARNING: 22_locale/time_get/get_weekday/wchar_t/wrapped_env.cc
compilation failed to produce executable
FAIL: 22_locale/time_get/get_weekday/wchar_t/wrapped_locale.cc (test for
excess errors)
WARNING: 22_locale/time_get/get_weekday/wchar_t/wrapped_locale.cc
compilation failed to produce executable
FAIL: 22_locale/time_get/get_year/wchar_t/1.cc (test for excess errors)
WARNING: 22_locale/time_get/get_year/wchar_t/1.cc compilation failed to
produce executable
FAIL: 22_locale/time_get/get_year/wchar_t/3.cc (test for excess errors)
WARNING: 22_locale/time_get/get_year/wchar_t/3.cc compilation failed to
produce executable
FAIL: 22_locale/time_get/get_year/wchar_t/wrapped_env.cc (test for
excess errors)
WARNING: 22_locale/time_get/get_year/wchar_t/wrapped_env.cc compilation
failed to produce executable
FAIL: 22_locale/time_get/get_year/wchar_t/wrapped_locale.cc (test for
excess errors)
WARNING: 22_locale/time_get/get_year/wchar_t/wrapped_locale.cc
compilation failed to produce executable
FAIL: 22_locale/time_put/put/wchar_t/1.cc (test for excess errors)
WARNING: 22_locale/time_put/put/wchar_t/1.cc compilation failed to
produce executable
FAIL: 22_locale/time_put/put/wchar_t/10.cc (test for excess errors)
WARNING: 22_locale/time_put/put/wchar_t/10.cc compilation failed to
produce executable
FAIL: 22_locale/time_put/put/wchar_t/12439_1.cc (test for excess errors)
WARNING: 22_locale/time_put/put/wchar_t/12439_1.cc compilation failed to
produce executable
FAIL: 22_locale/time_put/put/wchar_t/12439_2.cc (test for excess errors)
WARNING: 22_locale/time_put/put/wchar_t/12439_2.cc compilation failed to
produce executable
FAIL: 22_locale/time_put/put/wchar_t/12439_3.cc (test for excess errors)
WARNING: 22_locale/time_put/put/wchar_t/12439_3.cc compilation failed to
produce executable
FAIL: 22_locale/time_put/put/wchar_t/2.cc (test for excess errors)
WARNING: 22_locale/time_put/put/wchar_t/2.cc compilation failed to
produce executable
FAIL: 22_locale/time_put/put/wchar_t/3.cc (test for excess errors)
WARNING: 22_locale/time_put/put/wchar_t/3.cc compilation failed to
produce executable
FAIL: 22_locale/time_put/put/wchar_t/4.cc (test for excess errors)
WARNING: 22_locale/time_put/put/wchar_t/4.cc compilation failed to
produce executable
FAIL: 22_locale/time_put/put/wchar_t/5.cc (test for excess errors)
WARNING: 22_locale/time_put/put/wchar_t/5.cc compilation failed to
produce executable
FAIL: 22_locale/time_put/put/wchar_t/6.cc (test for excess errors)
WARNING: 22_locale/time_put/put/wchar_t/6.cc compilation failed to
produce executable
FAIL: 22_locale/time_put/put/wchar_t/7.cc (test for excess errors)
WARNING: 22_locale/time_put/put/wchar_t/7.cc compilation failed to
produce executable
FAIL: 22_locale/time_put/put/wchar_t/8.cc (test for excess errors)
WARNING: 22_locale/time_put/put/wchar_t/8.cc compilation failed to
produce executable
FAIL: 22_locale/time_put/put/wchar_t/9.cc (test for excess errors)
WARNING: 22_locale/time_put/put/wchar_t/9.cc compilation failed to
produce executable
FAIL: 22_locale/time_put/put/wchar_t/wrapped_env.cc (test for excess
errors)
WARNING: 22_locale/time_put/put/wchar_t/wrapped_env.cc compilation
failed to produce executable
FAIL: 22_locale/time_put/put/wchar_t/wrapped_locale.cc (test for excess
errors)
WARNING: 22_locale/time_put/put/wchar_t/wrapped_locale.cc compilation
failed to produce executable
FAIL: 23_containers/multiset/invalidation/2.cc execution test
FAIL: 23_containers/set/invalidation/2.cc execution test
FAIL: 25_algorithms/sort.cc (test for excess errors)
FAIL: 26_numerics/c99_classification_macros_c++.cc (test for excess
errors)
FAIL: 26_numerics/c99_classification_macros_c.cc (test for excess
errors)
FAIL: 27_io/basic_filebuf/close/wchar_t/12790-1.cc (test for excess
errors)
WARNING: 27_io/basic_filebuf/close/wchar_t/12790-1.cc compilation failed
to produce executable
FAIL: 27_io/basic_filebuf/close/wchar_t/12790-2.cc (test for excess
errors)
WARNING: 27_io/basic_filebuf/close/wchar_t/12790-2.cc compilation failed
to produce executable
FAIL: 27_io/basic_filebuf/close/wchar_t/12790-3.cc (test for excess
errors)
WARNING: 27_io/basic_filebuf/close/wchar_t/12790-3.cc compilation failed
to produce executable
FAIL: 27_io/basic_filebuf/close/wchar_t/12790-4.cc (test for excess
errors)
WARNING: 27_io/basic_filebuf/close/wchar_t/12790-4.cc compilation failed
to produce executable
FAIL: 27_io/basic_filebuf/cons/wchar_t/10132-1.cc (test for excess
errors)
WARNING: 27_io/basic_filebuf/cons/wchar_t/10132-1.cc compilation failed
to produce executable
FAIL: 27_io/basic_filebuf/imbue/wchar_t/1.cc (test for excess errors)
WARNING: 27_io/basic_filebuf/imbue/wchar_t/1.cc compilation failed to
produce executable
FAIL: 27_io/basic_filebuf/imbue/wchar_t/12868.cc (test for excess
errors)
WARNING: 27_io/basic_filebuf/imbue/wchar_t/12868.cc compilation failed
to produce executable
FAIL: 27_io/basic_filebuf/imbue/wchar_t/13007.cc (test for excess
errors)
WARNING: 27_io/basic_filebuf/imbue/wchar_t/13007.cc compilation failed
to produce executable
FAIL: 27_io/basic_filebuf/imbue/wchar_t/13171-3.cc (test for excess
errors)
WARNING: 27_io/basic_filebuf/imbue/wchar_t/13171-3.cc compilation failed
to produce executable
FAIL: 27_io/basic_filebuf/imbue/wchar_t/13582-2.cc (test for excess
errors)
WARNING: 27_io/basic_filebuf/imbue/wchar_t/13582-2.cc compilation failed
to produce executable
FAIL: 27_io/basic_filebuf/imbue/wchar_t/13582-3.cc (test for excess
errors)
WARNING: 27_io/basic_filebuf/imbue/wchar_t/13582-3.cc compilation failed
to produce executable
FAIL: 27_io/basic_filebuf/imbue/wchar_t/2.cc (test for excess errors)
WARNING: 27_io/basic_filebuf/imbue/wchar_t/2.cc compilation failed to
produce executable
FAIL: 27_io/basic_filebuf/imbue/wchar_t/3.cc (test for excess errors)
WARNING: 27_io/basic_filebuf/imbue/wchar_t/3.cc compilation failed to
produce executable
FAIL: 27_io/basic_filebuf/imbue/wchar_t/9322.cc (test for excess errors)
WARNING: 27_io/basic_filebuf/imbue/wchar_t/9322.cc compilation failed to
produce executable
FAIL: 27_io/basic_filebuf/overflow/wchar_t/11305-1.cc (test for excess
errors)
WARNING: 27_io/basic_filebuf/overflow/wchar_t/11305-1.cc compilation
failed to produce executable
FAIL: 27_io/basic_filebuf/overflow/wchar_t/11305-2.cc (test for excess
errors)
WARNING: 27_io/basic_filebuf/overflow/wchar_t/11305-2.cc compilation
failed to produce executable
FAIL: 27_io/basic_filebuf/overflow/wchar_t/11305-3.cc (test for excess
errors)
WARNING: 27_io/basic_filebuf/overflow/wchar_t/11305-3.cc compilation
failed to produce executable
FAIL: 27_io/basic_filebuf/overflow/wchar_t/11305-4.cc (test for excess
errors)
WARNING: 27_io/basic_filebuf/overflow/wchar_t/11305-4.cc compilation
failed to produce executable
FAIL: 27_io/basic_filebuf/overflow/wchar_t/13858.cc (test for excess
errors)
WARNING: 27_io/basic_filebuf/overflow/wchar_t/13858.cc compilation
failed to produce executable
FAIL: 27_io/basic_filebuf/seekoff/wchar_t/1.cc (test for excess errors)
WARNING: 27_io/basic_filebuf/seekoff/wchar_t/1.cc compilation failed to
produce executable
FAIL: 27_io/basic_filebuf/seekoff/wchar_t/12790-1.cc (test for excess
errors)
WARNING: 27_io/basic_filebuf/seekoff/wchar_t/12790-1.cc compilation
failed to produce executable
FAIL: 27_io/basic_filebuf/seekoff/wchar_t/12790-2.cc (test for excess
errors)
WARNING: 27_io/basic_filebuf/seekoff/wchar_t/12790-2.cc compilation
failed to produce executable
FAIL: 27_io/basic_filebuf/seekoff/wchar_t/12790-3.cc (test for excess
errors)
WARNING: 27_io/basic_filebuf/seekoff/wchar_t/12790-3.cc compilation
failed to produce executable
FAIL: 27_io/basic_filebuf/seekoff/wchar_t/12790-4.cc (test for excess
errors)
WARNING: 27_io/basic_filebuf/seekoff/wchar_t/12790-4.cc compilation
failed to produce executable
FAIL: 27_io/basic_filebuf/seekoff/wchar_t/2.cc (test for excess errors)
WARNING: 27_io/basic_filebuf/seekoff/wchar_t/2.cc compilation failed to
produce executable
FAIL: 27_io/basic_filebuf/seekoff/wchar_t/3.cc (test for excess errors)
WARNING: 27_io/basic_filebuf/seekoff/wchar_t/3.cc compilation failed to
produce executable
FAIL: 27_io/basic_filebuf/seekoff/wchar_t/9875_seekoff.cc (test for
excess errors)
WARNING: 27_io/basic_filebuf/seekoff/wchar_t/9875_seekoff.cc compilation
failed to produce executable
FAIL: 27_io/basic_filebuf/seekpos/wchar_t/1.cc (test for excess errors)
WARNING: 27_io/basic_filebuf/seekpos/wchar_t/1.cc compilation failed to
produce executable
FAIL: 27_io/basic_filebuf/seekpos/wchar_t/12790-1.cc (test for excess
errors)
WARNING: 27_io/basic_filebuf/seekpos/wchar_t/12790-1.cc compilation
failed to produce executable
FAIL: 27_io/basic_filebuf/seekpos/wchar_t/12790-2.cc (test for excess
errors)
WARNING: 27_io/basic_filebuf/seekpos/wchar_t/12790-2.cc compilation
failed to produce executable
FAIL: 27_io/basic_filebuf/seekpos/wchar_t/12790-3.cc (test for excess
errors)
WARNING: 27_io/basic_filebuf/seekpos/wchar_t/12790-3.cc compilation
failed to produce executable
FAIL: 27_io/basic_filebuf/seekpos/wchar_t/12790-4.cc (test for excess
errors)
WARNING: 27_io/basic_filebuf/seekpos/wchar_t/12790-4.cc compilation
failed to produce executable
FAIL: 27_io/basic_filebuf/seekpos/wchar_t/9874.cc (test for excess
errors)
WARNING: 27_io/basic_filebuf/seekpos/wchar_t/9874.cc compilation failed
to produce executable
FAIL: 27_io/basic_filebuf/seekpos/wchar_t/9875_seekpos.cc (test for
excess errors)
WARNING: 27_io/basic_filebuf/seekpos/wchar_t/9875_seekpos.cc compilation
failed to produce executable
FAIL: 27_io/basic_filebuf/sync/wchar_t/1.cc (test for excess errors)
WARNING: 27_io/basic_filebuf/sync/wchar_t/1.cc compilation failed to
produce executable
FAIL: 27_io/basic_filebuf/underflow/wchar_t/1.cc (test for excess
errors)
WARNING: 27_io/basic_filebuf/underflow/wchar_t/1.cc compilation failed
to produce executable
FAIL: 27_io/basic_filebuf/underflow/wchar_t/11389-1.cc (test for excess
errors)
WARNING: 27_io/basic_filebuf/underflow/wchar_t/11389-1.cc compilation
failed to produce executable
FAIL: 27_io/basic_filebuf/underflow/wchar_t/11389-2.cc (test for excess
errors)
WARNING: 27_io/basic_filebuf/underflow/wchar_t/11389-2.cc compilation
failed to produce executable
FAIL: 27_io/basic_filebuf/underflow/wchar_t/11389-3.cc (test for excess
errors)
WARNING: 27_io/basic_filebuf/underflow/wchar_t/11389-3.cc compilation
failed to produce executable
FAIL: 27_io/basic_filebuf/underflow/wchar_t/11389-4.cc (test for excess
errors)
WARNING: 27_io/basic_filebuf/underflow/wchar_t/11389-4.cc compilation
failed to produce executable
FAIL: 27_io/basic_filebuf/underflow/wchar_t/11544-1.cc (test for excess
errors)
WARNING: 27_io/basic_filebuf/underflow/wchar_t/11544-1.cc compilation
failed to produce executable
FAIL: 27_io/basic_filebuf/underflow/wchar_t/11544-2.cc (test for excess
errors)
WARNING: 27_io/basic_filebuf/underflow/wchar_t/11544-2.cc compilation
failed to produce executable
FAIL: 27_io/basic_filebuf/underflow/wchar_t/11603.cc (test for excess
errors)
WARNING: 27_io/basic_filebuf/underflow/wchar_t/11603.cc compilation
failed to produce executable
FAIL: 27_io/basic_filebuf/underflow/wchar_t/2.cc (test for excess
errors)
WARNING: 27_io/basic_filebuf/underflow/wchar_t/2.cc compilation failed
to produce executable
FAIL: 27_io/basic_filebuf/underflow/wchar_t/3.cc (test for excess
errors)
WARNING: 27_io/basic_filebuf/underflow/wchar_t/3.cc compilation failed
to produce executable
FAIL: 27_io/basic_filebuf/underflow/wchar_t/4.cc (test for excess
errors)
WARNING: 27_io/basic_filebuf/underflow/wchar_t/4.cc compilation failed
to produce executable
FAIL: 27_io/basic_filebuf/underflow/wchar_t/5.cc (test for excess
errors)
WARNING: 27_io/basic_filebuf/underflow/wchar_t/5.cc compilation failed
to produce executable
FAIL: 27_io/basic_filebuf/underflow/wchar_t/9178.cc (test for excess
errors)
WARNING: 27_io/basic_filebuf/underflow/wchar_t/9178.cc compilation
failed to produce executable
FAIL: 27_io/basic_filebuf/underflow/wchar_t/9520.cc (test for excess
errors)
WARNING: 27_io/basic_filebuf/underflow/wchar_t/9520.cc compilation
failed to produce executable
FAIL: 27_io/basic_istream/extractors_arithmetic/char/12.cc execution
test
FAIL: 27_io/basic_ostream/inserters_arithmetic/wchar_t/1.cc (test for
excess errors)
WARNING: 27_io/basic_ostream/inserters_arithmetic/wchar_t/1.cc
compilation failed to produce executable
FAIL: 27_io/basic_ostream/inserters_character/wchar_t/11095-od.cc (test
for excess errors)
WARNING: 27_io/basic_ostream/inserters_character/wchar_t/11095-od.cc
compilation failed to produce executable
FAIL: 27_io/basic_ostream/inserters_character/wchar_t/11095-oe.cc (test
for excess errors)
WARNING: 27_io/basic_ostream/inserters_character/wchar_t/11095-oe.cc
compilation failed to produce executable
FAIL: 27_io/basic_ostream/inserters_character/wchar_t/11095-of.cc (test
for excess errors)
WARNING: 27_io/basic_ostream/inserters_character/wchar_t/11095-of.cc
compilation failed to produce executable
FAIL: 27_io/basic_ostream/inserters_character/wchar_t/7.cc (test for
excess errors)
WARNING: 27_io/basic_ostream/inserters_character/wchar_t/7.cc
compilation failed to produce executable
FAIL: 27_io/basic_ostream/inserters_character/wchar_t/8.cc (test for
excess errors)
WARNING: 27_io/basic_ostream/inserters_character/wchar_t/8.cc
compilation failed to produce executable
FAIL: 27_io/basic_streambuf/imbue/wchar_t/13007-1.cc (test for excess
errors)
WARNING: 27_io/basic_streambuf/imbue/wchar_t/13007-1.cc compilation
failed to produce executable
FAIL: 27_io/basic_streambuf/imbue/wchar_t/13007-2.cc (test for excess
errors)
WARNING: 27_io/basic_streambuf/imbue/wchar_t/13007-2.cc compilation
failed to produce executable
FAIL: 27_io/objects/wchar_t/1.cc (test for excess errors)
WARNING: 27_io/objects/wchar_t/1.cc compilation failed to produce
executable
FAIL: 27_io/objects/wchar_t/10.cc (test for excess errors)
WARNING: 27_io/objects/wchar_t/10.cc compilation failed to produce
executable
FAIL: 27_io/objects/wchar_t/11.cc (test for excess errors)
WARNING: 27_io/objects/wchar_t/11.cc compilation failed to produce
executable
FAIL: 27_io/objects/wchar_t/12.cc (test for excess errors)
WARNING: 27_io/objects/wchar_t/12.cc compilation failed to produce
executable
FAIL: 27_io/objects/wchar_t/12048-1.cc (test for excess errors)
WARNING: 27_io/objects/wchar_t/12048-1.cc compilation failed to produce
executable
FAIL: 27_io/objects/wchar_t/12048-2.cc (test for excess errors)
WARNING: 27_io/objects/wchar_t/12048-2.cc compilation failed to produce
executable
FAIL: 27_io/objects/wchar_t/12048-3.cc (test for excess errors)
WARNING: 27_io/objects/wchar_t/12048-3.cc compilation failed to produce
executable
FAIL: 27_io/objects/wchar_t/12048-4.cc (test for excess errors)
WARNING: 27_io/objects/wchar_t/12048-4.cc compilation failed to produce
executable
FAIL: 27_io/objects/wchar_t/12048-5.cc (test for excess errors)
WARNING: 27_io/objects/wchar_t/12048-5.cc compilation failed to produce
executable
FAIL: 27_io/objects/wchar_t/13.cc (test for excess errors)
WARNING: 27_io/objects/wchar_t/13.cc compilation failed to produce
executable
FAIL: 27_io/objects/wchar_t/2.cc (test for excess errors)
WARNING: 27_io/objects/wchar_t/2.cc compilation failed to produce
executable
FAIL: 27_io/objects/wchar_t/3045.cc (test for excess errors)
WARNING: 27_io/objects/wchar_t/3045.cc compilation failed to produce
executable
FAIL: 27_io/objects/wchar_t/3647.cc (test for excess errors)
WARNING: 27_io/objects/wchar_t/3647.cc compilation failed to produce
executable
FAIL: 27_io/objects/wchar_t/5.cc (test for excess errors)
WARNING: 27_io/objects/wchar_t/5.cc compilation failed to produce
executable
FAIL: 27_io/objects/wchar_t/5268.cc (test for excess errors)
WARNING: 27_io/objects/wchar_t/5268.cc compilation failed to produce
executable
FAIL: 27_io/objects/wchar_t/6.cc (test for excess errors)
WARNING: 27_io/objects/wchar_t/6.cc compilation failed to produce
executable
FAIL: 27_io/objects/wchar_t/7.cc (test for excess errors)
WARNING: 27_io/objects/wchar_t/7.cc compilation failed to produce
executable
FAIL: 27_io/objects/wchar_t/8.cc (test for excess errors)
WARNING: 27_io/objects/wchar_t/8.cc compilation failed to produce
executable
FAIL: 27_io/objects/wchar_t/9520.cc (test for excess errors)
WARNING: 27_io/objects/wchar_t/9520.cc compilation failed to produce
executable
FAIL: 27_io/objects/wchar_t/9661-1.cc (test for excess errors)
WARNING: 27_io/objects/wchar_t/9661-1.cc compilation failed to produce
executable
FAIL: 27_io/objects/wchar_t/9662.cc (test for excess errors)
WARNING: 27_io/objects/wchar_t/9662.cc compilation failed to produce
executable
FAIL: ext/stdio_sync_filebuf/wchar_t/1.cc (test for excess errors)
WARNING: ext/stdio_sync_filebuf/wchar_t/1.cc compilation failed to
produce executable
FAIL: ext/stdio_sync_filebuf/wchar_t/12948-1.cc (test for excess errors)
WARNING: ext/stdio_sync_filebuf/wchar_t/12948-1.cc compilation failed to
produce executable
FAIL: ext/stdio_sync_filebuf/wchar_t/12948-2.cc (test for excess errors)
WARNING: ext/stdio_sync_filebuf/wchar_t/12948-2.cc compilation failed to
produce executable
FAIL: ext/stdio_sync_filebuf/wchar_t/12948-3.cc (test for excess errors)
WARNING: ext/stdio_sync_filebuf/wchar_t/12948-3.cc compilation failed to
produce executable
FAIL: ext/stdio_sync_filebuf/wchar_t/12948-4.cc (test for excess errors)
WARNING: ext/stdio_sync_filebuf/wchar_t/12948-4.cc compilation failed to
produce executable
=== libstdc++ Summary for unix/-mabi=32 ===
# of expected passes 2033
# of unexpected failures 275
# of expected failures 1
# of unsupported tests 7
=== libstdc++ Summary ===
# of expected passes 7124
# of unexpected failures 302
# of expected failures 5
# of unsupported tests 21
Compiler version: 3.5.0 20040229 (experimental)
Platform: mips-sgi-irix6.5
configure flags: --enable-shared --enable-haifa --enable-threads=single
--enable-libjava --disable-nls --prefix=/disk4/billingd/tmp/gcc
Counting all warnings,
there are 210 warnings in stage3 of this bootstrap.
Number of warnings per file:
69 fp-bit.c
69 dp-bit.c
46 tp-bit.c
10 gcc/config/mips/mips.md
5 /usr/local/share/bison/bison.simple
3 gengtype-lex.c
3 gcc/gcc.c
2 insn-conditions.c
2 gcc/objc/lang-specs.h
1 gcc/java/jvspec.c
Number of warning types:
184 conflicting types for built-in function 'nan'
8 string length \`???' is greater than the length \`???' ISO C89
compilers are required to support
7 operand 1 missing mode?
6 old-style parameter declaration
3 operand 0 missing mode?
2 label \`???' defined but not used
More information about the Gcc-testresults
mailing list