Results for 3.4.0 20040229 (prerelease) testsuite on ia64-unknown-linux-gnu
Al Stone
ahs3@fcahs3.fc.hp.com
Sun Feb 29 10:13:00 GMT 2004
Linux fcahs3 2.4.20-mckinley-smp #1 SMP Mon Jan 5 06:51:21 GMT 2004 ia64 GNU/Linux
binutils: 2.14.90.0.7-5
bison: 1:1.875a-1
dejagnu: 1.4.4-1
expect: 5.39.0-1
gcc: 4:3.3.2-3
glibc: 2.3.2.ds1-11
kernel-headers-2.4.20-ia64: 021210.em20.7
kernel-image-2.4.20-mckinley-smp: 021210.em20.7
tcl8.3: 8.3.5-4
tk8.3: 8.3.5-4
LAST_UPDATED: Sun Feb 29 07:34:30 UTC 2004
Native configuration is ia64-unknown-linux-gnu
=== gcc tests ===
Running target unix
FAIL: gcc.c-torture/execute/20030928-1.c compilation, -O1
FAIL: gcc.c-torture/execute/20030928-1.c compilation, -O2
FAIL: gcc.c-torture/execute/20030928-1.c compilation, -O3 -fomit-frame-pointer
FAIL: gcc.c-torture/execute/20030928-1.c compilation, -O3 -fomit-frame-pointer -funroll-loops
FAIL: gcc.c-torture/execute/20030928-1.c compilation, -O3 -fomit-frame-pointer -funroll-all-loops -finline-functions
FAIL: gcc.c-torture/execute/20030928-1.c compilation, -O3 -g
FAIL: gcc.c-torture/execute/20030928-1.c compilation, -Os
XPASS: gcc.c-torture/execute/990208-1.c execution, -O3 -fomit-frame-pointer
XPASS: gcc.c-torture/execute/990208-1.c execution, -O3 -g
FAIL: gcc.dg/compat/scalar-by-value-3 c_compat_x_tst.o compile
FAIL: gcc.dg/compat/scalar-return-3 c_compat_x_tst.o compile
FAIL: gcc.dg/compat/struct-by-value-18 c_compat_x_tst.o compile
FAIL: gcc.dg/compat/struct-by-value-7 c_compat_x_tst.o-c_compat_y_tst.o execute
=== gcc Summary ===
# of expected passes 23704
# of unexpected failures 11
# of unexpected successes 2
# of expected failures 75
# of unresolved testcases 13
# of untested testcases 7
# of unsupported tests 294
/home/ahs3/projects/otc/top-of-tree/obj/gcc-3.4/gcc/xgcc version 3.4.0 20040229 (prerelease)
=== g++ tests ===
Running target unix
FAIL: g++.dg/pch/wchar-1.C -g assembly comparison
WARNING: g++.old-deja/g++.mike/p10769a.C compilation failed to produce executable
WARNING: g++.old-deja/g++.other/enum5.C compilation failed to produce executable
WARNING: g++.old-deja/g++.pt/friend44.C compilation failed to produce executable
=== g++ Summary ===
# of expected passes 9153
# of unexpected failures 1
# of expected failures 63
# of unsupported tests 68
/home/ahs3/projects/otc/top-of-tree/obj/gcc-3.4/gcc/testsuite/../g++ version 3.4.0 20040229 (prerelease)
=== g77 tests ===
Running target unix
=== g77 Summary ===
# of expected passes 1800
# of unsupported tests 6
/home/ahs3/projects/otc/top-of-tree/obj/gcc-3.4/gcc/testsuite/../g77 version 3.4.0 20040229 (prerelease)
=== libstdc++ tests ===
Running target unix
FAIL: 25_algorithms/min_max.cc (test for excess errors)
XPASS: 26_numerics/c99_classification_macros_c.cc (test for excess errors)
=== libstdc++ Summary ===
# of expected passes 2557
# of unexpected failures 1
# of unexpected successes 1
# of expected failures 2
=== g++ tests ===
Running target unix
FAIL: g++.dg/pch/wchar-1.C -g assembly comparison
WARNING: g++.old-deja/g++.mike/p10769a.C compilation failed to produce executable
WARNING: g++.old-deja/g++.other/enum5.C compilation failed to produce executable
WARNING: g++.old-deja/g++.pt/friend44.C compilation failed to produce executable
=== g++ Summary ===
# of expected passes 9153
# of unexpected failures 1
# of expected failures 63
# of unsupported tests 68
/home/ahs3/projects/otc/top-of-tree/obj/gcc-3.4/gcc/testsuite/../g++ version 3.4.0 20040229 (prerelease)
=== g77 tests ===
Running target unix
=== g77 Summary ===
# of expected passes 1800
# of unsupported tests 6
/home/ahs3/projects/otc/top-of-tree/obj/gcc-3.4/gcc/testsuite/../g77 version 3.4.0 20040229 (prerelease)
=== gcc tests ===
Running target unix
FAIL: gcc.c-torture/execute/20030928-1.c compilation, -O1
UNRESOLVED: gcc.c-torture/execute/20030928-1.c execution, -O1
FAIL: gcc.c-torture/execute/20030928-1.c compilation, -O2
UNRESOLVED: gcc.c-torture/execute/20030928-1.c execution, -O2
FAIL: gcc.c-torture/execute/20030928-1.c compilation, -O3 -fomit-frame-pointer
UNRESOLVED: gcc.c-torture/execute/20030928-1.c execution, -O3 -fomit-frame-pointer
FAIL: gcc.c-torture/execute/20030928-1.c compilation, -O3 -fomit-frame-pointer -funroll-loops
UNRESOLVED: gcc.c-torture/execute/20030928-1.c execution, -O3 -fomit-frame-pointer -funroll-loops
FAIL: gcc.c-torture/execute/20030928-1.c compilation, -O3 -fomit-frame-pointer -funroll-all-loops -finline-functions
UNRESOLVED: gcc.c-torture/execute/20030928-1.c execution, -O3 -fomit-frame-pointer -funroll-all-loops -finline-functions
FAIL: gcc.c-torture/execute/20030928-1.c compilation, -O3 -g
UNRESOLVED: gcc.c-torture/execute/20030928-1.c execution, -O3 -g
FAIL: gcc.c-torture/execute/20030928-1.c compilation, -Os
UNRESOLVED: gcc.c-torture/execute/20030928-1.c execution, -Os
XPASS: gcc.c-torture/execute/990208-1.c execution, -O3 -fomit-frame-pointer
XPASS: gcc.c-torture/execute/990208-1.c execution, -O3 -g
FAIL: gcc.dg/compat/scalar-by-value-3 c_compat_x_tst.o compile
UNRESOLVED: gcc.dg/compat/scalar-by-value-3 c_compat_x_tst.o-c_compat_y_tst.o link
UNRESOLVED: gcc.dg/compat/scalar-by-value-3 c_compat_x_tst.o-c_compat_y_tst.o execute
FAIL: gcc.dg/compat/scalar-return-3 c_compat_x_tst.o compile
UNRESOLVED: gcc.dg/compat/scalar-return-3 c_compat_x_tst.o-c_compat_y_tst.o link
UNRESOLVED: gcc.dg/compat/scalar-return-3 c_compat_x_tst.o-c_compat_y_tst.o execute
FAIL: gcc.dg/compat/struct-by-value-18 c_compat_x_tst.o compile
UNRESOLVED: gcc.dg/compat/struct-by-value-18 c_compat_x_tst.o-c_compat_y_tst.o link
UNRESOLVED: gcc.dg/compat/struct-by-value-18 c_compat_x_tst.o-c_compat_y_tst.o execute
FAIL: gcc.dg/compat/struct-by-value-7 c_compat_x_tst.o-c_compat_y_tst.o execute
=== gcc Summary ===
# of expected passes 23704
# of unexpected failures 11
# of unexpected successes 2
# of expected failures 75
# of unresolved testcases 13
# of untested testcases 7
# of unsupported tests 294
/home/ahs3/projects/otc/top-of-tree/obj/gcc-3.4/gcc/xgcc version 3.4.0 20040229 (prerelease)
=== libstdc++ tests ===
Running target unix
FAIL: 25_algorithms/min_max.cc (test for excess errors)
XPASS: 26_numerics/c99_classification_macros_c.cc (test for excess errors)
=== libstdc++ Summary ===
# of expected passes 2557
# of unexpected failures 1
# of unexpected successes 1
# of expected failures 2
Compiler version: 3.4.0 20040229 (prerelease)
Platform: ia64-unknown-linux-gnu
configure flags: --host=ia64-linux --prefix=/toolchain --enable-shared --enable-languages=c,c++,f77 --program-suffix=-3.4 --with-system-zlib --enable-nls --without-included-gettext
Counting all warnings,
there are 104 warnings in stage3 of this bootstrap.
Number of warnings per file:
88 genattrtab
11 gengtype-lex.c
3 insn-attrtab.c
2 gcc/gcc.c
Number of warning types:
56 unit \`???' excludes and requires presence of \`???'
32 unit \`???' is not used
3 string length \`???' is greater than the length \`???' ISO C89 compilers are required to support
2 old-style parameter declaration
1 no previous prototype for 'yyset_out'
1 no previous prototype for 'yyset_lineno'
1 no previous prototype for 'yyset_in'
1 no previous prototype for 'yyset_debug'
1 no previous prototype for 'yylex_destroy'
1 no previous prototype for 'yyget_text'
1 no previous prototype for 'yyget_out'
1 no previous prototype for 'yyget_lineno'
1 no previous prototype for 'yyget_leng'
1 no previous prototype for 'yyget_in'
1 no previous prototype for 'yyget_debug'
More information about the Gcc-testresults
mailing list