Results for 3.5.0 20040209 (experimental) testsuite on i386-pc-solaris2.10
Rainer Orth
ro@TechFak.Uni-Bielefeld.DE
Thu Feb 12 19:51:00 GMT 2004
LAST_UPDATED: Mon Feb 9 17:24:08 UTC 2004
=== acats tests ===
FAIL: c34005a
FAIL: c34005d
FAIL: c34005g
FAIL: c34005j
FAIL: c954025
FAIL: ca1020e
FAIL: cc3601a
FAIL: cxb3010
FAIL: cxb3014
FAIL: cxb3015
=== acats Summary ===
# of expected passes 2312
# of unexpected failures 10
Native configuration is i386-pc-solaris2.10
=== g++ tests ===
Running target unix
ERROR: g++.dg/abi/rtti1.C: error executing dg-final: /opt/SUNWspro/bin/c++filt: syntax error at line 1: \`(' unexpected
UNRESOLVED: g++.dg/abi/rtti1.C: error executing dg-final: /opt/SUNWspro/bin/c++filt: syntax error at line 1: \`(' unexpected
FAIL: g++.dg/eh/simd-2.C (test for excess errors)
WARNING: g++.dg/eh/simd-2.C compilation failed to produce executable
FAIL: g++.dg/special/conpr-1.C execution test
FAIL: g++.dg/special/conpr-3.C execution test
FAIL: g++.dg/special/conpr-4.C execution test
FAIL: g++.old-deja/g++.brendan/static2.C (test for errors, line 12)
FAIL: g++.old-deja/g++.brendan/static2.C (test for excess errors)
FAIL: g++.old-deja/g++.eh/badalloc1.C execution test
FAIL: g++.old-deja/g++.law/visibility3.C (test for errors, line 14)
FAIL: g++.old-deja/g++.law/visibility3.C (test for errors, line 18)
FAIL: g++.old-deja/g++.law/visibility3.C (test for excess errors)
WARNING: g++.old-deja/g++.mike/p10769a.C compilation failed to produce executable
WARNING: g++.old-deja/g++.other/enum5.C compilation failed to produce executable
FAIL: g++.old-deja/g++.other/headers1.C (test for excess errors)
WARNING: g++.old-deja/g++.other/headers1.C compilation failed to produce executable
WARNING: g++.old-deja/g++.pt/friend44.C compilation failed to produce executable
=== g++ Summary ===
# of expected passes 9481
# of unexpected failures 11
# of expected failures 70
# of unresolved testcases 1
# of unsupported tests 43
/amnt/figaro/volumes/obj-gcc/gcc/obj.sol86/gcc-3.5.0-20040209/10-gcc/gcc/testsuite/../g++ version 3.5.0 20040209 (experimental)
=== g77 tests ===
Running target unix
=== g77 Summary ===
# of expected passes 1788
# of unsupported tests 6
/amnt/figaro/volumes/obj-gcc/gcc/obj.sol86/gcc-3.5.0-20040209/10-gcc/gcc/testsuite/../g77 version 3.5.0 20040209 (experimental)
=== gcc tests ===
Running target unix
FAIL: gcc.c-torture/compile/930621-1.c (test for excess errors)
FAIL: gcc.c-torture/compile/930621-1.c (test for excess errors)
FAIL: gcc.c-torture/compile/930621-1.c (test for excess errors)
FAIL: gcc.c-torture/compile/930621-1.c (test for excess errors)
FAIL: gcc.c-torture/execute/20040208-2.c execution, -Os
FAIL: gcc.c-torture/execute/va-arg-25.c execution, -Os
FAIL: gcc.dg/compat/vector-1 c_compat_x_tst.o compile
FAIL: gcc.dg/compat/vector-1 c_compat_y_tst.o compile
UNRESOLVED: gcc.dg/compat/vector-1 c_compat_x_tst.o-c_compat_y_tst.o link
UNRESOLVED: gcc.dg/compat/vector-1 c_compat_x_tst.o-c_compat_y_tst.o execute
FAIL: gcc.dg/compat/vector-2 c_compat_x_tst.o compile
FAIL: gcc.dg/compat/vector-2 c_compat_y_tst.o compile
UNRESOLVED: gcc.dg/compat/vector-2 c_compat_x_tst.o-c_compat_y_tst.o link
UNRESOLVED: gcc.dg/compat/vector-2 c_compat_x_tst.o-c_compat_y_tst.o execute
FAIL: gcc.dg/20011009-1.c (test for excess errors)
WARNING: gcc.dg/20011009-1.c compilation failed to produce executable
WARNING: gcc.dg/20021014-1.c compilation failed to produce executable
FAIL: gcc.dg/const-elim-1.c scan-assembler-not L\\\$?C[^A-Z]
FAIL: gcc.dg/fwritable-strings-1.c (test for errors, line )
FAIL: gcc.dg/i386-sse-6.c (test for excess errors)
WARNING: gcc.dg/i386-sse-6.c compilation failed to produce executable
FAIL: gcc.dg/visibility-1.c (test for excess errors)
FAIL: gcc.dg/visibility-1.c scan-assembler \\.hidden.*foo
FAIL: gcc.dg/visibility-2.c (test for excess errors)
FAIL: gcc.dg/visibility-2.c scan-assembler \\.hidden.*foo
FAIL: gcc.dg/visibility-3.c (test for excess errors)
FAIL: gcc.dg/visibility-3.c scan-assembler \\.hidden.*xyzzy
FAIL: gcc.dg/visibility-4.c (test for excess errors)
FAIL: gcc.dg/visibility-4.c scan-assembler \\.hidden.*xyzzy
FAIL: gcc.dg/visibility-5.c (test for excess errors)
FAIL: gcc.dg/visibility-5.c scan-assembler \\.hidden.*foo
FAIL: gcc.dg/visibility-6.c (test for excess errors)
FAIL: gcc.dg/visibility-6.c scan-assembler \\.hidden.*xyzzy
FAIL: gcc.dg/visibility-7.c (test for excess errors)
FAIL: gcc.dg/visibility-7.c scan-assembler \\.hidden.*xyzzy
FAIL: gcc.dg/visibility-8.c (test for excess errors)
FAIL: gcc.dg/visibility-8.c scan-assembler \\.hidden.*__GI_fputs_unlocked
=== gcc Summary ===
# of expected passes 24542
# of unexpected failures 30
# of expected failures 62
# of unresolved testcases 4
# of untested testcases 7
# of unsupported tests 187
/amnt/figaro/volumes/obj-gcc/gcc/obj.sol86/gcc-3.5.0-20040209/10-gcc/gcc/xgcc version 3.5.0 20040209 (experimental)
=== objc tests ===
Running target unix
=== objc Summary ===
# of expected passes 1341
# of unsupported tests 8
/amnt/figaro/volumes/obj-gcc/gcc/obj.sol86/gcc-3.5.0-20040209/10-gcc/gcc/xgcc version 3.5.0 20040209 (experimental)
=== libffi tests ===
Running target unix
=== libffi Summary ===
# of expected passes 212
# of unsupported tests 2
=== libjava tests ===
Running target unix
FAIL: linking simple
ERROR: No \`main' given in program Array_3
UNRESOLVED: Class_1 compilation from source
FAIL: FileHandleGcTest execution - source compiled test
FAIL: FileHandleGcTest execution - gij test
FAIL: FileHandleGcTest execution - bytecode->native test
FAIL: FileHandleGcTest -O3 execution - source compiled test
FAIL: FileHandleGcTest execution - gij test
FAIL: FileHandleGcTest -O3 execution - bytecode->native test
ERROR: No \`main' given in program G19990303_01
UNRESOLVED: G19990303_02 compilation from source
WARNING: program timed out.
FAIL: SyncGlobal -O3 execution - bytecode->native test
FAIL: SyncTest execution - gij test
FAIL: Thread_Monitor execution - gij test
FAIL: Thread_Monitor execution - gij test
FAIL: Thread_Wait_2 execution - gij test
FAIL: Thread_Wait_2 execution - gij test
FAIL: Thread_Wait_Interrupt execution - gij test
FAIL: Thread_Wait_Interrupt execution - gij test
FAIL: Throw_2 execution - source compiled test
FAIL: Throw_2 execution - gij test
FAIL: Throw_2 execution - bytecode->native test
FAIL: Throw_2 -O3 execution - source compiled test
FAIL: Throw_2 execution - gij test
FAIL: Throw_2 -O3 execution - bytecode->native test
=== libjava Summary ===
# of expected passes 3254
# of unexpected failures 21
# of expected failures 15
# of unresolved testcases 2
# of untested testcases 36
=== libstdc++ tests ===
Running target unix
FAIL: 22_locale/num_get/get/wchar_t/4.cc execution test
FAIL: 27_io/basic_istream/extractors_arithmetic/char/12.cc execution test
=== libstdc++ Summary ===
# of expected passes 2555
# of unexpected failures 2
# of expected failures 2
Compiler version: 3.5.0 20040209 (experimental)
Platform: i386-pc-solaris2.10
configure flags: --prefix=/vol/gcc --with-local-prefix=/vol/gcc --with-as=/vol/gcc/lib/as-7.0 --disable-nls
More information about the Gcc-testresults
mailing list