Results for 3.4.0 20040210 (prerelease) testsuite on sparc-sun-solaris2.8
Rainer Orth
ro@TechFak.Uni-Bielefeld.DE
Thu Feb 12 19:43:00 GMT 2004
LAST_UPDATED: Tue Feb 10 18:19:15 UTC 2004
=== acats tests ===
FAIL: c34005a
FAIL: c34005d
FAIL: c34005g
FAIL: c34005j
FAIL: c954025
FAIL: cc3601a
FAIL: cxb3010
FAIL: cxb3014
FAIL: cxb3015
=== acats Summary ===
# of expected passes 2313
# of unexpected failures 9
Native configuration is sparc-sun-solaris2.8
=== g++ tests ===
Running target unix
FAIL: g++.dg/abi/covariant2.C (test for excess errors)
FAIL: g++.dg/abi/covariant3.C (test for excess errors)
WARNING: g++.dg/abi/covariant3.C compilation failed to produce executable
WARNING: g++.dg/eh/simd-1.C compilation failed to produce executable
WARNING: g++.dg/eh/simd-2.C compilation failed to produce executable
UNRESOLVED: g++.dg/ext/attrib10.C
FAIL: g++.dg/inherit/covariant11.C (test for excess errors)
FAIL: g++.dg/inherit/covariant3.C (test for excess errors)
WARNING: g++.dg/inherit/covariant3.C compilation failed to produce executable
FAIL: g++.dg/inherit/covariant4.C (test for excess errors)
WARNING: g++.dg/inherit/covariant4.C compilation failed to produce executable
FAIL: g++.dg/inherit/covariant6.C (test for excess errors)
FAIL: g++.dg/inherit/covariant8.C (test for excess errors)
FAIL: g++.dg/inherit/covariant9.C (test for excess errors)
FAIL: g++.dg/template/nontype4.C (test for errors, line 14)
UNRESOLVED: g++.old-deja/g++.ext/attrib5.C
WARNING: g++.old-deja/g++.mike/p10769a.C compilation failed to produce executable
WARNING: g++.old-deja/g++.other/enum5.C compilation failed to produce executable
WARNING: g++.old-deja/g++.pt/friend44.C compilation failed to produce executable
FAIL: g++.old-deja/g++.robertl/eb17.C (test for excess errors)
WARNING: g++.old-deja/g++.robertl/eb17.C compilation failed to produce executable
=== g++ Summary for unix ===
# of expected passes 9355
# of unexpected failures 10
# of expected failures 60
# of unresolved testcases 2
# of unsupported tests 68
Running target unix/-m64
FAIL: g++.dg/abi/covariant2.C (test for excess errors)
FAIL: g++.dg/abi/covariant3.C (test for excess errors)
WARNING: g++.dg/abi/covariant3.C compilation failed to produce executable
FAIL: g++.dg/eh/simd-1.C (test for excess errors)
WARNING: g++.dg/eh/simd-1.C compilation failed to produce executable
FAIL: g++.dg/eh/simd-2.C PR target/12916 (test for errors, line 14)
FAIL: g++.dg/eh/simd-2.C (test for excess errors)
WARNING: g++.dg/eh/simd-2.C compilation failed to produce executable
UNRESOLVED: g++.dg/ext/attrib10.C
FAIL: g++.dg/inherit/covariant11.C (test for excess errors)
FAIL: g++.dg/inherit/covariant3.C (test for excess errors)
WARNING: g++.dg/inherit/covariant3.C compilation failed to produce executable
FAIL: g++.dg/inherit/covariant4.C (test for excess errors)
WARNING: g++.dg/inherit/covariant4.C compilation failed to produce executable
FAIL: g++.dg/inherit/covariant6.C (test for excess errors)
FAIL: g++.dg/inherit/covariant8.C (test for excess errors)
FAIL: g++.dg/inherit/covariant9.C (test for excess errors)
UNRESOLVED: g++.old-deja/g++.ext/attrib5.C
WARNING: g++.old-deja/g++.mike/p10769a.C compilation failed to produce executable
WARNING: g++.old-deja/g++.other/enum5.C compilation failed to produce executable
WARNING: g++.old-deja/g++.pt/friend44.C compilation failed to produce executable
FAIL: g++.old-deja/g++.robertl/eb17.C (test for excess errors)
WARNING: g++.old-deja/g++.robertl/eb17.C compilation failed to produce executable
=== g++ Summary for unix/-m64 ===
# of expected passes 9353
# of unexpected failures 12
# of expected failures 60
# of unresolved testcases 2
# of unsupported tests 68
=== g++ Summary ===
# of expected passes 18708
# of unexpected failures 22
# of expected failures 120
# of unresolved testcases 4
# of unsupported tests 136
/amnt/figaro/volumes/obj-gcc/gcc/obj.sol2/gcc-3.4.0-20040210/8-gcc/gcc/testsuite/../g++ version 3.4.0 20040210 (prerelease)
=== g77 tests ===
Running target unix
=== g77 Summary for unix ===
# of expected passes 1800
# of unsupported tests 6
Running target unix/-m64
=== g77 Summary for unix/-m64 ===
# of expected passes 1800
# of unsupported tests 6
=== g77 Summary ===
# of expected passes 3600
# of unsupported tests 12
/amnt/figaro/volumes/obj-gcc/gcc/obj.sol2/gcc-3.4.0-20040210/8-gcc/gcc/testsuite/../g77 version 3.4.0 20040210 (prerelease)
=== gcc tests ===
Running target unix
UNRESOLVED: gcc.c-torture/execute/simd-4.c execution, -O0
UNRESOLVED: gcc.dg/compat/vector-1 c_compat_x_tst.o-c_compat_y_tst.o link
UNRESOLVED: gcc.dg/compat/vector-1 c_compat_x_tst.o-c_compat_y_tst.o execute
UNRESOLVED: gcc.dg/compat/vector-2 c_compat_x_tst.o-c_compat_y_tst.o link
UNRESOLVED: gcc.dg/compat/vector-2 c_compat_x_tst.o-c_compat_y_tst.o execute
WARNING: gcc.dg/20021014-1.c compilation failed to produce executable
XPASS: gcc.dg/uninit-4.c uninitialized variable warning (test for bogus messages, line 26)
UNRESOLVED: gcc.dg/visibility-1.c
UNRESOLVED: gcc.dg/visibility-2.c
UNRESOLVED: gcc.dg/visibility-3.c
UNRESOLVED: gcc.dg/visibility-4.c
UNRESOLVED: gcc.dg/visibility-5.c
UNRESOLVED: gcc.dg/visibility-6.c
UNRESOLVED: gcc.dg/visibility-7.c
UNRESOLVED: gcc.dg/visibility-8.c
=== gcc Summary for unix ===
# of expected passes 23923
# of unexpected successes 1
# of expected failures 72
# of unresolved testcases 13
# of untested testcases 7
# of unsupported tests 304
Running target unix/-m64
UNRESOLVED: gcc.c-torture/execute/simd-4.c execution, -O0
UNRESOLVED: gcc.c-torture/execute/va-arg-25.c execution, -O0
UNRESOLVED: gcc.c-torture/execute/va-arg-25.c execution, -O1
UNRESOLVED: gcc.c-torture/execute/va-arg-25.c execution, -O2
UNRESOLVED: gcc.c-torture/execute/va-arg-25.c execution, -O3 -fomit-frame-pointer
UNRESOLVED: gcc.c-torture/execute/va-arg-25.c execution, -O3 -g
UNRESOLVED: gcc.c-torture/execute/va-arg-25.c execution, -Os
UNRESOLVED: gcc.dg/compat/vector-1 c_compat_x_tst.o-c_compat_y_tst.o link
UNRESOLVED: gcc.dg/compat/vector-1 c_compat_x_tst.o-c_compat_y_tst.o execute
UNRESOLVED: gcc.dg/compat/vector-2 c_compat_x_tst.o-c_compat_y_tst.o link
UNRESOLVED: gcc.dg/compat/vector-2 c_compat_x_tst.o-c_compat_y_tst.o execute
WARNING: gcc.dg/20021014-1.c compilation failed to produce executable
XPASS: gcc.dg/uninit-4.c uninitialized variable warning (test for bogus messages, line 26)
UNRESOLVED: gcc.dg/visibility-1.c
UNRESOLVED: gcc.dg/visibility-2.c
UNRESOLVED: gcc.dg/visibility-3.c
UNRESOLVED: gcc.dg/visibility-4.c
UNRESOLVED: gcc.dg/visibility-5.c
UNRESOLVED: gcc.dg/visibility-6.c
UNRESOLVED: gcc.dg/visibility-7.c
UNRESOLVED: gcc.dg/visibility-8.c
=== gcc Summary for unix/-m64 ===
# of expected passes 23903
# of unexpected successes 1
# of expected failures 84
# of unresolved testcases 19
# of untested testcases 7
# of unsupported tests 304
=== gcc Summary ===
# of expected passes 47826
# of unexpected successes 2
# of expected failures 156
# of unresolved testcases 32
# of untested testcases 14
# of unsupported tests 608
/amnt/figaro/volumes/obj-gcc/gcc/obj.sol2/gcc-3.4.0-20040210/8-gcc/gcc/xgcc version 3.4.0 20040210 (prerelease)
=== objc tests ===
Running target unix
=== objc Summary for unix ===
# of expected passes 1341
# of unsupported tests 8
Running target unix/-m64
=== objc Summary for unix/-m64 ===
# of expected passes 1341
# of unsupported tests 8
=== objc Summary ===
# of expected passes 2682
# of unsupported tests 16
/amnt/figaro/volumes/obj-gcc/gcc/obj.sol2/gcc-3.4.0-20040210/8-gcc/gcc/xgcc version 3.4.0 20040210 (prerelease)
=== libffi tests ===
Running target unix
=== libffi Summary for unix ===
# of expected passes 212
# of unsupported tests 2
Running target unix/-m64
=== libffi Summary for unix/-m64 ===
# of expected passes 212
# of unsupported tests 2
=== libffi Summary ===
# of expected passes 424
# of unsupported tests 4
=== libjava tests ===
Running target unix
FAIL: linking simple
FAIL: Array_3 execution - gij test
FAIL: Array_3 execution - gij test
FAIL: FileHandleGcTest execution - source compiled test
FAIL: FileHandleGcTest execution - gij test
FAIL: FileHandleGcTest execution - bytecode->native test
FAIL: FileHandleGcTest -O3 execution - source compiled test
FAIL: FileHandleGcTest execution - gij test
FAIL: FileHandleGcTest -O3 execution - bytecode->native test
FAIL: SyncTest execution - gij test
FAIL: SyncTest execution - gij test
FAIL: TLtest execution - gij test
FAIL: TLtest execution - gij test
FAIL: Thread_Join execution - gij test
FAIL: Thread_Monitor execution - gij test
FAIL: Thread_Wait_2 execution - gij test
FAIL: Thread_Wait_2 execution - gij test
FAIL: Thread_Wait_Interrupt execution - gij test
FAIL: Thread_Wait_Interrupt execution - gij test
=== libjava Summary for unix ===
# of expected passes 3224
# of unexpected failures 19
# of expected failures 11
# of untested testcases 26
Running target unix/-m64
FAIL: linking simple
FAIL: Array_3 execution - gij test
FAIL: Array_3 execution - gij test
FAIL: FileHandleGcTest execution - source compiled test
FAIL: FileHandleGcTest execution - gij test
FAIL: FileHandleGcTest execution - bytecode->native test
FAIL: FileHandleGcTest -O3 execution - source compiled test
FAIL: FileHandleGcTest execution - gij test
FAIL: FileHandleGcTest -O3 execution - bytecode->native test
WARNING: program timed out.
FAIL: Thread_Wait_2 execution - gij test
WARNING: program timed out.
FAIL: Thread_Wait_2 execution - gij test
FAIL: Thread_Wait_Interrupt execution - gij test
FAIL: Thread_Wait_Interrupt execution - gij test
=== libjava Summary for unix/-m64 ===
# of expected passes 3236
# of unexpected failures 13
# of expected failures 11
# of untested testcases 20
=== libjava Summary ===
# of expected passes 6460
# of unexpected failures 32
# of expected failures 22
# of untested testcases 46
=== libstdc++ tests ===
Running target unix
FAIL: 22_locale/collate/compare/wchar_t/2.cc (test for excess errors)
WARNING: 22_locale/collate/compare/wchar_t/2.cc compilation failed to produce executable
FAIL: 22_locale/collate/compare/wchar_t/wrapped_env.cc (test for excess errors)
WARNING: 22_locale/collate/compare/wchar_t/wrapped_env.cc compilation failed to produce executable
FAIL: 22_locale/collate/compare/wchar_t/wrapped_locale.cc (test for excess errors)
WARNING: 22_locale/collate/compare/wchar_t/wrapped_locale.cc compilation failed to produce executable
FAIL: 22_locale/collate/hash/wchar_t/2.cc (test for excess errors)
WARNING: 22_locale/collate/hash/wchar_t/2.cc compilation failed to produce executable
FAIL: 22_locale/collate/hash/wchar_t/wrapped_env.cc (test for excess errors)
WARNING: 22_locale/collate/hash/wchar_t/wrapped_env.cc compilation failed to produce executable
FAIL: 22_locale/collate/hash/wchar_t/wrapped_locale.cc (test for excess errors)
WARNING: 22_locale/collate/hash/wchar_t/wrapped_locale.cc compilation failed to produce executable
FAIL: 22_locale/collate/transform/wchar_t/2.cc (test for excess errors)
WARNING: 22_locale/collate/transform/wchar_t/2.cc compilation failed to produce executable
FAIL: 22_locale/collate/transform/wchar_t/wrapped_env.cc (test for excess errors)
WARNING: 22_locale/collate/transform/wchar_t/wrapped_env.cc compilation failed to produce executable
FAIL: 22_locale/collate/transform/wchar_t/wrapped_locale.cc (test for excess errors)
WARNING: 22_locale/collate/transform/wchar_t/wrapped_locale.cc compilation failed to produce executable
=== libstdc++ Summary for unix ===
# of expected passes 2532
# of unexpected failures 9
# of expected failures 3
Running target unix/-m64
FAIL: 22_locale/collate/compare/wchar_t/2.cc (test for excess errors)
WARNING: 22_locale/collate/compare/wchar_t/2.cc compilation failed to produce executable
FAIL: 22_locale/collate/compare/wchar_t/wrapped_env.cc (test for excess errors)
WARNING: 22_locale/collate/compare/wchar_t/wrapped_env.cc compilation failed to produce executable
FAIL: 22_locale/collate/compare/wchar_t/wrapped_locale.cc (test for excess errors)
WARNING: 22_locale/collate/compare/wchar_t/wrapped_locale.cc compilation failed to produce executable
FAIL: 22_locale/collate/hash/wchar_t/2.cc (test for excess errors)
WARNING: 22_locale/collate/hash/wchar_t/2.cc compilation failed to produce executable
FAIL: 22_locale/collate/hash/wchar_t/wrapped_env.cc (test for excess errors)
WARNING: 22_locale/collate/hash/wchar_t/wrapped_env.cc compilation failed to produce executable
FAIL: 22_locale/collate/hash/wchar_t/wrapped_locale.cc (test for excess errors)
WARNING: 22_locale/collate/hash/wchar_t/wrapped_locale.cc compilation failed to produce executable
FAIL: 22_locale/collate/transform/wchar_t/2.cc (test for excess errors)
WARNING: 22_locale/collate/transform/wchar_t/2.cc compilation failed to produce executable
FAIL: 22_locale/collate/transform/wchar_t/wrapped_env.cc (test for excess errors)
WARNING: 22_locale/collate/transform/wchar_t/wrapped_env.cc compilation failed to produce executable
FAIL: 22_locale/collate/transform/wchar_t/wrapped_locale.cc (test for excess errors)
WARNING: 22_locale/collate/transform/wchar_t/wrapped_locale.cc compilation failed to produce executable
=== libstdc++ Summary for unix/-m64 ===
# of expected passes 2532
# of unexpected failures 9
# of expected failures 3
=== libstdc++ Summary ===
# of expected passes 5064
# of unexpected failures 18
# of expected failures 6
Compiler version: 3.4.0 20040210 (prerelease)
Platform: sparc-sun-solaris2.8
configure flags: --prefix=/vol/gcc --with-local-prefix=/vol/gcc --disable-nls
More information about the Gcc-testresults
mailing list