Results for 3.5.0 20040210 (experimental) testsuite on s390x-ibm-linux-gnu
Ulrich Weigand
weigand@i1.informatik.uni-erlangen.de
Tue Feb 10 21:13:00 GMT 2004
LAST_UPDATED:
=== acats tests ===
FAIL: ad8011a
FAIL: c37213f
FAIL: c37215f
FAIL: cd2a83c
FAIL: cd2a91c
FAIL: cxb3010
FAIL: cxb3014
FAIL: cxb3015
=== acats Summary ===
# of expected passes 1958
# of unexpected failures 8
# of unsupported tests 356
Native configuration is s390x-ibm-linux-gnu
=== g++ tests ===
Running target unix
FAIL: g++.dg/abi/empty6.C (test for warnings, line 6)
WARNING: g++.old-deja/g++.mike/p10769a.C compilation failed to produce executable
WARNING: g++.old-deja/g++.other/enum5.C compilation failed to produce executable
XPASS: g++.old-deja/g++.other/init5.C execution test
WARNING: g++.old-deja/g++.pt/friend44.C compilation failed to produce executable
=== g++ Summary ===
# of expected passes 9465
# of unexpected failures 1
# of unexpected successes 1
# of expected failures 67
# of unsupported tests 69
/mnt/dasdc1/fsf/gcc-head-build/gcc/testsuite/../g++ version 3.5.0 20040210 (experimental)
=== g77 tests ===
Running target unix
=== g77 Summary ===
# of expected passes 1788
# of unsupported tests 6
/mnt/dasdc1/fsf/gcc-head-build/gcc/testsuite/../g77 version 3.5.0 20040210 (experimental)
=== gcc tests ===
Running target unix
FAIL: gcc.dg/const-elim-1.c scan-assembler-not L\\\$?C[^A-Z]
FAIL: gcc.dg/fwritable-strings-1.c (test for errors, line )
FAIL: gcc.dg/pr14092-1.c (test for excess errors)
XPASS: gcc.dg/sibcall-3.c execution test
XPASS: gcc.dg/sibcall-4.c execution test
=== gcc Summary ===
# of expected passes 24326
# of unexpected failures 3
# of unexpected successes 2
# of expected failures 62
# of untested testcases 7
# of unsupported tests 303
/mnt/dasdc1/fsf/gcc-head-build/gcc/xgcc version 3.5.0 20040210 (experimental)
=== objc tests ===
Running target unix
=== objc Summary ===
# of expected passes 1341
# of unsupported tests 8
/mnt/dasdc1/fsf/gcc-head-build/gcc/xgcc version 3.5.0 20040210 (experimental)
=== libffi tests ===
Running target unix
=== libffi Summary ===
# of expected passes 212
# of unsupported tests 2
=== libjava tests ===
Running target unix
FAIL: linking simple
=== libjava Summary ===
# of expected passes 3306
# of unexpected failures 1
# of expected failures 15
# of untested testcases 16
=== libstdc++ tests ===
Running target unix
FAIL: 22_locale/num_get/get/wchar_t/wrapped_env.cc execution test
XPASS: 26_numerics/c99_classification_macros_c.cc (test for excess errors)
=== libstdc++ Summary ===
# of expected passes 2557
# of unexpected failures 1
# of unexpected successes 1
# of expected failures 2
Compiler version: 3.5.0 20040210 (experimental)
Platform: s390x-ibm-linux-gnu
configure flags: --prefix=/home/weigand/fsf/gcc-head-install --enable-__cxa_atexit --disable-multilib
More information about the Gcc-testresults
mailing list