Results for 3.4.0 20040204 (prerelease) testsuite on sparc-sun-solaris2.9
Brad Lucier
lucier@math.purdue.edu
Thu Feb 5 02:16:00 GMT 2004
LAST_UPDATED: Wed Feb 4 14:08:58 UTC 2004
Native configuration is sparc-sun-solaris2.9
=== g++ tests ===
Running target unix/-m64
FAIL: g++.dg/abi/covariant2.C (test for excess errors)
FAIL: g++.dg/abi/covariant3.C (test for excess errors)
WARNING: g++.dg/abi/covariant3.C compilation failed to produce executable
WARNING: g++.dg/eh/simd-1.C compilation failed to produce executable
WARNING: g++.dg/eh/simd-2.C compilation failed to produce executable
FAIL: g++.dg/inherit/covariant11.C (test for excess errors)
FAIL: g++.dg/inherit/covariant3.C (test for excess errors)
WARNING: g++.dg/inherit/covariant3.C compilation failed to produce executable
FAIL: g++.dg/inherit/covariant4.C (test for excess errors)
WARNING: g++.dg/inherit/covariant4.C compilation failed to produce executable
FAIL: g++.dg/inherit/covariant6.C (test for excess errors)
FAIL: g++.dg/inherit/covariant8.C (test for excess errors)
FAIL: g++.dg/inherit/covariant9.C (test for excess errors)
FAIL: g++.old-deja/g++.brendan/visibility7.C (test for errors, line 6)
FAIL: g++.old-deja/g++.brendan/visibility7.C (test for errors, line 14)
FAIL: g++.old-deja/g++.brendan/visibility7.C (test for excess errors)
FAIL: g++.old-deja/g++.jason/conversion3.C (test for errors, line 7)
FAIL: g++.old-deja/g++.jason/conversion3.C (test for excess errors)
WARNING: g++.old-deja/g++.mike/p10769a.C compilation failed to produce executable
WARNING: g++.old-deja/g++.other/enum5.C compilation failed to produce executable
FAIL: g++.old-deja/g++.pt/explicit38.C (test for errors, line 7)
FAIL: g++.old-deja/g++.pt/explicit38.C (test for excess errors)
WARNING: g++.old-deja/g++.pt/friend44.C compilation failed to produce executable
FAIL: g++.old-deja/g++.robertl/eb17.C (test for excess errors)
WARNING: g++.old-deja/g++.robertl/eb17.C compilation failed to produce executable
=== g++ Summary for unix/-m64 ===
# of expected passes 9355
# of unexpected failures 16
# of expected failures 61
# of unsupported tests 66
Running target unix
FAIL: g++.dg/abi/covariant2.C (test for excess errors)
FAIL: g++.dg/abi/covariant3.C (test for excess errors)
WARNING: g++.dg/abi/covariant3.C compilation failed to produce executable
FAIL: g++.dg/eh/simd-1.C (test for excess errors)
WARNING: g++.dg/eh/simd-1.C compilation failed to produce executable
FAIL: g++.dg/eh/simd-2.C (test for excess errors)
WARNING: g++.dg/eh/simd-2.C compilation failed to produce executable
FAIL: g++.dg/inherit/covariant11.C (test for excess errors)
FAIL: g++.dg/inherit/covariant3.C (test for excess errors)
WARNING: g++.dg/inherit/covariant3.C compilation failed to produce executable
FAIL: g++.dg/inherit/covariant4.C (test for excess errors)
WARNING: g++.dg/inherit/covariant4.C compilation failed to produce executable
FAIL: g++.dg/inherit/covariant6.C (test for excess errors)
FAIL: g++.dg/inherit/covariant8.C (test for excess errors)
FAIL: g++.dg/inherit/covariant9.C (test for excess errors)
WARNING: g++.old-deja/g++.mike/p10769a.C compilation failed to produce executable
FAIL: g++.old-deja/g++.oliva/ctor1.C (test for errors, line 9)
FAIL: g++.old-deja/g++.oliva/ctor1.C (test for excess errors)
WARNING: g++.old-deja/g++.other/enum5.C compilation failed to produce executable
WARNING: g++.old-deja/g++.pt/friend44.C compilation failed to produce executable
FAIL: g++.old-deja/g++.robertl/eb17.C (test for excess errors)
WARNING: g++.old-deja/g++.robertl/eb17.C compilation failed to produce executable
=== g++ Summary for unix ===
# of expected passes 9358
# of unexpected failures 13
# of expected failures 61
# of unsupported tests 66
=== g++ Summary ===
# of expected passes 18713
# of unexpected failures 29
# of expected failures 122
# of unsupported tests 132
/export/users/lucier/programs/gcc/3.4/objdir/gcc/testsuite/../g++ version 3.4.0 20040204 (prerelease)
=== g77 tests ===
Running target unix/-m64
=== g77 Summary for unix/-m64 ===
# of expected passes 1800
# of unsupported tests 6
Running target unix
=== g77 Summary for unix ===
# of expected passes 1800
# of unsupported tests 6
=== g77 Summary ===
# of expected passes 3600
# of unsupported tests 12
/export/users/lucier/programs/gcc/3.4/objdir/gcc/testsuite/../g77 version 3.4.0 20040204 (prerelease)
=== gcc tests ===
Running target unix/-m64
UNRESOLVED: gcc.c-torture/execute/simd-4.c execution, -O0
UNRESOLVED: gcc.c-torture/execute/va-arg-25.c execution, -O0
UNRESOLVED: gcc.c-torture/execute/va-arg-25.c execution, -O1
UNRESOLVED: gcc.c-torture/execute/va-arg-25.c execution, -O2
UNRESOLVED: gcc.c-torture/execute/va-arg-25.c execution, -O3 -fomit-frame-pointer
UNRESOLVED: gcc.c-torture/execute/va-arg-25.c execution, -O3 -g
UNRESOLVED: gcc.c-torture/execute/va-arg-25.c execution, -Os
UNRESOLVED: gcc.dg/compat/vector-1 c_compat_x_tst.o-c_compat_y_tst.o link
UNRESOLVED: gcc.dg/compat/vector-1 c_compat_x_tst.o-c_compat_y_tst.o execute
UNRESOLVED: gcc.dg/compat/vector-2 c_compat_x_tst.o-c_compat_y_tst.o link
UNRESOLVED: gcc.dg/compat/vector-2 c_compat_x_tst.o-c_compat_y_tst.o execute
WARNING: gcc.dg/20021014-1.c compilation failed to produce executable
FAIL: gcc.dg/fwritable-strings-1.c (test for excess errors)
XPASS: gcc.dg/uninit-4.c uninitialized variable warning (test for bogus messages, line 26)
UNRESOLVED: gcc.dg/visibility-1.c
UNRESOLVED: gcc.dg/visibility-2.c
UNRESOLVED: gcc.dg/visibility-3.c
UNRESOLVED: gcc.dg/visibility-4.c
UNRESOLVED: gcc.dg/visibility-5.c
UNRESOLVED: gcc.dg/visibility-6.c
UNRESOLVED: gcc.dg/visibility-7.c
=== gcc Summary for unix/-m64 ===
# of expected passes 24592
# of unexpected failures 1
# of unexpected successes 1
# of expected failures 84
# of unresolved testcases 18
# of untested testcases 7
# of unsupported tests 303
Running target unix
UNRESOLVED: gcc.c-torture/execute/simd-4.c execution, -O0
UNRESOLVED: gcc.c-torture/execute/va-arg-25.c execution, -O0
UNRESOLVED: gcc.c-torture/execute/va-arg-25.c execution, -O1
UNRESOLVED: gcc.c-torture/execute/va-arg-25.c execution, -O2
UNRESOLVED: gcc.c-torture/execute/va-arg-25.c execution, -O3 -fomit-frame-pointer
UNRESOLVED: gcc.c-torture/execute/va-arg-25.c execution, -O3 -g
UNRESOLVED: gcc.c-torture/execute/va-arg-25.c execution, -Os
UNRESOLVED: gcc.dg/compat/vector-1 c_compat_x_tst.o-c_compat_y_tst.o link
UNRESOLVED: gcc.dg/compat/vector-1 c_compat_x_tst.o-c_compat_y_tst.o execute
UNRESOLVED: gcc.dg/compat/vector-2 c_compat_x_tst.o-c_compat_y_tst.o link
UNRESOLVED: gcc.dg/compat/vector-2 c_compat_x_tst.o-c_compat_y_tst.o execute
WARNING: gcc.dg/20021014-1.c compilation failed to produce executable
FAIL: gcc.dg/20031202-1.c execution test
FAIL: gcc.dg/fwritable-strings-1.c (test for excess errors)
XPASS: gcc.dg/uninit-4.c uninitialized variable warning (test for bogus messages, line 26)
UNRESOLVED: gcc.dg/visibility-1.c
UNRESOLVED: gcc.dg/visibility-2.c
UNRESOLVED: gcc.dg/visibility-3.c
UNRESOLVED: gcc.dg/visibility-4.c
UNRESOLVED: gcc.dg/visibility-5.c
UNRESOLVED: gcc.dg/visibility-6.c
UNRESOLVED: gcc.dg/visibility-7.c
=== gcc Summary for unix ===
# of expected passes 24599
# of unexpected failures 2
# of unexpected successes 1
# of expected failures 78
# of unresolved testcases 18
# of untested testcases 7
# of unsupported tests 303
=== gcc Summary ===
# of expected passes 49191
# of unexpected failures 3
# of unexpected successes 2
# of expected failures 162
# of unresolved testcases 36
# of untested testcases 14
# of unsupported tests 606
/export/users/lucier/programs/gcc/3.4/objdir/gcc/xgcc version 3.4.0 20040204 (prerelease)
=== objc tests ===
Running target unix/-m64
=== objc Summary for unix/-m64 ===
# of expected passes 1341
# of unsupported tests 8
Running target unix
=== objc Summary for unix ===
# of expected passes 1341
# of unsupported tests 8
=== objc Summary ===
# of expected passes 2682
# of unsupported tests 16
/export/users/lucier/programs/gcc/3.4/objdir/gcc/xgcc version 3.4.0 20040204 (prerelease)
=== libffi tests ===
Running target unix/-m64
=== libffi Summary for unix/-m64 ===
# of expected passes 212
# of unsupported tests 2
Running target unix
=== libffi Summary for unix ===
# of expected passes 212
# of unsupported tests 2
=== libffi Summary ===
# of expected passes 424
# of unsupported tests 4
=== libjava tests ===
Running target unix/-m64
ERROR: tcl error sourcing /homes/lucier/programs/gcc/3.4/libjava/testsuite/libjava.compile/compile.exp.
ERROR: can't read "x": no such variable
FAIL: linking simple
FAIL: Array_3 execution - gij test
FAIL: Array_3 execution - gij test
FAIL: FileHandleGcTest execution - source compiled test
FAIL: FileHandleGcTest execution - gij test
FAIL: FileHandleGcTest execution - bytecode->native test
FAIL: FileHandleGcTest -O3 execution - source compiled test
FAIL: FileHandleGcTest execution - gij test
FAIL: FileHandleGcTest -O3 execution - bytecode->native test
ERROR: No \`main' given in program II
UNRESOLVED: InterfaceDispatch compilation from source
FAIL: N19990310_5 compilation from bytecode
FAIL: PR141 compilation from bytecode
ERROR: No \`main' given in program PR160
UNRESOLVED: PR160 -O3 compilation from source
ERROR: No \`main' given in program PR6085
UNRESOLVED: PR6085 -O3 compilation from source
FAIL: SyncTest -O3 compilation from bytecode
FAIL: Thread_Wait_Interrupt execution - gij test
WARNING: program timed out.
FAIL: Thread_Wait_Interrupt execution - gij test
FAIL: Throw_1 compilation from bytecode
FAIL: instinit2 -O3 compilation from bytecode
ERROR: No \`main' given in program invoke_from_inner
UNRESOLVED: invokethrow compilation from source
=== libjava Summary for unix/-m64 ===
# of expected passes 2961
# of unexpected failures 16
# of expected failures 7
# of unresolved testcases 4
# of untested testcases 20
Running target unix
ERROR: tcl error sourcing /homes/lucier/programs/gcc/3.4/libjava/testsuite/libjava.compile/compile.exp.
ERROR: can't read "x": no such variable
FAIL: linking simple
FAIL: Array_3 execution - gij test
FAIL: Array_3 execution - gij test
FAIL: FileHandleGcTest execution - source compiled test
FAIL: FileHandleGcTest execution - gij test
FAIL: FileHandleGcTest execution - bytecode->native test
FAIL: FileHandleGcTest -O3 execution - source compiled test
FAIL: FileHandleGcTest execution - gij test
FAIL: FileHandleGcTest -O3 execution - bytecode->native test
FAIL: G19990302_02 -O3 compilation from bytecode
FAIL: SyncTest execution - gij test
FAIL: SyncTest execution - gij test
FAIL: TLtest execution - gij test
FAIL: TLtest execution - gij test
FAIL: Thread_Join execution - gij test
FAIL: Thread_Monitor execution - gij test
FAIL: Thread_Monitor execution - gij test
FAIL: Thread_Wait_Interrupt execution - gij test
FAIL: Thread_Wait_Interrupt execution - gij test
FAIL: err9 compilation from bytecode
FAIL: pr8676 compilation from bytecode
=== libjava Summary for unix ===
# of expected passes 3066
# of unexpected failures 21
# of expected failures 11
# of untested testcases 31
=== libjava Summary ===
# of expected passes 6027
# of unexpected failures 37
# of expected failures 18
# of unresolved testcases 4
# of untested testcases 51
=== libstdc++ tests ===
Running target unix/-m64
=== libstdc++ Summary for unix/-m64 ===
# of expected passes 2532
# of expected failures 3
Running target unix
=== libstdc++ Summary for unix ===
# of expected passes 2532
# of expected failures 3
=== libstdc++ Summary ===
# of expected passes 5064
# of expected failures 6
Compiler version: 3.4.0 20040204 (prerelease)
Platform: sparc-sun-solaris2.9
configure flags: none
Counting all warnings,
there are 23 warnings in stage3 of this bootstrap.
Number of warnings per file:
5 /pkgs/gnu/share/bison.simple
4 gcc/unwind-dw2.c
4 gcc/libgcc2.c
3 gengtype-lex.c
2 gcc/objc/lang-specs.h
2 gcc/gcc.c
2 gcc/f/sta.c
1 gcc/java/jvspec.c
Number of warning types:
8 old-style parameter declaration
5 string length \`???' is greater than the length \`???' ISO C89 compilers are required to support
2 missing braces around initializer
2 implicit declaration of function \`???'
2 dereferencing type-punned pointer will break strict-aliasing rules
2 comparison between signed and unsigned
2 (near initialization for \`???')
More information about the Gcc-testresults
mailing list