Results for 3.5.0 20040131 (experimental) testsuite on i686-pc-linux-gnu
Andrew Pinski
pinskia@physics.uc.edu
Sun Feb 1 13:23:00 GMT 2004
LAST_UPDATED: Sat Jan 31 05:02:19 UTC 2004
Native configuration is i686-pc-linux-gnu
=== g++ tests ===
Running target unix
WARNING: g++.old-deja/g++.mike/p10769a.C compilation failed to produce executable
WARNING: g++.old-deja/g++.other/enum5.C compilation failed to produce executable
XPASS: g++.old-deja/g++.other/init5.C execution test
WARNING: g++.old-deja/g++.pt/friend44.C compilation failed to produce executable
=== g++ Summary ===
# of expected passes 9507
# of unexpected successes 1
# of expected failures 65
# of unsupported tests 30
/home/gates/pinskia/src/gnu/gcc/src/objdir.linux/gcc/testsuite/../g++ version 3.5.0 20040131 (experimental)
=== g77 tests ===
Running target unix
=== g77 Summary ===
# of expected passes 1800
/home/gates/pinskia/src/gnu/gcc/src/objdir.linux/gcc/testsuite/../g77 version 3.5.0 20040131 (experimental)
=== gcc tests ===
Running target unix
FAIL: gcc.c-torture/execute/va-arg-25.c execution, -Os
=== gcc Summary ===
# of expected passes 25045
# of unexpected failures 1
# of expected failures 63
# of untested testcases 7
# of unsupported tests 180
/home/gates/pinskia/src/gnu/gcc/src/objdir.linux/gcc/xgcc version 3.5.0 20040131 (experimental)
=== objc tests ===
Running target unix
FAIL: objc.dg/call-super-2.m (test for warnings, line 47)
FAIL: objc.dg/call-super-2.m (test for warnings, line 47)
FAIL: objc.dg/call-super-2.m (test for warnings, line 47)
FAIL: objc.dg/call-super-2.m (test for warnings, line 129)
FAIL: objc.dg/call-super-2.m (test for excess errors)
=== objc Summary ===
# of expected passes 1336
# of unexpected failures 5
# of unsupported tests 8
/home/gates/pinskia/src/gnu/gcc/src/objdir.linux/gcc/xgcc version 3.5.0 20040131 (experimental)
=== libffi tests ===
Running target unix
=== libffi Summary ===
# of expected passes 212
# of unsupported tests 2
=== libjava tests ===
Running target unix
FAIL: linking simple
=== libjava Summary ===
# of expected passes 3306
# of unexpected failures 1
# of expected failures 15
# of untested testcases 16
=== libstdc++-v3 check-abi Summary ===
# of added symbols: 298
# of missing symbols: 316
# of incompatible symbols: 347
=== libstdc++ tests ===
Running target unix
FAIL: 22_locale/time_put/put/char/wrapped_env.cc execution test
XPASS: 26_numerics/c99_classification_macros_c.cc (test for excess errors)
=== libstdc++ Summary ===
# of expected passes 2525
# of unexpected failures 1
# of unexpected successes 1
# of expected failures 11
Compiler version: 3.5.0 20040131 (experimental)
Platform: i686-pc-linux-gnu
configure flags: --target=i686-pc-linux-gnu --host=i686-pc-linux-gnu --enable-__cxa_atexit --enable-languages=java,objc,f77 --prefix=/home/gates/pinskia/linux --enable-threads=posix --enable-shared
More information about the Gcc-testresults
mailing list