Results for 4.0.0 20041231 (experimental) gfortran testsuite on i386-unknown-freebsd5.2.1
bud davis
bdavis@gfortran.org
Fri Dec 31 11:39:00 GMT 2004
LAST_UPDATED:
Native configuration is i386-unknown-freebsd5.2.1
=== gfortran tests ===
Running target unix
XPASS: gfortran.dg/ret_pointer_1.f90 execution test
XPASS: gfortran.dg/ret_pointer_1.f90 execution test
XPASS: gfortran.dg/ret_pointer_1.f90 execution test
XPASS: gfortran.dg/ret_pointer_1.f90 execution test
XPASS: gfortran.dg/ret_pointer_1.f90 execution test
XPASS: gfortran.dg/ret_pointer_1.f90 execution test
XPASS: gfortran.dg/ret_pointer_1.f90 execution test
XPASS: gfortran.dg/ret_pointer_1.f90 execution test
FAIL: gfortran.fortran-torture/execute/forall_3.f90 execution, -O1
=== gfortran Summary ===
# of expected passes 4844
# of unexpected failures 1
# of unexpected successes 8
# of expected failures 18
# of unsupported tests 8
/usr/work/2004366/fbin/gcc/testsuite/../gfortran version 4.0.0 20041231 (experimental)
Compiler version: 4.0.0 20041231 (experimental) gfortran
Platform: i386-unknown-freebsd5.2.1
configure flags: --enable-languages=c,f95 --prefix=/usr/work/2004366/frun,;t t
More information about the Gcc-testresults
mailing list