Results for 4.0.0 20041229 (experimental) testsuite on powerpc64-unknown-linux-gnu
Jon Grimm
jgrimm@pluto.ltc.austin.ibm.com
Wed Dec 29 06:10:00 GMT 2004
Linux 2.6.5-7.97-pseries64 ppc64
GNU C Library stable release version 2.3.3 (20040412)
GNU ld version 2.15.92 20041007
GNU assembler 2.15.92 20041007
GNU Make 3.80
DejaGnu:
Expect version is 5.40.0
Tcl version is 8.4
Framework version is 1.4.4
64-bit biarch default64
LAST_UPDATED: Wed Dec 29 03:03:56 UTC 2004
Native configuration is powerpc64-unknown-linux-gnu
=== g++ tests ===
Running target unix/-m32
FAIL: g++.dg/charset/asm1.c (test for excess errors)
ERROR: g++.dg/charset/asm1.c: error executing dg-final: couldn't open "asm1.s": no such file or directory
UNRESOLVED: g++.dg/charset/asm1.c: error executing dg-final: couldn't open "asm1.s": no such file or directory
FAIL: g++.dg/charset/asm3.c (test for excess errors)
ERROR: g++.dg/charset/asm3.c: error executing dg-final: couldn't open "asm3.s": no such file or directory
UNRESOLVED: g++.dg/charset/asm3.c: error executing dg-final: couldn't open "asm3.s": no such file or directory
FAIL: g++.dg/charset/asm4.c (test for excess errors)
ERROR: g++.dg/charset/asm4.c: error executing dg-final: couldn't open "asm4.s": no such file or directory
UNRESOLVED: g++.dg/charset/asm4.c: error executing dg-final: couldn't open "asm4.s": no such file or directory
FAIL: g++.dg/charset/asm5.c (test for excess errors)
ERROR: g++.dg/charset/asm5.c: error executing dg-final: couldn't open "asm5.s": no such file or directory
UNRESOLVED: g++.dg/charset/asm5.c: error executing dg-final: couldn't open "asm5.s": no such file or directory
FAIL: g++.dg/charset/attribute1.c (test for excess errors)
ERROR: g++.dg/charset/attribute1.c: error executing dg-final: couldn't open "attribute1.s": no such file or directory
UNRESOLVED: g++.dg/charset/attribute1.c: error executing dg-final: couldn't open "attribute1.s": no such file or directory
FAIL: g++.dg/charset/attribute2.c (test for excess errors)
FAIL: g++.dg/charset/extern1.cc (test for excess errors)
FAIL: g++.dg/charset/extern2.cc (test for excess errors)
ERROR: g++.dg/charset/extern2.cc: error executing dg-final: couldn't open "extern2.s": no such file or directory
UNRESOLVED: g++.dg/charset/extern2.cc: error executing dg-final: couldn't open "extern2.s": no such file or directory
FAIL: g++.dg/charset/extern3.cc (test for excess errors)
ERROR: g++.dg/charset/extern3.cc: error executing dg-final: couldn't open "extern3.s": no such file or directory
UNRESOLVED: g++.dg/charset/extern3.cc: error executing dg-final: couldn't open "extern3.s": no such file or directory
FAIL: g++.dg/charset/function.cc (test for excess errors)
ERROR: g++.dg/charset/function.cc: error executing dg-final: couldn't open "function.s": no such file or directory
UNRESOLVED: g++.dg/charset/function.cc: error executing dg-final: couldn't open "function.s": no such file or directory
FAIL: g++.dg/charset/string.c (test for excess errors)
ERROR: g++.dg/charset/string.c: error executing dg-final: couldn't open "string.s": no such file or directory
UNRESOLVED: g++.dg/charset/string.c: error executing dg-final: couldn't open "string.s": no such file or directory
FAIL: g++.dg/conversion/simd1.C (test for excess errors)
XPASS: g++.dg/eh/simd-2.C execution test
FAIL: g++.dg/ext/attribute-test-1.C (test for excess errors)
FAIL: g++.dg/ext/attribute-test-2.C (test for excess errors)
FAIL: g++.dg/ext/attribute-test-3.C (test for excess errors)
FAIL: g++.dg/ext/attribute-test-4.C (test for excess errors)
WARNING: g++.old-deja/g++.mike/p10769a.C compilation failed to produce executable
XPASS: g++.old-deja/g++.other/init5.C execution test
=== g++ Summary for unix/-m32 ===
# of expected passes 10570
# of unexpected failures 16
# of unexpected successes 2
# of expected failures 72
# of unresolved testcases 9
# of unsupported tests 76
Running target unix/-m64
FAIL: g++.dg/ext/altivec-3.C execution test
WARNING: g++.old-deja/g++.mike/p10769a.C compilation failed to produce executable
FAIL: g++.old-deja/g++.other/comdat4.C (test for excess errors)
XPASS: g++.old-deja/g++.other/init5.C execution test
=== g++ Summary for unix/-m64 ===
# of expected passes 10539
# of unexpected failures 2
# of unexpected successes 1
# of expected failures 73
# of unsupported tests 90
=== g++ Summary ===
# of expected passes 21109
# of unexpected failures 18
# of unexpected successes 3
# of expected failures 145
# of unresolved testcases 9
# of unsupported tests 166
/home/jgrimm/build/nightly/build-gcc-mline64/gcc/testsuite/../g++ version 4.0.0 20041229 (experimental)
=== gcc tests ===
Running target unix/-m32
FAIL: gcc.dg/charset/asm1.c (test for excess errors)
ERROR: gcc.dg/charset/asm1.c: error executing dg-final: couldn't open "asm1.s": no such file or directory
UNRESOLVED: gcc.dg/charset/asm1.c: error executing dg-final: couldn't open "asm1.s": no such file or directory
FAIL: gcc.dg/charset/asm2.c (test for excess errors)
FAIL: gcc.dg/charset/asm4.c (test for excess errors)
ERROR: gcc.dg/charset/asm4.c: error executing dg-final: couldn't open "asm4.s": no such file or directory
UNRESOLVED: gcc.dg/charset/asm4.c: error executing dg-final: couldn't open "asm4.s": no such file or directory
FAIL: gcc.dg/charset/asm5.c (test for excess errors)
ERROR: gcc.dg/charset/asm5.c: error executing dg-final: couldn't open "asm5.s": no such file or directory
UNRESOLVED: gcc.dg/charset/asm5.c: error executing dg-final: couldn't open "asm5.s": no such file or directory
FAIL: gcc.dg/charset/asm6.c (test for excess errors)
ERROR: gcc.dg/charset/asm6.c: error executing dg-final: couldn't open "asm6.s": no such file or directory
UNRESOLVED: gcc.dg/charset/asm6.c: error executing dg-final: couldn't open "asm6.s": no such file or directory
FAIL: gcc.dg/charset/attribute1.c (test for excess errors)
ERROR: gcc.dg/charset/attribute1.c: error executing dg-final: couldn't open "attribute1.s": no such file or directory
UNRESOLVED: gcc.dg/charset/attribute1.c: error executing dg-final: couldn't open "attribute1.s": no such file or directory
FAIL: gcc.dg/charset/attribute2.c (test for excess errors)
FAIL: gcc.dg/charset/extern.c (test for excess errors)
ERROR: gcc.dg/charset/extern.c: error executing dg-final: couldn't open "extern.s": no such file or directory
UNRESOLVED: gcc.dg/charset/extern.c: error executing dg-final: couldn't open "extern.s": no such file or directory
FAIL: gcc.dg/charset/function.c (test for excess errors)
ERROR: gcc.dg/charset/function.c: error executing dg-final: couldn't open "function.s": no such file or directory
UNRESOLVED: gcc.dg/charset/function.c: error executing dg-final: couldn't open "function.s": no such file or directory
FAIL: gcc.dg/charset/string.c (test for excess errors)
ERROR: gcc.dg/charset/string.c: error executing dg-final: couldn't open "string.s": no such file or directory
UNRESOLVED: gcc.dg/charset/string.c: error executing dg-final: couldn't open "string.s": no such file or directory
FAIL: gcc.dg/debug/dwarf2/dwarf-die7.c scan-assembler 1.*DW_AT_inline
XPASS: gcc.dg/tree-ssa/20040204-1.c scan-tree-dump-times link_error 0
=== gcc Summary for unix/-m32 ===
# of expected passes 33229
# of unexpected failures 11
# of unexpected successes 1
# of expected failures 99
# of unresolved testcases 8
# of untested testcases 28
# of unsupported tests 427
Running target unix/-m64
FAIL: gcc.dg/debug/dwarf2/dwarf-die7.c scan-assembler 1.*DW_AT_inline
FAIL: gcc.dg/ppc-eabi.c (test for excess errors)
FAIL: gcc.dg/ppc64-abi-3.c (test for errors, line 12)
FAIL: gcc.dg/ppc64-abi-3.c (test for errors, line 27)
FAIL: gcc.dg/ppc64-abi-3.c (test for excess errors)
FAIL: gcc.dg/uninit-4.c uninitialized variable warning (test for bogus messages, line 26)
XPASS: gcc.dg/tree-ssa/20040204-1.c scan-tree-dump-times link_error 0
FAIL: gcc.dg/tree-ssa/loop-4.c scan-tree-dump-times arr_base[^\\n\\r]*= 0
=== gcc Summary for unix/-m64 ===
# of expected passes 33233
# of unexpected failures 7
# of unexpected successes 1
# of expected failures 101
# of untested testcases 28
# of unsupported tests 432
=== gcc Summary ===
# of expected passes 66462
# of unexpected failures 18
# of unexpected successes 2
# of expected failures 200
# of unresolved testcases 8
# of untested testcases 56
# of unsupported tests 859
/home/jgrimm/build/nightly/build-gcc-mline64/gcc/xgcc version 4.0.0 20041229 (experimental)
=== objc tests ===
Running target unix/-m32
=== objc Summary for unix/-m32 ===
# of expected passes 1525
# of unsupported tests 10
Running target unix/-m64
=== objc Summary for unix/-m64 ===
# of expected passes 1525
# of unsupported tests 10
=== objc Summary ===
# of expected passes 3050
# of unsupported tests 20
/home/jgrimm/build/nightly/build-gcc-mline64/gcc/xgcc version 4.0.0 20041229 (experimental)
=== libmudflap tests ===
Running target unix/-m32
FAIL: libmudflap.cth/pass40-frag.c execution test
FAIL: libmudflap.cth/pass40-frag.c output pattern test
FAIL: libmudflap.cth/pass40-frag.c (-O2) execution test
FAIL: libmudflap.cth/pass40-frag.c (-O2) output pattern test
FAIL: libmudflap.cth/pass40-frag.c (-O3) execution test
FAIL: libmudflap.cth/pass40-frag.c (-O3) output pattern test
=== libmudflap Summary for unix/-m32 ===
# of expected passes 1238
# of unexpected failures 6
Running target unix/-m64
FAIL: libmudflap.c/fail27-frag.c output pattern test
FAIL: libmudflap.c/fail27-frag.c (-O2) output pattern test
FAIL: libmudflap.c/fail27-frag.c (-O3) output pattern test
=== libmudflap Summary for unix/-m64 ===
# of expected passes 1241
# of unexpected failures 3
=== libmudflap Summary ===
# of expected passes 2479
# of unexpected failures 9
=== libstdc++-v3 check-abi Summary ===
# of added symbols: 549
# of missing symbols: 486
# of incompatible symbols: 486
using: /home/jgrimm/gcc_mline64_anoncvs/gcc/libstdc++-v3/config/abi/powerpc-linux-gnu/baseline_symbols.txt
=== libstdc++ tests ===
Running target unix/-m32
FAIL: 22_locale/collate/compare/wchar_t/2.cc (test for excess errors)
WARNING: 22_locale/collate/compare/wchar_t/2.cc compilation failed to produce executable
FAIL: 22_locale/collate/compare/wchar_t/wrapped_env.cc (test for excess errors)
WARNING: 22_locale/collate/compare/wchar_t/wrapped_env.cc compilation failed to produce executable
FAIL: 22_locale/collate/compare/wchar_t/wrapped_locale.cc (test for excess errors)
WARNING: 22_locale/collate/compare/wchar_t/wrapped_locale.cc compilation failed to produce executable
FAIL: 22_locale/collate/hash/wchar_t/2.cc (test for excess errors)
WARNING: 22_locale/collate/hash/wchar_t/2.cc compilation failed to produce executable
FAIL: 22_locale/collate/hash/wchar_t/wrapped_env.cc (test for excess errors)
WARNING: 22_locale/collate/hash/wchar_t/wrapped_env.cc compilation failed to produce executable
FAIL: 22_locale/collate/hash/wchar_t/wrapped_locale.cc (test for excess errors)
WARNING: 22_locale/collate/hash/wchar_t/wrapped_locale.cc compilation failed to produce executable
FAIL: 22_locale/collate/transform/wchar_t/2.cc (test for excess errors)
WARNING: 22_locale/collate/transform/wchar_t/2.cc compilation failed to produce executable
FAIL: 22_locale/collate/transform/wchar_t/wrapped_env.cc (test for excess errors)
WARNING: 22_locale/collate/transform/wchar_t/wrapped_env.cc compilation failed to produce executable
FAIL: 22_locale/collate/transform/wchar_t/wrapped_locale.cc (test for excess errors)
WARNING: 22_locale/collate/transform/wchar_t/wrapped_locale.cc compilation failed to produce executable
XPASS: 22_locale/locale/cons/12658_thread-1.cc execution test
FAIL: 22_locale/messages/members/char/1.cc execution test
FAIL: 22_locale/messages/members/char/2.cc execution test
FAIL: 22_locale/messages/members/char/wrapped_env.cc execution test
FAIL: 22_locale/messages/members/char/wrapped_locale.cc execution test
FAIL: 22_locale/messages_byname/named_equivalence.cc execution test
FAIL: 23_containers/bitset/operations/2.cc execution test
XPASS: 26_numerics/cmath/c99_classification_macros_c.cc (test for excess errors)
FAIL: ext/array_allocator/2.cc execution test
=== libstdc++ Summary for unix/-m32 ===
# of expected passes 3316
# of unexpected failures 16
# of unexpected successes 2
# of expected failures 5
Running target unix/-m64
FAIL: 22_locale/codecvt/in/wchar_t/2.cc execution test
FAIL: 22_locale/codecvt/in/wchar_t/3.cc execution test
FAIL: 22_locale/codecvt/length/wchar_t/2.cc execution test
FAIL: 22_locale/codecvt/length/wchar_t/3.cc execution test
FAIL: 22_locale/codecvt/out/wchar_t/2.cc execution test
FAIL: 22_locale/codecvt/out/wchar_t/3.cc execution test
FAIL: 22_locale/codecvt/unicode/1.cc execution test
FAIL: 22_locale/codecvt/unicode/char.cc execution test
FAIL: 22_locale/ctype/widen/wchar_t/2.cc execution test
XPASS: 22_locale/locale/cons/12658_thread-1.cc execution test
FAIL: 22_locale/money_get/get/wchar_t/1.cc execution test
FAIL: 22_locale/money_get/get/wchar_t/wrapped_env.cc execution test
FAIL: 22_locale/money_put/put/wchar_t/1.cc execution test
FAIL: 22_locale/money_put/put/wchar_t/3.cc execution test
FAIL: 22_locale/money_put/put/wchar_t/wrapped_env.cc execution test
XPASS: 26_numerics/cmath/c99_classification_macros_c.cc (test for excess errors)
FAIL: 27_io/basic_filebuf/underflow/wchar_t/9520.cc execution test
XPASS: 27_io/fpos/14320-1.cc execution test
FAIL: 27_io/objects/wchar_t/9520.cc execution test
FAIL: ext/array_allocator/2.cc execution test
FAIL: ext/enc_filebuf/char/13598.cc execution test
=== libstdc++ Summary for unix/-m64 ===
# of expected passes 3305
# of unexpected failures 18
# of unexpected successes 3
# of expected failures 4
# of unsupported tests 9
=== libstdc++ Summary ===
# of expected passes 6621
# of unexpected failures 34
# of unexpected successes 5
# of expected failures 9
# of unsupported tests 9
Compiler version: 4.0.0 20041229 (experimental)
Platform: powerpc64-unknown-linux-gnu
configure flags: --prefix=/home/jgrimm/tools/mline64-20041229 --build=powerpc64-linux --host=powerpc64-linux --target=powerpc64-linux --with-cpu=default64 --with-as=/home/jgrimm/tools/binutils/bin/as --with-ld=/home/jgrimm/tools/binutils/bin/ld --enable-threads=posix --enable-shared --enable-__cxa_atexit --with-mpfr=/usr/lib --with-mpfr=/usr/lib --enable-languages=c,c++,objc
More information about the Gcc-testresults
mailing list