Results for 4.0.0 20041228 (experimental) testsuite on powerpc-apple-darwin7.4.0
regress
regress@gcc-regress.apple.com
Wed Dec 29 03:45:00 GMT 2004
LAST_UPDATED:
Native configuration is powerpc-apple-darwin7.4.0
=== g++ tests ===
Running target unix
FAIL: g++.dg/ext/visibility/fvisibility-override1.C (test for excess errors)
FAIL: g++.dg/ext/visibility/fvisibility-override1.C scan-assembler \\\\.internal.*Foo.methodEv
FAIL: g++.dg/ext/visibility/fvisibility-override1.C (test for excess errors)
FAIL: g++.dg/ext/visibility/fvisibility-override1.C scan-assembler \\\\.internal.*Foo.methodEv
FAIL: g++.dg/ext/visibility/fvisibility-override2.C (test for excess errors)
FAIL: g++.dg/ext/visibility/fvisibility-override2.C scan-assembler \\\\.internal.*Foo.methodEv
FAIL: g++.dg/ext/visibility/fvisibility-override2.C (test for excess errors)
FAIL: g++.dg/ext/visibility/fvisibility-override2.C scan-assembler \\\\.internal.*Foo.methodEv
FAIL: g++.dg/ext/visibility/pragma-override1.C (test for excess errors)
FAIL: g++.dg/ext/visibility/pragma-override1.C scan-assembler \\\\.internal.*Foo.methodEv
FAIL: g++.dg/ext/visibility/pragma-override1.C (test for excess errors)
FAIL: g++.dg/ext/visibility/pragma-override1.C scan-assembler \\\\.internal.*Foo.methodEv
FAIL: g++.dg/ext/visibility/pragma-override2.C (test for excess errors)
FAIL: g++.dg/ext/visibility/pragma-override2.C scan-assembler \\\\.internal.*Foo.methodEv
FAIL: g++.dg/ext/visibility/pragma-override2.C (test for excess errors)
FAIL: g++.dg/ext/visibility/pragma-override2.C scan-assembler \\\\.internal.*Foo.methodEv
FAIL: g++.dg/warn/weak1.C (test for excess errors)
WARNING: g++.dg/warn/weak1.C compilation failed to produce executable
FAIL: g++.dg/special/conpr-3.C execution test
FAIL: g++.old-deja/g++.abi/cxa_vec.C execution test
FAIL: g++.old-deja/g++.brendan/new3.C execution test
XPASS: g++.old-deja/g++.eh/badalloc1.C execution test
WARNING: g++.old-deja/g++.mike/p10769a.C compilation failed to produce executable
=== g++ Summary ===
# of expected passes 10500
# of unexpected failures 20
# of unexpected successes 1
# of expected failures 73
# of unsupported tests 98
/Users/regress/tbox/native/build/gcc/testsuite/../g++ version 4.0.0 20041228 (experimental)
=== gcc tests ===
Running target unix
FAIL: gcc.c-torture/compile/20010421-1.c (test for excess errors)
FAIL: gcc.c-torture/compile/20040709-1.c (test for excess errors)
FAIL: gcc.c-torture/compile/pr17529.c (test for excess errors)
FAIL: gcc.c-torture/compile/pr17529.c (test for excess errors)
FAIL: gcc.c-torture/compile/pr17529.c (test for excess errors)
FAIL: gcc.c-torture/compile/pr17529.c (test for excess errors)
FAIL: gcc.c-torture/compile/pr17529.c (test for excess errors)
FAIL: gcc.c-torture/compile/pr17529.c (test for excess errors)
FAIL: gcc.c-torture/execute/20020413-1.c compilation, -O0
UNRESOLVED: gcc.c-torture/execute/20020413-1.c execution, -O0
FAIL: gcc.c-torture/execute/20040208-1.c compilation, -O0
UNRESOLVED: gcc.c-torture/execute/20040208-1.c execution, -O0
FAIL: gcc.c-torture/execute/930622-2.c compilation, -O0
UNRESOLVED: gcc.c-torture/execute/930622-2.c execution, -O0
FAIL: gcc.c-torture/execute/960215-1.c compilation, -O0
UNRESOLVED: gcc.c-torture/execute/960215-1.c execution, -O0
FAIL: gcc.c-torture/execute/conversion.c compilation, -O0
UNRESOLVED: gcc.c-torture/execute/conversion.c execution, -O0
FAIL: gcc.c-torture/execute/conversion.c compilation, -O1
UNRESOLVED: gcc.c-torture/execute/conversion.c execution, -O1
FAIL: gcc.c-torture/execute/conversion.c compilation, -O2
UNRESOLVED: gcc.c-torture/execute/conversion.c execution, -O2
FAIL: gcc.c-torture/execute/conversion.c compilation, -Os
UNRESOLVED: gcc.c-torture/execute/conversion.c execution, -Os
FAIL: gcc.c-torture/execute/regstack-1.c compilation, -O0
UNRESOLVED: gcc.c-torture/execute/regstack-1.c execution, -O0
FAIL: gcc.c-torture/execute/ieee/20010226-1.c compilation, -O0
UNRESOLVED: gcc.c-torture/execute/ieee/20010226-1.c execution, -O0
FAIL: gcc.c-torture/execute/ieee/fp-cmp-8l.c compilation, -O0
UNRESOLVED: gcc.c-torture/execute/ieee/fp-cmp-8l.c execution, -O0
FAIL: gcc.c-torture/execute/ieee/inf-2.c compilation, -O1
UNRESOLVED: gcc.c-torture/execute/ieee/inf-2.c execution, -O1
FAIL: gcc.c-torture/execute/ieee/inf-2.c compilation, -O2
UNRESOLVED: gcc.c-torture/execute/ieee/inf-2.c execution, -O2
FAIL: gcc.c-torture/execute/ieee/inf-2.c compilation, -O3 -fomit-frame-pointer
UNRESOLVED: gcc.c-torture/execute/ieee/inf-2.c execution, -O3 -fomit-frame-pointer
FAIL: gcc.c-torture/execute/ieee/inf-2.c compilation, -O3 -g
UNRESOLVED: gcc.c-torture/execute/ieee/inf-2.c execution, -O3 -g
FAIL: gcc.c-torture/execute/ieee/inf-2.c compilation, -Os
UNRESOLVED: gcc.c-torture/execute/ieee/inf-2.c execution, -Os
FAIL: gcc.c-torture/execute/ieee/20010226-1.c compilation, -O0
UNRESOLVED: gcc.c-torture/execute/ieee/20010226-1.c execution, -O0
FAIL: gcc.c-torture/execute/ieee/fp-cmp-8l.c compilation, -O0
UNRESOLVED: gcc.c-torture/execute/ieee/fp-cmp-8l.c execution, -O0
FAIL: gcc.c-torture/execute/ieee/inf-2.c compilation, -O1
UNRESOLVED: gcc.c-torture/execute/ieee/inf-2.c execution, -O1
FAIL: gcc.c-torture/execute/ieee/inf-2.c compilation, -O2
UNRESOLVED: gcc.c-torture/execute/ieee/inf-2.c execution, -O2
FAIL: gcc.c-torture/execute/ieee/inf-2.c compilation, -O3 -fomit-frame-pointer
UNRESOLVED: gcc.c-torture/execute/ieee/inf-2.c execution, -O3 -fomit-frame-pointer
FAIL: gcc.c-torture/execute/ieee/inf-2.c compilation, -O3 -g
UNRESOLVED: gcc.c-torture/execute/ieee/inf-2.c execution, -O3 -g
FAIL: gcc.c-torture/execute/ieee/inf-2.c compilation, -Os
UNRESOLVED: gcc.c-torture/execute/ieee/inf-2.c execution, -Os
FAIL: gcc.dg/compat/scalar-by-value-1 c_compat_x_tst.o compile
FAIL: gcc.dg/compat/scalar-by-value-1 c_compat_y_tst.o compile
UNRESOLVED: gcc.dg/compat/scalar-by-value-1 c_compat_x_tst.o-c_compat_y_tst.o link
UNRESOLVED: gcc.dg/compat/scalar-by-value-1 c_compat_x_tst.o-c_compat_y_tst.o execute
FAIL: gcc.dg/compat/scalar-by-value-3 c_compat_x_tst.o compile
FAIL: gcc.dg/compat/scalar-by-value-3 c_compat_y_tst.o compile
UNRESOLVED: gcc.dg/compat/scalar-by-value-3 c_compat_x_tst.o-c_compat_y_tst.o link
UNRESOLVED: gcc.dg/compat/scalar-by-value-3 c_compat_x_tst.o-c_compat_y_tst.o execute
FAIL: gcc.dg/compat/scalar-return-1 c_compat_x_tst.o compile
FAIL: gcc.dg/compat/scalar-return-1 c_compat_y_tst.o compile
UNRESOLVED: gcc.dg/compat/scalar-return-1 c_compat_x_tst.o-c_compat_y_tst.o link
UNRESOLVED: gcc.dg/compat/scalar-return-1 c_compat_x_tst.o-c_compat_y_tst.o execute
FAIL: gcc.dg/compat/scalar-return-3 c_compat_y_tst.o compile
UNRESOLVED: gcc.dg/compat/scalar-return-3 c_compat_x_tst.o-c_compat_y_tst.o link
UNRESOLVED: gcc.dg/compat/scalar-return-3 c_compat_x_tst.o-c_compat_y_tst.o execute
FAIL: gcc.dg/compat/struct-by-value-18 c_compat_x_tst.o compile
FAIL: gcc.dg/compat/struct-by-value-18 c_compat_y_tst.o compile
UNRESOLVED: gcc.dg/compat/struct-by-value-18 c_compat_x_tst.o-c_compat_y_tst.o link
UNRESOLVED: gcc.dg/compat/struct-by-value-18 c_compat_x_tst.o-c_compat_y_tst.o execute
FAIL: gcc.dg/compat/struct-by-value-7a c_compat_x_tst.o compile
FAIL: gcc.dg/compat/struct-by-value-7a c_compat_y_tst.o compile
UNRESOLVED: gcc.dg/compat/struct-by-value-7a c_compat_x_tst.o-c_compat_y_tst.o link
UNRESOLVED: gcc.dg/compat/struct-by-value-7a c_compat_x_tst.o-c_compat_y_tst.o execute
FAIL: gcc.dg/compat/struct-by-value-7b c_compat_x_tst.o compile
FAIL: gcc.dg/compat/struct-by-value-7b c_compat_y_tst.o compile
UNRESOLVED: gcc.dg/compat/struct-by-value-7b c_compat_x_tst.o-c_compat_y_tst.o link
UNRESOLVED: gcc.dg/compat/struct-by-value-7b c_compat_x_tst.o-c_compat_y_tst.o execute
FAIL: tmpdir-gcc.dg-struct-layout-1/t001 c_compat_x_tst.o-c_compat_y_tst.o execute
FAIL: tmpdir-gcc.dg-struct-layout-1/t024 c_compat_x_tst.o-c_compat_y_tst.o execute
FAIL: tmpdir-gcc.dg-struct-layout-1/t025 c_compat_x_tst.o-c_compat_y_tst.o execute
FAIL: tmpdir-gcc.dg-struct-layout-1/t026 c_compat_x_tst.o-c_compat_y_tst.o execute
FAIL: tmpdir-gcc.dg-struct-layout-1/t027 c_compat_x_tst.o-c_compat_y_tst.o execute
FAIL: tmpdir-gcc.dg-struct-layout-1/t028 c_compat_x_tst.o-c_compat_y_tst.o execute
FAIL: gcc.dg/debug/dwarf2/dwarf-die7.c scan-assembler 1.*DW_AT_inline
FAIL: gcc.dg/debug/dwarf2/dwarf-die7.c scan-assembler 1.*DW_AT_inline
FAIL: gcc.dg/darwin-longlong.c execution test
FAIL: gcc.dg/rs6000-power2-2.c scan-assembler-not lfd
FAIL: gcc.dg/rs6000-power2-2.c scan-assembler lfq
FAIL: gcc.dg/rs6000-power2-2.c scan-assembler stfq
FAIL: gcc.dg/torture/builtin-convert-2.c (test for excess errors)
FAIL: gcc.dg/torture/builtin-math-1.c (test for excess errors)
XPASS: gcc.dg/tree-ssa/20040204-1.c scan-tree-dump-times link_error 0
FAIL: gcc.dg/vect/vect-82_64.c execution test
FAIL: gcc.dg/vect/vect-83_64.c execution test
FAIL: gcc.dg/vmx/darwin-abi-3.c execution test
FAIL: gcc.dg/vmx/darwin-abi-3.c execution test
FAIL: gcc.dg/vmx/darwin-abi-3.c execution test
FAIL: gcc.dg/vmx/darwin-abi-3.c execution test
FAIL: gcc.dg/vmx/darwin-abi-3.c execution test
FAIL: gcc.dg/vmx/darwin-abi-3.c execution test
=== gcc Summary ===
# of expected passes 33758
# of unexpected failures 66
# of unexpected successes 1
# of expected failures 98
# of unresolved testcases 37
# of untested testcases 28
# of unsupported tests 417
/Users/regress/tbox/native/build/gcc/xgcc version 4.0.0 20041228 (experimental)
=== objc tests ===
Running target unix
=== objc Summary ===
# of expected passes 1547
# of unsupported tests 1
/Users/regress/tbox/native/build/gcc/xgcc version 4.0.0 20041228 (experimental)
=== libffi tests ===
Running target unix
FAIL: libffi.call/float2.c (test for excess errors)
WARNING: libffi.call/float2.c compilation failed to produce executable
=== libffi Summary ===
# of expected passes 214
# of unexpected failures 1
# of unsupported tests 2
=== libjava tests ===
Running target unix
XPASS: pr13107_3 compilation from bytecode
XPASS: pr13107_3 -O3 compilation from bytecode
=== libjava Summary ===
# of expected passes 3706
# of unexpected successes 2
# of expected failures 12
# of untested testcases 12
=== libstdc++ tests ===
Running target unix
FAIL: 22_locale/money_get/get/char/5.cc execution test
FAIL: 22_locale/money_get/get/wchar_t/5.cc execution test
FAIL: 22_locale/num_get/get/char/10.cc execution test
FAIL: 22_locale/num_get/get/char/4.cc execution test
FAIL: 22_locale/num_get/get/wchar_t/10.cc execution test
FAIL: 22_locale/num_get/get/wchar_t/4.cc execution test
FAIL: 26_numerics/complex/13450.cc (test for excess errors)
WARNING: 26_numerics/complex/13450.cc compilation failed to produce executable
FAIL: 27_io/basic_filebuf/open/char/9507.cc execution test
FAIL: 27_io/basic_istream/extractors_arithmetic/char/01.cc execution test
FAIL: 27_io/basic_istream/extractors_arithmetic/wchar_t/01.cc execution test
FAIL: 27_io/ios_base/storage/11584.cc execution test
FAIL: ext/mt_allocator/check_new.cc execution test
FAIL: ext/pool_allocator/check_new.cc execution test
=== libstdc++ Summary ===
# of expected passes 3311
# of unexpected failures 13
# of expected failures 5
# of unsupported tests 9
Compiler version: 4.0.0 20041228 (experimental)
Platform: powerpc-apple-darwin7.4.0
configure flags: --prefix=/Users/regress/tbox/objs --target=powerpc-apple-darwin7.4.0 --enable-languages=c,c++,java,objc
More information about the Gcc-testresults
mailing list