Results for 3.4.4 20041227 (prerelease) testsuite on i686-pc-linux-gnu
H.J. Lu
hjl@gnu-1.sc.intel.com
Tue Dec 28 17:16:00 GMT 2004
LAST_UPDATED: Tue Dec 28 17:10:36 UTC 2004
=== acats tests ===
=== acats Summary ===
# of expected passes 2305
# of unexpected failures 0
Native configuration is i686-pc-linux-gnu
=== g++ tests ===
Running target unix
XPASS: g++.dg/rtti/tinfo1.C scan-assembler _ZTIP9CTemplateIhE:
XPASS: g++.dg/rtti/tinfo1.C scan-assembler-not .globl[ \\t]+_ZTIP9CTemplateIhE
WARNING: g++.old-deja/g++.mike/p10769a.C compilation failed to produce executable
WARNING: g++.old-deja/g++.other/enum5.C compilation failed to produce executable
WARNING: g++.old-deja/g++.pt/friend44.C compilation failed to produce executable
=== g++ Summary ===
# of expected passes 9777
# of unexpected successes 2
# of expected failures 72
# of unsupported tests 43
/export/build/gnu/gcc-3.4/build-i686-linux/gcc/testsuite/../g++ version 3.4.4 20041227 (prerelease)
=== g77 tests ===
Running target unix
=== g77 Summary ===
# of expected passes 1824
/export/build/gnu/gcc-3.4/build-i686-linux/gcc/testsuite/../g77 version 3.4.4 20041227 (prerelease)
=== gcc tests ===
Running target unix
FAIL: gcc.c-torture/execute/va-arg-25.c execution, -Os
=== gcc Summary ===
# of expected passes 25100
# of unexpected failures 1
# of expected failures 70
# of untested testcases 7
# of unsupported tests 201
/export/build/gnu/gcc-3.4/build-i686-linux/gcc/xgcc version 3.4.4 20041227 (prerelease)
=== objc tests ===
Running target unix
=== objc Summary ===
# of expected passes 1352
# of unsupported tests 8
/export/build/gnu/gcc-3.4/build-i686-linux/gcc/xgcc version 3.4.4 20041227 (prerelease)
=== libffi tests ===
Running target unix
=== libffi Summary ===
# of expected passes 212
# of unsupported tests 2
=== libjava tests ===
Running target unix
FAIL: Thread_Interrupt output - source compiled test
FAIL: Thread_Interrupt output - bytecode->native test
FAIL: Thread_Interrupt -O3 output - source compiled test
=== libjava Summary ===
# of expected passes 3263
# of unexpected failures 3
# of expected failures 10
# of untested testcases 8
=== libstdc++-v3 check-abi Summary ===
# of added symbols: 11
# of missing symbols: 0
# of incompatible symbols: 0
using: /net/gnu/export/gnu/src/gcc-3.4/gcc/libstdc++-v3/config/abi/i486-linux-gnu/baseline_symbols.txt
=== libstdc++ tests ===
Running target unix
XPASS: 22_locale/locale/cons/12658_thread.cc execution test
XPASS: 26_numerics/c99_classification_macros_c.cc (test for excess errors)
=== libstdc++ Summary ===
# of expected passes 2731
# of unexpected successes 2
# of expected failures 5
Compiler version: 3.4.4 20041227 (prerelease)
Platform: i686-pc-linux-gnu
configure flags: --enable-clocale=gnu --with-system-zlib --with-demangler-in-ld --enable-shared --enable-threads=posix --enable-haifa --disable-checking --prefix=/usr/gcc-3.4 --with-local-prefix=/usr/local
More information about the Gcc-testresults
mailing list