Results for 4.0.0 20041227 (experimental) testsuite on sparc64-unknown-linux-gnu
Christian Joensson
chj@j-son.org
Tue Dec 28 12:20:00 GMT 2004
Aurora SPARC Linux release 1.92 (Tangerine FC2) UltraSparc IIi (Sabre) sun4u:
binutils-2.15.90.0.3-6
bison-1.875-7.1
dejagnu-1.4.2-11
expect-5.39.0-96.1
gcc-3.3.4-2
glibc-2.3.3-27
glibc-2.3.3-27
glibc-headers-2.3.3-27
glibc-kernheaders-2.6-16sparc
kernel-2.6.8-1.571sp1
tcl-8.4.5-7
LAST_UPDATED: Mon Dec 27 07:41:21 UTC 2004
Native configuration is sparc64-unknown-linux-gnu
=== gcc tests ===
Running target unix
WARNING: program timed out.
FAIL: gcc.c-torture/compile/20001226-1.c (test for excess errors)
WARNING: program timed out.
FAIL: gcc.c-torture/compile/20001226-1.c (test for excess errors)
WARNING: program timed out.
FAIL: gcc.c-torture/compile/20001226-1.c (test for excess errors)
WARNING: program timed out.
FAIL: gcc.c-torture/compile/20001226-1.c (test for excess errors)
FAIL: gcc.dg/debug/dwarf2/dwarf-die7.c scan-assembler 1.*DW_AT_inline
FAIL: gcc.dg/cleanup-10.c execution test
FAIL: gcc.dg/cleanup-11.c execution test
FAIL: gcc.dg/cleanup-8.c execution test
FAIL: gcc.dg/cleanup-9.c execution test
FAIL: gcc.dg/pch/common-1.c (test for excess errors)
FAIL: gcc.dg/pch/common-1.c (test for excess errors)
FAIL: gcc.dg/pch/common-1.c (test for excess errors)
FAIL: gcc.dg/pch/decl-4.c (test for excess errors)
FAIL: gcc.dg/pch/except-1.c (test for excess errors)
FAIL: gcc.dg/pch/global-1.c (test for excess errors)
FAIL: gcc.dg/pch/global-1.c (test for excess errors)
FAIL: gcc.dg/pch/global-1.c (test for excess errors)
FAIL: gcc.dg/pch/import-1.c (test for excess errors)
FAIL: gcc.dg/pch/import-1.c (test for excess errors)
FAIL: gcc.dg/pch/import-1.c (test for excess errors)
FAIL: gcc.dg/pch/import-1.c (test for excess errors)
FAIL: gcc.dg/pch/import-1.c (test for excess errors)
FAIL: gcc.dg/pch/import-1.c (test for excess errors)
FAIL: gcc.dg/pch/import-1.c (test for excess errors)
FAIL: gcc.dg/pch/macro-1.c (test for excess errors)
FAIL: gcc.dg/pch/save-temps-1.c (test for excess errors)
FAIL: gcc.dg/pch/save-temps-1.c (test for excess errors)
FAIL: gcc.dg/pch/save-temps-1.c (test for excess errors)
FAIL: gcc.dg/pch/static-1.c (test for excess errors)
FAIL: gcc.dg/pch/static-1.c (test for excess errors)
FAIL: gcc.dg/pch/static-1.c (test for excess errors)
FAIL: gcc.dg/pch/static-1.c (test for excess errors)
FAIL: gcc.dg/pch/static-2.c (test for excess errors)
FAIL: gcc.dg/pch/static-2.c (test for excess errors)
FAIL: gcc.dg/pch/static-2.c (test for excess errors)
FAIL: gcc.dg/pch/static-2.c (test for excess errors)
FAIL: gcc.dg/pch/static-3.c (test for excess errors)
FAIL: gcc.dg/pch/static-3.c (test for excess errors)
FAIL: gcc.dg/pch/static-3.c (test for excess errors)
FAIL: gcc.dg/pch/struct-1.c (test for excess errors)
FAIL: gcc.dg/pch/system-1.c (test for excess errors)
FAIL: gcc.dg/pch/system-1.c (test for excess errors)
FAIL: gcc.dg/pch/system-1.c (test for excess errors)
FAIL: gcc.dg/pch/system-1.c (test for excess errors)
FAIL: gcc.dg/pch/system-1.c (test for excess errors)
FAIL: gcc.dg/pch/system-1.c (test for excess errors)
FAIL: gcc.dg/pch/system-1.c (test for excess errors)
FAIL: gcc.dg/special/gcsec-1.c (test for excess errors)
FAIL: gcc.dg/tls/alias-1.c (test for excess errors)
FAIL: gcc.dg/tls/opt-2.c (test for excess errors)
FAIL: gcc.dg/tree-ssa/20040703-1.c scan-tree-dump-times 0.0 0
FAIL: gcc.misc-tests/linkage.c link
=== gcc Summary ===
# of expected passes 31861
# of unexpected failures 52
# of expected failures 99
# of untested testcases 66
# of unsupported tests 481
/usr/local/src/trunk/objdir64/gcc/xgcc version 4.0.0 20041227 (experimental)
=== gfortran tests ===
Running target unix
FAIL: gfortran.dg/direct_io_2.f90 execution test
FAIL: gfortran.dg/direct_io_2.f90 execution test
FAIL: gfortran.dg/direct_io_2.f90 execution test
FAIL: gfortran.dg/direct_io_2.f90 execution test
FAIL: gfortran.dg/direct_io_2.f90 execution test
FAIL: gfortran.dg/direct_io_2.f90 execution test
FAIL: gfortran.dg/direct_io_2.f90 execution test
FAIL: gfortran.dg/direct_io_2.f90 execution test
FAIL: gfortran.dg/direct_io_3.f90 execution test
FAIL: gfortran.dg/direct_io_3.f90 execution test
FAIL: gfortran.dg/direct_io_3.f90 execution test
FAIL: gfortran.dg/direct_io_3.f90 execution test
FAIL: gfortran.dg/direct_io_3.f90 execution test
FAIL: gfortran.dg/direct_io_3.f90 execution test
FAIL: gfortran.dg/direct_io_3.f90 execution test
FAIL: gfortran.dg/direct_io_3.f90 execution test
FAIL: gfortran.dg/inquire.f90 execution test
FAIL: gfortran.dg/inquire.f90 execution test
FAIL: gfortran.dg/inquire.f90 execution test
FAIL: gfortran.dg/inquire.f90 execution test
FAIL: gfortran.dg/inquire.f90 execution test
FAIL: gfortran.dg/inquire.f90 execution test
FAIL: gfortran.dg/inquire.f90 execution test
FAIL: gfortran.dg/inquire.f90 execution test
XPASS: gfortran.dg/ret_pointer_1.f90 execution test
XPASS: gfortran.dg/ret_pointer_1.f90 execution test
XPASS: gfortran.dg/ret_pointer_1.f90 execution test
XPASS: gfortran.dg/ret_pointer_1.f90 execution test
XPASS: gfortran.dg/ret_pointer_1.f90 execution test
XPASS: gfortran.dg/ret_pointer_1.f90 execution test
XPASS: gfortran.dg/ret_pointer_1.f90 execution test
XPASS: gfortran.dg/ret_pointer_1.f90 execution test
FAIL: gfortran.dg/g77/980628-10.f execution test
FAIL: gfortran.dg/g77/980628-10.f execution test
FAIL: gfortran.dg/g77/980628-10.f execution test
FAIL: gfortran.dg/g77/980628-10.f execution test
FAIL: gfortran.dg/g77/980628-10.f execution test
FAIL: gfortran.dg/g77/980628-10.f execution test
FAIL: gfortran.dg/g77/980628-10.f execution test
FAIL: gfortran.dg/g77/980628-10.f execution test
FAIL: gfortran.dg/g77/980628-2.f execution test
FAIL: gfortran.dg/g77/980628-2.f execution test
FAIL: gfortran.dg/g77/980628-2.f execution test
FAIL: gfortran.dg/g77/980628-2.f execution test
FAIL: gfortran.dg/g77/980628-2.f execution test
FAIL: gfortran.dg/g77/980628-2.f execution test
FAIL: gfortran.dg/g77/980628-2.f execution test
FAIL: gfortran.dg/g77/980628-2.f execution test
FAIL: gfortran.dg/g77/980628-3.f execution test
FAIL: gfortran.dg/g77/980628-3.f execution test
FAIL: gfortran.dg/g77/980628-3.f execution test
FAIL: gfortran.dg/g77/980628-3.f execution test
FAIL: gfortran.dg/g77/980628-3.f execution test
FAIL: gfortran.dg/g77/980628-3.f execution test
FAIL: gfortran.dg/g77/980628-3.f execution test
FAIL: gfortran.dg/g77/980628-3.f execution test
FAIL: gfortran.dg/g77/980628-9.f execution test
FAIL: gfortran.dg/g77/980628-9.f execution test
FAIL: gfortran.dg/g77/980628-9.f execution test
FAIL: gfortran.dg/g77/980628-9.f execution test
FAIL: gfortran.dg/g77/980628-9.f execution test
FAIL: gfortran.dg/g77/980628-9.f execution test
FAIL: gfortran.dg/g77/980628-9.f execution test
FAIL: gfortran.dg/g77/980628-9.f execution test
FAIL: gfortran.fortran-torture/execute/direct_io.f90 execution, -O0
FAIL: gfortran.fortran-torture/execute/direct_io.f90 execution, -O1
FAIL: gfortran.fortran-torture/execute/direct_io.f90 execution, -O2
FAIL: gfortran.fortran-torture/execute/direct_io.f90 execution, -O3 -fomit-frame-pointer
FAIL: gfortran.fortran-torture/execute/direct_io.f90 execution, -O3 -fomit-frame-pointer -funroll-loops
FAIL: gfortran.fortran-torture/execute/direct_io.f90 execution, -O3 -fomit-frame-pointer -funroll-all-loops -finline-functions
FAIL: gfortran.fortran-torture/execute/direct_io.f90 execution, -O3 -g
FAIL: gfortran.fortran-torture/execute/direct_io.f90 execution, -Os
FAIL: gfortran.fortran-torture/execute/forall_3.f90 execution, -O0
FAIL: gfortran.fortran-torture/execute/forall_3.f90 execution, -O1
FAIL: gfortran.fortran-torture/execute/inquire_3.f90 execution, -O0
FAIL: gfortran.fortran-torture/execute/inquire_3.f90 execution, -O1
FAIL: gfortran.fortran-torture/execute/inquire_3.f90 execution, -O2
FAIL: gfortran.fortran-torture/execute/inquire_3.f90 execution, -O3 -fomit-frame-pointer
FAIL: gfortran.fortran-torture/execute/inquire_3.f90 execution, -O3 -fomit-frame-pointer -funroll-loops
FAIL: gfortran.fortran-torture/execute/inquire_3.f90 execution, -O3 -fomit-frame-pointer -funroll-all-loops -finline-functions
FAIL: gfortran.fortran-torture/execute/inquire_3.f90 execution, -O3 -g
FAIL: gfortran.fortran-torture/execute/inquire_3.f90 execution, -Os
FAIL: gfortran.fortran-torture/execute/inquire_4.f90 execution, -O0
FAIL: gfortran.fortran-torture/execute/inquire_4.f90 execution, -O1
FAIL: gfortran.fortran-torture/execute/inquire_4.f90 execution, -O2
FAIL: gfortran.fortran-torture/execute/inquire_4.f90 execution, -O3 -fomit-frame-pointer
FAIL: gfortran.fortran-torture/execute/inquire_4.f90 execution, -O3 -fomit-frame-pointer -funroll-loops
FAIL: gfortran.fortran-torture/execute/inquire_4.f90 execution, -O3 -fomit-frame-pointer -funroll-all-loops -finline-functions
FAIL: gfortran.fortran-torture/execute/inquire_4.f90 execution, -O3 -g
FAIL: gfortran.fortran-torture/execute/inquire_4.f90 execution, -Os
=== gfortran Summary ===
# of expected passes 4734
# of unexpected failures 82
# of unexpected successes 8
# of expected failures 18
# of unsupported tests 8
/usr/local/src/trunk/objdir64/gcc/testsuite/../gfortran version 4.0.0 20041227 (experimental)
=== g++ tests ===
Running target unix
FAIL: g++.dg/pch/empty.C (test for excess errors)
FAIL: g++.dg/pch/empty.C (test for excess errors)
FAIL: g++.dg/pch/empty.C (test for excess errors)
FAIL: g++.dg/pch/externc-1.C (test for excess errors)
FAIL: g++.dg/pch/externc-1.C (test for excess errors)
FAIL: g++.dg/pch/externc-1.C (test for excess errors)
FAIL: g++.dg/pch/static-1.C (test for excess errors)
FAIL: g++.dg/pch/static-1.C (test for excess errors)
FAIL: g++.dg/pch/static-1.C (test for excess errors)
FAIL: g++.dg/pch/system-1.C (test for excess errors)
FAIL: g++.dg/pch/system-1.C (test for excess errors)
FAIL: g++.dg/pch/system-1.C (test for excess errors)
FAIL: g++.dg/pch/system-2.C (test for excess errors)
FAIL: g++.dg/pch/system-2.C (test for excess errors)
FAIL: g++.dg/pch/system-2.C (test for excess errors)
FAIL: g++.dg/pch/uninst.C (test for excess errors)
FAIL: g++.dg/pch/uninst.C (test for excess errors)
FAIL: g++.dg/pch/uninst.C (test for excess errors)
FAIL: g++.dg/pch/wchar-1.C (test for excess errors)
FAIL: g++.dg/pch/wchar-1.C (test for excess errors)
FAIL: g++.dg/pch/wchar-1.C (test for excess errors)
WARNING: g++.old-deja/g++.mike/p10769a.C compilation failed to produce executable
XPASS: g++.old-deja/g++.other/init5.C execution test
=== g++ Summary ===
# of expected passes 10409
# of unexpected failures 21
# of unexpected successes 1
# of expected failures 72
# of untested testcases 21
# of unsupported tests 92
/usr/local/src/trunk/objdir64/gcc/testsuite/../g++ version 4.0.0 20041227 (experimental)
=== objc tests ===
Running target unix
=== objc Summary ===
# of expected passes 1525
# of unsupported tests 10
/usr/local/src/trunk/objdir64/gcc/xgcc version 4.0.0 20041227 (experimental)
=== treelang tests ===
Running target unix
=== treelang Summary ===
# of expected passes 22
=== libmudflap tests ===
Running target unix
FAIL: libmudflap.c/pass54-frag.c execution test
FAIL: libmudflap.c/fail12-frag.c (-static) (test for excess errors)
WARNING: libmudflap.c/fail12-frag.c (-static) compilation failed to produce executable
FAIL: libmudflap.c/pass54-frag.c (-static) execution test
=== libmudflap Summary ===
# of expected passes 1239
# of unexpected failures 3
=== libstdc++-v3 check-abi Summary ===
# of added symbols: 542
# of missing symbols: 501
# of incompatible symbols: 501
using: /usr/local/src/trunk/gcc/libstdc++-v3/config/abi/sparc-linux-gnu/baseline_symbols.txt
=== libstdc++ tests ===
Running target unix
WARNING: program timed out.
FAIL: 22_locale/ctype/scan/char/wrapped_locale.cc (test for excess errors)
WARNING: 22_locale/ctype/scan/char/wrapped_locale.cc compilation failed to produce executable
XPASS: 22_locale/locale/cons/12658_thread-1.cc execution test
XPASS: 26_numerics/cmath/c99_classification_macros_c.cc (test for excess errors)
XPASS: 27_io/fpos/14320-1.cc execution test
FAIL: ext/array_allocator/2.cc execution test
=== libstdc++ Summary ===
# of expected passes 3338
# of unexpected failures 2
# of unexpected successes 3
# of expected failures 4
Compiler version: 4.0.0 20041227 (experimental)
Platform: sparc64-unknown-linux-gnu
configure flags: sparc64-linux --enable-__cxa_atexit --enable-shared --enable-languages=c,c++,f95,objc,treelang
Counting all warnings,
there are 126 warnings in stage0 of this bootstrap.
Number of warnings per file:
43 /usr/bin/ld
12 libmudflap/mf-runtime.c
12 libiberty/regex.c
10 libiberty/concat.c
4 libgfortran/generated/matmul_r8.c
4 libgfortran/generated/matmul_r4.c
4 libgfortran/generated/matmul_i8.c
4 libgfortran/generated/matmul_i4.c
4 libgfortran/generated/matmul_c8.c
4 libgfortran/generated/matmul_c4.c
4 include/xregex2.h
2 libobjc/thr.c
2 libobjc/sendmsg.c
2 libiberty/pex-unix.c
2 libgfortran/generated/transpose_i8.c
2 libgfortran/generated/transpose_i4.c
2 libgfortran/generated/matmul_l8.c
2 libgfortran/generated/matmul_l4.c
2 libcpp/macro.c
2 gcc/coretypes.h
1 ./runtime-info.h
1 libmath/stubs.c
1 libcpp/pch.c
Number of warning types:
43 sparc architecture of input file \`???' is incompatible with sparc:v9 output
32 passing argument 1 of 'size0' from incompatible pointer type
12 signed and unsigned type in conditional expression
10 traditional C rejects ISO C style function definitions
4 format '%06lu' expects type 'long unsigned int', but argument 6 has type '__suseconds_t'
4 format '%06lu' expects type 'long unsigned int', but argument 4 has type '__suseconds_t'
4 format '%06lu' expects type 'long unsigned int', but argument 15 has type '__suseconds_t'
2 variable 'out' might be clobbered by 'longjmp' or 'vfork'
2 this is the location of the previous definition
2 \`rtx' redefined
2 'noreturn' function does return
2 ISO C90 does not support 'static' or type qualifiers in parameter array declarators
2 ISO C90 does not support \`static' or type qualifiers in parameter array declarators
1 'struct_forward_array' defined but not used
1 pointer targets in passing arg ??? of \`???' differ in signedness
1 incompatible implicit declaration of built-in function 'fabsl'
1 assignment from incompatible pointer type
1 assignment discards qualifiers from pointer target type
Counting all warnings,
there are 15 warnings in stage3 of this bootstrap.
Number of warnings per file:
4 gcc/config/sparc/sparc.md
3 treelang/lex.c
3 gcc/gcc.c
2 gcc/objc/lang-specs.h
1 include/line-map.h
1 gcc/treelang/lex.l
1 gcc/genrecog.c
Number of warning types:
3 old-style function definition
2 source missing a mode?
1 this is the location of the previous definition
1 string length '844' is greater than the length '509' ISO C89 compilers are required to support
1 string length '783' is greater than the length '509' ISO C89 compilers are required to support
1 string length '709' is greater than the length '509' ISO C89 compilers are required to support
1 string length '608' is greater than the length '509' ISO C89 compilers are required to support
1 string length '603' is greater than the length '509' ISO C89 compilers are required to support
1 operand 2 missing mode?
1 operand 0 missing mode?
1 \`LINEMAP_POSITION_FOR_COLUMN' redefined
1 field precision should have type 'int', but argument 3 has type 'size_t'
More information about the Gcc-testresults
mailing list