Results for 4.1.0-tcb (merged 20041210) testsuite on i686-pc-linux-gnu
Diego Novillo
dnovillo@redhat.com
Sun Dec 26 13:02:00 GMT 2004
LAST_UPDATED:
Native configuration is i686-pc-linux-gnu
=== g++ tests ===
Running target unix
FAIL: g++.old-deja/g++.eh/crash1.C (test for excess errors)
WARNING: g++.old-deja/g++.mike/p10769a.C compilation failed to produce executable
=== g++ Summary ===
# of expected passes 10515
# of unexpected failures 1
# of expected failures 71
# of unsupported tests 51
/notnfs/dnovillo/sbox/tcb/bld.toohappy/gcc/testsuite/../g++ version 4.1.0-tcb (merged 20041210)
=== gcc tests ===
Running target unix
FAIL: gcc.dg/debug/dwarf2/dwarf-die7.c scan-assembler 1.*DW_AT_inline
FAIL: gcc.dg/pr18596-1.c (test for excess errors)
FAIL: gcc.dg/tree-ssa/20030711-2.c scan-tree-dump-times rtmem 1
=== gcc Summary ===
# of expected passes 32249
# of unexpected failures 3
# of expected failures 115
# of untested testcases 28
# of unsupported tests 297
/notnfs/dnovillo/sbox/tcb/bld.toohappy/gcc/xgcc version 4.1.0-tcb (merged 20041210)
=== gfortran tests ===
Running target unix
XPASS: gfortran.dg/ret_pointer_1.f90 execution test
XPASS: gfortran.dg/ret_pointer_1.f90 execution test
XPASS: gfortran.dg/ret_pointer_1.f90 execution test
XPASS: gfortran.dg/ret_pointer_1.f90 execution test
XPASS: gfortran.dg/ret_pointer_1.f90 execution test
FAIL: gfortran.dg/g77/dnrm2.f execution test
FAIL: gfortran.dg/g77/dnrm2.f execution test
FAIL: gfortran.dg/g77/dnrm2.f execution test
FAIL: gfortran.dg/g77/dnrm2.f execution test
FAIL: gfortran.dg/g77/dnrm2.f execution test
FAIL: gfortran.dg/g77/dnrm2.f execution test
FAIL: gfortran.dg/g77/dnrm2.f execution test
FAIL: gfortran.fortran-torture/execute/forall_3.f90 execution, -O1
=== gfortran Summary ===
# of expected passes 4750
# of unexpected failures 8
# of unexpected successes 5
# of expected failures 21
/notnfs/dnovillo/sbox/tcb/bld.toohappy/gcc/testsuite/../gfortran version 4.1.0-tcb (merged 20041210)
=== objc tests ===
Running target unix
=== objc Summary ===
# of expected passes 1523
# of unsupported tests 10
/notnfs/dnovillo/sbox/tcb/bld.toohappy/gcc/xgcc version 4.1.0-tcb (merged 20041210)
=== libffi tests ===
Running target unix
=== libffi Summary ===
# of expected passes 216
# of unsupported tests 2
=== libjava tests ===
Running target unix
FAIL: LargeFile execution - source compiled test
FAIL: LargeFile execution - gij test
FAIL: LargeFile execution - bytecode->native test
FAIL: LargeFile -O3 execution - source compiled test
FAIL: LargeFile execution - gij test
FAIL: LargeFile -O3 execution - bytecode->native test
XPASS: pr13107_3 compilation from bytecode
XPASS: pr13107_3 -O3 compilation from bytecode
=== libjava Summary ===
# of expected passes 3687
# of unexpected failures 6
# of unexpected successes 2
# of expected failures 12
# of untested testcases 18
=== libmudflap tests ===
Running target unix
=== libmudflap Summary ===
# of expected passes 1244
=== libstdc++-v3 check-abi Summary ===
# of added symbols: 54
# of missing symbols: 7
# of incompatible symbols: 7
using: /home/cygnus/dnovillo/perf/sbox/tcb/local.i686/src/libstdc++-v3/config/abi/i486-linux-gnu/baseline_symbols.txt
=== libstdc++ tests ===
Running target unix
FAIL: 21_strings/basic_string/find/char/3.cc execution test
XPASS: 22_locale/locale/cons/12658_thread-1.cc execution test
FAIL: 23_containers/bitset/input/1.cc (test for excess errors)
WARNING: 23_containers/bitset/input/1.cc compilation failed to produce executable
FAIL: 23_containers/bitset/to_ulong/1.cc (test for excess errors)
WARNING: 23_containers/bitset/to_ulong/1.cc compilation failed to produce executable
XPASS: 26_numerics/cmath/c99_classification_macros_c.cc (test for excess errors)
FAIL: 27_io/basic_filebuf/open/char/3.cc (test for excess errors)
WARNING: 27_io/basic_filebuf/open/char/3.cc compilation failed to produce executable
FAIL: 27_io/basic_iostream/4.cc (test for excess errors)
WARNING: 27_io/basic_iostream/4.cc compilation failed to produce executable
FAIL: 27_io/basic_istream/ignore/char/6360.cc (test for excess errors)
WARNING: 27_io/basic_istream/ignore/char/6360.cc compilation failed to produce executable
FAIL: 27_io/basic_stringstream/str/char/2.cc (test for excess errors)
WARNING: 27_io/basic_stringstream/str/char/2.cc compilation failed to produce executable
=== libstdc++ Summary ===
# of expected passes 3160
# of unexpected failures 7
# of unexpected successes 2
# of expected failures 5
Compiler version: 4.1.0-tcb (merged 20041210)
Platform: i686-pc-linux-gnu
configure flags: --prefix=/home/cygnus/dnovillo/perf/sbox/tcb/local.i686/inst.toohappy --srcdir=/home/cygnus/dnovillo/perf/sbox/tcb/local.i686/src --disable-multilib --enable-mpfr --with-gmp=/home/cygnus/dnovillo/i686 --enable-languages=c,c++,f95,java,objc
More information about the Gcc-testresults
mailing list