Results for 4.0.0 20041221 (experimental) testsuite on sparc-sun-solaris2.9

Bradley J Lucier lucier@math.purdue.edu
Tue Dec 21 12:09:00 GMT 2004


LAST_UPDATED: Tue Dec 21 03:45:45 UTC 2004

Native configuration is sparc-sun-solaris2.9

		=== g++ tests ===


Running target unix/-m64
FAIL: g++.dg/debug/debug7.C  (test for errors, line 10)
FAIL: g++.dg/debug/debug7.C (test for excess errors)
FAIL: g++.dg/lookup/koenig1.C  (test for errors, line 11)
FAIL: g++.dg/lookup/koenig1.C  (test for errors, line 12)
FAIL: g++.dg/lookup/koenig1.C (test for excess errors)
FAIL: g++.dg/parse/undefined3.C  (test for errors, line 6)
FAIL: g++.dg/parse/undefined3.C (test for excess errors)
XPASS: g++.dg/tc1/dr101.C redeclaration through 'using' should not be ambiguous (test for bogus messages, line 28)
FAIL: g++.dg/tc1/dr101.C (test for excess errors)
XPASS: g++.dg/tc1/dr176.C  (test for bogus messages, line 25)
FAIL: g++.dg/template/crash25.C  (test for errors, line 3)
FAIL: g++.dg/template/crash25.C (test for excess errors)
FAIL: g++.dg/template/crash26.C  (test for errors, line 7)
FAIL: g++.dg/template/crash26.C  (test for errors, line 8)
FAIL: g++.dg/template/crash26.C (test for excess errors)
FAIL: g++.dg/template/error7.C  (test for errors, line 5)
FAIL: g++.dg/template/error7.C  (test for errors, line 6)
FAIL: g++.dg/template/error7.C (test for excess errors)
FAIL: g++.old-deja/g++.brendan/alignof.C  (test for errors, line 8)
FAIL: g++.old-deja/g++.brendan/alignof.C (test for excess errors)
FAIL: g++.old-deja/g++.brendan/crash61.C  (test for errors, line 5)
FAIL: g++.old-deja/g++.brendan/crash61.C (test for excess errors)
FAIL: g++.old-deja/g++.brendan/err-msg7.C  (test for errors, line 5)
FAIL: g++.old-deja/g++.brendan/err-msg7.C (test for excess errors)
FAIL: g++.old-deja/g++.brendan/line1.C  (test for errors, line 3)
FAIL: g++.old-deja/g++.brendan/line1.C  (test for errors, line 4)
FAIL: g++.old-deja/g++.brendan/line1.C (test for excess errors)
FAIL: g++.old-deja/g++.brendan/nest1.C  (test for errors, line 11)
FAIL: g++.old-deja/g++.brendan/nest1.C (test for excess errors)
FAIL: g++.old-deja/g++.brendan/ns1.C  (test for errors, line 17)
FAIL: g++.old-deja/g++.brendan/ns1.C (test for excess errors)
FAIL: g++.old-deja/g++.brendan/operators1.C  (test for errors, line 7)
FAIL: g++.old-deja/g++.brendan/operators1.C  (test for errors, line 13)
FAIL: g++.old-deja/g++.brendan/operators1.C (test for excess errors)
FAIL: g++.old-deja/g++.brendan/redecl3.C  (test for errors, line 13)
FAIL: g++.old-deja/g++.brendan/redecl3.C (test for excess errors)
FAIL: g++.old-deja/g++.brendan/scope1.C  (test for errors, line 7)
FAIL: g++.old-deja/g++.brendan/scope1.C (test for excess errors)
FAIL: g++.old-deja/g++.brendan/sizeof3.C  (test for errors, line 12)
FAIL: g++.old-deja/g++.brendan/sizeof3.C (test for excess errors)
FAIL: g++.old-deja/g++.bugs/900213_01.C  (test for errors, line 15)
FAIL: g++.old-deja/g++.bugs/900213_01.C  (test for errors, line 23)
FAIL: g++.old-deja/g++.bugs/900213_01.C (test for excess errors)
FAIL: g++.old-deja/g++.bugs/900213_02.C  (test for errors, line 19)
FAIL: g++.old-deja/g++.bugs/900213_02.C (test for excess errors)
FAIL: g++.old-deja/g++.bugs/900215_02.C  (test for errors, line 44)
FAIL: g++.old-deja/g++.bugs/900215_02.C  (test for errors, line 45)
FAIL: g++.old-deja/g++.bugs/900215_02.C (test for excess errors)
FAIL: g++.old-deja/g++.bugs/900404_07.C  (test for errors, line 17)
FAIL: g++.old-deja/g++.bugs/900404_07.C (test for excess errors)
FAIL: g++.old-deja/g++.jason/rvalue3.C  (test for errors, line 5)
FAIL: g++.old-deja/g++.jason/rvalue3.C (test for excess errors)
FAIL: g++.old-deja/g++.law/casts1.C  (test for errors, line 10)
FAIL: g++.old-deja/g++.law/casts1.C (test for excess errors)
FAIL: g++.old-deja/g++.mike/err1.C  (test for errors, line 5)
FAIL: g++.old-deja/g++.mike/err1.C  (test for errors, line 8)
FAIL: g++.old-deja/g++.mike/err1.C (test for excess errors)
WARNING: g++.old-deja/g++.mike/p10769a.C compilation failed to produce executable
FAIL: g++.old-deja/g++.mike/p2431.C  (test for errors, line 6)
FAIL: g++.old-deja/g++.mike/p2431.C  (test for errors, line 21)
FAIL: g++.old-deja/g++.mike/p2431.C (test for excess errors)
FAIL: g++.old-deja/g++.mike/p701.C  (test for errors, line 10)
FAIL: g++.old-deja/g++.mike/p701.C  (test for errors, line 27)
FAIL: g++.old-deja/g++.mike/p701.C (test for excess errors)
FAIL: g++.old-deja/g++.ns/bogus1.C  (test for errors, line 5)
FAIL: g++.old-deja/g++.ns/bogus1.C  (test for errors, line 9)
FAIL: g++.old-deja/g++.ns/bogus1.C (test for excess errors)
FAIL: g++.old-deja/g++.ns/ns10.C  (test for errors, line 10)
FAIL: g++.old-deja/g++.ns/ns10.C (test for excess errors)
FAIL: g++.old-deja/g++.ns/overload2.C  (test for errors, line 3)
FAIL: g++.old-deja/g++.ns/overload2.C  (test for errors, line 8)
FAIL: g++.old-deja/g++.ns/overload2.C  (test for errors, line 12)
FAIL: g++.old-deja/g++.ns/overload2.C (test for excess errors)
FAIL: g++.old-deja/g++.other/asm2.C  (test for errors, line 11)
FAIL: g++.old-deja/g++.other/asm2.C (test for excess errors)
FAIL: g++.old-deja/g++.other/conv5.C  (test for errors, line 8)
FAIL: g++.old-deja/g++.other/conv5.C (test for excess errors)
FAIL: g++.old-deja/g++.other/crash26.C  (test for errors, line 12)
FAIL: g++.old-deja/g++.other/crash26.C (test for excess errors)
FAIL: g++.old-deja/g++.other/crash35.C  (test for errors, line 6)
FAIL: g++.old-deja/g++.other/crash35.C (test for excess errors)
FAIL: g++.old-deja/g++.other/decl9.C  (test for errors, line 7)
FAIL: g++.old-deja/g++.other/decl9.C  (test for errors, line 10)
FAIL: g++.old-deja/g++.other/decl9.C (test for excess errors)
FAIL: g++.old-deja/g++.other/expr1.C  (test for errors, line 6)
FAIL: g++.old-deja/g++.other/expr1.C  (test for errors, line 10)
FAIL: g++.old-deja/g++.other/expr1.C (test for excess errors)
FAIL: g++.old-deja/g++.other/main2.C  (test for errors, line 4)
FAIL: g++.old-deja/g++.other/main2.C (test for excess errors)
FAIL: g++.old-deja/g++.other/nested1.C  (test for errors, line 18)
FAIL: g++.old-deja/g++.other/nested1.C (test for excess errors)
FAIL: g++.old-deja/g++.other/static5.C  (test for errors, line 12)
FAIL: g++.old-deja/g++.other/static5.C (test for excess errors)
FAIL: g++.old-deja/g++.other/typename1.C  (test for warnings, line 16)
FAIL: g++.old-deja/g++.other/typename1.C (test for excess errors)
FAIL: g++.old-deja/g++.other/union4.C  (test for errors, line 10)
FAIL: g++.old-deja/g++.other/union4.C  (test for errors, line 20)
FAIL: g++.old-deja/g++.other/union4.C (test for excess errors)
FAIL: g++.old-deja/g++.pt/decl2.C  (test for errors, line 7)
FAIL: g++.old-deja/g++.pt/decl2.C (test for excess errors)
FAIL: g++.old-deja/g++.pt/decl4.C  (test for errors, line 6)
FAIL: g++.old-deja/g++.pt/decl4.C (test for excess errors)
FAIL: g++.old-deja/g++.pt/explicit77.C  (test for errors, line 17)
FAIL: g++.old-deja/g++.pt/explicit77.C (test for excess errors)
FAIL: g++.old-deja/g++.pt/explicit9.C  (test for errors, line 7)
FAIL: g++.old-deja/g++.pt/explicit9.C (test for excess errors)
FAIL: g++.old-deja/g++.pt/expr2.C  (test for errors, line 11)
FAIL: g++.old-deja/g++.pt/expr2.C (test for excess errors)
FAIL: g++.old-deja/g++.pt/friend35.C  (test for errors, line 4)
FAIL: g++.old-deja/g++.pt/friend35.C (test for excess errors)
XPASS: g++.old-deja/g++.pt/inherit2.C  (test for bogus messages, line 28)
XPASS: g++.old-deja/g++.pt/inherit2.C  (test for bogus messages, line 53)
FAIL: g++.old-deja/g++.pt/inherit2.C (test for excess errors)
FAIL: g++.old-deja/g++.pt/spec38.C  (test for errors, line 11)
FAIL: g++.old-deja/g++.pt/spec38.C (test for excess errors)
FAIL: g++.old-deja/g++.pt/static10.C  (test for errors, line 14)
FAIL: g++.old-deja/g++.pt/static10.C (test for excess errors)
FAIL: g++.old-deja/g++.pt/t11.C  (test for errors, line 7)
FAIL: g++.old-deja/g++.pt/t11.C (test for excess errors)
FAIL: g++.old-deja/g++.robertl/eb103.C  (test for errors, line 7)
FAIL: g++.old-deja/g++.robertl/eb103.C (test for excess errors)

		=== g++ Summary for unix/-m64 ===

# of expected passes		10239
# of unexpected failures	116
# of unexpected successes	4
# of expected failures		67
# of unsupported tests		143

Running target unix
FAIL: g++.old-deja/g++.brendan/err-msg1.C  (test for errors, line 5)
FAIL: g++.old-deja/g++.brendan/err-msg1.C  (test for errors, line 6)
FAIL: g++.old-deja/g++.brendan/err-msg1.C (test for excess errors)
FAIL: g++.old-deja/g++.brendan/err-msg9.C  (test for errors, line 5)
FAIL: g++.old-deja/g++.brendan/err-msg9.C (test for excess errors)
FAIL: g++.old-deja/g++.brendan/redecl1.C  (test for errors, line 3)
FAIL: g++.old-deja/g++.brendan/redecl1.C  (test for errors, line 5)
FAIL: g++.old-deja/g++.brendan/redecl1.C (test for excess errors)
FAIL: g++.old-deja/g++.bugs/900210_07.C  (test for errors, line 17)
FAIL: g++.old-deja/g++.bugs/900210_07.C  (test for errors, line 18)
FAIL: g++.old-deja/g++.bugs/900210_07.C (test for excess errors)
FAIL: g++.old-deja/g++.bugs/900210_09.C  (test for errors, line 27)
FAIL: g++.old-deja/g++.bugs/900210_09.C  (test for errors, line 28)
FAIL: g++.old-deja/g++.bugs/900210_09.C (test for excess errors)
FAIL: g++.old-deja/g++.bugs/900407_01.C  (test for errors, line 34)
FAIL: g++.old-deja/g++.bugs/900407_01.C (test for excess errors)
FAIL: g++.old-deja/g++.bugs/900511_03.C  (test for errors, line 14)
FAIL: g++.old-deja/g++.bugs/900511_03.C  (test for errors, line 17)
FAIL: g++.old-deja/g++.bugs/900511_03.C (test for excess errors)
FAIL: g++.old-deja/g++.ext/anon2.C  (test for errors, line 11)
FAIL: g++.old-deja/g++.ext/anon2.C (test for excess errors)
FAIL: g++.old-deja/g++.gb/scope06.C  (test for errors, line 8)
FAIL: g++.old-deja/g++.gb/scope06.C (test for excess errors)
FAIL: g++.old-deja/g++.jason/access17.C  (test for errors, line 24)
FAIL: g++.old-deja/g++.jason/crash12.C  (test for errors, line 8)
FAIL: g++.old-deja/g++.jason/crash12.C (test for excess errors)
FAIL: g++.old-deja/g++.jason/crash6.C  (test for errors, line 8)
FAIL: g++.old-deja/g++.jason/crash6.C (test for excess errors)
FAIL: g++.old-deja/g++.jason/pmf2.C  (test for errors, line 12)
FAIL: g++.old-deja/g++.jason/pmf2.C (test for excess errors)
FAIL: g++.old-deja/g++.jason/pmf5.C  (test for warnings, line 18)
FAIL: g++.old-deja/g++.jason/pmf5.C (test for excess errors)
FAIL: g++.old-deja/g++.jason/ref6.C  (test for errors, line 3)
FAIL: g++.old-deja/g++.jason/ref6.C (test for excess errors)
FAIL: g++.old-deja/g++.law/arm6.C  (test for errors, line 15)
FAIL: g++.old-deja/g++.law/arm6.C  (test for errors, line 16)
FAIL: g++.old-deja/g++.law/arm6.C (test for excess errors)
FAIL: g++.old-deja/g++.law/operators21.C  (test for errors, line 8)
FAIL: g++.old-deja/g++.law/operators21.C  (test for errors, line 14)
FAIL: g++.old-deja/g++.law/operators21.C (test for excess errors)
FAIL: g++.old-deja/g++.law/union3.C  (test for errors, line 12)
FAIL: g++.old-deja/g++.law/union3.C (test for excess errors)
FAIL: g++.old-deja/g++.law/visibility18.C  (test for errors, line 10)
FAIL: g++.old-deja/g++.law/visibility18.C  (test for errors, line 18)
FAIL: g++.old-deja/g++.law/visibility18.C (test for excess errors)
WARNING: g++.old-deja/g++.mike/p10769a.C compilation failed to produce executable
FAIL: g++.old-deja/g++.mike/p8039.C  (test for errors, line 14)
FAIL: g++.old-deja/g++.mike/p8039.C (test for excess errors)
FAIL: g++.old-deja/g++.mike/warn4.C  (test for errors, line 2)
FAIL: g++.old-deja/g++.mike/warn4.C (test for excess errors)
FAIL: g++.old-deja/g++.ns/overload5.C  (test for errors, line 9)
FAIL: g++.old-deja/g++.ns/overload5.C (test for excess errors)
FAIL: g++.old-deja/g++.ns/using12.C  (test for errors, line 9)
FAIL: g++.old-deja/g++.ns/using12.C  (test for errors, line 12)
FAIL: g++.old-deja/g++.oliva/nameret2.C  (test for errors, line 10)
FAIL: g++.old-deja/g++.oliva/nameret2.C (test for excess errors)
FAIL: g++.old-deja/g++.oliva/template4.C  (test for errors, line 14)
FAIL: g++.old-deja/g++.oliva/template4.C (test for excess errors)
FAIL: g++.old-deja/g++.other/crash29.C  (test for errors, line 12)
FAIL: g++.old-deja/g++.other/crash29.C (test for excess errors)
FAIL: g++.old-deja/g++.other/decl9.C  (test for errors, line 7)
FAIL: g++.old-deja/g++.other/decl9.C  (test for errors, line 10)
FAIL: g++.old-deja/g++.other/decl9.C (test for excess errors)
FAIL: g++.old-deja/g++.other/ptrmem1.C  (test for errors, line 12)
FAIL: g++.old-deja/g++.other/ptrmem1.C (test for excess errors)
FAIL: g++.old-deja/g++.pt/cast2.C  (test for errors, line 18)
FAIL: g++.old-deja/g++.pt/cast2.C (test for excess errors)
FAIL: g++.old-deja/g++.pt/crash1.C  (test for errors, line 10)
FAIL: g++.old-deja/g++.pt/crash1.C (test for excess errors)
FAIL: g++.old-deja/g++.pt/crash63.C  (test for errors, line 9)
FAIL: g++.old-deja/g++.pt/crash63.C (test for excess errors)
FAIL: g++.old-deja/g++.pt/friend11.C  (test for errors, line 12)
FAIL: g++.old-deja/g++.pt/friend11.C  (test for errors, line 24)
FAIL: g++.old-deja/g++.pt/friend11.C (test for excess errors)
FAIL: g++.old-deja/g++.pt/friend36.C  (test for errors, line 4)
FAIL: g++.old-deja/g++.pt/friend36.C  (test for errors, line 9)
FAIL: g++.old-deja/g++.pt/friend36.C (test for excess errors)
FAIL: g++.old-deja/g++.pt/ttp10.C  (test for errors, line 16)
FAIL: g++.old-deja/g++.pt/ttp10.C  (test for errors, line 23)
FAIL: g++.old-deja/g++.pt/ttp10.C (test for excess errors)
FAIL: g++.old-deja/g++.pt/unify6.C  (test for errors, line 26)
FAIL: g++.old-deja/g++.pt/unify6.C  (test for errors, line 27)
FAIL: g++.old-deja/g++.pt/unify6.C (test for excess errors)
FAIL: g++.old-deja/g++.robertl/eb99.C  (test for errors, line 134)
FAIL: g++.old-deja/g++.robertl/eb99.C (test for excess errors)

		=== g++ Summary for unix ===

# of expected passes		10303
# of unexpected failures	84
# of expected failures		71
# of unsupported tests		141

		=== g++ Summary ===

# of expected passes		20542
# of unexpected failures	200
# of unexpected successes	4
# of expected failures		138
# of unsupported tests		284
/export/users/lucier/programs/gcc/mainline/objdir2/gcc/testsuite/../g++  version 4.0.0 20041221 (experimental)

		=== gcc tests ===


Running target unix/-m64
FAIL: gcc.c-torture/execute/20010605-2.c execution,  -O2 
FAIL: gcc.c-torture/execute/20010605-2.c execution,  -Os 
FAIL: gcc.dg/debug/dwarf2/dwarf-die7.c scan-assembler 1.*DW_AT_inline
FAIL: gcc.dg/debug/dwarf2/dwarf-die7.c scan-assembler 1.*DW_AT_inline
FAIL: gcc.dg/pr18596-1.c (test for excess errors)

		=== gcc Summary for unix/-m64 ===

# of expected passes		33078
# of unexpected failures	5
# of expected failures		104
# of untested testcases		28
# of unsupported tests		497

Running target unix
FAIL: gcc.dg/debug/dwarf2/dwarf-die7.c scan-assembler 1.*DW_AT_inline
FAIL: gcc.dg/debug/dwarf2/dwarf-die7.c scan-assembler 1.*DW_AT_inline
FAIL: gcc.dg/pr18596-1.c (test for excess errors)

		=== gcc Summary for unix ===

# of expected passes		33084
# of unexpected failures	3
# of expected failures		104
# of untested testcases		28
# of unsupported tests		496

		=== gcc Summary ===

# of expected passes		66162
# of unexpected failures	8
# of expected failures		208
# of untested testcases		56
# of unsupported tests		993
/export/users/lucier/programs/gcc/mainline/objdir2/gcc/xgcc  version 4.0.0 20041221 (experimental)

		=== objc tests ===


Running target unix/-m64
FAIL: objc.dg/stabs-1.m scan-assembler .text\\n\\t.stabs.*100,0,0,(\\\\.)?Letext[0-9]*\\n(\\\\.)?Letext

		=== objc Summary for unix/-m64 ===

# of expected passes		1524
# of unexpected failures	1
# of unsupported tests		10

Running target unix
FAIL: objc.dg/stabs-1.m scan-assembler .text\\n\\t.stabs.*100,0,0,(\\\\.)?Letext[0-9]*\\n(\\\\.)?Letext

		=== objc Summary for unix ===

# of expected passes		1524
# of unexpected failures	1
# of unsupported tests		10

		=== objc Summary ===

# of expected passes		3048
# of unexpected failures	2
# of unsupported tests		20
/export/users/lucier/programs/gcc/mainline/objdir2/gcc/xgcc  version 4.0.0 20041221 (experimental)

		=== libffi tests ===


Running target unix/-m64

		=== libffi Summary for unix/-m64 ===

# of expected passes		216
# of unsupported tests		2

Running target unix

		=== libffi Summary for unix ===

# of expected passes		216
# of unsupported tests		2

		=== libffi Summary ===

# of expected passes		432
# of unsupported tests		4
		=== libjava tests ===


Running target unix/-m64
ERROR: tcl error sourcing /homes/lucier/programs/gcc/mainline/libjava/testsuite/libjava.compile/compile.exp.
ERROR: can't read "x": no such variable
FAIL: /homes/lucier/programs/gcc/mainline/libjava/testsuite/libjava.jar/simple.jar execution - gij test
FAIL: PR15133 execution - gij test
FAIL: calls execution - gij test
FAIL: cxxtest execution - gij test
FAIL: field execution - gij test
FAIL: final_method execution - gij test
FAIL: findclass execution - gij test
FAIL: iface execution - gij test
FAIL: invoke execution - gij test
FAIL: jniutf execution - gij test
FAIL: martin execution - gij test
FAIL: noclass execution - gij test
FAIL: overload execution - gij test
FAIL: pr11951 execution - gij test
FAIL: register execution - gij test
FAIL: simple_int execution - gij test
FAIL: throwit execution - gij test
FAIL: virtual execution - gij test
ERROR: No \`main' given in program ArrayStore
UNRESOLVED: ArrayStore -O3 compilation from source
FAIL: ArrayStore execution - gij test
FAIL: ArrayStore2 execution - gij test
ERROR: No \`main' given in program ArrayStore2
UNRESOLVED: Array_1 compilation from source
FAIL: Array_1 execution - gij test
FAIL: Array_1 execution - gij test
FAIL: Array_2 execution - gij test
FAIL: Array_2 compilation from bytecode
FAIL: Array_2 execution - gij test
FAIL: Array_3 execution - gij test
FAIL: Array_3 execution - gij test
FAIL: Class_1 execution - gij test
FAIL: Class_1 execution - gij test
FAIL: CompareNaN execution - gij test
FAIL: CompareNaN execution - gij test
FAIL: Divide_1 execution - gij test
FAIL: Divide_1 execution - gij test
FAIL: EvaluationOrder execution - gij test
FAIL: EvaluationOrder execution - gij test
FAIL: FileHandleGcTest execution - source compiled test
FAIL: FileHandleGcTest execution - gij test
FAIL: FileHandleGcTest execution - bytecode->native test
FAIL: FileHandleGcTest -O3 execution - source compiled test
FAIL: FileHandleGcTest execution - gij test
FAIL: FileHandleGcTest -O3 execution - bytecode->native test
FAIL: Final execution - gij test
FAIL: Final execution - gij test
FAIL: Final -O3 compilation from bytecode
FAIL: Float_1 execution - gij test
ERROR: No \`main' given in program Float_1
UNRESOLVED: G19990301_01 compilation from source
ERROR: No \`main' given in program G19990301_01
UNRESOLVED: G19990301_01 -O3 compilation from source
FAIL: G19990301_01 execution - gij test
FAIL: G19990301_01 -O3 compilation from bytecode
FAIL: G19990302_02 execution - gij test
ERROR: No \`main' given in program G19990302_02
UNRESOLVED: G19990303_01 compilation from source
FAIL: G19990303_01 execution - gij test
ERROR: No \`main' given in program G19990303_01
UNRESOLVED: G19990303_02 compilation from source
FAIL: G19990303_02 execution - gij test
FAIL: G19990303_02 execution - gij test
FAIL: G19990303_02 -O3 compilation from bytecode
FAIL: G19990304_01 execution - gij test
FAIL: G19990304_01 execution - gij test
FAIL: G19990310_01 execution - gij test
FAIL: G19990310_01 execution - gij test
FAIL: G19990310_01 -O3 compilation from bytecode
FAIL: II execution - gij test
FAIL: II compilation from bytecode
FAIL: II execution - gij test
FAIL: InterfaceDispatch execution - gij test
FAIL: InterfaceDispatch execution - gij test
FAIL: InvokeInterface execution - gij test
FAIL: InvokeInterface execution - gij test
FAIL: InvokeReturn execution - gij test
FAIL: InvokeReturn execution - gij test
FAIL: Invoke_1 execution - gij test
FAIL: Invoke_1 execution - gij test
FAIL: Invoke_1 -O3 compilation from bytecode
ERROR: No \`main' given in program Invoke_2
UNRESOLVED: Invoke_2 -O3 compilation from source
FAIL: Invoke_2 execution - gij test
FAIL: KeepInline execution - gij test
FAIL: KeepInline compilation from bytecode
FAIL: KeepInline execution - gij test
FAIL: LargeFile execution - gij test
FAIL: LargeFile execution - gij test
FAIL: MathBuiltin execution - gij test
FAIL: MathBuiltin execution - gij test
FAIL: Matrix4f execution - gij test
FAIL: Matrix4f execution - gij test
FAIL: N19990310_02 execution - gij test
FAIL: N19990310_02 execution - gij test
FAIL: N19990310_3 execution - gij test
FAIL: N19990310_3 execution - gij test
FAIL: N19990310_4 execution - gij test
FAIL: N19990310_4 execution - gij test
FAIL: N19990310_5 execution - gij test
FAIL: N19990310_5 execution - gij test
FAIL: Overflow execution - gij test
FAIL: Overflow execution - gij test
FAIL: PR12350 execution - gij test
FAIL: PR12350 execution - gij test
FAIL: PR12416 execution - gij test
FAIL: PR12416 compilation from bytecode
FAIL: PR12416 execution - gij test
FAIL: PR12656 execution - gij test
FAIL: PR12656 execution - gij test
ERROR: No \`main' given in program PR12915
UNRESOLVED: PR12915 -O3 compilation from source
FAIL: PR12915 execution - gij test
FAIL: PR141 execution - gij test
FAIL: PR141 execution - gij test
FAIL: PR160 execution - gij test
FAIL: PR160 execution - gij test
FAIL: PR162 execution - gij test
FAIL: PR162 execution - gij test
FAIL: PR16867 execution - gij test
FAIL: PR16867 execution - gij test
FAIL: PR18699 execution - gij test
FAIL: PR18699 execution - gij test
FAIL: PR218 execution - gij test
FAIL: PR218 execution - gij test
FAIL: PR242 execution - gij test
FAIL: PR242 compilation from bytecode
FAIL: PR242 execution - gij test
FAIL: PR260 execution - gij test
FAIL: PR260 execution - gij test
FAIL: PR3096 execution - gij test
ERROR: No \`main' given in program PR3096
UNRESOLVED: PR3731 compilation from source
FAIL: PR3731 execution - gij test
FAIL: PR3731 execution - gij test
ERROR: No \`main' given in program PR5057
UNRESOLVED: PR5057 -O3 compilation from source
FAIL: PR5057 execution - gij test
FAIL: PR5057_2 execution - gij test
FAIL: PR5057_2 compilation from bytecode
FAIL: PR5057_2 execution - gij test
FAIL: PR55 execution - gij test
FAIL: PR55 execution - gij test
FAIL: PR56 execution - gij test
ERROR: No \`main' given in program PR56
UNRESOLVED: PR6085 compilation from source
FAIL: PR6085 execution - gij test
FAIL: PR6085 execution - gij test
FAIL: PR6204 execution - gij test
FAIL: PR6204 execution - gij test
FAIL: PR6729 execution - gij test
FAIL: PR6729 execution - gij test
FAIL: PR6820 execution - gij test
FAIL: PR6820 execution - gij test
FAIL: PR6820 -O3 compilation from bytecode
ERROR: No \`main' given in program PR7482
UNRESOLVED: PR7482 -O3 compilation from source
FAIL: PR7482 execution - gij test
WARNING: program timed out.
FAIL: Process_1 execution - source compiled test
FAIL: Process_1 execution - gij test
WARNING: program timed out.
FAIL: Process_1 execution - bytecode->native test
WARNING: program timed out.
FAIL: Process_1 -O3 execution - source compiled test
FAIL: Process_1 execution - gij test
WARNING: program timed out.
FAIL: Process_1 -O3 execution - bytecode->native test
WARNING: program timed out.
FAIL: Process_2 execution - source compiled test
FAIL: Process_2 execution - gij test
WARNING: program timed out.
FAIL: Process_2 execution - bytecode->native test
WARNING: program timed out.
FAIL: Process_2 -O3 execution - source compiled test
FAIL: Process_2 execution - gij test
WARNING: program timed out.
FAIL: Process_2 -O3 execution - bytecode->native test
WARNING: program timed out.
FAIL: Process_3 execution - source compiled test
FAIL: Process_3 execution - gij test
WARNING: program timed out.
FAIL: Process_3 execution - bytecode->native test
WARNING: program timed out.
FAIL: Process_3 -O3 execution - source compiled test
FAIL: Process_3 execution - gij test
WARNING: program timed out.
FAIL: Process_3 -O3 execution - bytecode->native test
WARNING: program timed out.
FAIL: Process_4 execution - source compiled test
ERROR: No \`main' given in program Process_4
UNRESOLVED: Process_4 -O3 compilation from source
FAIL: Process_4 -O3 output - source compiled test
FAIL: Process_4 execution - gij test
WARNING: program timed out.
FAIL: Process_4 -O3 execution - bytecode->native test
WARNING: program timed out.
FAIL: Process_5 execution - source compiled test
FAIL: Process_5 execution - gij test
WARNING: program timed out.
FAIL: Process_5 execution - bytecode->native test
WARNING: program timed out.
FAIL: Process_5 -O3 execution - source compiled test
FAIL: Process_5 execution - gij test
WARNING: program timed out.
FAIL: Process_5 -O3 execution - bytecode->native test
FAIL: Process_6 execution - gij test
FAIL: Process_6 execution - gij test
FAIL: Serialization execution - gij test
FAIL: Serialization execution - gij test
FAIL: Shazam execution - gij test
FAIL: Shazam execution - gij test
FAIL: StaticConstructor execution - gij test
FAIL: StaticConstructor execution - gij test
ERROR: No \`main' given in program StringBuffer_1
UNRESOLVED: StringBuffer_1 -O3 compilation from source
FAIL: StringBuffer_1 execution - gij test
FAIL: StringBuffer_overflow execution - gij test
FAIL: StringBuffer_overflow execution - gij test
FAIL: String_overflow execution - gij test
FAIL: String_overflow execution - gij test
FAIL: SyncGlobal execution - gij test
FAIL: SyncGlobal execution - gij test
FAIL: SyncGlobal -O3 compilation from bytecode
FAIL: SyncTest execution - gij test
ERROR: No \`main' given in program SyncTest
UNRESOLVED: Synch compilation from source
FAIL: Synch execution - gij test
FAIL: Synch execution - gij test
FAIL: TLtest execution - gij test
FAIL: TLtest execution - gij test
FAIL: TestProxy execution - gij test
FAIL: TestProxy execution - gij test
ERROR: No \`main' given in program Thread_Alive
UNRESOLVED: Thread_Alive -O3 compilation from source
FAIL: Thread_Alive execution - gij test
FAIL: Thread_HoldsLock execution - source compiled test
FAIL: Thread_HoldsLock execution - gij test
FAIL: Thread_HoldsLock execution - bytecode->native test
FAIL: Thread_HoldsLock -O3 execution - source compiled test
FAIL: Thread_HoldsLock execution - gij test
FAIL: Thread_HoldsLock -O3 execution - bytecode->native test
ERROR: No \`main' given in program Thread_Interrupt
UNRESOLVED: Thread_Interrupt -O3 compilation from source
FAIL: Thread_Interrupt execution - gij test
FAIL: Thread_Join execution - gij test
FAIL: Thread_Join execution - gij test
FAIL: Thread_Monitor execution - gij test
FAIL: Thread_Monitor execution - gij test
FAIL: Thread_Sleep execution - gij test
FAIL: Thread_Sleep compilation from bytecode
FAIL: Thread_Sleep execution - gij test
FAIL: Thread_Wait execution - gij test
FAIL: Thread_Wait execution - gij test
FAIL: Thread_Wait_2 execution - gij test
FAIL: Thread_Wait_2 execution - gij test
FAIL: Thread_Wait_Interrupt execution - gij test
FAIL: Thread_Wait_Interrupt execution - gij test
FAIL: Throw_1 execution - gij test
FAIL: Throw_1 execution - gij test
FAIL: Throw_2 execution - gij test
FAIL: Throw_2 compilation from bytecode
FAIL: Throw_2 execution - gij test
FAIL: anfi execution - gij test
FAIL: anfi execution - gij test
FAIL: anon execution - gij test
FAIL: anon execution - gij test
FAIL: anon2 execution - gij test
FAIL: anon2 execution - gij test
FAIL: anon3 execution - gij test
ERROR: No \`main' given in program anon3
UNRESOLVED: anon4 compilation from source
FAIL: anon4 execution - gij test
FAIL: anon4 execution - gij test
FAIL: anon_ctor_itf_arg execution - gij test
FAIL: anon_ctor_itf_arg execution - gij test
ERROR: No \`main' given in program anonarray
UNRESOLVED: anonarray -O3 compilation from source
FAIL: anonarray execution - gij test
FAIL: anonarray2 execution - gij test
ERROR: No \`main' given in program anonarray2
UNRESOLVED: anonarray3 compilation from source
FAIL: anonarray3 execution - gij test
FAIL: anonarray3 execution - gij test
FAIL: assign execution - gij test
FAIL: assign execution - gij test
FAIL: assign2 execution - gij test
FAIL: assign2 execution - gij test
FAIL: direct_read execution - gij test
FAIL: direct_read execution - gij test
FAIL: direct_write execution - gij test
FAIL: direct_write execution - gij test
FAIL: direct_write -O3 compilation from bytecode
FAIL: emptystring execution - gij test
FAIL: emptystring compilation from bytecode
FAIL: emptystring execution - gij test
FAIL: err1 execution - gij test
FAIL: err1 execution - gij test
ERROR: No \`main' given in program err10
UNRESOLVED: err10 -O3 compilation from source
FAIL: err10 execution - gij test
FAIL: err10 -O3 compilation from bytecode
FAIL: err11 execution - gij test
FAIL: err11 execution - gij test
FAIL: err11 -O3 compilation from bytecode
FAIL: err12 execution - gij test
FAIL: err12 execution - gij test
FAIL: err13 execution - gij test
FAIL: err13 execution - gij test
ERROR: No \`main' given in program err14
UNRESOLVED: err14 -O3 compilation from source
FAIL: err14 execution - gij test
FAIL: err2 execution - gij test
FAIL: err2 compilation from bytecode
FAIL: err2 execution - gij test
FAIL: err3 execution - gij test
FAIL: err3 execution - gij test
FAIL: err4 execution - gij test
FAIL: err4 execution - gij test
FAIL: err5 execution - gij test
FAIL: err5 compilation from bytecode
FAIL: err5 execution - gij test
FAIL: err6 execution - gij test
FAIL: err6 execution - gij test
FAIL: err7 execution - gij test
FAIL: err7 execution - gij test
FAIL: err8 execution - gij test
FAIL: err8 compilation from bytecode
FAIL: err8 execution - gij test
FAIL: err9 execution - gij test
FAIL: err9 execution - gij test
FAIL: final_inner execution - gij test
ERROR: No \`main' given in program final_inner
UNRESOLVED: final_int compilation from source
FAIL: final_int execution - gij test
FAIL: final_int execution - gij test
FAIL: final_static_and_friend execution - gij test
FAIL: final_static_and_friend execution - gij test
FAIL: indirect execution - gij test
FAIL: indirect compilation from bytecode
FAIL: indirect execution - gij test
FAIL: indirect_read execution - gij test
FAIL: indirect_read execution - gij test
FAIL: indirect_write execution - gij test
FAIL: indirect_write execution - gij test
FAIL: initexc execution - gij test
FAIL: initexc execution - gij test
FAIL: initfield execution - gij test
ERROR: No \`main' given in program initfield
UNRESOLVED: inline compilation from source
FAIL: inline execution - gij test
FAIL: inline execution - gij test
FAIL: inner1 execution - gij test
FAIL: inner1 execution - gij test
FAIL: inner2 execution - gij test
FAIL: inner2 execution - gij test
FAIL: inner2 -O3 compilation from bytecode
FAIL: inner3 execution - gij test
FAIL: inner3 execution - gij test
FAIL: inner3 -O3 compilation from bytecode
FAIL: inner4 execution - gij test
FAIL: inner4 execution - gij test
FAIL: inner_array execution - gij test
FAIL: inner_array execution - gij test
FAIL: inner_interface execution - gij test
FAIL: inner_interface execution - gij test
FAIL: instance execution - gij test
FAIL: instance execution - gij test
FAIL: instinit execution - gij test
FAIL: instinit execution - gij test
FAIL: instinit2 execution - gij test
FAIL: instinit2 execution - gij test
FAIL: instinit2 -O3 compilation from bytecode
FAIL: invoke_from_inner execution - gij test
FAIL: invoke_from_inner execution - gij test
FAIL: invokethrow execution - gij test
FAIL: invokethrow execution - gij test
ERROR: No \`main' given in program klass
UNRESOLVED: klass -O3 compilation from source
FAIL: klass execution - gij test
FAIL: md5test execution - gij test
FAIL: md5test compilation from bytecode
ERROR: No \`main' given in program md5test
UNRESOLVED: multiple_finit compilation from source
FAIL: multiple_finit execution - gij test
FAIL: multiple_finit execution - gij test
FAIL: negzero execution - gij test
FAIL: negzero execution - gij test
FAIL: nested_with_ctor execution - gij test
FAIL: nested_with_ctor execution - gij test
FAIL: newarray_overflow execution - gij test
FAIL: newarray_overflow execution - gij test
FAIL: override execution - gij test
FAIL: override execution - gij test
ERROR: No \`main' given in program pr109
UNRESOLVED: pr109 -O3 compilation from source
FAIL: pr109 execution - gij test
FAIL: pr13107 execution - gij test
FAIL: pr13107 execution - gij test
FAIL: pr13107_2 execution - gij test
FAIL: pr13107_2 execution - gij test
FAIL: pr13107_3 execution - gij test
XPASS: pr13107_3 compilation from bytecode
FAIL: pr13107_3 execution - gij test
XPASS: pr13107_3 -O3 compilation from bytecode
FAIL: pr133 execution - gij test
FAIL: pr133 execution - gij test
FAIL: pr16789 execution - source compiled test
FAIL: pr16789 execution - gij test
FAIL: pr16789 execution - bytecode->native test
FAIL: pr16789 -O3 execution - source compiled test
FAIL: pr16789 execution - gij test
FAIL: pr16789 -O3 execution - bytecode->native test
FAIL: pr179 execution - gij test
FAIL: pr179 execution - gij test
FAIL: pr184 execution - gij test
FAIL: pr184 execution - gij test
FAIL: pr184 -O3 compilation from bytecode
FAIL: pr6388 execution - gij test
FAIL: pr6388 compilation from bytecode
FAIL: pr6388 execution - gij test
FAIL: pr83 execution - gij test
ERROR: No \`main' given in program pr83
UNRESOLVED: pr8415 compilation from source
FAIL: pr8415 execution - gij test
FAIL: pr8415 execution - gij test
FAIL: pr8676 execution - gij test
FAIL: pr8676 execution - gij test
FAIL: pr8823 execution - gij test
FAIL: pr8823 execution - gij test
FAIL: pr8945 execution - gij test
FAIL: pr8945 execution - gij test
ERROR: No \`main' given in program private_direct_read
UNRESOLVED: private_direct_read -O3 compilation from source
FAIL: private_direct_read execution - gij test
FAIL: search_outer execution - gij test
FAIL: search_outer compilation from bytecode
FAIL: search_outer execution - gij test
FAIL: shatest execution - gij test
FAIL: shatest compilation from bytecode
FAIL: shatest execution - gij test
FAIL: stringconst execution - gij test
FAIL: stringconst compilation from bytecode
ERROR: No \`main' given in program stringconst
UNRESOLVED: stringconst2 compilation from source
FAIL: stringconst2 execution - gij test
FAIL: stringconst2 execution - gij test
FAIL: stub execution - gij test
FAIL: stub execution - gij test
FAIL: test_long execution - gij test
FAIL: test_long execution - gij test
FAIL: tmi execution - gij test
FAIL: tmi execution - gij test
FAIL: tp execution - gij test
FAIL: tp execution - gij test
FAIL: update_outer execution - gij test
FAIL: update_outer execution - gij test
FAIL: utf8concat execution - gij test
FAIL: utf8concat execution - gij test
FAIL: utilTest execution - gij test
FAIL: utilTest execution - gij test
FAIL: verify execution - gij test
FAIL: verify execution - gij test

		=== libjava Summary for unix/-m64 ===

# of expected passes		2188
# of unexpected failures	383
# of unexpected successes	2
# of expected failures		7
# of unresolved testcases	30
# of untested testcases		418

Running target unix
ERROR: tcl error sourcing /homes/lucier/programs/gcc/mainline/libjava/testsuite/libjava.compile/compile.exp.
ERROR: can't read "x": no such variable
FAIL: ArrayStore2 -O3 compilation from bytecode
FAIL: Array_1 compilation from bytecode
FAIL: Array_3 execution - gij test
FAIL: Array_3 execution - gij test
FAIL: Class_1 -O3 compilation from bytecode
FAIL: FileHandleGcTest execution - source compiled test
FAIL: FileHandleGcTest execution - gij test
FAIL: FileHandleGcTest execution - bytecode->native test
FAIL: FileHandleGcTest -O3 execution - source compiled test
FAIL: FileHandleGcTest execution - gij test
FAIL: FileHandleGcTest -O3 execution - bytecode->native test
FAIL: Float_1 compilation from bytecode
ERROR: No \`main' given in program G19990302_02
UNRESOLVED: G19990302_02 -O3 compilation from source
ERROR: No \`main' given in program G19990303_01
UNRESOLVED: G19990303_02 compilation from source
ERROR: No \`main' given in program G19990304_01
UNRESOLVED: G19990304_01 -O3 compilation from source
FAIL: G19990304_01 -O3 compilation from bytecode
FAIL: InvokeInterface compilation from bytecode
ERROR: No \`main' given in program MathBuiltin
UNRESOLVED: MathBuiltin -O3 compilation from source
ERROR: No \`main' given in program PR12350
UNRESOLVED: PR12350 -O3 compilation from source
FAIL: PR18699 -O3 compilation from bytecode
ERROR: No \`main' given in program PR218
UNRESOLVED: PR242 compilation from source
ERROR: No \`main' given in program PR5057_2
UNRESOLVED: PR55 compilation from source
FAIL: PR55 compilation from bytecode
ERROR: No \`main' given in program PR55
UNRESOLVED: PR56 compilation from source
ERROR: No \`main' given in program PR56
UNRESOLVED: PR6085 compilation from source
ERROR: No \`main' given in program PR6729
UNRESOLVED: PR6729 -O3 compilation from source
FAIL: PR6729 -O3 compilation from bytecode
WARNING: program timed out.
FAIL: Process_1 execution - source compiled test
WARNING: program timed out.
FAIL: Process_1 execution - gij test
WARNING: program timed out.
FAIL: Process_1 execution - bytecode->native test
WARNING: program timed out.
FAIL: Process_1 -O3 execution - source compiled test
WARNING: program timed out.
FAIL: Process_1 execution - gij test
FAIL: Process_1 -O3 compilation from bytecode
WARNING: program timed out.
FAIL: Process_2 execution - source compiled test
WARNING: program timed out.
FAIL: Process_2 execution - gij test
WARNING: program timed out.
FAIL: Process_2 execution - bytecode->native test
WARNING: program timed out.
FAIL: Process_2 -O3 execution - source compiled test
WARNING: program timed out.
FAIL: Process_2 execution - gij test
WARNING: program timed out.
FAIL: Process_2 -O3 execution - bytecode->native test
WARNING: program timed out.
FAIL: Process_3 execution - source compiled test
WARNING: program timed out.
FAIL: Process_3 execution - gij test
WARNING: program timed out.
FAIL: Process_3 execution - bytecode->native test
WARNING: program timed out.
FAIL: Process_3 -O3 execution - source compiled test
WARNING: program timed out.
FAIL: Process_3 execution - gij test
WARNING: program timed out.
FAIL: Process_3 -O3 execution - bytecode->native test
WARNING: program timed out.
FAIL: Process_4 execution - source compiled test
WARNING: program timed out.
FAIL: Process_4 execution - gij test
WARNING: program timed out.
FAIL: Process_4 execution - bytecode->native test
WARNING: program timed out.
FAIL: Process_4 -O3 execution - source compiled test
WARNING: program timed out.
FAIL: Process_4 execution - gij test
WARNING: program timed out.
FAIL: Process_4 -O3 execution - bytecode->native test
WARNING: program timed out.
FAIL: Process_5 execution - source compiled test
WARNING: program timed out.
FAIL: Process_5 execution - gij test
WARNING: program timed out.
FAIL: Process_5 execution - bytecode->native test
WARNING: program timed out.
FAIL: Process_5 -O3 execution - source compiled test
WARNING: program timed out.
FAIL: Process_5 execution - gij test
WARNING: program timed out.
FAIL: Process_5 -O3 execution - bytecode->native test
FAIL: TLtest execution - gij test
FAIL: Thread_HoldsLock execution - source compiled test
FAIL: Thread_HoldsLock execution - gij test
FAIL: Thread_HoldsLock execution - bytecode->native test
FAIL: Thread_HoldsLock -O3 execution - source compiled test
FAIL: Thread_HoldsLock execution - gij test
FAIL: Thread_HoldsLock -O3 execution - bytecode->native test
XPASS: pr13107_3 compilation from bytecode
XPASS: pr13107_3 -O3 compilation from bytecode
FAIL: pr16789 execution - source compiled test
FAIL: pr16789 execution - gij test
FAIL: pr16789 execution - bytecode->native test
FAIL: pr16789 -O3 execution - source compiled test
FAIL: pr16789 execution - gij test
FAIL: pr16789 -O3 execution - bytecode->native test

		=== libjava Summary for unix ===

# of expected passes		2944
# of unexpected failures	60
# of unexpected successes	2
# of expected failures		8
# of unresolved testcases	10
# of untested testcases		74

		=== libjava Summary ===

# of expected passes		5132
# of unexpected failures	443
# of unexpected successes	4
# of expected failures		15
# of unresolved testcases	40
# of untested testcases		492
		=== libstdc++ tests ===


Running target unix/-m64
FAIL: 22_locale/locale/cons/12658_thread-1.cc execution test
FAIL: 22_locale/num_put/put/char/14220.cc execution test
FAIL: 26_numerics/complex/13450.cc (test for excess errors)
WARNING: 26_numerics/complex/13450.cc compilation failed to produce executable
FAIL: 26_numerics/complex/complex_value.cc (test for excess errors)
WARNING: 26_numerics/complex/complex_value.cc compilation failed to produce executable
FAIL: 26_numerics/complex/pow.cc (test for excess errors)
WARNING: 26_numerics/complex/pow.cc compilation failed to produce executable
WARNING: program timed out.
FAIL: thread/pthread7-rope.cc execution test

		=== libstdc++ Summary for unix/-m64 ===

# of expected passes		3308
# of unexpected failures	6
# of expected failures		7

Running target unix
FAIL: 26_numerics/complex/13450.cc (test for excess errors)
WARNING: 26_numerics/complex/13450.cc compilation failed to produce executable
FAIL: 26_numerics/complex/complex_value.cc (test for excess errors)
WARNING: 26_numerics/complex/complex_value.cc compilation failed to produce executable
FAIL: 26_numerics/complex/pow.cc (test for excess errors)
WARNING: 26_numerics/complex/pow.cc compilation failed to produce executable

		=== libstdc++ Summary for unix ===

# of expected passes		3311
# of unexpected failures	3
# of expected failures		7

		=== libstdc++ Summary ===

# of expected passes		6619
# of unexpected failures	9
# of expected failures		14

Compiler version: 4.0.0 20041221 (experimental) 
Platform: sparc-sun-solaris2.9
configure flags: --prefix=/export/users/lucier/local/gcc-mainline --enable-languages=c,c++,java,objc
BOOT_CFLAGS=-g -O2
Counting all warnings,
there are 23 warnings in stage3 of this bootstrap.

Number of warnings per file:
      8	gcc/unwind-dw2.c
      6	/pkgs/gnu/share/bison.simple
      4	gcc/config/sparc/sparc.md
      2	gcc/objc/lang-specs.h
      2	gcc/gcc.c
      1	gcc/java/jvspec.c

Number of warning types:
      4	old-style function definition
      4	missing braces around initializer
      4	(near initialization for 'once_regsizes.__pthread_once_pad')
      2	source missing a mode?
      2	comparison between signed and unsigned
      1	string length '844' is greater than the length '509' ISO C89 compilers are required to support
      1	string length '834' is greater than the length '509' ISO C89 compilers are required to support
      1	string length '783' is greater than the length '509' ISO C89 compilers are required to support
      1	string length '608' is greater than the length '509' ISO C89 compilers are required to support
      1	string length '603' is greater than the length '509' ISO C89 compilers are required to support
      1	operand 2 missing mode?
      1	operand 0 missing mode?



More information about the Gcc-testresults mailing list