Results for 4.0.0 20041220 (experimental) testsuite on i686-unknown-freebsd5.3
Loren James Rittle
rittle@latour.waar.labs.mot.com
Tue Dec 21 02:02:00 GMT 2004
LAST_UPDATED: Mon Dec 20 23:03:46 UTC 2004
Native configuration is i686-unknown-freebsd5.3
=== g++ tests ===
Running target unix/-pthread
FAIL: g++.old-deja/g++.law/profile1.C (test for excess errors)
WARNING: g++.old-deja/g++.mike/p10769a.C compilation failed to produce executable
=== g++ Summary ===
# of expected passes 10504
# of unexpected failures 1
# of expected failures 71
# of unsupported tests 72
/usr/local/tmp/gcc-build-latour-mainline-1220/gcc/testsuite/../g++ version 4.0.0 20041220 (experimental)
=== gcc tests ===
Running target unix/-pthread
FAIL: gcc.c-torture/execute/conversion.c execution, -O0
FAIL: gcc.c-torture/execute/conversion.c execution, -O1
FAIL: gcc.c-torture/execute/conversion.c execution, -O2
FAIL: gcc.c-torture/execute/conversion.c execution, -Os
FAIL: gcc.dg/debug/dwarf2/dwarf-die7.c scan-assembler 1.*DW_AT_inline
FAIL: gcc.dg/builtins-18.c (test for excess errors)
FAIL: gcc.dg/builtins-20.c (test for excess errors)
FAIL: gcc.dg/i386-387-3.c scan-assembler fldpi
FAIL: gcc.dg/i386-387-4.c scan-assembler fldpi
FAIL: gcc.dg/pr18596-1.c (test for excess errors)
FAIL: gcc.dg/wint_t-1.c (test for excess errors)
FAIL: gcc.dg/pch/save-temps-1.c -O0 -g -O0 -g (test for excess errors)
FAIL: gcc.dg/pch/save-temps-1.c -O0 -O0 (test for excess errors)
FAIL: gcc.dg/pch/save-temps-1.c -O1 -O1 (test for excess errors)
FAIL: gcc.dg/pch/save-temps-1.c -O2 -O2 (test for excess errors)
FAIL: gcc.dg/pch/save-temps-1.c -O3 -fomit-frame-pointer -O3 -fomit-frame-pointer (test for excess errors)
FAIL: gcc.dg/pch/save-temps-1.c -O3 -g -O3 -g (test for excess errors)
FAIL: gcc.dg/pch/save-temps-1.c -Os -Os (test for excess errors)
FAIL: largefile.c -O0 -g -O0 -g (test for excess errors)
FAIL: largefile.c -O0 -O0 (test for excess errors)
FAIL: largefile.c -O1 -O1 (test for excess errors)
FAIL: largefile.c -O2 -O2 (test for excess errors)
FAIL: largefile.c -O3 -fomit-frame-pointer -O3 -fomit-frame-pointer (test for excess errors)
FAIL: largefile.c -O3 -g -O3 -g (test for excess errors)
FAIL: largefile.c -Os -Os (test for excess errors)
FAIL: gcc.dg/torture/builtin-convert-1.c -O1 -O1 (test for excess errors)
FAIL: gcc.dg/torture/builtin-convert-1.c -O2 -O2 (test for excess errors)
FAIL: gcc.dg/torture/builtin-convert-1.c -O3 -fomit-frame-pointer -O3 -fomit-frame-pointer (test for excess errors)
FAIL: gcc.dg/torture/builtin-convert-1.c -O3 -g -O3 -g (test for excess errors)
FAIL: gcc.dg/torture/builtin-convert-1.c -Os -Os (test for excess errors)
FAIL: gcc.dg/torture/builtin-convert-2.c -O1 -O1 (test for excess errors)
FAIL: gcc.dg/torture/builtin-convert-2.c -O2 -O2 (test for excess errors)
FAIL: gcc.dg/torture/builtin-convert-2.c -O3 -fomit-frame-pointer -O3 -fomit-frame-pointer (test for excess errors)
FAIL: gcc.dg/torture/builtin-convert-2.c -O3 -g -O3 -g (test for excess errors)
FAIL: gcc.dg/torture/builtin-convert-2.c -Os -Os (test for excess errors)
FAIL: gcc.dg/torture/builtin-convert-3.c -O1 -O1 (test for excess errors)
FAIL: gcc.dg/torture/builtin-convert-3.c -O2 -O2 (test for excess errors)
FAIL: gcc.dg/torture/builtin-convert-3.c -O3 -fomit-frame-pointer -O3 -fomit-frame-pointer (test for excess errors)
FAIL: gcc.dg/torture/builtin-convert-3.c -O3 -g -O3 -g (test for excess errors)
FAIL: gcc.dg/torture/builtin-convert-3.c -Os -Os (test for excess errors)
FAIL: gcc.dg/torture/builtin-power-1.c -O0 -O0 (test for excess errors)
FAIL: gcc.dg/torture/builtin-power-1.c -O1 -O1 (test for excess errors)
FAIL: gcc.dg/torture/builtin-power-1.c -O2 -O2 (test for excess errors)
FAIL: gcc.dg/torture/builtin-power-1.c -O3 -fomit-frame-pointer -O3 -fomit-frame-pointer (test for excess errors)
FAIL: gcc.dg/torture/builtin-power-1.c -O3 -g -O3 -g (test for excess errors)
FAIL: gcc.dg/torture/builtin-power-1.c -Os -Os (test for excess errors)
=== gcc Summary ===
# of expected passes 32259
# of unexpected failures 46
# of expected failures 118
# of untested testcases 42
# of unsupported tests 325
/usr/local/tmp/gcc-build-latour-mainline-1220/gcc/xgcc version 4.0.0 20041220 (experimental)
=== gfortran tests ===
Running target unix/-pthread
XPASS: gfortran.dg/ret_pointer_1.f90 -O0 -O0 execution test
XPASS: gfortran.dg/ret_pointer_1.f90 -O1 -O1 execution test
XPASS: gfortran.dg/ret_pointer_1.f90 -O3 -fomit-frame-pointer -O3 -fomit-frame-pointer execution test
XPASS: gfortran.dg/ret_pointer_1.f90 -O3 -fomit-frame-pointer -funroll-loops -O3 -fomit-frame-pointer -funroll-loops execution test
XPASS: gfortran.dg/ret_pointer_1.f90 -O3 -fomit-frame-pointer -funroll-all-loops -finline-functions -O3 -fomit-frame-pointer -funroll-all-loops -finline-functions execution test
FAIL: gfortran.fortran-torture/execute/forall_3.f90 execution, -O1
=== gfortran Summary ===
# of expected passes 4815
# of unexpected failures 1
# of unexpected successes 5
# of expected failures 21
/usr/local/tmp/gcc-build-latour-mainline-1220/gcc/testsuite/../gfortran version 4.0.0 20041220 (experimental)
=== objc tests ===
Running target unix/-pthread
=== objc Summary ===
# of expected passes 1525
# of unsupported tests 10
/usr/local/tmp/gcc-build-latour-mainline-1220/gcc/xgcc version 4.0.0 20041220 (experimental)
=== libffi tests ===
Running target unix/-pthread
FAIL: libffi.call/cls_1_1byte.c output pattern test, is 153 12: 165
FAIL: libffi.call/cls_2byte.c execution test
FAIL: libffi.call/cls_3byte1.c execution test
FAIL: libffi.call/cls_3byte2.c execution test
FAIL: libffi.call/cls_4_1byte.c execution test
FAIL: libffi.call/cls_4byte.c execution test
FAIL: libffi.call/cls_7byte.c execution test
FAIL: libffi.call/cls_8byte.c execution test
FAIL: libffi.call/struct3.c execution test
FAIL: libffi.call/struct5.c execution test
FAIL: libffi.call/struct9.c execution test
FAIL: libffi.special/unwindtest.cc -lstdc++ -lstdc++ execution test
=== libffi Summary ===
# of expected passes 196
# of unexpected failures 12
# of unsupported tests 2
=== libjava tests ===
Running target unix/-pthread
FAIL: Throw_2 execution - source compiled test
FAIL: Throw_2 execution - gij test
FAIL: Throw_2 execution - bytecode->native test
FAIL: Throw_2 -O3 execution - source compiled test
FAIL: Throw_2 execution - gij test
FAIL: Throw_2 -O3 execution - bytecode->native test
XPASS: pr13107_3 compilation from bytecode
XPASS: pr13107_3 -O3 compilation from bytecode
=== libjava Summary ===
# of expected passes 3687
# of unexpected failures 6
# of unexpected successes 2
# of expected failures 12
# of untested testcases 18
=== libmudflap tests ===
Running target unix/-pthread
FAIL: libmudflap.c/fail1-frag.c output pattern test
FAIL: libmudflap.c/fail10-frag.c (test for excess errors)
WARNING: libmudflap.c/fail10-frag.c compilation failed to produce executable
FAIL: libmudflap.c/fail11-frag.c (test for excess errors)
WARNING: libmudflap.c/fail11-frag.c compilation failed to produce executable
FAIL: libmudflap.c/fail12-frag.c (test for excess errors)
WARNING: libmudflap.c/fail12-frag.c compilation failed to produce executable
FAIL: libmudflap.c/fail13-frag.c (test for excess errors)
WARNING: libmudflap.c/fail13-frag.c compilation failed to produce executable
FAIL: libmudflap.c/fail14-frag.c (test for excess errors)
WARNING: libmudflap.c/fail14-frag.c compilation failed to produce executable
FAIL: libmudflap.c/fail15-frag.c (test for excess errors)
WARNING: libmudflap.c/fail15-frag.c compilation failed to produce executable
FAIL: libmudflap.c/fail16-frag.c (test for excess errors)
WARNING: libmudflap.c/fail16-frag.c compilation failed to produce executable
FAIL: libmudflap.c/fail17-frag.c (test for excess errors)
WARNING: libmudflap.c/fail17-frag.c compilation failed to produce executable
FAIL: libmudflap.c/fail18-frag.c (test for excess errors)
WARNING: libmudflap.c/fail18-frag.c compilation failed to produce executable
FAIL: libmudflap.c/fail19-frag.c (test for excess errors)
WARNING: libmudflap.c/fail19-frag.c compilation failed to produce executable
FAIL: libmudflap.c/fail2-frag.c (test for excess errors)
WARNING: libmudflap.c/fail2-frag.c compilation failed to produce executable
FAIL: libmudflap.c/fail20-frag.c (test for excess errors)
WARNING: libmudflap.c/fail20-frag.c compilation failed to produce executable
FAIL: libmudflap.c/fail21-frag.c (test for excess errors)
WARNING: libmudflap.c/fail21-frag.c compilation failed to produce executable
FAIL: libmudflap.c/fail22-frag.c (test for excess errors)
WARNING: libmudflap.c/fail22-frag.c compilation failed to produce executable
FAIL: libmudflap.c/fail23-frag.c (test for excess errors)
WARNING: libmudflap.c/fail23-frag.c compilation failed to produce executable
FAIL: libmudflap.c/fail25-frag.c (test for excess errors)
WARNING: libmudflap.c/fail25-frag.c compilation failed to produce executable
FAIL: libmudflap.c/fail26-frag.c (test for excess errors)
WARNING: libmudflap.c/fail26-frag.c compilation failed to produce executable
FAIL: libmudflap.c/fail27-frag.c (test for excess errors)
WARNING: libmudflap.c/fail27-frag.c compilation failed to produce executable
FAIL: libmudflap.c/fail28-frag.c (test for excess errors)
WARNING: libmudflap.c/fail28-frag.c compilation failed to produce executable
FAIL: libmudflap.c/fail29-frag.c (test for excess errors)
WARNING: libmudflap.c/fail29-frag.c compilation failed to produce executable
FAIL: libmudflap.c/fail3-frag.c (test for excess errors)
WARNING: libmudflap.c/fail3-frag.c compilation failed to produce executable
FAIL: libmudflap.c/fail30-frag.c (test for excess errors)
WARNING: libmudflap.c/fail30-frag.c compilation failed to produce executable
FAIL: libmudflap.c/fail31-frag.c (test for excess errors)
WARNING: libmudflap.c/fail31-frag.c compilation failed to produce executable
FAIL: libmudflap.c/fail32-frag.c (test for excess errors)
WARNING: libmudflap.c/fail32-frag.c compilation failed to produce executable
FAIL: libmudflap.c/fail33-frag.c (test for excess errors)
WARNING: libmudflap.c/fail33-frag.c compilation failed to produce executable
FAIL: libmudflap.c/fail34-frag.c (test for excess errors)
WARNING: libmudflap.c/fail34-frag.c compilation failed to produce executable
FAIL: libmudflap.c/fail35-frag.c (test for excess errors)
WARNING: libmudflap.c/fail35-frag.c compilation failed to produce executable
FAIL: libmudflap.c/fail4-frag.c (test for excess errors)
WARNING: libmudflap.c/fail4-frag.c compilation failed to produce executable
FAIL: libmudflap.c/fail5-frag.c (test for excess errors)
WARNING: libmudflap.c/fail5-frag.c compilation failed to produce executable
FAIL: libmudflap.c/fail6-frag.c (test for excess errors)
WARNING: libmudflap.c/fail6-frag.c compilation failed to produce executable
FAIL: libmudflap.c/fail7-frag.c (test for excess errors)
WARNING: libmudflap.c/fail7-frag.c compilation failed to produce executable
FAIL: libmudflap.c/fail8-frag.c (test for excess errors)
WARNING: libmudflap.c/fail8-frag.c compilation failed to produce executable
FAIL: libmudflap.c/fail9-frag.c (test for excess errors)
WARNING: libmudflap.c/fail9-frag.c compilation failed to produce executable
FAIL: libmudflap.c/heap-scalestress.c (test for excess errors)
WARNING: libmudflap.c/heap-scalestress.c compilation failed to produce executable
FAIL: libmudflap.c/hook-allocstuff.c (test for excess errors)
WARNING: libmudflap.c/hook-allocstuff.c compilation failed to produce executable
FAIL: libmudflap.c/pass-stratcliff.c (test for excess errors)
WARNING: libmudflap.c/pass-stratcliff.c compilation failed to produce executable
FAIL: libmudflap.c/pass1-frag.c (test for excess errors)
WARNING: libmudflap.c/pass1-frag.c compilation failed to produce executable
FAIL: libmudflap.c/pass10-frag.c (test for excess errors)
WARNING: libmudflap.c/pass10-frag.c compilation failed to produce executable
FAIL: libmudflap.c/pass11-frag.c (test for excess errors)
WARNING: libmudflap.c/pass11-frag.c compilation failed to produce executable
FAIL: libmudflap.c/pass12-frag.c (test for excess errors)
WARNING: libmudflap.c/pass12-frag.c compilation failed to produce executable
FAIL: libmudflap.c/pass13-frag.c (test for excess errors)
WARNING: libmudflap.c/pass13-frag.c compilation failed to produce executable
FAIL: libmudflap.c/pass14-frag.c (test for excess errors)
WARNING: libmudflap.c/pass14-frag.c compilation failed to produce executable
FAIL: libmudflap.c/pass15-frag.c (test for excess errors)
WARNING: libmudflap.c/pass15-frag.c compilation failed to produce executable
FAIL: libmudflap.c/pass16-frag.c (test for excess errors)
WARNING: libmudflap.c/pass16-frag.c compilation failed to produce executable
FAIL: libmudflap.c/pass17-frag.c (test for excess errors)
WARNING: libmudflap.c/pass17-frag.c compilation failed to produce executable
FAIL: libmudflap.c/pass18-frag.c (test for excess errors)
WARNING: libmudflap.c/pass18-frag.c compilation failed to produce executable
FAIL: libmudflap.c/pass19-frag.c (test for excess errors)
WARNING: libmudflap.c/pass19-frag.c compilation failed to produce executable
FAIL: libmudflap.c/pass2-frag.c (test for excess errors)
WARNING: libmudflap.c/pass2-frag.c compilation failed to produce executable
FAIL: libmudflap.c/pass20-frag.c (test for excess errors)
WARNING: libmudflap.c/pass20-frag.c compilation failed to produce executable
FAIL: libmudflap.c/pass21-frag.c (test for excess errors)
WARNING: libmudflap.c/pass21-frag.c compilation failed to produce executable
FAIL: libmudflap.c/pass22-frag.c (test for excess errors)
WARNING: libmudflap.c/pass22-frag.c compilation failed to produce executable
FAIL: libmudflap.c/pass23-frag.c (test for excess errors)
WARNING: libmudflap.c/pass23-frag.c compilation failed to produce executable
FAIL: libmudflap.c/pass24-frag.c (test for excess errors)
WARNING: libmudflap.c/pass24-frag.c compilation failed to produce executable
FAIL: libmudflap.c/pass25-frag.c (test for excess errors)
WARNING: libmudflap.c/pass25-frag.c compilation failed to produce executable
FAIL: libmudflap.c/pass26-frag.c (test for excess errors)
WARNING: libmudflap.c/pass26-frag.c compilation failed to produce executable
FAIL: libmudflap.c/pass29-frag.c (test for excess errors)
WARNING: libmudflap.c/pass29-frag.c compilation failed to produce executable
FAIL: libmudflap.c/pass3-frag.c (test for excess errors)
WARNING: libmudflap.c/pass3-frag.c compilation failed to produce executable
FAIL: libmudflap.c/pass30-frag.c (test for excess errors)
WARNING: libmudflap.c/pass30-frag.c compilation failed to produce executable
FAIL: libmudflap.c/pass32-frag.c (test for excess errors)
WARNING: libmudflap.c/pass32-frag.c compilation failed to produce executable
FAIL: libmudflap.c/pass33-frag.c (test for excess errors)
WARNING: libmudflap.c/pass33-frag.c compilation failed to produce executable
FAIL: libmudflap.c/pass34-frag.c (test for excess errors)
WARNING: libmudflap.c/pass34-frag.c compilation failed to produce executable
FAIL: libmudflap.c/pass35-frag.c cannot track unknown size extern (test for warnings, line )
FAIL: libmudflap.c/pass35-frag.c (test for excess errors)
WARNING: libmudflap.c/pass35-frag.c compilation failed to produce executable
FAIL: libmudflap.c/pass36-frag.c (test for excess errors)
WARNING: libmudflap.c/pass36-frag.c compilation failed to produce executable
FAIL: libmudflap.c/pass38-frag.c (test for excess errors)
WARNING: libmudflap.c/pass38-frag.c compilation failed to produce executable
FAIL: libmudflap.c/pass4-frag.c (test for excess errors)
WARNING: libmudflap.c/pass4-frag.c compilation failed to produce executable
FAIL: libmudflap.c/pass42-frag.c (test for excess errors)
WARNING: libmudflap.c/pass42-frag.c compilation failed to produce executable
FAIL: libmudflap.c/pass43-frag.c (test for excess errors)
WARNING: libmudflap.c/pass43-frag.c compilation failed to produce executable
FAIL: libmudflap.c/pass44-frag.c (test for excess errors)
WARNING: libmudflap.c/pass44-frag.c compilation failed to produce executable
FAIL: libmudflap.c/pass45-frag.c (test for excess errors)
WARNING: libmudflap.c/pass45-frag.c compilation failed to produce executable
FAIL: libmudflap.c/pass46-frag.c (test for excess errors)
WARNING: libmudflap.c/pass46-frag.c compilation failed to produce executable
FAIL: libmudflap.c/pass47-frag.c (test for excess errors)
WARNING: libmudflap.c/pass47-frag.c compilation failed to produce executable
FAIL: libmudflap.c/pass48-frag.c (test for excess errors)
WARNING: libmudflap.c/pass48-frag.c compilation failed to produce executable
FAIL: libmudflap.c/pass49-frag.c (test for excess errors)
WARNING: libmudflap.c/pass49-frag.c compilation failed to produce executable
FAIL: libmudflap.c/pass5-frag.c (test for excess errors)
WARNING: libmudflap.c/pass5-frag.c compilation failed to produce executable
FAIL: libmudflap.c/pass50-frag.c (test for excess errors)
WARNING: libmudflap.c/pass50-frag.c compilation failed to produce executable
FAIL: libmudflap.c/pass51-frag.c (test for excess errors)
WARNING: libmudflap.c/pass51-frag.c compilation failed to produce executable
FAIL: libmudflap.c/pass52-frag.c (test for excess errors)
WARNING: libmudflap.c/pass52-frag.c compilation failed to produce executable
FAIL: libmudflap.c/pass53-frag.c (test for excess errors)
WARNING: libmudflap.c/pass53-frag.c compilation failed to produce executable
FAIL: libmudflap.c/pass54-frag.c (test for excess errors)
WARNING: libmudflap.c/pass54-frag.c compilation failed to produce executable
FAIL: libmudflap.c/pass6-frag.c (test for excess errors)
WARNING: libmudflap.c/pass6-frag.c compilation failed to produce executable
FAIL: libmudflap.c/pass7-frag.c (test for excess errors)
WARNING: libmudflap.c/pass7-frag.c compilation failed to produce executable
FAIL: libmudflap.c/pass8-frag.c (test for excess errors)
WARNING: libmudflap.c/pass8-frag.c compilation failed to produce executable
FAIL: libmudflap.c/pass9-frag.c (test for excess errors)
WARNING: libmudflap.c/pass9-frag.c compilation failed to produce executable
ERROR: tcl error sourcing /usr/users/rittle/outside-cvs-src/gcc-mainline/libmudflap/testsuite/libmudflap.c/cfrags.exp.
ERROR: couldn't create output pipe for command: file table overflow
ERROR: tcl error sourcing /usr/users/rittle/outside-cvs-src/gcc-mainline/libmudflap/testsuite/libmudflap.c++/c++frags.exp.
ERROR: couldn't create output pipe for command: file table overflow
ERROR: tcl error sourcing /usr/users/rittle/outside-cvs-src/gcc-mainline/libmudflap/testsuite/libmudflap.c++/ctors.exp.
ERROR: couldn't create output pipe for command: file table overflow
ERROR: tcl error sourcing /usr/users/rittle/outside-cvs-src/gcc-mainline/libmudflap/testsuite/libmudflap.cth/cthfrags.exp.
ERROR: couldn't create output pipe for command: file table overflow
=== libmudflap Summary ===
# of expected passes 2
# of unexpected failures 85
=== libstdc++-v3 check-abi Summary ===
# of added symbols: 358
# of missing symbols: 285
# of incompatible symbols: 285
using: /usr/users/rittle/outside-cvs-src/gcc-mainline/libstdc++-v3/config/abi/i386-freebsd5/baseline_symbols.txt
=== libstdc++ tests ===
Running target unix/-pthread
FAIL: 22_locale/ctype/is/wchar_t/1.cc execution test
FAIL: 22_locale/ctype/scan/wchar_t/1.cc execution test
XPASS: 26_numerics/cmath/c99_classification_macros_c.cc (test for excess errors)
FAIL: 26_numerics/complex/13450.cc (test for excess errors)
WARNING: 26_numerics/complex/13450.cc compilation failed to produce executable
FAIL: 26_numerics/complex/complex_value.cc (test for excess errors)
WARNING: 26_numerics/complex/complex_value.cc compilation failed to produce executable
FAIL: 26_numerics/complex/pow.cc (test for excess errors)
WARNING: 26_numerics/complex/pow.cc compilation failed to produce executable
FAIL: 27_io/basic_filebuf/close/12790-1.cc execution test
FAIL: 27_io/basic_filebuf/close/char/1.cc execution test
FAIL: 27_io/basic_filebuf/imbue/char/2.cc execution test
FAIL: 27_io/basic_filebuf/imbue/wchar_t/2.cc execution test
FAIL: 27_io/basic_filebuf/is_open/char/1.cc execution test
FAIL: 27_io/basic_filebuf/open/char/1.cc execution test
WARNING: program timed out.
FAIL: 27_io/basic_filebuf/open/char/9507.cc execution test
FAIL: 27_io/basic_filebuf/sbumpc/char/9825.cc execution test
FAIL: 27_io/basic_filebuf/seekoff/12790-1.cc execution test
FAIL: 27_io/basic_filebuf/seekoff/12790-2.cc execution test
FAIL: 27_io/basic_filebuf/seekoff/12790-3.cc execution test
FAIL: 27_io/basic_filebuf/seekoff/12790-4.cc execution test
FAIL: 27_io/basic_filebuf/seekoff/char/1-in.cc execution test
FAIL: 27_io/basic_filebuf/seekoff/char/1-io.cc execution test
FAIL: 27_io/basic_filebuf/seekoff/char/1-out.cc execution test
FAIL: 27_io/basic_filebuf/seekoff/char/11543.cc execution test
FAIL: 27_io/basic_filebuf/seekoff/char/2-in.cc execution test
FAIL: 27_io/basic_filebuf/seekoff/char/2-io.cc execution test
FAIL: 27_io/basic_filebuf/seekoff/char/2-out.cc execution test
FAIL: 27_io/basic_filebuf/seekoff/char/3-in.cc execution test
FAIL: 27_io/basic_filebuf/seekoff/char/3-io.cc execution test
FAIL: 27_io/basic_filebuf/seekoff/char/3-out.cc execution test
FAIL: 27_io/basic_filebuf/seekoff/wchar_t/11543.cc execution test
FAIL: 27_io/basic_filebuf/seekoff/wchar_t/9875_seekoff.cc execution test
FAIL: 27_io/basic_filebuf/seekpos/12790-1.cc execution test
FAIL: 27_io/basic_filebuf/seekpos/12790-2.cc execution test
FAIL: 27_io/basic_filebuf/seekpos/12790-3.cc execution test
FAIL: 27_io/basic_filebuf/seekpos/char/1-in.cc execution test
FAIL: 27_io/basic_filebuf/seekpos/char/1-io.cc execution test
FAIL: 27_io/basic_filebuf/seekpos/char/1-out.cc execution test
FAIL: 27_io/basic_filebuf/seekpos/char/2-in.cc execution test
FAIL: 27_io/basic_filebuf/seekpos/char/2-io.cc execution test
FAIL: 27_io/basic_filebuf/seekpos/char/2-out.cc execution test
FAIL: 27_io/basic_filebuf/seekpos/char/3-in.cc execution test
FAIL: 27_io/basic_filebuf/seekpos/char/3-io.cc execution test
FAIL: 27_io/basic_filebuf/seekpos/char/3-out.cc execution test
FAIL: 27_io/basic_filebuf/seekpos/wchar_t/9875_seekpos.cc execution test
WARNING: program timed out.
FAIL: 27_io/basic_filebuf/showmanyc/char/9533-1.cc execution test
FAIL: 27_io/basic_filebuf/sputbackc/char/1-in.cc execution test
FAIL: 27_io/basic_filebuf/sputbackc/char/1-io.cc execution test
FAIL: 27_io/basic_filebuf/sputbackc/char/2-in.cc execution test
FAIL: 27_io/basic_filebuf/sputbackc/char/2-io.cc execution test
FAIL: 27_io/basic_filebuf/sungetc/char/1-in.cc execution test
FAIL: 27_io/basic_filebuf/sungetc/char/1-io.cc execution test
FAIL: 27_io/basic_filebuf/sungetc/char/2-in.cc execution test
FAIL: 27_io/basic_filebuf/sungetc/char/2-io.cc execution test
FAIL: 27_io/basic_istream/getline/wchar_t/5.cc execution test
FAIL: 27_io/basic_istream/seekg/char/fstream.cc execution test
FAIL: 27_io/basic_istream/seekg/wchar_t/fstream.cc execution test
FAIL: 27_io/basic_istream/tellg/char/1.cc execution test
FAIL: 27_io/basic_istream/tellg/char/fstream.cc execution test
FAIL: 27_io/basic_istream/tellg/wchar_t/1.cc execution test
FAIL: 27_io/basic_istream/tellg/wchar_t/fstream.cc execution test
FAIL: 27_io/basic_ostream/seekp/char/2346-fstream.cc execution test
FAIL: 27_io/basic_ostream/tellp/char/1.cc execution test
FAIL: 27_io/basic_streambuf/in_avail/char/9701-3.cc execution test
FAIL: 27_io/basic_streambuf/in_avail/wchar_t/9701-3.cc execution test
FAIL: 27_io/basic_stringbuf/setbuf/wchar_t/4.cc execution test
FAIL: ext/array_allocator/1.cc (test for excess errors)
WARNING: ext/array_allocator/1.cc compilation failed to produce executable
FAIL: ext/array_allocator/2.cc (test for excess errors)
WARNING: ext/array_allocator/2.cc compilation failed to produce executable
FAIL: ext/array_allocator/3.cc (test for excess errors)
WARNING: ext/array_allocator/3.cc compilation failed to produce executable
FAIL: ext/array_allocator/check_allocate_max_size.cc (test for excess errors)
WARNING: ext/array_allocator/check_allocate_max_size.cc compilation failed to produce executable
FAIL: ext/array_allocator/check_deallocate_null.cc (test for excess errors)
WARNING: ext/array_allocator/check_deallocate_null.cc compilation failed to produce executable
FAIL: ext/array_allocator/check_delete.cc (test for excess errors)
WARNING: ext/array_allocator/check_delete.cc compilation failed to produce executable
FAIL: ext/array_allocator/check_new.cc (test for excess errors)
WARNING: ext/array_allocator/check_new.cc compilation failed to produce executable
FAIL: ext/headers.cc (test for excess errors)
=== libstdc++ Summary ===
# of expected passes 3219
# of unexpected failures 71
# of unexpected successes 1
# of expected failures 5
# of unsupported tests 9
Compiler version: 4.0.0 20041220 (experimental)
Platform: i686-unknown-freebsd5.3
configure flags: --prefix=/usr/local/beta-gcc --with-included-gettext --with-gnu-as --with-as=/usr/bin/as --with-gnu-ld --with-ld=/usr/bin/ld i686-unknown-freebsd5.3 --enable-languages=c,c++,f95,java,objc
BOOT_CFLAGS=-g -O2
More information about the Gcc-testresults
mailing list