Results for 4.0.0 20041218 (experimental) testsuite on ia64-unknown-linux-gnu
H.J. Lu
hjl@gnu-4.sc.intel.com
Sun Dec 19 03:08:00 GMT 2004
LAST_UPDATED: Sat Dec 18 17:24:21 UTC 2004
Native configuration is ia64-unknown-linux-gnu
=== g++ tests ===
Running target unix
WARNING: program timed out.
FAIL: g++.dg/opt/longbranch1.C (test for excess errors)
WARNING: g++.old-deja/g++.mike/p10769a.C compilation failed to produce executable
=== g++ Summary ===
# of expected passes 10096
# of unexpected failures 1
# of expected failures 71
# of unsupported tests 90
/export/build/gnu/gcc/build-ia64-linux/gcc/testsuite/../g++ version 4.0.0 20041218 (experimental)
=== gcc tests ===
Running target unix
FAIL: gcc.dg/compat/struct-by-value-18 c_compat_x_tst.o-c_compat_y_tst.o execute
FAIL: gcc.dg/compat/struct-by-value-7a c_compat_x_tst.o-c_compat_y_tst.o execute
FAIL: gcc.dg/compat/struct-by-value-7b c_compat_x_tst.o-c_compat_y_tst.o execute
FAIL: tmpdir-gcc.dg-struct-layout-1/t001 c_compat_x_tst.o-c_compat_y_tst.o execute
FAIL: tmpdir-gcc.dg-struct-layout-1/t011 c_compat_x_tst.o compile
UNRESOLVED: tmpdir-gcc.dg-struct-layout-1/t011 c_compat_x_tst.o-c_compat_y_tst.o link
UNRESOLVED: tmpdir-gcc.dg-struct-layout-1/t011 c_compat_x_tst.o-c_compat_y_tst.o execute
FAIL: tmpdir-gcc.dg-struct-layout-1/t024 c_compat_x_tst.o-c_compat_y_tst.o execute
FAIL: tmpdir-gcc.dg-struct-layout-1/t027 c_compat_x_tst.o compile
FAIL: tmpdir-gcc.dg-struct-layout-1/t027 c_compat_y_tst.o compile
UNRESOLVED: tmpdir-gcc.dg-struct-layout-1/t027 c_compat_x_tst.o-c_compat_y_tst.o link
UNRESOLVED: tmpdir-gcc.dg-struct-layout-1/t027 c_compat_x_tst.o-c_compat_y_tst.o execute
FAIL: tmpdir-gcc.dg-struct-layout-1/t028 c_compat_x_tst.o compile
FAIL: tmpdir-gcc.dg-struct-layout-1/t028 c_compat_y_tst.o compile
UNRESOLVED: tmpdir-gcc.dg-struct-layout-1/t028 c_compat_x_tst.o-c_compat_y_tst.o link
UNRESOLVED: tmpdir-gcc.dg-struct-layout-1/t028 c_compat_x_tst.o-c_compat_y_tst.o execute
FAIL: gcc.dg/debug/dwarf2/dwarf-die7.c scan-assembler 1.*DW_AT_inline
FAIL: gcc.dg/20040813-1.c (test for excess errors)
ERROR: gcc.dg/20040813-1.c: error executing dg-final: couldn't open "20040813-1.s": no such file or directory
UNRESOLVED: gcc.dg/20040813-1.c: error executing dg-final: couldn't open "20040813-1.s": no such file or directory
FAIL: gcc.dg/ftrapv-2.c execution test
FAIL: gcc.dg/pr18596-1.c (test for excess errors)
=== gcc Summary ===
# of expected passes 31184
# of unexpected failures 14
# of expected failures 75
# of unresolved testcases 7
# of untested testcases 28
# of unsupported tests 435
/export/build/gnu/gcc/build-ia64-linux/gcc/xgcc version 4.0.0 20041218 (experimental)
=== objc tests ===
Running target unix
FAIL: objc.dg/stabs-1.m (test for excess errors)
ERROR: objc.dg/stabs-1.m: error executing dg-final: couldn't open "stabs-1.s": no such file or directory
UNRESOLVED: objc.dg/stabs-1.m: error executing dg-final: couldn't open "stabs-1.s": no such file or directory
=== objc Summary ===
# of expected passes 1523
# of unexpected failures 1
# of unresolved testcases 1
# of unsupported tests 10
/export/build/gnu/gcc/build-ia64-linux/gcc/xgcc version 4.0.0 20041218 (experimental)
=== libffi tests ===
Running target unix
FAIL: libffi.call/cls_64byte.c execution test
FAIL: libffi.call/cls_align_longdouble.c output pattern test, is 12 0 233 181 0 168: 193 0 145
FAIL: libffi.call/float.c execution test
FAIL: libffi.call/float2.c execution test
=== libffi Summary ===
# of expected passes 211
# of unexpected failures 4
# of unsupported tests 2
=== libjava tests ===
Running target unix
XPASS: pr13107_3 compilation from bytecode
XPASS: pr13107_3 -O3 compilation from bytecode
=== libjava Summary ===
# of expected passes 3699
# of unexpected successes 2
# of expected failures 12
# of untested testcases 12
=== libmudflap tests ===
Running target unix
=== libmudflap Summary ===
# of expected passes 1244
=== libstdc++ tests ===
Running target unix
XPASS: 22_locale/locale/cons/12658_thread-1.cc execution test
XPASS: 26_numerics/cmath/c99_classification_macros_c.cc (test for excess errors)
XPASS: 27_io/fpos/14320-1.cc execution test
=== libstdc++ Summary ===
# of expected passes 3201
# of unexpected successes 3
# of expected failures 4
Compiler version: 4.0.0 20041218 (experimental)
Platform: ia64-unknown-linux-gnu
configure flags: --enable-clocale=gnu --with-system-zlib --with-demangler-in-ld --enable-threads=posix --enable-haifa --disable-checking --prefix=/usr/gcc-4.0 --with-local-prefix=/usr/local --enable-languages=c,c++,java,objc
More information about the Gcc-testresults
mailing list