Results for 4.0.0 20041218 (experimental) testsuite on powerpc64-unknown-linux-gnu
Jon Grimm
jgrimm@pluto.ltc.austin.ibm.com
Sun Dec 19 03:01:00 GMT 2004
Linux 2.6.5-7.97-pseries64 ppc64
GNU C Library stable release version 2.3.3 (20040412)
GNU ld version 2.15.92 20041007
GNU assembler 2.15.92 20041007
GNU Make 3.80
DejaGnu:
Expect version is 5.40.0
Tcl version is 8.4
Framework version is 1.4.4
32-bit biarch default32
LAST_UPDATED: Sun Dec 19 00:06:54 UTC 2004
Native configuration is powerpc64-unknown-linux-gnu
=== g++ tests ===
Running target unix/-m32
FAIL: g++.dg/conversion/simd1.C (test for excess errors)
XPASS: g++.dg/eh/simd-2.C execution test
FAIL: g++.dg/ext/attribute-test-1.C (test for excess errors)
FAIL: g++.dg/ext/attribute-test-2.C (test for excess errors)
FAIL: g++.dg/ext/attribute-test-3.C (test for excess errors)
FAIL: g++.dg/ext/attribute-test-4.C (test for excess errors)
WARNING: g++.old-deja/g++.mike/p10769a.C compilation failed to produce executable
XPASS: g++.old-deja/g++.other/init5.C execution test
=== g++ Summary for unix/-m32 ===
# of expected passes 10550
# of unexpected failures 5
# of unexpected successes 2
# of expected failures 70
# of unsupported tests 76
Running target unix/-m64
FAIL: g++.dg/ext/altivec-3.C execution test
WARNING: g++.old-deja/g++.mike/p10769a.C compilation failed to produce executable
FAIL: g++.old-deja/g++.other/comdat4.C (test for excess errors)
XPASS: g++.old-deja/g++.other/init5.C execution test
=== g++ Summary for unix/-m64 ===
# of expected passes 10498
# of unexpected failures 2
# of unexpected successes 1
# of expected failures 71
# of unsupported tests 90
=== g++ Summary ===
# of expected passes 21048
# of unexpected failures 7
# of unexpected successes 3
# of expected failures 141
# of unsupported tests 166
/home/jgrimm/build/nightly/build-gcc-mline/gcc/testsuite/../g++ version 4.0.0 20041218 (experimental)
=== gcc tests ===
Running target unix/-m32
FAIL: gcc.dg/debug/dwarf2/dwarf-die7.c scan-assembler 1.*DW_AT_inline
FAIL: gcc.dg/pr17055-1.c (test for excess errors)
FAIL: gcc.dg/pr18596-1.c (test for excess errors)
XPASS: gcc.dg/tree-ssa/20040204-1.c scan-tree-dump-times link_error 0
=== gcc Summary for unix/-m32 ===
# of expected passes 33189
# of unexpected failures 3
# of unexpected successes 1
# of expected failures 99
# of untested testcases 28
# of unsupported tests 427
Running target unix/-m64
FAIL: gcc.c-torture/execute/930718-1.c execution, -O2
FAIL: gcc.c-torture/execute/930718-1.c execution, -O3 -fomit-frame-pointer
FAIL: gcc.c-torture/execute/930718-1.c execution, -O3 -g
FAIL: gcc.c-torture/execute/930718-1.c execution, -Os
FAIL: gcc.dg/debug/dwarf2/dwarf-die7.c scan-assembler 1.*DW_AT_inline
FAIL: gcc.dg/ppc-eabi.c (test for excess errors)
FAIL: gcc.dg/ppc64-abi-3.c (test for errors, line 12)
FAIL: gcc.dg/ppc64-abi-3.c (test for errors, line 27)
FAIL: gcc.dg/ppc64-abi-3.c (test for excess errors)
FAIL: gcc.dg/pr18596-1.c (test for excess errors)
FAIL: gcc.dg/uninit-4.c uninitialized variable warning (test for bogus messages, line 26)
XPASS: gcc.dg/tree-ssa/20040204-1.c scan-tree-dump-times link_error 0
FAIL: gcc.dg/tree-ssa/loop-4.c scan-tree-dump-times arr_base[^\\n\\r]*= 0
FAIL: gcc.dg/vect/vect-77.c scan-tree-dump-times vectorized 1 loops 1
FAIL: gcc.dg/vect/vect-77a.c scan-tree-dump-times vectorized 1 loops 1
FAIL: gcc.dg/vect/vect-78.c scan-tree-dump-times vectorized 1 loops 1
=== gcc Summary for unix/-m64 ===
# of expected passes 33170
# of unexpected failures 15
# of unexpected successes 1
# of expected failures 99
# of untested testcases 28
# of unsupported tests 432
=== gcc Summary ===
# of expected passes 66359
# of unexpected failures 18
# of unexpected successes 2
# of expected failures 198
# of untested testcases 56
# of unsupported tests 859
/home/jgrimm/build/nightly/build-gcc-mline/gcc/xgcc version 4.0.0 20041218 (experimental)
=== gfortran tests ===
Running target unix/-m32
XPASS: gfortran.dg/ret_pointer_1.f90 -O0 execution test
XPASS: gfortran.dg/ret_pointer_1.f90 -O1 execution test
FAIL: gfortran.fortran-torture/execute/forall_3.f90 execution, -O1
FAIL: gfortran.fortran-torture/execute/forall_3.f90 execution, -O2
FAIL: gfortran.fortran-torture/execute/forall_3.f90 execution, -O3 -fomit-frame-pointer
FAIL: gfortran.fortran-torture/execute/forall_3.f90 execution, -O3 -fomit-frame-pointer -funroll-loops
FAIL: gfortran.fortran-torture/execute/forall_3.f90 execution, -O3 -fomit-frame-pointer -funroll-all-loops -finline-functions
FAIL: gfortran.fortran-torture/execute/forall_3.f90 execution, -O3 -g
FAIL: gfortran.fortran-torture/execute/forall_3.f90 execution, -Os
=== gfortran Summary for unix/-m32 ===
# of expected passes 4793
# of unexpected failures 7
# of unexpected successes 2
# of expected failures 24
# of unsupported tests 8
Running target unix/-m64
FAIL: gfortran.dg/direct_io_2.f90 -O0 execution test
FAIL: gfortran.dg/direct_io_2.f90 -O1 execution test
FAIL: gfortran.dg/direct_io_2.f90 -O2 execution test
FAIL: gfortran.dg/direct_io_2.f90 -O3 -fomit-frame-pointer execution test
FAIL: gfortran.dg/direct_io_2.f90 -O3 -fomit-frame-pointer -funroll-loops execution test
FAIL: gfortran.dg/direct_io_2.f90 -O3 -fomit-frame-pointer -funroll-all-loops -finline-functions execution test
FAIL: gfortran.dg/direct_io_2.f90 -O3 -g execution test
FAIL: gfortran.dg/direct_io_2.f90 -Os execution test
FAIL: gfortran.dg/direct_io_3.f90 -O0 execution test
FAIL: gfortran.dg/direct_io_3.f90 -O1 execution test
FAIL: gfortran.dg/direct_io_3.f90 -O2 execution test
FAIL: gfortran.dg/direct_io_3.f90 -O3 -fomit-frame-pointer execution test
FAIL: gfortran.dg/direct_io_3.f90 -O3 -fomit-frame-pointer -funroll-loops execution test
FAIL: gfortran.dg/direct_io_3.f90 -O3 -fomit-frame-pointer -funroll-all-loops -finline-functions execution test
FAIL: gfortran.dg/direct_io_3.f90 -O3 -g execution test
FAIL: gfortran.dg/direct_io_3.f90 -Os execution test
FAIL: gfortran.dg/inquire.f90 -O0 execution test
FAIL: gfortran.dg/inquire.f90 -O1 execution test
FAIL: gfortran.dg/inquire.f90 -O2 execution test
FAIL: gfortran.dg/inquire.f90 -O3 -fomit-frame-pointer execution test
FAIL: gfortran.dg/inquire.f90 -O3 -fomit-frame-pointer -funroll-loops execution test
FAIL: gfortran.dg/inquire.f90 -O3 -fomit-frame-pointer -funroll-all-loops -finline-functions execution test
FAIL: gfortran.dg/inquire.f90 -O3 -g execution test
FAIL: gfortran.dg/inquire.f90 -Os execution test
XPASS: gfortran.dg/ret_pointer_1.f90 -O0 execution test
XPASS: gfortran.dg/ret_pointer_1.f90 -O1 execution test
XPASS: gfortran.dg/ret_pointer_1.f90 -O2 execution test
XPASS: gfortran.dg/ret_pointer_1.f90 -O3 -fomit-frame-pointer execution test
XPASS: gfortran.dg/ret_pointer_1.f90 -O3 -fomit-frame-pointer -funroll-loops execution test
XPASS: gfortran.dg/ret_pointer_1.f90 -O3 -fomit-frame-pointer -funroll-all-loops -finline-functions execution test
XPASS: gfortran.dg/ret_pointer_1.f90 -O3 -g execution test
XPASS: gfortran.dg/ret_pointer_1.f90 -Os execution test
FAIL: gfortran.fortran-torture/execute/direct_io.f90 execution, -O0
FAIL: gfortran.fortran-torture/execute/direct_io.f90 execution, -O1
FAIL: gfortran.fortran-torture/execute/direct_io.f90 execution, -O2
FAIL: gfortran.fortran-torture/execute/direct_io.f90 execution, -O3 -fomit-frame-pointer
FAIL: gfortran.fortran-torture/execute/direct_io.f90 execution, -O3 -fomit-frame-pointer -funroll-loops
FAIL: gfortran.fortran-torture/execute/direct_io.f90 execution, -O3 -fomit-frame-pointer -funroll-all-loops -finline-functions
FAIL: gfortran.fortran-torture/execute/direct_io.f90 execution, -O3 -g
FAIL: gfortran.fortran-torture/execute/direct_io.f90 execution, -Os
FAIL: gfortran.fortran-torture/execute/forall_3.f90 execution, -O0
FAIL: gfortran.fortran-torture/execute/forall_3.f90 execution, -O1
FAIL: gfortran.fortran-torture/execute/forall_3.f90 execution, -O2
FAIL: gfortran.fortran-torture/execute/forall_3.f90 execution, -O3 -fomit-frame-pointer
FAIL: gfortran.fortran-torture/execute/forall_3.f90 execution, -O3 -g
FAIL: gfortran.fortran-torture/execute/forall_3.f90 execution, -Os
FAIL: gfortran.fortran-torture/execute/inquire_3.f90 execution, -O0
FAIL: gfortran.fortran-torture/execute/inquire_3.f90 execution, -O1
FAIL: gfortran.fortran-torture/execute/inquire_3.f90 execution, -O2
FAIL: gfortran.fortran-torture/execute/inquire_3.f90 execution, -O3 -fomit-frame-pointer
FAIL: gfortran.fortran-torture/execute/inquire_3.f90 execution, -O3 -fomit-frame-pointer -funroll-loops
FAIL: gfortran.fortran-torture/execute/inquire_3.f90 execution, -O3 -fomit-frame-pointer -funroll-all-loops -finline-functions
FAIL: gfortran.fortran-torture/execute/inquire_3.f90 execution, -O3 -g
FAIL: gfortran.fortran-torture/execute/inquire_3.f90 execution, -Os
FAIL: gfortran.fortran-torture/execute/inquire_4.f90 execution, -O0
FAIL: gfortran.fortran-torture/execute/inquire_4.f90 execution, -O1
FAIL: gfortran.fortran-torture/execute/inquire_4.f90 execution, -O2
FAIL: gfortran.fortran-torture/execute/inquire_4.f90 execution, -O3 -fomit-frame-pointer
FAIL: gfortran.fortran-torture/execute/inquire_4.f90 execution, -O3 -fomit-frame-pointer -funroll-loops
FAIL: gfortran.fortran-torture/execute/inquire_4.f90 execution, -O3 -fomit-frame-pointer -funroll-all-loops -finline-functions
FAIL: gfortran.fortran-torture/execute/inquire_4.f90 execution, -O3 -g
FAIL: gfortran.fortran-torture/execute/inquire_4.f90 execution, -Os
=== gfortran Summary for unix/-m64 ===
# of expected passes 4746
# of unexpected failures 54
# of unexpected successes 8
# of expected failures 18
# of unsupported tests 8
=== gfortran Summary ===
# of expected passes 9539
# of unexpected failures 61
# of unexpected successes 10
# of expected failures 42
# of unsupported tests 16
/home/jgrimm/build/nightly/build-gcc-mline/gcc/testsuite/../gfortran version 4.0.0 20041218 (experimental)
=== objc tests ===
Running target unix/-m32
FAIL: objc.dg/stabs-1.m scan-assembler .text\\n\\t.stabs.*100,0,0,(\\\\.)?Letext[0-9]*\\n(\\\\.)?Letext
=== objc Summary for unix/-m32 ===
# of expected passes 1524
# of unexpected failures 1
# of unsupported tests 10
Running target unix/-m64
FAIL: objc.dg/stabs-1.m scan-assembler .text\\n\\t.stabs.*100,0,0,(\\\\.)?Letext[0-9]*\\n(\\\\.)?Letext
=== objc Summary for unix/-m64 ===
# of expected passes 1524
# of unexpected failures 1
# of unsupported tests 10
=== objc Summary ===
# of expected passes 3048
# of unexpected failures 2
# of unsupported tests 20
/home/jgrimm/build/nightly/build-gcc-mline/gcc/xgcc version 4.0.0 20041218 (experimental)
=== libmudflap tests ===
Running target unix/-m32
FAIL: libmudflap.cth/pass40-frag.c execution test
FAIL: libmudflap.cth/pass40-frag.c output pattern test
FAIL: libmudflap.cth/pass40-frag.c (-O2) execution test
FAIL: libmudflap.cth/pass40-frag.c (-O2) output pattern test
FAIL: libmudflap.cth/pass39-frag.c (-O3) (rerun 6) output pattern test
FAIL: libmudflap.cth/pass40-frag.c (-O3) execution test
FAIL: libmudflap.cth/pass40-frag.c (-O3) output pattern test
=== libmudflap Summary for unix/-m32 ===
# of expected passes 1237
# of unexpected failures 7
Running target unix/-m64
FAIL: libmudflap.c/fail27-frag.c output pattern test
FAIL: libmudflap.c/fail27-frag.c (-O2) output pattern test
FAIL: libmudflap.c/fail27-frag.c (-O3) output pattern test
=== libmudflap Summary for unix/-m64 ===
# of expected passes 1241
# of unexpected failures 3
=== libmudflap Summary ===
# of expected passes 2478
# of unexpected failures 10
=== libstdc++-v3 check-abi Summary ===
# of added symbols: 63
# of missing symbols: 0
# of incompatible symbols: 0
using: /home/jgrimm/gcc_mline_anoncvs/gcc/libstdc++-v3/config/abi/powerpc-linux-gnu/baseline_symbols.txt
=== libstdc++ tests ===
Running target unix/-m32
XPASS: 22_locale/locale/cons/12658_thread-1.cc execution test
XPASS: 26_numerics/cmath/c99_classification_macros_c.cc (test for excess errors)
FAIL: ext/array_allocator/2.cc execution test
=== libstdc++ Summary for unix/-m32 ===
# of expected passes 3200
# of unexpected failures 1
# of unexpected successes 2
# of expected failures 5
Running target unix/-m64
FAIL: 22_locale/codecvt/in/wchar_t/2.cc execution test
FAIL: 22_locale/codecvt/in/wchar_t/3.cc execution test
FAIL: 22_locale/codecvt/length/wchar_t/2.cc execution test
FAIL: 22_locale/codecvt/length/wchar_t/3.cc execution test
FAIL: 22_locale/codecvt/out/wchar_t/2.cc execution test
FAIL: 22_locale/codecvt/out/wchar_t/3.cc execution test
FAIL: 22_locale/codecvt/unicode/1.cc execution test
FAIL: 22_locale/codecvt/unicode/char.cc execution test
FAIL: 22_locale/ctype/widen/wchar_t/2.cc execution test
XPASS: 22_locale/locale/cons/12658_thread-1.cc execution test
FAIL: 22_locale/messages/members/char/1.cc execution test
FAIL: 22_locale/messages/members/char/2.cc execution test
FAIL: 22_locale/messages/members/char/wrapped_env.cc execution test
FAIL: 22_locale/messages_byname/named_equivalence.cc execution test
FAIL: 22_locale/money_get/get/wchar_t/1.cc execution test
FAIL: 22_locale/money_get/get/wchar_t/wrapped_env.cc execution test
FAIL: 22_locale/money_put/put/wchar_t/1.cc execution test
FAIL: 22_locale/money_put/put/wchar_t/3.cc execution test
FAIL: 22_locale/money_put/put/wchar_t/wrapped_env.cc execution test
FAIL: 23_containers/bitset/operations/2.cc execution test
XPASS: 26_numerics/cmath/c99_classification_macros_c.cc (test for excess errors)
FAIL: 27_io/basic_filebuf/underflow/wchar_t/9520.cc execution test
XPASS: 27_io/fpos/14320-1.cc execution test
FAIL: 27_io/objects/wchar_t/9520.cc execution test
FAIL: ext/array_allocator/2.cc execution test
FAIL: ext/enc_filebuf/char/13598.cc execution test
=== libstdc++ Summary for unix/-m64 ===
# of expected passes 3160
# of unexpected failures 23
# of unexpected successes 3
# of expected failures 4
# of unsupported tests 9
=== libstdc++ Summary ===
# of expected passes 6360
# of unexpected failures 24
# of unexpected successes 5
# of expected failures 9
# of unsupported tests 9
Compiler version: 4.0.0 20041218 (experimental)
Platform: powerpc64-unknown-linux-gnu
configure flags: --prefix=/home/jgrimm/tools/mline-20041219 --build=powerpc64-linux --host=powerpc64-linux --target=powerpc64-linux --with-cpu=default32 --with-as=/home/jgrimm/tools/binutils/bin/as --with-ld=/home/jgrimm/tools/binutils/bin/ld --enable-threads=posix --enable-shared --enable-__cxa_atexit --with-mpfr=/usr/lib --with-mpfr=/usr/lib --enable-languages=c,c++,f95,objc
More information about the Gcc-testresults
mailing list