Results for 4.0.0 20041215 (experimental) testsuite on x86_64-unknown-linux-gnu

Laurent GUERBY laurent@guerby.net
Wed Dec 15 19:10:00 GMT 2004


LAST_UPDATED: Wed Dec 15 11:39:51 UTC 2004

		=== acats tests ===
FAIL:	c330001
FAIL:	c380004
FAIL:	c43214c
FAIL:	cc1221d
FAIL:	cd10002
FAIL:	cdd2a02
FAIL:	cxa5012

		=== acats Summary ===
# of expected passes		2314
# of unexpected failures	7
Native configuration is x86_64-unknown-linux-gnu

		=== gcc tests ===


Running target unix
FAIL: gcc.dg/compat/scalar-by-value-4 c_compat_x_tst.o compile
FAIL: gcc.dg/compat/scalar-by-value-4 c_compat_y_tst.o compile
UNRESOLVED: gcc.dg/compat/scalar-by-value-4 c_compat_x_tst.o-c_compat_y_tst.o link 
UNRESOLVED: gcc.dg/compat/scalar-by-value-4 c_compat_x_tst.o-c_compat_y_tst.o execute 
FAIL: gcc.dg/compat/scalar-return-4 c_compat_x_tst.o compile
FAIL: gcc.dg/compat/scalar-return-4 c_compat_y_tst.o compile
UNRESOLVED: gcc.dg/compat/scalar-return-4 c_compat_x_tst.o-c_compat_y_tst.o link 
UNRESOLVED: gcc.dg/compat/scalar-return-4 c_compat_x_tst.o-c_compat_y_tst.o execute 
FAIL: gcc.dg/compat/struct-by-value-11 c_compat_x_tst.o compile
FAIL: gcc.dg/compat/struct-by-value-11 c_compat_y_tst.o compile
UNRESOLVED: gcc.dg/compat/struct-by-value-11 c_compat_x_tst.o-c_compat_y_tst.o link 
UNRESOLVED: gcc.dg/compat/struct-by-value-11 c_compat_x_tst.o-c_compat_y_tst.o execute 
FAIL: gcc.dg/compat/vector-2 c_compat_x_tst.o compile
UNRESOLVED: gcc.dg/compat/vector-2 c_compat_x_tst.o-c_compat_y_tst.o link 
UNRESOLVED: gcc.dg/compat/vector-2 c_compat_x_tst.o-c_compat_y_tst.o execute 
FAIL: tmpdir-gcc.dg-struct-layout-1/t027 c_compat_x_tst.o-c_compat_y_tst.o execute 
FAIL: gcc.dg/debug/dwarf2/dwarf-die7.c scan-assembler 1.*DW_AT_inline
FAIL: gcc.dg/i386-sse-2.c (test for excess errors)
FAIL: gcc.dg/pr18596-1.c (test for excess errors)
FAIL: gcc.dg/tree-ssa/loop-3.c scan-tree-dump-times int iter 1
FAIL: gcc.dg/vect/vect-27a.c scan-tree-dump-times vectorized 1 loops 1
FAIL: gcc.dg/vect/vect-29a.c scan-tree-dump-times vectorized 1 loops 1
FAIL: gcc.dg/vect/vect-48a.c scan-tree-dump-times vectorized 1 loops 1
FAIL: gcc.dg/vect/vect-56a.c scan-tree-dump-times vectorized 1 loops 1
FAIL: gcc.dg/vect/vect-72a.c scan-tree-dump-times vectorized 1 loops 1
FAIL: gcc.dg/vect/vect-77a.c scan-tree-dump-times vectorized 1 loops 1

		=== gcc Summary ===

# of expected passes		31966
# of unexpected failures	18
# of expected failures		115
# of unresolved testcases	8
# of untested testcases		28
# of unsupported tests		410
/home/guerby/work/gcc/build/build-20041215T130019/gcc/xgcc  version 4.0.0 20041215 (experimental)


Compiler version: 4.0.0 20041215 (experimental) 
Platform: x86_64-unknown-linux-gnu
configure flags: --prefix=/home/guerby/work/gcc/install/install-20041215T130019 --enable-__cxa_atexit --disable-nls --enable-threads=posix --enable-checking --enable-languages=c,ada




More information about the Gcc-testresults mailing list