Results for 4.0.0 20041213 (experimental) testsuite on sparc-unknown-linux-gnu
Christian Joensson
chj@j-son.org
Tue Dec 14 01:36:00 GMT 2004
Aurora SPARC Linux release 1.92 (Tangerine FC2) UltraSparc IIi (Sabre) sun4u:
binutils-2.15.90.0.3-6
bison-1.875-7.1
dejagnu-1.4.2-11
expect-5.39.0-96.1
gcc-3.3.4-2
package gcc4 is not installed
glibc-2.3.3-27
glibc-headers-2.3.3-27
glibc-kernheaders-2.6-16sparc
kernel-2.6.8-1.571sp1
package kernel-smp is not installed
tcl-8.4.5-7
LAST_UPDATED: Mon Dec 13 07:12:47 UTC 2004
Native configuration is sparc-unknown-linux-gnu
=== gcc tests ===
Running target unix
FAIL: gcc.dg/debug/dwarf2/dwarf-die7.c scan-assembler 1.*DW_AT_inline
FAIL: gcc.dg/pr18596-1.c (test for excess errors)
=== gcc Summary ===
# of expected passes 31829
# of unexpected failures 2
# of expected failures 96
# of untested testcases 28
# of unsupported tests 468
/usr/local/src/trunk/objdir32/gcc/xgcc version 4.0.0 20041213 (experimental)
=== gfortran tests ===
Running target unix
XPASS: gfortran.dg/ret_pointer_1.f90 execution test
XPASS: gfortran.dg/ret_pointer_1.f90 execution test
XPASS: gfortran.dg/ret_pointer_1.f90 execution test
XPASS: gfortran.dg/ret_pointer_1.f90 execution test
XPASS: gfortran.dg/ret_pointer_1.f90 execution test
XPASS: gfortran.dg/ret_pointer_1.f90 execution test
XPASS: gfortran.dg/ret_pointer_1.f90 execution test
FAIL: gfortran.dg/g77/6177.f execution test
FAIL: gfortran.dg/g77/6177.f execution test
FAIL: gfortran.dg/g77/6177.f execution test
FAIL: gfortran.dg/g77/6177.f execution test
FAIL: gfortran.dg/g77/6177.f execution test
FAIL: gfortran.dg/g77/6177.f execution test
FAIL: gfortran.dg/g77/6177.f execution test
FAIL: gfortran.dg/g77/6177.f execution test
FAIL: gfortran.dg/g77/980628-10.f execution test
FAIL: gfortran.dg/g77/980628-10.f execution test
FAIL: gfortran.dg/g77/980628-10.f execution test
FAIL: gfortran.dg/g77/980628-10.f execution test
FAIL: gfortran.dg/g77/980628-10.f execution test
FAIL: gfortran.dg/g77/980628-10.f execution test
FAIL: gfortran.dg/g77/980628-10.f execution test
FAIL: gfortran.dg/g77/980628-10.f execution test
FAIL: gfortran.dg/g77/980628-2.f execution test
FAIL: gfortran.dg/g77/980628-2.f execution test
FAIL: gfortran.dg/g77/980628-2.f execution test
FAIL: gfortran.dg/g77/980628-2.f execution test
FAIL: gfortran.dg/g77/980628-2.f execution test
FAIL: gfortran.dg/g77/980628-2.f execution test
FAIL: gfortran.dg/g77/980628-2.f execution test
FAIL: gfortran.dg/g77/980628-2.f execution test
FAIL: gfortran.dg/g77/980628-3.f execution test
FAIL: gfortran.dg/g77/980628-3.f execution test
FAIL: gfortran.dg/g77/980628-3.f execution test
FAIL: gfortran.dg/g77/980628-3.f execution test
FAIL: gfortran.dg/g77/980628-3.f execution test
FAIL: gfortran.dg/g77/980628-3.f execution test
FAIL: gfortran.dg/g77/980628-3.f execution test
FAIL: gfortran.dg/g77/980628-3.f execution test
FAIL: gfortran.dg/g77/980628-9.f execution test
FAIL: gfortran.dg/g77/980628-9.f execution test
FAIL: gfortran.dg/g77/980628-9.f execution test
FAIL: gfortran.dg/g77/980628-9.f execution test
FAIL: gfortran.dg/g77/980628-9.f execution test
FAIL: gfortran.dg/g77/980628-9.f execution test
FAIL: gfortran.dg/g77/980628-9.f execution test
FAIL: gfortran.dg/g77/980628-9.f execution test
FAIL: gfortran.dg/g77/cabs.f execution test
FAIL: gfortran.dg/g77/cabs.f execution test
FAIL: gfortran.dg/g77/cabs.f execution test
FAIL: gfortran.dg/g77/cabs.f execution test
FAIL: gfortran.dg/g77/cabs.f execution test
FAIL: gfortran.dg/g77/cabs.f execution test
FAIL: gfortran.dg/g77/cabs.f execution test
FAIL: gfortran.dg/g77/cabs.f execution test
FAIL: gfortran.dg/g77/f90-intrinsic-mathematical.f execution test
FAIL: gfortran.dg/g77/f90-intrinsic-mathematical.f execution test
FAIL: gfortran.dg/g77/f90-intrinsic-mathematical.f execution test
FAIL: gfortran.dg/g77/f90-intrinsic-mathematical.f execution test
FAIL: gfortran.dg/g77/f90-intrinsic-mathematical.f execution test
FAIL: gfortran.dg/g77/f90-intrinsic-mathematical.f execution test
FAIL: gfortran.dg/g77/f90-intrinsic-mathematical.f execution test
FAIL: gfortran.dg/g77/f90-intrinsic-mathematical.f execution test
FAIL: gfortran.dg/g77/f90-intrinsic-numeric.f execution test
FAIL: gfortran.dg/g77/f90-intrinsic-numeric.f execution test
FAIL: gfortran.dg/g77/f90-intrinsic-numeric.f execution test
FAIL: gfortran.dg/g77/f90-intrinsic-numeric.f execution test
FAIL: gfortran.dg/g77/f90-intrinsic-numeric.f execution test
FAIL: gfortran.dg/g77/f90-intrinsic-numeric.f execution test
FAIL: gfortran.dg/g77/f90-intrinsic-numeric.f execution test
FAIL: gfortran.dg/g77/f90-intrinsic-numeric.f execution test
FAIL: gfortran.fortran-torture/execute/cmplx.f90 execution, -O0
FAIL: gfortran.fortran-torture/execute/cmplx.f90 execution, -O1
FAIL: gfortran.fortran-torture/execute/cmplx.f90 execution, -O2
FAIL: gfortran.fortran-torture/execute/cmplx.f90 execution, -O3 -fomit-frame-pointer
FAIL: gfortran.fortran-torture/execute/cmplx.f90 execution, -O3 -fomit-frame-pointer -funroll-loops
FAIL: gfortran.fortran-torture/execute/cmplx.f90 execution, -O3 -fomit-frame-pointer -funroll-all-loops -finline-functions
FAIL: gfortran.fortran-torture/execute/cmplx.f90 execution, -O3 -g
FAIL: gfortran.fortran-torture/execute/cmplx.f90 execution, -Os
FAIL: gfortran.fortran-torture/execute/csqrt_1.f90 execution, -O0
FAIL: gfortran.fortran-torture/execute/csqrt_1.f90 execution, -O1
FAIL: gfortran.fortran-torture/execute/csqrt_1.f90 execution, -O2
FAIL: gfortran.fortran-torture/execute/csqrt_1.f90 execution, -O3 -fomit-frame-pointer
FAIL: gfortran.fortran-torture/execute/csqrt_1.f90 execution, -O3 -fomit-frame-pointer -funroll-loops
FAIL: gfortran.fortran-torture/execute/csqrt_1.f90 execution, -O3 -fomit-frame-pointer -funroll-all-loops -finline-functions
FAIL: gfortran.fortran-torture/execute/csqrt_1.f90 execution, -O3 -g
FAIL: gfortran.fortran-torture/execute/csqrt_1.f90 execution, -Os
FAIL: gfortran.fortran-torture/execute/forall_3.f90 execution, -O1
FAIL: gfortran.fortran-torture/execute/intrinsic_abs.f90 execution, -O0
FAIL: gfortran.fortran-torture/execute/intrinsic_abs.f90 execution, -O1
FAIL: gfortran.fortran-torture/execute/intrinsic_abs.f90 execution, -O2
FAIL: gfortran.fortran-torture/execute/intrinsic_abs.f90 execution, -O3 -fomit-frame-pointer
FAIL: gfortran.fortran-torture/execute/intrinsic_abs.f90 execution, -O3 -fomit-frame-pointer -funroll-loops
FAIL: gfortran.fortran-torture/execute/intrinsic_abs.f90 execution, -O3 -fomit-frame-pointer -funroll-all-loops -finline-functions
FAIL: gfortran.fortran-torture/execute/intrinsic_abs.f90 execution, -O3 -g
FAIL: gfortran.fortran-torture/execute/intrinsic_abs.f90 execution, -Os
FAIL: gfortran.fortran-torture/execute/intrinsic_dotprod.f90 execution, -O0
FAIL: gfortran.fortran-torture/execute/intrinsic_dotprod.f90 execution, -O1
FAIL: gfortran.fortran-torture/execute/intrinsic_dotprod.f90 execution, -O2
FAIL: gfortran.fortran-torture/execute/intrinsic_dotprod.f90 execution, -O3 -fomit-frame-pointer
FAIL: gfortran.fortran-torture/execute/intrinsic_dotprod.f90 execution, -O3 -fomit-frame-pointer -funroll-loops
FAIL: gfortran.fortran-torture/execute/intrinsic_dotprod.f90 execution, -O3 -fomit-frame-pointer -funroll-all-loops -finline-functions
FAIL: gfortran.fortran-torture/execute/intrinsic_dotprod.f90 execution, -O3 -g
FAIL: gfortran.fortran-torture/execute/intrinsic_dotprod.f90 execution, -Os
FAIL: gfortran.fortran-torture/execute/intrinsic_transpose.f90 execution, -O0
FAIL: gfortran.fortran-torture/execute/intrinsic_transpose.f90 execution, -O1
FAIL: gfortran.fortran-torture/execute/math.f90 execution, -O0
FAIL: gfortran.fortran-torture/execute/math.f90 execution, -O1
FAIL: gfortran.fortran-torture/execute/math.f90 execution, -O2
FAIL: gfortran.fortran-torture/execute/math.f90 execution, -O3 -fomit-frame-pointer
FAIL: gfortran.fortran-torture/execute/math.f90 execution, -O3 -fomit-frame-pointer -funroll-loops
FAIL: gfortran.fortran-torture/execute/math.f90 execution, -O3 -fomit-frame-pointer -funroll-all-loops -finline-functions
FAIL: gfortran.fortran-torture/execute/math.f90 execution, -O3 -g
FAIL: gfortran.fortran-torture/execute/math.f90 execution, -Os
FAIL: gfortran.fortran-torture/execute/power.f90 execution, -O0
FAIL: gfortran.fortran-torture/execute/power.f90 execution, -O1
FAIL: gfortran.fortran-torture/execute/power.f90 execution, -O2
FAIL: gfortran.fortran-torture/execute/power.f90 execution, -O3 -fomit-frame-pointer
FAIL: gfortran.fortran-torture/execute/power.f90 execution, -O3 -fomit-frame-pointer -funroll-loops
FAIL: gfortran.fortran-torture/execute/power.f90 execution, -O3 -fomit-frame-pointer -funroll-all-loops -finline-functions
FAIL: gfortran.fortran-torture/execute/power.f90 execution, -O3 -g
FAIL: gfortran.fortran-torture/execute/power.f90 execution, -Os
FAIL: gfortran.fortran-torture/execute/seq_io.f90 execution, -O0
FAIL: gfortran.fortran-torture/execute/seq_io.f90 execution, -O1
FAIL: gfortran.fortran-torture/execute/seq_io.f90 execution, -O2
FAIL: gfortran.fortran-torture/execute/seq_io.f90 execution, -O3 -fomit-frame-pointer
FAIL: gfortran.fortran-torture/execute/seq_io.f90 execution, -O3 -fomit-frame-pointer -funroll-loops
FAIL: gfortran.fortran-torture/execute/seq_io.f90 execution, -O3 -fomit-frame-pointer -funroll-all-loops -finline-functions
FAIL: gfortran.fortran-torture/execute/seq_io.f90 execution, -O3 -g
FAIL: gfortran.fortran-torture/execute/seq_io.f90 execution, -Os
=== gfortran Summary ===
# of expected passes 4660
# of unexpected failures 123
# of unexpected successes 7
# of expected failures 19
# of unsupported tests 8
/usr/local/src/trunk/objdir32/gcc/testsuite/../gfortran version 4.0.0 20041213 (experimental)
=== g++ tests ===
Running target unix
FAIL: g++.dg/pch/empty.C (test for excess errors)
FAIL: g++.dg/pch/empty.C (test for excess errors)
FAIL: g++.dg/pch/empty.C (test for excess errors)
FAIL: g++.dg/pch/externc-1.C (test for excess errors)
FAIL: g++.dg/pch/externc-1.C (test for excess errors)
FAIL: g++.dg/pch/externc-1.C (test for excess errors)
FAIL: g++.dg/pch/static-1.C (test for excess errors)
FAIL: g++.dg/pch/static-1.C (test for excess errors)
FAIL: g++.dg/pch/static-1.C (test for excess errors)
FAIL: g++.dg/pch/system-1.C (test for excess errors)
FAIL: g++.dg/pch/system-2.C (test for excess errors)
FAIL: g++.dg/pch/uninst.C (test for excess errors)
FAIL: g++.dg/pch/uninst.C (test for excess errors)
FAIL: g++.dg/pch/uninst.C (test for excess errors)
FAIL: g++.dg/pch/wchar-1.C (test for excess errors)
FAIL: g++.dg/pch/wchar-1.C (test for excess errors)
FAIL: g++.dg/pch/wchar-1.C (test for excess errors)
WARNING: g++.old-deja/g++.mike/p10769a.C compilation failed to produce executable
XPASS: g++.old-deja/g++.other/init5.C execution test
=== g++ Summary ===
# of expected passes 10402
# of unexpected failures 17
# of unexpected successes 1
# of expected failures 70
# of untested testcases 17
# of unsupported tests 84
/usr/local/src/trunk/objdir32/gcc/testsuite/../g++ version 4.0.0 20041213 (experimental)
=== objc tests ===
Running target unix
=== objc Summary ===
# of expected passes 1523
# of unsupported tests 10
/usr/local/src/trunk/objdir32/gcc/xgcc version 4.0.0 20041213 (experimental)
=== treelang tests ===
Running target unix
=== treelang Summary ===
# of expected passes 22
=== libffi tests ===
Running target unix
=== libffi Summary ===
# of expected passes 216
# of unsupported tests 2
=== libjava tests ===
Running target unix
FAIL: Thread_HoldsLock execution - source compiled test
FAIL: Thread_HoldsLock execution - gij test
FAIL: Thread_HoldsLock execution - bytecode->native test
FAIL: Thread_HoldsLock -O3 execution - source compiled test
FAIL: Thread_HoldsLock execution - gij test
FAIL: Thread_HoldsLock -O3 execution - bytecode->native test
XPASS: pr13107_3 compilation from bytecode
XPASS: pr13107_3 -O3 compilation from bytecode
FAIL: pr16789 execution - source compiled test
FAIL: pr16789 execution - gij test
FAIL: pr16789 execution - bytecode->native test
FAIL: pr16789 -O3 execution - source compiled test
FAIL: pr16789 execution - gij test
FAIL: pr16789 -O3 execution - bytecode->native test
=== libjava Summary ===
# of expected passes 3675
# of unexpected failures 12
# of unexpected successes 2
# of expected failures 12
# of untested testcases 24
=== libmudflap tests ===
Running target unix
FAIL: libmudflap.c/pass54-frag.c execution test
FAIL: libmudflap.c/pass54-frag.c (-static) execution test
FAIL: libmudflap.cth/pass40-frag.c execution test
FAIL: libmudflap.cth/pass40-frag.c output pattern test
FAIL: libmudflap.cth/pass40-frag.c (-O2) execution test
FAIL: libmudflap.cth/pass40-frag.c (-O2) output pattern test
FAIL: libmudflap.cth/pass40-frag.c (-O3) execution test
FAIL: libmudflap.cth/pass40-frag.c (-O3) output pattern test
=== libmudflap Summary ===
# of expected passes 1236
# of unexpected failures 8
=== libstdc++-v3 check-abi Summary ===
# of added symbols: 63
# of missing symbols: 0
# of incompatible symbols: 0
using: /usr/local/src/trunk/gcc/libstdc++-v3/config/abi/sparc-linux-gnu/baseline_symbols.txt
=== libstdc++ tests ===
Running target unix
XPASS: 22_locale/locale/cons/12658_thread-1.cc execution test
FAIL: 26_numerics/complex/13450.cc execution test
FAIL: 26_numerics/complex/complex_value.cc execution test
FAIL: 26_numerics/complex/pow.cc execution test
FAIL: ext/array_allocator/2.cc execution test
FAIL: ext/enc_filebuf/char/13189.cc (test for excess errors)
WARNING: ext/enc_filebuf/char/13189.cc compilation failed to produce executable
FAIL: ext/enc_filebuf/wchar_t/13189.cc (test for excess errors)
WARNING: ext/enc_filebuf/wchar_t/13189.cc compilation failed to produce executable
=== libstdc++ Summary ===
# of expected passes 3181
# of unexpected failures 6
# of unexpected successes 1
# of expected failures 6
Compiler version: 4.0.0 20041213 (experimental)
Platform: sparc-unknown-linux-gnu
configure flags: sparc-linux --enable-__cxa_atexit --enable-shared --enable-languages=c,c++,f95,java,objc,treelang
Counting all warnings,
there are 498 warnings in stage0 of this bootstrap.
Number of warnings per file:
212 include/gc_config.h
212 include/config.h
9 libiberty/regex.c
6 libmudflap/mf-runtime.c
6 fastjar/jartool.c
5 libiberty/concat.c
4 libjava/java/lang/strtod.c
4 include/xregex2.h
3 libjava/java/lang/e_exp.c
3 libjava/java/lang/dtoa.c
2 libgfortran/generated/matmul_r8.c
2 libgfortran/generated/matmul_r4.c
2 libgfortran/generated/matmul_i8.c
2 libgfortran/generated/matmul_i4.c
2 libgfortran/generated/matmul_c8.c
2 libgfortran/generated/matmul_c4.c
2 libcpp/macro.c
2 fastjar/shift.c
1 libobjc/thr.c
1 libobjc/sendmsg.c
1 libmath/stubs.c
1 libjava/prims.cc
1 libjava/java/lang/e_rem_pio2.c
1 libjava/java/lang/e_asin.c
1 libjava/gnu/gcj/io/shs.cc
1 libiberty/pex-unix.c
1 libgfortran/generated/transpose_i8.c
1 libgfortran/generated/transpose_i4.c
1 libgfortran/generated/matmul_l8.c
1 libgfortran/generated/matmul_l4.c
1 libcpp/pch.c
1 java/net/natNetworkInterface.cc
1 gnu/java/nio/natPipeImpl.cc
1 gcc/coretypes.h
1 gcc/boehm-gc/mark_rts.c
1 fastjar/compress.c
Number of warning types:
213 this is the location of the previous definition
53 \`PACKAGE_VERSION' redefined
53 \`PACKAGE_TARNAME' redefined
53 \`PACKAGE_STRING' redefined
53 \`PACKAGE_NAME' redefined
16 passing argument 1 of 'size0' from incompatible pointer type
9 signed and unsigned type in conditional expression
5 traditional C rejects ISO C style function definitions
5 pointer targets in passing arg ??? of \`???' differ in signedness
3 ISO C90 does not support \`static' or type qualifiers in parameter array declarators
2 string length \`???' is greater than the length \`???' ISO C89 compilers are required to support
2 format '%06lu' expects type 'long unsigned int', but argument 6 has type '__suseconds_t'
2 format '%06lu' expects type 'long unsigned int', but argument 4 has type '__suseconds_t'
2 format '%06lu' expects type 'long unsigned int', but argument 15 has type '__suseconds_t'
2 comparison between signed and unsigned
1 'z' is used uninitialized in this function
1 'void byteReverse()' declared 'static' but never defined
1 variable 'out' might be clobbered by 'longjmp' or 'vfork'
1 unused parameter 'self'
1 unused parameter '_p'
1 unused parameter \`???'
1 't' may be used uninitialized in this function
1 'spec_case' may be used uninitialized in this function
1 \`rtx' redefined
1 'noreturn' function does return
1 'lo' may be used uninitialized in this function
1 'k' may be used uninitialized in this function
1 ISO C90 does not support 'static' or type qualifiers in parameter array declarators
1 incompatible implicit declaration of built-in function 'fabsl'
1 'ilim' may be used uninitialized in this function
1 'ilim1' may be used uninitialized in this function
1 'hi' may be used uninitialized in this function
1 function returns address of local variable
1 'delta' may be used uninitialized in this function
1 comparison between signed and unsigned integer expressions
1 'bs' may be used uninitialized in this function
1 'bd' may be used uninitialized in this function
1 'bb' may be used uninitialized in this function
1 assignment from incompatible pointer type
1 assignment discards qualifiers from pointer target type
Counting all warnings,
there are 21 warnings in stage3 of this bootstrap.
Number of warnings per file:
5 gcc/fortran/iresolve.c
3 treelang/lex.c
3 gcc/gcc.c
3 gcc/config/sparc/sparc.md
2 gcc/objc/lang-specs.h
2 gcc/java/jcf-io.c
1 include/line-map.h
1 gcc/treelang/lex.l
1 gcc/java/jvspec.c
Number of warning types:
5 assignment discards qualifiers from pointer target type
3 old-style function definition
1 this is the location of the previous definition
1 string length '844' is greater than the length '509' ISO C89 compilers are required to support
1 string length '834' is greater than the length '509' ISO C89 compilers are required to support
1 string length '783' is greater than the length '509' ISO C89 compilers are required to support
1 string length '709' is greater than the length '509' ISO C89 compilers are required to support
1 string length '608' is greater than the length '509' ISO C89 compilers are required to support
1 string length '603' is greater than the length '509' ISO C89 compilers are required to support
1 source missing a mode?
1 operand 2 missing mode?
1 operand 0 missing mode?
1 \`LINEMAP_POSITION_FOR_COLUMN' redefined
1 ISO C forbids passing argument 3 of 'scandir' between function pointer and 'void *'
1 ISO C forbids conversion of function pointer to object pointer type
More information about the Gcc-testresults
mailing list