Results for 3.3.5 (Debian 1:3.3.5-4) testsuite on ia64-linux
Matthias Klose
doko@debian.org
Sun Dec 12 00:54:00 GMT 2004
LAST_UPDATED: Sat Dec 11 11:20:29 UTC 2004
Native configuration is ia64-linux (gsyprf3)
=== gpc tests ===
Running target any
FAIL: arctan.pas
FAIL: fjf512.pas
FAIL: fjf762a.pas
FAIL: math.pas
=== gpc Summary ===
# of tests 3910
# of expected passes 3903
# of unexpected failures 4
# of unsupported tests 3
/home/doko/gcc/3.3/gcc-3.3-3.3.5/build/gcc/xgpc version 20040516, based on gcc-3.3.5 (Debian 1:3.3.5-4)
=== g++ tests ===
Running target unix
XPASS: g++.other/init5.C Execution test
=== g++ Summary ===
# of expected passes 7977
# of unexpected successes 1
# of expected failures 97
# of untested testcases 23
# of unsupported tests 28
/home/doko/gcc/3.3/gcc-3.3-3.3.5/build/gcc/testsuite/../g++ version 3.3.5 (Debian 1:3.3.5-4)
=== g77 tests ===
Running target unix
=== g77 Summary ===
# of expected passes 1720
# of unsupported tests 8
/home/doko/gcc/3.3/gcc-3.3-3.3.5/build/gcc/testsuite/../g77 version 3.3.5 (Debian 1:3.3.5-4)
=== gcc tests ===
Running target unix
XPASS: gcc.c-torture/execute/20020227-1.c execution, -O0
FAIL: gcc.c-torture/execute/20020227-1.c compilation, -O2
UNRESOLVED: gcc.c-torture/execute/20020227-1.c execution, -O2
FAIL: gcc.c-torture/execute/20020227-1.c compilation, -O3 -fomit-frame-pointer
UNRESOLVED: gcc.c-torture/execute/20020227-1.c execution, -O3 -fomit-frame-pointer
FAIL: gcc.c-torture/execute/20020227-1.c compilation, -O3 -g
UNRESOLVED: gcc.c-torture/execute/20020227-1.c execution, -O3 -g
FAIL: gcc.c-torture/execute/20020227-1.c compilation, -Os
UNRESOLVED: gcc.c-torture/execute/20020227-1.c execution, -Os
FAIL: gcc.dg/duff-2.c (test for excess errors)
FAIL: gcc.dg/special/gcsec-1.c -ffunction-sections -fdata-sections -Wl,--gc-sections -static (test for excess errors)
=== gcc Summary ===
# of expected passes 20880
# of unexpected failures 6
# of unexpected successes 1
# of expected failures 78
# of unresolved testcases 4
# of unsupported tests 187
/home/doko/gcc/3.3/gcc-3.3-3.3.5/build/gcc/xgcc version 3.3.5 (Debian 1:3.3.5-4)
=== objc tests ===
Running target unix
=== objc Summary ===
# of expected passes 1166
/home/doko/gcc/3.3/gcc-3.3-3.3.5/build/gcc/xgcc version 3.3.5 (Debian 1:3.3.5-4)
=== treelang tests ===
Running target unix
=== treelang Summary ===
# of expected passes 1
=== libjava tests ===
Running target unix
=== libjava Summary ===
# of expected passes 2991
# of expected failures 16
# of untested testcases 12
=== libstdc++-v3 check-abi Summary ===
# of added symbols: 78
# of missing symbols: 0
# of incompatible symbols: 0
using: /home/doko/gcc/3.3/gcc-3.3-3.3.5/src/libstdc++-v3/config/abi/ia64-linux-gnu/baseline_symbols.txt
=== libstdc++-v3 tests ===
Running target unix
XPASS: 22_locale/collate_byname.cc execution test
XPASS: 22_locale/collate_members_char.cc execution test
XPASS: 22_locale/collate_members_wchar_t.cc execution test
XPASS: 22_locale/ctype_is_char.cc execution test
XPASS: 22_locale/ctype_is_wchar_t.cc execution test
XPASS: 22_locale/members.cc execution test
XPASS: 22_locale/messages_byname.cc execution test
XPASS: 22_locale/messages_members_char.cc execution test
XPASS: 22_locale/money_get_members_char.cc execution test
XPASS: 22_locale/money_get_members_wchar_t.cc execution test
XPASS: 22_locale/money_put_members_char.cc execution test
XPASS: 22_locale/money_put_members_wchar_t.cc execution test
XPASS: 22_locale/moneypunct_byname.cc execution test
XPASS: 22_locale/moneypunct_members_char.cc execution test
XPASS: 22_locale/moneypunct_members_wchar_t.cc execution test
XPASS: 22_locale/num_get_members_char.cc execution test
XPASS: 22_locale/num_get_members_wchar_t.cc execution test
XPASS: 22_locale/num_put_members_char.cc execution test
XPASS: 22_locale/numpunct_byname.cc execution test
XPASS: 22_locale/numpunct_members_char.cc execution test
XPASS: 22_locale/numpunct_members_wchar_t.cc execution test
XPASS: 22_locale/time_get_members_char.cc execution test
XPASS: 22_locale/time_get_members_wchar_t.cc execution test
XPASS: 22_locale/time_put_members_char.cc execution test
XPASS: 22_locale/time_put_members_wchar_t.cc execution test
=== libstdc++-v3 Summary ===
# of expected passes 453
# of unexpected successes 25
# of expected failures 3
Compiler version: 3.3.5 (Debian 1:3.3.5-4)
Platform: ia64-linux
configure flags: --host=ia64-linux -v --enable-languages=c,c++,java,f77,pascal,objc,ada,treelang --prefix=/usr --mandir=/usr/share/man --infodir=/usr/share/info --with-gxx-include-dir=/usr/include/c++/3.3 --enable-shared --with-system-zlib --enable-nls --without-included-gettext --enable-__cxa_atexit --with-system-libunwind --enable-clocale=gnu --enable-debug --enable-java-gc=boehm --enable-java-awt=xlib --enable-objc-gc
BOOT_CFLAGS=-g -O2
Build Dependencies:
Desired=Unknown/Install/Remove/Purge/Hold
| Status=Not/Installed/Config-files/Unpacked/Failed-config/Half-installed
|/ Err?=(none)/Hold/Reinst-required/X=both-problems (Status,Err: uppercase=bad)
||/ Name Version Description
+++-==============-==============-============================================
ii binutils 2.15-5 The GNU assembler, linker and binary utiliti
ii libc6.1-dev 2.3.2.ds1-18 GNU C Library: Development Libraries and Hea
Patches that Debian applied in this version:
cvs-updates:
CVS updates from the 3.3 branch upto 20041211
pr14925:
Backport of PR14925 to the gcc-3.3 branch
pr17684:
Backport of PR17684 to the gcc-3.3 branch
pr18153:
Backport of PR18153 to the gcc-3.3 branch
pr18380:
Backport of PR18380 to the gcc-3.3 branch
pr18508:
Backport of PR18508 to the gcc-3.3 branch
gcc-version:
Add "(Debian <package version>)" to the gcc version string
rename-info-files:
Allow transformations on info file names. Reference the
transformed info file names in the texinfo files.
libf2c-update:
libf2c update taken from the 3.4.1 release.
libobjc-update:
libobjc update taken from the 3.4.1 release.
libstdc++-pic:
Build and install libstdc++_pic.a library.
libstdc++-doclink:
link local libstdc++ documentation to local source-level documentation
gccbug:
Use sensible-editor instead of vi as fallback editor
gccbug-posix:
Make gccbug POSIX compliant (patch by David Weinehall)
http://www.opengroup.org/onlinepubs/009695399/utilities/test.html
hppa-libffi:
libffi support for hppa
hppa-libjava:
Enable libjava support for hppa
libffi-config:
ffi.h.in: correctly #define ffi_type_[us]long on 32bit archs
i386-mtune:
2004-07-08 Paolo Bonzini <bonzini@gnu.org>
Jakub Jelinek <jakub@redhat.com>
* config/i386/i386.c (override_options): Enable
SSE prefetches with -mtune, as long as we are
compiling for i686 or higher. All i686 processors
accept SSE prefetches as NOPS, some i586's don't.
link-libs:
gcc-doc-locale:
gcc/doc/invoke.texi: Fix locale name.
libtool-rpath:
2003-03-10 Andreas Schwab <schwab at suse dot de>
With the introduction of multi-os-directory the libdir specification in
*.la files have /. appended to \$(libdir). This confuses libtool when it
tries to find out whether to add -rpath, because it only matches literally
against sys_lib_dlsearch_path members. Tested on i386-linux.
gcj-without-rpath:
don't define runtime link path for java binaries and libraries
libffi-install:
Allows libffi to be installed
libffi-no-debug:
Do not build libffi with debug information, although configuring
with --enable-debug
deb-protoize:
build protoize/unprotoize by default
libobjc:
Find gc.h header in /usr/include/gc for --enable-objc-gc enabled builds.
ada-gcc-name:
use gcc-3.3 instead of gcc and gnatXXX-3.15 instead of gnatXXX
as the command names.
gpc-20040516-patch-update:
update the gpc diffs to recent gcc sources, fix build failure on powerpc
gpc-update11:
Fix gpc build error for bootstrap target
gpc-driver:
Update gpc driver to recognize recent specs options
gpc-3.x:
The gpc patch from the gpc tarball.
gpc-names:
versioned gpc names
ia64-unwind:
patches for ia64 unwind exception support.
reporting:
Add Debian URL for bug reporting isntructions.
autoreconf:
autoreconf several directories for proper mipsen libtool support
Counting all warnings,
there are 462 warnings in stage3 of this bootstrap.
Number of warnings per file:
225 SYSCALLS.c
67 gcc/p/gpc.c
49 parse.c
28 pascal-lex.c
13 pascal-lex.l
11 gcc/treelang/lex.c
9 gcc/p/lang.c
6 gcc/gcc.c
6 gcc/f//ffe.texi
5 gcc/treelang/parse.c
4 gcc/unwind.h
4 gcc/p/lang-specs.h
4 gcc/f//intdoc.texi
3 gcc/tlink.c
3 gcc/reload1.c
2 op14075.c
2 gcc/p/rts/endian.pas
2 gcc/p/gpc-lex.c
2 gcc/objc/lang-specs.h
2 gcc/diagnostic.c
2 c-p10012.c
1 libiberty/choose-temp.c
1 gt-ada-utils.h
1 gt-ada-decl.h
1 gengtype-yacc.c
1 gcc/varasm.c
1 gcc/reload.c
1 gcc/regmove.c
1 gcc/ra-rewrite.c
1 gcc/ra-build.c
1 gcc/java/jvspec.c
1 gcc/collect2.c
1 gcc/ada/decl.c
1 ada/b_gnatb.c
Number of warning types:
226 function declaration isn't a prototype
160 traditional C rejects ISO C style function definitions
11 no previous prototype for `???'
9 string length `???' is greater than the length `???' ISO C89 compilers are required to support
8 unused parameter `???'
7 traditional C rejects string concatenation
6 undefined flag: srcdir.
5 comparison of unsigned expression < 0 is always false
5 comparison between signed and unsigned
3 assignment makes pointer from integer without a cast
3 `???' might be used uninitialized in this function
2 unused variable `???'
2 unlikely character ) in @var.
2 unlikely character ( in @var.
2 too many arguments for format
2 statement with no effect
2 conflicting types for built-in function `???'
1 the use of `???' is dangerous, better use `???'
1 static declaration for `???' follows non-static
1 initialization makes pointer from integer without a cast
1 implicit declaration of function `???'
1 cast to pointer from integer of different size
1 `long' switch expression not converted to `int' in ISO C
1 `???' defined but not used
More information about the Gcc-testresults
mailing list