Results for [3.4] 3.4.420041211(prerelease) testsuite on i686-pc-linux-gnu
Autocrasher
autocrasher@devphil.com
Sat Dec 11 15:00:00 GMT 2004
The configure/build/test log and regression plots can be
found at http://www.devphil.com/build/
Host was an x86-type system.
This particular run used standard (previously installed) binutils.
- The Autocrasher (Phil's Builder Bot, version 2.1)
LAST_UPDATED: Sat Dec 11 05:42:00 UTC 2004
Native configuration is i686-pc-linux-gnu
=== g++ tests ===
Running target unix
XPASS: g++.dg/rtti/tinfo1.C scan-assembler _ZTIP9CTemplateIhE:
XPASS: g++.dg/rtti/tinfo1.C scan-assembler-not .globl[ \\t]+_ZTIP9CTemplateIhE
WARNING: g++.old-deja/g++.mike/p10769a.C compilation failed to produce executable
WARNING: g++.old-deja/g++.other/enum5.C compilation failed to produce executable
XPASS: g++.old-deja/g++.other/init5.C execution test
WARNING: g++.old-deja/g++.pt/friend44.C compilation failed to produce executable
=== g++ Summary ===
# of expected passes 9764
# of unexpected successes 3
# of expected failures 71
# of unsupported tests 43
/mnt/build/build-2004-12-11-004001-3.4/gcc/testsuite/../g++ version 3.4.4 20041211 (prerelease)
=== gcc tests ===
Running target unix
FAIL: gcc.c-torture/execute/va-arg-25.c execution, -Os
XPASS: gcc.dg/cpp/cmdlne-dI-M.c scan-file (^|\\\\n)cmdlne-dI-M.*:[^\\\\n]*cmdlne-dI-M.c
XPASS: gcc.dg/cpp/cmdlne-dM-M.c scan-file (^|\\\\n)cmdlne-dM-M[^\\\\n]*:[^\\\\n]*cmdlne-dM-M.c
=== gcc Summary ===
# of expected passes 24966
# of unexpected failures 1
# of unexpected successes 2
# of expected failures 68
# of untested testcases 7
# of unsupported tests 201
/mnt/build/build-2004-12-11-004001-3.4/gcc/xgcc version 3.4.4 20041211 (prerelease)
=== libstdc++-v3 check-abi Summary ===
# of added symbols: 57
# of missing symbols: 46
# of incompatible symbols: 46
using: /home/pme/src/3.4/libstdc++-v3/config/abi/i486-linux-gnu/baseline_symbols.txt
=== libstdc++ tests ===
Running target unix
XPASS: 22_locale/locale/cons/12658_thread.cc execution test
XPASS: 26_numerics/c99_classification_macros_c.cc (test for excess errors)
=== libstdc++ Summary ===
# of expected passes 2731
# of unexpected successes 2
# of expected failures 5
Compiler version: 3.4.420041211(prerelease)
Platform: i686-pc-linux-gnu
configure flags: --prefix=/mnt/build/install-2004-12-11-004001-3.4 --enable-threads=posix --enable-__cxa_atexit --enable-languages=c++ --with-dwarf2
More information about the Gcc-testresults
mailing list