Results for 4.0.0-tree-profiling 20041022 (experimental) testsuite on powerpc64-unknown-linux-gnu
Janis Johnson
janis187@us.ibm.com
Sat Dec 11 11:43:00 GMT 2004
Linux 2.4.21-17.EL ppc64
GNU C Library stable release version 2.3.2
GNU ld version 2.15
GNU assembler 2.15
GNU Make version 3.79.1
DejaGnu:
Expect version is 5.40.0
Tcl version is 8.4
Framework version is 1.4.4
CVS branch: tree-profiling-branch
This hardware does not support VMX instructions.
LAST_UPDATED: Sat Dec 11 08:08:06 UTC 2004
Native configuration is powerpc64-unknown-linux-gnu
=== g++ tests ===
Running target unix/-m32
FAIL: g++.dg/expr/cast2.C (test for errors, line 4)
FAIL: g++.dg/other/static11.C (test for excess errors)
XPASS: g++.dg/rtti/tinfo1.C scan-assembler _ZTIP9CTemplateIhE:
XPASS: g++.dg/rtti/tinfo1.C scan-assembler-not .globl[ \\t]+_ZTIP9CTemplateIhE
XPASS: g++.dg/rtti/tinfo1.C scan-assembler-not .section[^\\n\\r]*_ZTIP9CTemplateIhE[^\\n\\r]*
WARNING: g++.old-deja/g++.mike/p10769a.C compilation failed to produce executable
WARNING: g++.old-deja/g++.other/enum5.C compilation failed to produce executable
XPASS: g++.old-deja/g++.other/init5.C execution test
=== g++ Summary for unix/-m32 ===
# of expected passes 10246
# of unexpected failures 2
# of unexpected successes 4
# of expected failures 76
# of unsupported tests 71
Running target unix/-m64
FAIL: g++.dg/expr/cast2.C (test for errors, line 4)
FAIL: g++.dg/other/static11.C (test for excess errors)
FAIL: g++.dg/parse/cast1.C (test for excess errors)
XPASS: g++.dg/rtti/tinfo1.C scan-assembler _ZTIP9CTemplateIhE:
XPASS: g++.dg/rtti/tinfo1.C scan-assembler-not .globl[ \\t]+_ZTIP9CTemplateIhE
XPASS: g++.dg/rtti/tinfo1.C scan-assembler-not .section[^\\n\\r]*_ZTIP9CTemplateIhE[^\\n\\r]*
WARNING: g++.old-deja/g++.mike/p10769a.C compilation failed to produce executable
FAIL: g++.old-deja/g++.mike/p784.C (test for excess errors)
WARNING: g++.old-deja/g++.other/enum5.C compilation failed to produce executable
XPASS: g++.old-deja/g++.other/init5.C execution test
=== g++ Summary for unix/-m64 ===
# of expected passes 10244
# of unexpected failures 4
# of unexpected successes 4
# of expected failures 76
# of unsupported tests 71
=== g++ Summary ===
# of expected passes 20490
# of unexpected failures 6
# of unexpected successes 8
# of expected failures 152
# of unsupported tests 142
/home/gccbuild/build/nightly/build-gcc-treeprof/gcc/testsuite/../g++ version 4.0.0-tree-profiling 20041022 (experimental)
=== gcc tests ===
Running target unix/-m32
XPASS: gcc.c-torture/compile/pr17529.c -O0 (test for excess errors)
FAIL: gcc.dg/compat/vector-2 c_compat_x_tst.o compile
FAIL: gcc.dg/compat/vector-2 c_compat_y_tst.o compile
UNRESOLVED: gcc.dg/compat/vector-2 c_compat_x_tst.o-c_compat_y_tst.o link
UNRESOLVED: gcc.dg/compat/vector-2 c_compat_x_tst.o-c_compat_y_tst.o execute
FAIL: gcc.dg/debug/dwarf2/dwarf-die7.c scan-assembler 1.*DW_AT_inline
FAIL: gcc.dg/c90-const-expr-3.c (test for excess errors)
FAIL: gcc.dg/c99-const-expr-3.c (test for excess errors)
FAIL: gcc.dg/long-long-typespec-1.c unsigned long long int unsigned (test for errors, line 828)
FAIL: gcc.dg/ppc64-abi-1.c execution test
FAIL: gcc.dg/ppc64-abi-2.c (test for excess errors)
WARNING: gcc.dg/ppc64-abi-2.c compilation failed to produce executable
FAIL: gcc.dg/ppc64-abi-3.c (test for errors, line 11)
FAIL: gcc.dg/ppc64-abi-3.c (test for errors, line 26)
FAIL: gcc.dg/ppc64-abi-3.c (test for excess errors)
FAIL: gcc.dg/pr17055-1.c (test for excess errors)
FAIL: gcc.dg/typespec-1.c unsigned long int long char (test for errors, line 919)
FAIL: gcc.dg/typespec-1.c unsigned long int long short (test for errors, line 920)
FAIL: gcc.dg/typespec-1.c unsigned long int long int (test for errors, line 921)
FAIL: gcc.dg/typespec-1.c unsigned long int long long (test for errors, line 922)
FAIL: gcc.dg/typespec-1.c unsigned long int long float (test for errors, line 923)
FAIL: gcc.dg/typespec-1.c unsigned long int long double (test for errors, line 924)
FAIL: gcc.dg/typespec-1.c unsigned long int long signed (test for errors, line 925)
FAIL: gcc.dg/typespec-1.c unsigned long int long unsigned (test for errors, line 926)
FAIL: gcc.dg/typespec-1.c unsigned long int long _Bool (test for errors, line 927)
FAIL: gcc.dg/typespec-1.c unsigned long long int void (test for errors, line 928)
FAIL: gcc.dg/typespec-1.c unsigned long long int char (test for errors, line 929)
FAIL: gcc.dg/typespec-1.c unsigned long long int short (test for errors, line 930)
FAIL: gcc.dg/typespec-1.c unsigned long long int int (test for errors, line 931)
FAIL: gcc.dg/typespec-1.c unsigned long long int long (test for errors, line 932)
FAIL: gcc.dg/typespec-1.c unsigned long long int float (test for errors, line 933)
FAIL: gcc.dg/typespec-1.c unsigned long long int double (test for errors, line 934)
FAIL: gcc.dg/typespec-1.c unsigned long long int signed (test for errors, line 935)
FAIL: gcc.dg/typespec-1.c unsigned long long int unsigned (test for errors, line 936)
FAIL: gcc.dg/typespec-1.c unsigned long long int _Bool (test for errors, line 937)
FAIL: gcc.dg/typespec-1.c (test for excess errors)
FAIL: gcc.dg/format/ext-1.c printf_unlocked (test for warnings, line 125)
FAIL: gcc.dg/format/ext-1.c (test for excess errors)
FAIL: gcc.dg/format/ext-1.c -DWIDE printf_unlocked (test for warnings, line 125)
FAIL: gcc.dg/format/ext-1.c -DWIDE (test for excess errors)
FAIL: gcc.dg/pch/global-1.c -O3 -g assembly comparison
FAIL: gcc.dg/tree-ssa/sra-1.c scan-tree-dump-times link_error 0
FAIL: gcc.dg/tree-ssa/ssa-dce-2.c scan-tree-dump-times if 0
FAIL: gcc.dg/vect/vect-13.c execution test
FAIL: gcc.dg/vect/vect-17.c execution test
FAIL: gcc.dg/vect/vect-18.c execution test
FAIL: gcc.dg/vect/vect-19.c execution test
FAIL: gcc.dg/vect/vect-2.c execution test
FAIL: gcc.dg/vect/vect-20.c execution test
FAIL: gcc.dg/vect/vect-20.c scan-tree-dump-times vectorized 3 loops 1
FAIL: gcc.dg/vect/vect-22.c execution test
FAIL: gcc.dg/vect/vect-25.c execution test
FAIL: gcc.dg/vect/vect-26.c execution test
FAIL: gcc.dg/vect/vect-27.c execution test
FAIL: gcc.dg/vect/vect-27a.c execution test
FAIL: gcc.dg/vect/vect-28.c execution test
FAIL: gcc.dg/vect/vect-29.c execution test
FAIL: gcc.dg/vect/vect-29a.c execution test
FAIL: gcc.dg/vect/vect-3.c execution test
FAIL: gcc.dg/vect/vect-30.c execution test
FAIL: gcc.dg/vect/vect-31.c execution test
FAIL: gcc.dg/vect/vect-32.c execution test
FAIL: gcc.dg/vect/vect-34.c execution test
FAIL: gcc.dg/vect/vect-36.c execution test
FAIL: gcc.dg/vect/vect-37.c execution test
FAIL: gcc.dg/vect/vect-4.c execution test
FAIL: gcc.dg/vect/vect-40.c execution test
FAIL: gcc.dg/vect/vect-42.c execution test
FAIL: gcc.dg/vect/vect-43.c execution test
FAIL: gcc.dg/vect/vect-44.c execution test
FAIL: gcc.dg/vect/vect-46.c execution test
FAIL: gcc.dg/vect/vect-48.c execution test
FAIL: gcc.dg/vect/vect-48a.c execution test
FAIL: gcc.dg/vect/vect-5.c execution test
FAIL: gcc.dg/vect/vect-50.c execution test
FAIL: gcc.dg/vect/vect-52.c execution test
FAIL: gcc.dg/vect/vect-54.c execution test
FAIL: gcc.dg/vect/vect-56.c execution test
FAIL: gcc.dg/vect/vect-56a.c execution test
FAIL: gcc.dg/vect/vect-58.c execution test
FAIL: gcc.dg/vect/vect-6.c execution test
FAIL: gcc.dg/vect/vect-60.c execution test
FAIL: gcc.dg/vect/vect-62.c execution test
FAIL: gcc.dg/vect/vect-64.c execution test
FAIL: gcc.dg/vect/vect-65.c execution test
FAIL: gcc.dg/vect/vect-66.c execution test
FAIL: gcc.dg/vect/vect-68.c execution test
FAIL: gcc.dg/vect/vect-69.c execution test
FAIL: gcc.dg/vect/vect-7.c execution test
FAIL: gcc.dg/vect/vect-72.c execution test
FAIL: gcc.dg/vect/vect-72a.c execution test
FAIL: gcc.dg/vect/vect-73.c execution test
FAIL: gcc.dg/vect/vect-74.c execution test
FAIL: gcc.dg/vect/vect-75.c execution test
FAIL: gcc.dg/vect/vect-76.c execution test
FAIL: gcc.dg/vect/vect-77.c execution test
FAIL: gcc.dg/vect/vect-77a.c execution test
FAIL: gcc.dg/vect/vect-8.c execution test
FAIL: gcc.dg/vect/vect-80.c execution test
FAIL: gcc.dg/vect/vect-all.c execution test
=== gcc Summary for unix/-m32 ===
# of expected passes 31770
# of unexpected failures 96
# of unexpected successes 1
# of expected failures 97
# of unresolved testcases 2
# of untested testcases 28
# of unsupported tests 402
Running target unix/-m64
XPASS: gcc.c-torture/compile/pr17529.c -O0 (test for excess errors)
FAIL: gcc.c-torture/execute/930718-1.c execution, -O2
FAIL: gcc.c-torture/execute/930718-1.c execution, -O3 -fomit-frame-pointer
FAIL: gcc.c-torture/execute/930718-1.c execution, -O3 -g
FAIL: gcc.c-torture/execute/930718-1.c execution, -Os
FAIL: gcc.dg/compat/vector-2 c_compat_x_tst.o compile
FAIL: gcc.dg/compat/vector-2 c_compat_y_tst.o compile
UNRESOLVED: gcc.dg/compat/vector-2 c_compat_x_tst.o-c_compat_y_tst.o link
UNRESOLVED: gcc.dg/compat/vector-2 c_compat_x_tst.o-c_compat_y_tst.o execute
FAIL: gcc.dg/debug/dwarf2/dwarf-die7.c scan-assembler 1.*DW_AT_inline
FAIL: gcc.dg/c90-const-expr-3.c (test for excess errors)
FAIL: gcc.dg/c99-const-expr-3.c (test for excess errors)
FAIL: gcc.dg/ppc64-abi-3.c (test for errors, line 11)
FAIL: gcc.dg/ppc64-abi-3.c (test for errors, line 26)
FAIL: gcc.dg/ppc64-abi-3.c (test for excess errors)
FAIL: gcc.dg/pch/global-1.c -O3 -g assembly comparison
FAIL: gcc.dg/tree-ssa/ssa-dce-2.c scan-tree-dump-times if 0
FAIL: gcc.dg/vect/vect-13.c execution test
FAIL: gcc.dg/vect/vect-17.c execution test
FAIL: gcc.dg/vect/vect-18.c execution test
FAIL: gcc.dg/vect/vect-19.c execution test
FAIL: gcc.dg/vect/vect-2.c execution test
FAIL: gcc.dg/vect/vect-20.c execution test
FAIL: gcc.dg/vect/vect-20.c scan-tree-dump-times vectorized 3 loops 1
FAIL: gcc.dg/vect/vect-22.c execution test
FAIL: gcc.dg/vect/vect-25.c execution test
FAIL: gcc.dg/vect/vect-26.c execution test
FAIL: gcc.dg/vect/vect-27.c execution test
FAIL: gcc.dg/vect/vect-27a.c execution test
FAIL: gcc.dg/vect/vect-28.c execution test
FAIL: gcc.dg/vect/vect-29.c execution test
FAIL: gcc.dg/vect/vect-29a.c execution test
FAIL: gcc.dg/vect/vect-3.c execution test
FAIL: gcc.dg/vect/vect-30.c execution test
FAIL: gcc.dg/vect/vect-31.c execution test
FAIL: gcc.dg/vect/vect-32.c execution test
FAIL: gcc.dg/vect/vect-34.c execution test
FAIL: gcc.dg/vect/vect-36.c execution test
FAIL: gcc.dg/vect/vect-4.c execution test
FAIL: gcc.dg/vect/vect-40.c execution test
FAIL: gcc.dg/vect/vect-42.c execution test
FAIL: gcc.dg/vect/vect-43.c execution test
FAIL: gcc.dg/vect/vect-44.c execution test
FAIL: gcc.dg/vect/vect-46.c scan-tree-dump-times vectorized 1 loops 1
FAIL: gcc.dg/vect/vect-48.c execution test
FAIL: gcc.dg/vect/vect-48a.c execution test
FAIL: gcc.dg/vect/vect-5.c execution test
FAIL: gcc.dg/vect/vect-50.c scan-tree-dump-times vectorized 1 loops 1
FAIL: gcc.dg/vect/vect-52.c scan-tree-dump-times vectorized 1 loops 1
FAIL: gcc.dg/vect/vect-54.c execution test
FAIL: gcc.dg/vect/vect-56.c execution test
FAIL: gcc.dg/vect/vect-56a.c execution test
FAIL: gcc.dg/vect/vect-58.c scan-tree-dump-times vectorized 1 loops 1
FAIL: gcc.dg/vect/vect-6.c execution test
FAIL: gcc.dg/vect/vect-60.c scan-tree-dump-times vectorized 1 loops 1
FAIL: gcc.dg/vect/vect-62.c execution test
FAIL: gcc.dg/vect/vect-64.c execution test
FAIL: gcc.dg/vect/vect-65.c execution test
FAIL: gcc.dg/vect/vect-66.c execution test
FAIL: gcc.dg/vect/vect-68.c execution test
FAIL: gcc.dg/vect/vect-69.c execution test
FAIL: gcc.dg/vect/vect-7.c execution test
FAIL: gcc.dg/vect/vect-72.c execution test
FAIL: gcc.dg/vect/vect-72a.c execution test
FAIL: gcc.dg/vect/vect-73.c execution test
FAIL: gcc.dg/vect/vect-74.c execution test
FAIL: gcc.dg/vect/vect-75.c execution test
FAIL: gcc.dg/vect/vect-76.c execution test
FAIL: gcc.dg/vect/vect-77.c scan-tree-dump-times vectorized 1 loops 1
FAIL: gcc.dg/vect/vect-77a.c scan-tree-dump-times vectorized 1 loops 1
FAIL: gcc.dg/vect/vect-8.c execution test
FAIL: gcc.dg/vect/vect-80.c execution test
FAIL: gcc.dg/vect/vect-all.c execution test
FAIL: linkage.c
=== gcc Summary for unix/-m64 ===
# of expected passes 31796
# of unexpected failures 71
# of unexpected successes 1
# of expected failures 97
# of unresolved testcases 2
# of untested testcases 28
# of unsupported tests 402
=== gcc Summary ===
# of expected passes 63566
# of unexpected failures 167
# of unexpected successes 2
# of expected failures 194
# of unresolved testcases 4
# of untested testcases 56
# of unsupported tests 804
/home/gccbuild/build/nightly/build-gcc-treeprof/gcc/xgcc version 4.0.0-tree-profiling 20041022 (experimental)
=== gfortran tests ===
Running target unix/-m32
FAIL: gfortran.dg/do_1.f90 -O2 (test for excess errors)
WARNING: gfortran.dg/do_1.f90 -O2 compilation failed to produce executable
FAIL: gfortran.dg/do_1.f90 -O3 -fomit-frame-pointer (test for excess errors)
WARNING: gfortran.dg/do_1.f90 -O3 -fomit-frame-pointer compilation failed to produce executable
FAIL: gfortran.dg/do_1.f90 -O3 -fomit-frame-pointer -funroll-loops (test for excess errors)
WARNING: gfortran.dg/do_1.f90 -O3 -fomit-frame-pointer -funroll-loops compilation failed to produce executable
FAIL: gfortran.dg/do_1.f90 -O3 -fomit-frame-pointer -funroll-all-loops -finline-functions (test for excess errors)
WARNING: gfortran.dg/do_1.f90 -O3 -fomit-frame-pointer -funroll-all-loops -finline-functions compilation failed to produce executable
FAIL: gfortran.dg/do_1.f90 -O3 -g (test for excess errors)
WARNING: gfortran.dg/do_1.f90 -O3 -g compilation failed to produce executable
FAIL: gfortran.dg/do_1.f90 -Os (test for excess errors)
WARNING: gfortran.dg/do_1.f90 -Os compilation failed to produce executable
FAIL: gfortran.dg/edit_real_1.f90 -O2 (test for excess errors)
WARNING: gfortran.dg/edit_real_1.f90 -O2 compilation failed to produce executable
FAIL: gfortran.dg/edit_real_1.f90 -O3 -fomit-frame-pointer (test for excess errors)
WARNING: gfortran.dg/edit_real_1.f90 -O3 -fomit-frame-pointer compilation failed to produce executable
FAIL: gfortran.dg/edit_real_1.f90 -O3 -fomit-frame-pointer -funroll-loops (test for excess errors)
WARNING: gfortran.dg/edit_real_1.f90 -O3 -fomit-frame-pointer -funroll-loops compilation failed to produce executable
FAIL: gfortran.dg/edit_real_1.f90 -O3 -fomit-frame-pointer -funroll-all-loops -finline-functions (test for excess errors)
WARNING: gfortran.dg/edit_real_1.f90 -O3 -fomit-frame-pointer -funroll-all-loops -finline-functions compilation failed to produce executable
FAIL: gfortran.dg/edit_real_1.f90 -O3 -g (test for excess errors)
WARNING: gfortran.dg/edit_real_1.f90 -O3 -g compilation failed to produce executable
FAIL: gfortran.dg/edit_real_1.f90 -Os (test for excess errors)
WARNING: gfortran.dg/edit_real_1.f90 -Os compilation failed to produce executable
FAIL: gfortran.dg/pr17090.f90 -O2 (test for excess errors)
WARNING: gfortran.dg/pr17090.f90 -O2 compilation failed to produce executable
FAIL: gfortran.dg/pr17090.f90 -O3 -fomit-frame-pointer (test for excess errors)
WARNING: gfortran.dg/pr17090.f90 -O3 -fomit-frame-pointer compilation failed to produce executable
FAIL: gfortran.dg/pr17090.f90 -O3 -fomit-frame-pointer -funroll-loops (test for excess errors)
WARNING: gfortran.dg/pr17090.f90 -O3 -fomit-frame-pointer -funroll-loops compilation failed to produce executable
FAIL: gfortran.dg/pr17090.f90 -O3 -fomit-frame-pointer -funroll-all-loops -finline-functions (test for excess errors)
WARNING: gfortran.dg/pr17090.f90 -O3 -fomit-frame-pointer -funroll-all-loops -finline-functions compilation failed to produce executable
FAIL: gfortran.dg/pr17090.f90 -O3 -g (test for excess errors)
WARNING: gfortran.dg/pr17090.f90 -O3 -g compilation failed to produce executable
FAIL: gfortran.dg/pr17090.f90 -Os (test for excess errors)
WARNING: gfortran.dg/pr17090.f90 -Os compilation failed to produce executable
FAIL: gfortran.dg/pr17706.f90 -O2 (test for excess errors)
WARNING: gfortran.dg/pr17706.f90 -O2 compilation failed to produce executable
FAIL: gfortran.dg/pr17706.f90 -O3 -fomit-frame-pointer (test for excess errors)
WARNING: gfortran.dg/pr17706.f90 -O3 -fomit-frame-pointer compilation failed to produce executable
FAIL: gfortran.dg/pr17706.f90 -O3 -fomit-frame-pointer -funroll-loops (test for excess errors)
WARNING: gfortran.dg/pr17706.f90 -O3 -fomit-frame-pointer -funroll-loops compilation failed to produce executable
FAIL: gfortran.dg/pr17706.f90 -O3 -fomit-frame-pointer -funroll-all-loops -finline-functions (test for excess errors)
WARNING: gfortran.dg/pr17706.f90 -O3 -fomit-frame-pointer -funroll-all-loops -finline-functions compilation failed to produce executable
FAIL: gfortran.dg/pr17706.f90 -O3 -g (test for excess errors)
WARNING: gfortran.dg/pr17706.f90 -O3 -g compilation failed to produce executable
FAIL: gfortran.dg/pr17706.f90 -Os (test for excess errors)
WARNING: gfortran.dg/pr17706.f90 -Os compilation failed to produce executable
FAIL: gfortran.dg/ret_array_1.f90 -O2 (test for excess errors)
WARNING: gfortran.dg/ret_array_1.f90 -O2 compilation failed to produce executable
FAIL: gfortran.dg/ret_array_1.f90 -O3 -fomit-frame-pointer (test for excess errors)
WARNING: gfortran.dg/ret_array_1.f90 -O3 -fomit-frame-pointer compilation failed to produce executable
FAIL: gfortran.dg/ret_array_1.f90 -O3 -fomit-frame-pointer -funroll-loops (test for excess errors)
WARNING: gfortran.dg/ret_array_1.f90 -O3 -fomit-frame-pointer -funroll-loops compilation failed to produce executable
FAIL: gfortran.dg/ret_array_1.f90 -O3 -fomit-frame-pointer -funroll-all-loops -finline-functions (test for excess errors)
WARNING: gfortran.dg/ret_array_1.f90 -O3 -fomit-frame-pointer -funroll-all-loops -finline-functions compilation failed to produce executable
FAIL: gfortran.dg/ret_array_1.f90 -O3 -g (test for excess errors)
WARNING: gfortran.dg/ret_array_1.f90 -O3 -g compilation failed to produce executable
FAIL: gfortran.dg/ret_array_1.f90 -Os (test for excess errors)
WARNING: gfortran.dg/ret_array_1.f90 -Os compilation failed to produce executable
XPASS: gfortran.dg/ret_pointer_1.f90 -O0 execution test
XPASS: gfortran.dg/ret_pointer_1.f90 -O1 execution test
XPASS: gfortran.dg/ret_pointer_1.f90 -O2 execution test
XPASS: gfortran.dg/ret_pointer_1.f90 -O3 -fomit-frame-pointer execution test
XPASS: gfortran.dg/ret_pointer_1.f90 -O3 -fomit-frame-pointer -funroll-loops execution test
XPASS: gfortran.dg/ret_pointer_1.f90 -O3 -fomit-frame-pointer -funroll-all-loops -finline-functions execution test
XPASS: gfortran.dg/ret_pointer_1.f90 -O3 -g execution test
XPASS: gfortran.dg/ret_pointer_1.f90 -Os execution test
FAIL: gfortran.dg/string_ctor_1.f90 -O2 (test for excess errors)
WARNING: gfortran.dg/string_ctor_1.f90 -O2 compilation failed to produce executable
FAIL: gfortran.dg/string_ctor_1.f90 -O3 -fomit-frame-pointer (test for excess errors)
WARNING: gfortran.dg/string_ctor_1.f90 -O3 -fomit-frame-pointer compilation failed to produce executable
FAIL: gfortran.dg/string_ctor_1.f90 -O3 -fomit-frame-pointer -funroll-loops (test for excess errors)
WARNING: gfortran.dg/string_ctor_1.f90 -O3 -fomit-frame-pointer -funroll-loops compilation failed to produce executable
FAIL: gfortran.dg/string_ctor_1.f90 -O3 -fomit-frame-pointer -funroll-all-loops -finline-functions (test for excess errors)
WARNING: gfortran.dg/string_ctor_1.f90 -O3 -fomit-frame-pointer -funroll-all-loops -finline-functions compilation failed to produce executable
FAIL: gfortran.dg/string_ctor_1.f90 -O3 -g (test for excess errors)
WARNING: gfortran.dg/string_ctor_1.f90 -O3 -g compilation failed to produce executable
FAIL: gfortran.dg/string_ctor_1.f90 -Os (test for excess errors)
WARNING: gfortran.dg/string_ctor_1.f90 -Os compilation failed to produce executable
FAIL: gfortran.dg/g77/20010116.f -O2 (test for excess errors)
WARNING: gfortran.dg/g77/20010116.f -O2 compilation failed to produce executable
FAIL: gfortran.dg/g77/20010116.f -O3 -fomit-frame-pointer (test for excess errors)
WARNING: gfortran.dg/g77/20010116.f -O3 -fomit-frame-pointer compilation failed to produce executable
FAIL: gfortran.dg/g77/20010116.f -O3 -fomit-frame-pointer -funroll-loops (test for excess errors)
WARNING: gfortran.dg/g77/20010116.f -O3 -fomit-frame-pointer -funroll-loops compilation failed to produce executable
FAIL: gfortran.dg/g77/20010116.f -O3 -fomit-frame-pointer -funroll-all-loops -finline-functions (test for excess errors)
WARNING: gfortran.dg/g77/20010116.f -O3 -fomit-frame-pointer -funroll-all-loops -finline-functions compilation failed to produce executable
FAIL: gfortran.dg/g77/20010116.f -O3 -g (test for excess errors)
WARNING: gfortran.dg/g77/20010116.f -O3 -g compilation failed to produce executable
FAIL: gfortran.dg/g77/20010116.f -Os (test for excess errors)
WARNING: gfortran.dg/g77/20010116.f -Os compilation failed to produce executable
FAIL: gfortran.dg/g77/20010426-1.f -O2 (test for excess errors)
WARNING: gfortran.dg/g77/20010426-1.f -O2 compilation failed to produce executable
FAIL: gfortran.dg/g77/20010426-1.f -O3 -fomit-frame-pointer (test for excess errors)
WARNING: gfortran.dg/g77/20010426-1.f -O3 -fomit-frame-pointer compilation failed to produce executable
FAIL: gfortran.dg/g77/20010426-1.f -O3 -fomit-frame-pointer -funroll-loops (test for excess errors)
WARNING: gfortran.dg/g77/20010426-1.f -O3 -fomit-frame-pointer -funroll-loops compilation failed to produce executable
FAIL: gfortran.dg/g77/20010426-1.f -O3 -fomit-frame-pointer -funroll-all-loops -finline-functions (test for excess errors)
WARNING: gfortran.dg/g77/20010426-1.f -O3 -fomit-frame-pointer -funroll-all-loops -finline-functions compilation failed to produce executable
FAIL: gfortran.dg/g77/20010426-1.f -O3 -g (test for excess errors)
WARNING: gfortran.dg/g77/20010426-1.f -O3 -g compilation failed to produce executable
FAIL: gfortran.dg/g77/20010426-1.f -Os (test for excess errors)
WARNING: gfortran.dg/g77/20010426-1.f -Os compilation failed to produce executable
FAIL: gfortran.dg/g77/dnrm2.f -O2 (test for excess errors)
WARNING: gfortran.dg/g77/dnrm2.f -O2 compilation failed to produce executable
FAIL: gfortran.dg/g77/dnrm2.f -O3 -fomit-frame-pointer (test for excess errors)
WARNING: gfortran.dg/g77/dnrm2.f -O3 -fomit-frame-pointer compilation failed to produce executable
FAIL: gfortran.dg/g77/dnrm2.f -O3 -fomit-frame-pointer -funroll-loops (test for excess errors)
WARNING: gfortran.dg/g77/dnrm2.f -O3 -fomit-frame-pointer -funroll-loops compilation failed to produce executable
FAIL: gfortran.dg/g77/dnrm2.f -O3 -fomit-frame-pointer -funroll-all-loops -finline-functions (test for excess errors)
WARNING: gfortran.dg/g77/dnrm2.f -O3 -fomit-frame-pointer -funroll-all-loops -finline-functions compilation failed to produce executable
FAIL: gfortran.dg/g77/dnrm2.f -O3 -g (test for excess errors)
WARNING: gfortran.dg/g77/dnrm2.f -O3 -g compilation failed to produce executable
FAIL: gfortran.dg/g77/dnrm2.f -Os (test for excess errors)
WARNING: gfortran.dg/g77/dnrm2.f -Os compilation failed to produce executable
FAIL: gfortran.dg/g77/f77-edit-i-out.f -O2 (test for excess errors)
WARNING: gfortran.dg/g77/f77-edit-i-out.f -O2 compilation failed to produce executable
FAIL: gfortran.dg/g77/f77-edit-i-out.f -O3 -fomit-frame-pointer (test for excess errors)
WARNING: gfortran.dg/g77/f77-edit-i-out.f -O3 -fomit-frame-pointer compilation failed to produce executable
FAIL: gfortran.dg/g77/f77-edit-i-out.f -O3 -fomit-frame-pointer -funroll-loops (test for excess errors)
WARNING: gfortran.dg/g77/f77-edit-i-out.f -O3 -fomit-frame-pointer -funroll-loops compilation failed to produce executable
FAIL: gfortran.dg/g77/f77-edit-i-out.f -O3 -fomit-frame-pointer -funroll-all-loops -finline-functions (test for excess errors)
WARNING: gfortran.dg/g77/f77-edit-i-out.f -O3 -fomit-frame-pointer -funroll-all-loops -finline-functions compilation failed to produce executable
FAIL: gfortran.dg/g77/f77-edit-i-out.f -O3 -g (test for excess errors)
WARNING: gfortran.dg/g77/f77-edit-i-out.f -O3 -g compilation failed to produce executable
FAIL: gfortran.dg/g77/f77-edit-i-out.f -Os (test for excess errors)
WARNING: gfortran.dg/g77/f77-edit-i-out.f -Os compilation failed to produce executable
FAIL: gfortran.dg/g77/f77-edit-s-out.f -O2 (test for excess errors)
WARNING: gfortran.dg/g77/f77-edit-s-out.f -O2 compilation failed to produce executable
FAIL: gfortran.dg/g77/f77-edit-s-out.f -O3 -fomit-frame-pointer (test for excess errors)
WARNING: gfortran.dg/g77/f77-edit-s-out.f -O3 -fomit-frame-pointer compilation failed to produce executable
FAIL: gfortran.dg/g77/f77-edit-s-out.f -O3 -fomit-frame-pointer -funroll-loops (test for excess errors)
WARNING: gfortran.dg/g77/f77-edit-s-out.f -O3 -fomit-frame-pointer -funroll-loops compilation failed to produce executable
FAIL: gfortran.dg/g77/f77-edit-s-out.f -O3 -fomit-frame-pointer -funroll-all-loops -finline-functions (test for excess errors)
WARNING: gfortran.dg/g77/f77-edit-s-out.f -O3 -fomit-frame-pointer -funroll-all-loops -finline-functions compilation failed to produce executable
FAIL: gfortran.dg/g77/f77-edit-s-out.f -O3 -g (test for excess errors)
WARNING: gfortran.dg/g77/f77-edit-s-out.f -O3 -g compilation failed to produce executable
FAIL: gfortran.dg/g77/f77-edit-s-out.f -Os (test for excess errors)
WARNING: gfortran.dg/g77/f77-edit-s-out.f -Os compilation failed to produce executable
FAIL: gfortran.dg/g77/f77-edit-t-out.f -O2 (test for excess errors)
WARNING: gfortran.dg/g77/f77-edit-t-out.f -O2 compilation failed to produce executable
FAIL: gfortran.dg/g77/f77-edit-t-out.f -O3 -fomit-frame-pointer (test for excess errors)
WARNING: gfortran.dg/g77/f77-edit-t-out.f -O3 -fomit-frame-pointer compilation failed to produce executable
FAIL: gfortran.dg/g77/f77-edit-t-out.f -O3 -fomit-frame-pointer -funroll-loops (test for excess errors)
WARNING: gfortran.dg/g77/f77-edit-t-out.f -O3 -fomit-frame-pointer -funroll-loops compilation failed to produce executable
FAIL: gfortran.dg/g77/f77-edit-t-out.f -O3 -fomit-frame-pointer -funroll-all-loops -finline-functions (test for excess errors)
WARNING: gfortran.dg/g77/f77-edit-t-out.f -O3 -fomit-frame-pointer -funroll-all-loops -finline-functions compilation failed to produce executable
FAIL: gfortran.dg/g77/f77-edit-t-out.f -O3 -g (test for excess errors)
WARNING: gfortran.dg/g77/f77-edit-t-out.f -O3 -g compilation failed to produce executable
FAIL: gfortran.dg/g77/f77-edit-t-out.f -Os (test for excess errors)
WARNING: gfortran.dg/g77/f77-edit-t-out.f -Os compilation failed to produce executable
FAIL: gfortran.dg/g77/f77-edit-x-out.f -O2 (test for excess errors)
WARNING: gfortran.dg/g77/f77-edit-x-out.f -O2 compilation failed to produce executable
FAIL: gfortran.dg/g77/f77-edit-x-out.f -O3 -fomit-frame-pointer (test for excess errors)
WARNING: gfortran.dg/g77/f77-edit-x-out.f -O3 -fomit-frame-pointer compilation failed to produce executable
FAIL: gfortran.dg/g77/f77-edit-x-out.f -O3 -fomit-frame-pointer -funroll-loops (test for excess errors)
WARNING: gfortran.dg/g77/f77-edit-x-out.f -O3 -fomit-frame-pointer -funroll-loops compilation failed to produce executable
FAIL: gfortran.dg/g77/f77-edit-x-out.f -O3 -fomit-frame-pointer -funroll-all-loops -finline-functions (test for excess errors)
WARNING: gfortran.dg/g77/f77-edit-x-out.f -O3 -fomit-frame-pointer -funroll-all-loops -finline-functions compilation failed to produce executable
FAIL: gfortran.dg/g77/f77-edit-x-out.f -O3 -g (test for excess errors)
WARNING: gfortran.dg/g77/f77-edit-x-out.f -O3 -g compilation failed to produce executable
FAIL: gfortran.dg/g77/f77-edit-x-out.f -Os (test for excess errors)
WARNING: gfortran.dg/g77/f77-edit-x-out.f -Os compilation failed to produce executable
FAIL: gfortran.dg/g77/f90-intrinsic-mathematical.f -O2 (test for excess errors)
WARNING: gfortran.dg/g77/f90-intrinsic-mathematical.f -O2 compilation failed to produce executable
FAIL: gfortran.dg/g77/f90-intrinsic-mathematical.f -O3 -fomit-frame-pointer (test for excess errors)
WARNING: gfortran.dg/g77/f90-intrinsic-mathematical.f -O3 -fomit-frame-pointer compilation failed to produce executable
FAIL: gfortran.dg/g77/f90-intrinsic-mathematical.f -O3 -fomit-frame-pointer -funroll-loops (test for excess errors)
WARNING: gfortran.dg/g77/f90-intrinsic-mathematical.f -O3 -fomit-frame-pointer -funroll-loops compilation failed to produce executable
FAIL: gfortran.dg/g77/f90-intrinsic-mathematical.f -O3 -fomit-frame-pointer -funroll-all-loops -finline-functions (test for excess errors)
WARNING: gfortran.dg/g77/f90-intrinsic-mathematical.f -O3 -fomit-frame-pointer -funroll-all-loops -finline-functions compilation failed to produce executable
FAIL: gfortran.dg/g77/f90-intrinsic-mathematical.f -O3 -g (test for excess errors)
WARNING: gfortran.dg/g77/f90-intrinsic-mathematical.f -O3 -g compilation failed to produce executable
FAIL: gfortran.dg/g77/f90-intrinsic-mathematical.f -Os (test for excess errors)
WARNING: gfortran.dg/g77/f90-intrinsic-mathematical.f -Os compilation failed to produce executable
FAIL: gfortran.dg/g77/f90-intrinsic-numeric.f -O2 (test for excess errors)
WARNING: gfortran.dg/g77/f90-intrinsic-numeric.f -O2 compilation failed to produce executable
FAIL: gfortran.dg/g77/f90-intrinsic-numeric.f -O3 -fomit-frame-pointer (test for excess errors)
WARNING: gfortran.dg/g77/f90-intrinsic-numeric.f -O3 -fomit-frame-pointer compilation failed to produce executable
FAIL: gfortran.dg/g77/f90-intrinsic-numeric.f -O3 -fomit-frame-pointer -funroll-loops (test for excess errors)
WARNING: gfortran.dg/g77/f90-intrinsic-numeric.f -O3 -fomit-frame-pointer -funroll-loops compilation failed to produce executable
FAIL: gfortran.dg/g77/f90-intrinsic-numeric.f -O3 -fomit-frame-pointer -funroll-all-loops -finline-functions (test for excess errors)
WARNING: gfortran.dg/g77/f90-intrinsic-numeric.f -O3 -fomit-frame-pointer -funroll-all-loops -finline-functions compilation failed to produce executable
FAIL: gfortran.dg/g77/f90-intrinsic-numeric.f -O3 -g (test for excess errors)
WARNING: gfortran.dg/g77/f90-intrinsic-numeric.f -O3 -g compilation failed to produce executable
FAIL: gfortran.dg/g77/f90-intrinsic-numeric.f -Os (test for excess errors)
WARNING: gfortran.dg/g77/f90-intrinsic-numeric.f -Os compilation failed to produce executable
FAIL: gfortran.dg/g77/strlen0.f -O2 (test for excess errors)
WARNING: gfortran.dg/g77/strlen0.f -O2 compilation failed to produce executable
FAIL: gfortran.dg/g77/strlen0.f -O3 -fomit-frame-pointer (test for excess errors)
WARNING: gfortran.dg/g77/strlen0.f -O3 -fomit-frame-pointer compilation failed to produce executable
FAIL: gfortran.dg/g77/strlen0.f -O3 -fomit-frame-pointer -funroll-loops (test for excess errors)
WARNING: gfortran.dg/g77/strlen0.f -O3 -fomit-frame-pointer -funroll-loops compilation failed to produce executable
FAIL: gfortran.dg/g77/strlen0.f -O3 -fomit-frame-pointer -funroll-all-loops -finline-functions (test for excess errors)
WARNING: gfortran.dg/g77/strlen0.f -O3 -fomit-frame-pointer -funroll-all-loops -finline-functions compilation failed to produce executable
FAIL: gfortran.dg/g77/strlen0.f -O3 -g (test for excess errors)
WARNING: gfortran.dg/g77/strlen0.f -O3 -g compilation failed to produce executable
FAIL: gfortran.dg/g77/strlen0.f -Os (test for excess errors)
WARNING: gfortran.dg/g77/strlen0.f -Os compilation failed to produce executable
FAIL: gfortran.fortran-torture/execute/allocate.f90 compilation, -O2
FAIL: gfortran.fortran-torture/execute/allocate.f90 compilation, -O3 -fomit-frame-pointer
FAIL: gfortran.fortran-torture/execute/allocate.f90 compilation, -O3 -fomit-frame-pointer -funroll-loops
FAIL: gfortran.fortran-torture/execute/allocate.f90 compilation, -O3 -fomit-frame-pointer -funroll-all-loops -finline-functions
FAIL: gfortran.fortran-torture/execute/allocate.f90 compilation, -O3 -g
FAIL: gfortran.fortran-torture/execute/allocate.f90 compilation, -Os
FAIL: gfortran.fortran-torture/execute/alternate_return.f90 compilation, -O2
FAIL: gfortran.fortran-torture/execute/alternate_return.f90 compilation, -O3 -fomit-frame-pointer
FAIL: gfortran.fortran-torture/execute/alternate_return.f90 compilation, -O3 -fomit-frame-pointer -funroll-loops
FAIL: gfortran.fortran-torture/execute/alternate_return.f90 compilation, -O3 -fomit-frame-pointer -funroll-all-loops -finline-functions
FAIL: gfortran.fortran-torture/execute/alternate_return.f90 compilation, -O3 -g
FAIL: gfortran.fortran-torture/execute/alternate_return.f90 compilation, -Os
FAIL: gfortran.fortran-torture/execute/arithmeticif.f90 compilation, -O2
FAIL: gfortran.fortran-torture/execute/arithmeticif.f90 compilation, -O3 -fomit-frame-pointer
FAIL: gfortran.fortran-torture/execute/arithmeticif.f90 compilation, -O3 -fomit-frame-pointer -funroll-loops
FAIL: gfortran.fortran-torture/execute/arithmeticif.f90 compilation, -O3 -fomit-frame-pointer -funroll-all-loops -finline-functions
FAIL: gfortran.fortran-torture/execute/arithmeticif.f90 compilation, -O3 -g
FAIL: gfortran.fortran-torture/execute/arithmeticif.f90 compilation, -Os
FAIL: gfortran.fortran-torture/execute/contained.f90 compilation, -O2
FAIL: gfortran.fortran-torture/execute/contained.f90 compilation, -O3 -fomit-frame-pointer
FAIL: gfortran.fortran-torture/execute/contained.f90 compilation, -O3 -fomit-frame-pointer -funroll-loops
FAIL: gfortran.fortran-torture/execute/contained.f90 compilation, -O3 -fomit-frame-pointer -funroll-all-loops -finline-functions
FAIL: gfortran.fortran-torture/execute/contained.f90 compilation, -O3 -g
FAIL: gfortran.fortran-torture/execute/contained.f90 compilation, -Os
FAIL: gfortran.fortran-torture/execute/contained_3.f90 compilation, -O2
FAIL: gfortran.fortran-torture/execute/contained_3.f90 compilation, -O3 -fomit-frame-pointer
FAIL: gfortran.fortran-torture/execute/contained_3.f90 compilation, -O3 -fomit-frame-pointer -funroll-loops
FAIL: gfortran.fortran-torture/execute/contained_3.f90 compilation, -O3 -fomit-frame-pointer -funroll-all-loops -finline-functions
FAIL: gfortran.fortran-torture/execute/contained_3.f90 compilation, -O3 -g
FAIL: gfortran.fortran-torture/execute/contained_3.f90 compilation, -Os
FAIL: gfortran.fortran-torture/execute/elemental.f90 compilation, -O2
FAIL: gfortran.fortran-torture/execute/elemental.f90 compilation, -O3 -fomit-frame-pointer
FAIL: gfortran.fortran-torture/execute/elemental.f90 compilation, -O3 -fomit-frame-pointer -funroll-loops
FAIL: gfortran.fortran-torture/execute/elemental.f90 compilation, -O3 -fomit-frame-pointer -funroll-all-loops -finline-functions
FAIL: gfortran.fortran-torture/execute/elemental.f90 compilation, -O3 -g
FAIL: gfortran.fortran-torture/execute/elemental.f90 compilation, -Os
FAIL: gfortran.fortran-torture/execute/emptyif.f90 compilation, -O1
FAIL: gfortran.fortran-torture/execute/emptyif.f90 compilation, -O2
FAIL: gfortran.fortran-torture/execute/emptyif.f90 compilation, -O3 -fomit-frame-pointer
FAIL: gfortran.fortran-torture/execute/emptyif.f90 compilation, -O3 -fomit-frame-pointer -funroll-loops
FAIL: gfortran.fortran-torture/execute/emptyif.f90 compilation, -O3 -fomit-frame-pointer -funroll-all-loops -finline-functions
FAIL: gfortran.fortran-torture/execute/emptyif.f90 compilation, -O3 -g
FAIL: gfortran.fortran-torture/execute/emptyif.f90 compilation, -Os
FAIL: gfortran.fortran-torture/execute/forall_3.f90 execution, -O1
FAIL: gfortran.fortran-torture/execute/forall_3.f90 execution, -O2
FAIL: gfortran.fortran-torture/execute/forall_3.f90 execution, -O3 -fomit-frame-pointer
FAIL: gfortran.fortran-torture/execute/forall_3.f90 execution, -O3 -fomit-frame-pointer -funroll-loops
FAIL: gfortran.fortran-torture/execute/forall_3.f90 execution, -O3 -fomit-frame-pointer -funroll-all-loops -finline-functions
FAIL: gfortran.fortran-torture/execute/forall_3.f90 execution, -O3 -g
FAIL: gfortran.fortran-torture/execute/forall_3.f90 execution, -Os
FAIL: gfortran.fortran-torture/execute/initializer.f90 compilation, -O2
FAIL: gfortran.fortran-torture/execute/initializer.f90 compilation, -O3 -fomit-frame-pointer
FAIL: gfortran.fortran-torture/execute/initializer.f90 compilation, -O3 -fomit-frame-pointer -funroll-loops
FAIL: gfortran.fortran-torture/execute/initializer.f90 compilation, -O3 -fomit-frame-pointer -funroll-all-loops -finline-functions
FAIL: gfortran.fortran-torture/execute/initializer.f90 compilation, -O3 -g
FAIL: gfortran.fortran-torture/execute/initializer.f90 compilation, -Os
FAIL: gfortran.fortran-torture/execute/inquire_3.f90 compilation, -O2
FAIL: gfortran.fortran-torture/execute/inquire_3.f90 compilation, -O3 -fomit-frame-pointer
FAIL: gfortran.fortran-torture/execute/inquire_3.f90 compilation, -O3 -fomit-frame-pointer -funroll-loops
FAIL: gfortran.fortran-torture/execute/inquire_3.f90 compilation, -O3 -fomit-frame-pointer -funroll-all-loops -finline-functions
FAIL: gfortran.fortran-torture/execute/inquire_3.f90 compilation, -O3 -g
FAIL: gfortran.fortran-torture/execute/inquire_3.f90 compilation, -Os
FAIL: gfortran.fortran-torture/execute/inquire_4.f90 compilation, -O2
FAIL: gfortran.fortran-torture/execute/inquire_4.f90 compilation, -O3 -fomit-frame-pointer
FAIL: gfortran.fortran-torture/execute/inquire_4.f90 compilation, -O3 -fomit-frame-pointer -funroll-loops
FAIL: gfortran.fortran-torture/execute/inquire_4.f90 compilation, -O3 -fomit-frame-pointer -funroll-all-loops -finline-functions
FAIL: gfortran.fortran-torture/execute/inquire_4.f90 compilation, -O3 -g
FAIL: gfortran.fortran-torture/execute/inquire_4.f90 compilation, -Os
FAIL: gfortran.fortran-torture/execute/intrinsic_aint_anint.f90 compilation, -O2
FAIL: gfortran.fortran-torture/execute/intrinsic_aint_anint.f90 compilation, -O3 -fomit-frame-pointer
FAIL: gfortran.fortran-torture/execute/intrinsic_aint_anint.f90 compilation, -O3 -fomit-frame-pointer -funroll-loops
FAIL: gfortran.fortran-torture/execute/intrinsic_aint_anint.f90 compilation, -O3 -fomit-frame-pointer -funroll-all-loops -finline-functions
FAIL: gfortran.fortran-torture/execute/intrinsic_aint_anint.f90 compilation, -O3 -g
FAIL: gfortran.fortran-torture/execute/intrinsic_aint_anint.f90 compilation, -Os
FAIL: gfortran.fortran-torture/execute/intrinsic_anyall.f90 compilation, -O2
FAIL: gfortran.fortran-torture/execute/intrinsic_anyall.f90 compilation, -O3 -fomit-frame-pointer
FAIL: gfortran.fortran-torture/execute/intrinsic_anyall.f90 compilation, -O3 -fomit-frame-pointer -funroll-loops
FAIL: gfortran.fortran-torture/execute/intrinsic_anyall.f90 compilation, -O3 -fomit-frame-pointer -funroll-all-loops -finline-functions
FAIL: gfortran.fortran-torture/execute/intrinsic_anyall.f90 compilation, -O3 -g
FAIL: gfortran.fortran-torture/execute/intrinsic_anyall.f90 compilation, -Os
FAIL: gfortran.fortran-torture/execute/intrinsic_count.f90 compilation, -O2
FAIL: gfortran.fortran-torture/execute/intrinsic_count.f90 compilation, -O3 -fomit-frame-pointer
FAIL: gfortran.fortran-torture/execute/intrinsic_count.f90 compilation, -O3 -fomit-frame-pointer -funroll-loops
FAIL: gfortran.fortran-torture/execute/intrinsic_count.f90 compilation, -O3 -fomit-frame-pointer -funroll-all-loops -finline-functions
FAIL: gfortran.fortran-torture/execute/intrinsic_count.f90 compilation, -O3 -g
FAIL: gfortran.fortran-torture/execute/intrinsic_count.f90 compilation, -Os
FAIL: gfortran.fortran-torture/execute/intrinsic_cshift.f90 compilation, -O2
FAIL: gfortran.fortran-torture/execute/intrinsic_cshift.f90 compilation, -O3 -fomit-frame-pointer
FAIL: gfortran.fortran-torture/execute/intrinsic_cshift.f90 compilation, -O3 -fomit-frame-pointer -funroll-loops
FAIL: gfortran.fortran-torture/execute/intrinsic_cshift.f90 compilation, -O3 -fomit-frame-pointer -funroll-all-loops -finline-functions
FAIL: gfortran.fortran-torture/execute/intrinsic_cshift.f90 compilation, -O3 -g
FAIL: gfortran.fortran-torture/execute/intrinsic_cshift.f90 compilation, -Os
FAIL: gfortran.fortran-torture/execute/intrinsic_eoshift.f90 compilation, -O2
FAIL: gfortran.fortran-torture/execute/intrinsic_eoshift.f90 compilation, -O3 -fomit-frame-pointer
FAIL: gfortran.fortran-torture/execute/intrinsic_eoshift.f90 compilation, -O3 -fomit-frame-pointer -funroll-loops
FAIL: gfortran.fortran-torture/execute/intrinsic_eoshift.f90 compilation, -O3 -fomit-frame-pointer -funroll-all-loops -finline-functions
FAIL: gfortran.fortran-torture/execute/intrinsic_eoshift.f90 compilation, -O3 -g
FAIL: gfortran.fortran-torture/execute/intrinsic_eoshift.f90 compilation, -Os
FAIL: gfortran.fortran-torture/execute/intrinsic_integer.f90 compilation, -O2
FAIL: gfortran.fortran-torture/execute/intrinsic_integer.f90 compilation, -O3 -fomit-frame-pointer
FAIL: gfortran.fortran-torture/execute/intrinsic_integer.f90 compilation, -O3 -fomit-frame-pointer -funroll-loops
FAIL: gfortran.fortran-torture/execute/intrinsic_integer.f90 compilation, -O3 -fomit-frame-pointer -funroll-all-loops -finline-functions
FAIL: gfortran.fortran-torture/execute/intrinsic_integer.f90 compilation, -O3 -g
FAIL: gfortran.fortran-torture/execute/intrinsic_integer.f90 compilation, -Os
FAIL: gfortran.fortran-torture/execute/intrinsic_mmloc.f90 compilation, -O2
FAIL: gfortran.fortran-torture/execute/intrinsic_mmloc.f90 compilation, -O3 -fomit-frame-pointer
FAIL: gfortran.fortran-torture/execute/intrinsic_mmloc.f90 compilation, -O3 -fomit-frame-pointer -funroll-loops
FAIL: gfortran.fortran-torture/execute/intrinsic_mmloc.f90 compilation, -O3 -fomit-frame-pointer -funroll-all-loops -finline-functions
FAIL: gfortran.fortran-torture/execute/intrinsic_mmloc.f90 compilation, -O3 -g
FAIL: gfortran.fortran-torture/execute/intrinsic_mmloc.f90 compilation, -Os
FAIL: gfortran.fortran-torture/execute/intrinsic_mmval.f90 compilation, -O2
FAIL: gfortran.fortran-torture/execute/intrinsic_mmval.f90 compilation, -O3 -fomit-frame-pointer
FAIL: gfortran.fortran-torture/execute/intrinsic_mmval.f90 compilation, -O3 -fomit-frame-pointer -funroll-loops
FAIL: gfortran.fortran-torture/execute/intrinsic_mmval.f90 compilation, -O3 -fomit-frame-pointer -funroll-all-loops -finline-functions
FAIL: gfortran.fortran-torture/execute/intrinsic_mmval.f90 compilation, -O3 -g
FAIL: gfortran.fortran-torture/execute/intrinsic_mmval.f90 compilation, -Os
FAIL: gfortran.fortran-torture/execute/intrinsic_mvbits.f90 compilation, -O2
FAIL: gfortran.fortran-torture/execute/intrinsic_mvbits.f90 compilation, -O3 -fomit-frame-pointer
FAIL: gfortran.fortran-torture/execute/intrinsic_mvbits.f90 compilation, -O3 -fomit-frame-pointer -funroll-loops
FAIL: gfortran.fortran-torture/execute/intrinsic_mvbits.f90 compilation, -O3 -fomit-frame-pointer -funroll-all-loops -finline-functions
FAIL: gfortran.fortran-torture/execute/intrinsic_mvbits.f90 compilation, -O3 -g
FAIL: gfortran.fortran-torture/execute/intrinsic_mvbits.f90 compilation, -Os
FAIL: gfortran.fortran-torture/execute/intrinsic_pack.f90 compilation, -O2
FAIL: gfortran.fortran-torture/execute/intrinsic_pack.f90 compilation, -O3 -fomit-frame-pointer
FAIL: gfortran.fortran-torture/execute/intrinsic_pack.f90 compilation, -O3 -fomit-frame-pointer -funroll-loops
FAIL: gfortran.fortran-torture/execute/intrinsic_pack.f90 compilation, -O3 -fomit-frame-pointer -funroll-all-loops -finline-functions
FAIL: gfortran.fortran-torture/execute/intrinsic_pack.f90 compilation, -O3 -g
FAIL: gfortran.fortran-torture/execute/intrinsic_pack.f90 compilation, -Os
FAIL: gfortran.fortran-torture/execute/intrinsic_product.f90 compilation, -O2
FAIL: gfortran.fortran-torture/execute/intrinsic_product.f90 compilation, -O3 -fomit-frame-pointer
FAIL: gfortran.fortran-torture/execute/intrinsic_product.f90 compilation, -O3 -fomit-frame-pointer -funroll-loops
FAIL: gfortran.fortran-torture/execute/intrinsic_product.f90 compilation, -O3 -fomit-frame-pointer -funroll-all-loops -finline-functions
FAIL: gfortran.fortran-torture/execute/intrinsic_product.f90 compilation, -O3 -g
FAIL: gfortran.fortran-torture/execute/intrinsic_product.f90 compilation, -Os
FAIL: gfortran.fortran-torture/execute/intrinsic_rrspacing.f90 compilation, -O2
FAIL: gfortran.fortran-torture/execute/intrinsic_rrspacing.f90 compilation, -O3 -fomit-frame-pointer
FAIL: gfortran.fortran-torture/execute/intrinsic_rrspacing.f90 compilation, -O3 -fomit-frame-pointer -funroll-loops
FAIL: gfortran.fortran-torture/execute/intrinsic_rrspacing.f90 compilation, -O3 -fomit-frame-pointer -funroll-all-loops -finline-functions
FAIL: gfortran.fortran-torture/execute/intrinsic_rrspacing.f90 compilation, -O3 -g
FAIL: gfortran.fortran-torture/execute/intrinsic_rrspacing.f90 compilation, -Os
FAIL: gfortran.fortran-torture/execute/intrinsic_scale.f90 compilation, -O2
FAIL: gfortran.fortran-torture/execute/intrinsic_scale.f90 compilation, -O3 -fomit-frame-pointer
FAIL: gfortran.fortran-torture/execute/intrinsic_scale.f90 compilation, -O3 -fomit-frame-pointer -funroll-loops
FAIL: gfortran.fortran-torture/execute/intrinsic_scale.f90 compilation, -O3 -fomit-frame-pointer -funroll-all-loops -finline-functions
FAIL: gfortran.fortran-torture/execute/intrinsic_scale.f90 compilation, -O3 -g
FAIL: gfortran.fortran-torture/execute/intrinsic_scale.f90 compilation, -Os
FAIL: gfortran.fortran-torture/execute/intrinsic_set_exponent.f90 execution, -O0
FAIL: gfortran.fortran-torture/execute/intrinsic_set_exponent.f90 execution, -O1
FAIL: gfortran.fortran-torture/execute/intrinsic_set_exponent.f90 execution, -O2
FAIL: gfortran.fortran-torture/execute/intrinsic_set_exponent.f90 execution, -O3 -fomit-frame-pointer
FAIL: gfortran.fortran-torture/execute/intrinsic_set_exponent.f90 execution, -O3 -fomit-frame-pointer -funroll-loops
FAIL: gfortran.fortran-torture/execute/intrinsic_set_exponent.f90 execution, -O3 -fomit-frame-pointer -funroll-all-loops -finline-functions
FAIL: gfortran.fortran-torture/execute/intrinsic_set_exponent.f90 execution, -O3 -g
FAIL: gfortran.fortran-torture/execute/intrinsic_set_exponent.f90 execution, -Os
FAIL: gfortran.fortran-torture/execute/intrinsic_spacing.f90 compilation, -O2
FAIL: gfortran.fortran-torture/execute/intrinsic_spacing.f90 compilation, -O3 -fomit-frame-pointer
FAIL: gfortran.fortran-torture/execute/intrinsic_spacing.f90 compilation, -O3 -fomit-frame-pointer -funroll-loops
FAIL: gfortran.fortran-torture/execute/intrinsic_spacing.f90 compilation, -O3 -fomit-frame-pointer -funroll-all-loops -finline-functions
FAIL: gfortran.fortran-torture/execute/intrinsic_spacing.f90 compilation, -O3 -g
FAIL: gfortran.fortran-torture/execute/intrinsic_spacing.f90 compilation, -Os
FAIL: gfortran.fortran-torture/execute/intrinsic_spread.f90 compilation, -O2
FAIL: gfortran.fortran-torture/execute/intrinsic_spread.f90 compilation, -O3 -fomit-frame-pointer
FAIL: gfortran.fortran-torture/execute/intrinsic_spread.f90 compilation, -O3 -fomit-frame-pointer -funroll-loops
FAIL: gfortran.fortran-torture/execute/intrinsic_spread.f90 compilation, -O3 -fomit-frame-pointer -funroll-all-loops -finline-functions
FAIL: gfortran.fortran-torture/execute/intrinsic_spread.f90 compilation, -O3 -g
FAIL: gfortran.fortran-torture/execute/intrinsic_spread.f90 compilation, -Os
FAIL: gfortran.fortran-torture/execute/intrinsic_sr_kind.f90 compilation, -O2
FAIL: gfortran.fortran-torture/execute/intrinsic_sr_kind.f90 compilation, -O3 -fomit-frame-pointer
FAIL: gfortran.fortran-torture/execute/intrinsic_sr_kind.f90 compilation, -O3 -fomit-frame-pointer -funroll-loops
FAIL: gfortran.fortran-torture/execute/intrinsic_sr_kind.f90 compilation, -O3 -fomit-frame-pointer -funroll-all-loops -finline-functions
FAIL: gfortran.fortran-torture/execute/intrinsic_sr_kind.f90 compilation, -O3 -g
FAIL: gfortran.fortran-torture/execute/intrinsic_sr_kind.f90 compilation, -Os
FAIL: gfortran.fortran-torture/execute/intrinsic_sum.f90 compilation, -O2
FAIL: gfortran.fortran-torture/execute/intrinsic_sum.f90 compilation, -O3 -fomit-frame-pointer
FAIL: gfortran.fortran-torture/execute/intrinsic_sum.f90 compilation, -O3 -fomit-frame-pointer -funroll-loops
FAIL: gfortran.fortran-torture/execute/intrinsic_sum.f90 compilation, -O3 -fomit-frame-pointer -funroll-all-loops -finline-functions
FAIL: gfortran.fortran-torture/execute/intrinsic_sum.f90 compilation, -O3 -g
FAIL: gfortran.fortran-torture/execute/intrinsic_sum.f90 compilation, -Os
FAIL: gfortran.fortran-torture/execute/intrinsic_trim.f90 compilation, -O2
FAIL: gfortran.fortran-torture/execute/intrinsic_trim.f90 compilation, -O3 -fomit-frame-pointer
FAIL: gfortran.fortran-torture/execute/intrinsic_trim.f90 compilation, -O3 -fomit-frame-pointer -funroll-loops
FAIL: gfortran.fortran-torture/execute/intrinsic_trim.f90 compilation, -O3 -fomit-frame-pointer -funroll-all-loops -finline-functions
FAIL: gfortran.fortran-torture/execute/intrinsic_trim.f90 compilation, -O3 -g
FAIL: gfortran.fortran-torture/execute/intrinsic_trim.f90 compilation, -Os
FAIL: gfortran.fortran-torture/execute/intrinsic_unpack.f90 compilation, -O2
FAIL: gfortran.fortran-torture/execute/intrinsic_unpack.f90 compilation, -O3 -fomit-frame-pointer
FAIL: gfortran.fortran-torture/execute/intrinsic_unpack.f90 compilation, -O3 -fomit-frame-pointer -funroll-loops
FAIL: gfortran.fortran-torture/execute/intrinsic_unpack.f90 compilation, -O3 -fomit-frame-pointer -funroll-all-loops -finline-functions
FAIL: gfortran.fortran-torture/execute/intrinsic_unpack.f90 compilation, -O3 -g
FAIL: gfortran.fortran-torture/execute/intrinsic_unpack.f90 compilation, -Os
FAIL: gfortran.fortran-torture/execute/math.f90 compilation, -O2
FAIL: gfortran.fortran-torture/execute/math.f90 compilation, -O3 -fomit-frame-pointer
FAIL: gfortran.fortran-torture/execute/math.f90 compilation, -O3 -fomit-frame-pointer -funroll-loops
FAIL: gfortran.fortran-torture/execute/math.f90 compilation, -O3 -fomit-frame-pointer -funroll-all-loops -finline-functions
FAIL: gfortran.fortran-torture/execute/math.f90 compilation, -O3 -g
FAIL: gfortran.fortran-torture/execute/math.f90 compilation, -Os
FAIL: gfortran.fortran-torture/execute/module_interface_2.f90 compilation, -O2
FAIL: gfortran.fortran-torture/execute/module_interface_2.f90 compilation, -O3 -fomit-frame-pointer
FAIL: gfortran.fortran-torture/execute/module_interface_2.f90 compilation, -O3 -fomit-frame-pointer -funroll-loops
FAIL: gfortran.fortran-torture/execute/module_interface_2.f90 compilation, -O3 -fomit-frame-pointer -funroll-all-loops -finline-functions
FAIL: gfortran.fortran-torture/execute/module_interface_2.f90 compilation, -O3 -g
FAIL: gfortran.fortran-torture/execute/module_interface_2.f90 compilation, -Os
FAIL: gfortran.fortran-torture/execute/nullarg.f90 compilation, -O2
FAIL: gfortran.fortran-torture/execute/nullarg.f90 compilation, -O3 -fomit-frame-pointer
FAIL: gfortran.fortran-torture/execute/nullarg.f90 compilation, -O3 -fomit-frame-pointer -funroll-loops
FAIL: gfortran.fortran-torture/execute/nullarg.f90 compilation, -O3 -fomit-frame-pointer -funroll-all-loops -finline-functions
FAIL: gfortran.fortran-torture/execute/nullarg.f90 compilation, -O3 -g
FAIL: gfortran.fortran-torture/execute/nullarg.f90 compilation, -Os
FAIL: gfortran.fortran-torture/execute/optstring_1.f90 compilation, -O2
FAIL: gfortran.fortran-torture/execute/optstring_1.f90 compilation, -O3 -fomit-frame-pointer
FAIL: gfortran.fortran-torture/execute/optstring_1.f90 compilation, -O3 -fomit-frame-pointer -funroll-loops
FAIL: gfortran.fortran-torture/execute/optstring_1.f90 compilation, -O3 -fomit-frame-pointer -funroll-all-loops -finline-functions
FAIL: gfortran.fortran-torture/execute/optstring_1.f90 compilation, -O3 -g
FAIL: gfortran.fortran-torture/execute/optstring_1.f90 compilation, -Os
FAIL: gfortran.fortran-torture/execute/procarg.f90 compilation, -O2
FAIL: gfortran.fortran-torture/execute/procarg.f90 compilation, -O3 -fomit-frame-pointer
FAIL: gfortran.fortran-torture/execute/procarg.f90 compilation, -O3 -fomit-frame-pointer -funroll-loops
FAIL: gfortran.fortran-torture/execute/procarg.f90 compilation, -O3 -fomit-frame-pointer -funroll-all-loops -finline-functions
FAIL: gfortran.fortran-torture/execute/procarg.f90 compilation, -O3 -g
FAIL: gfortran.fortran-torture/execute/procarg.f90 compilation, -Os
FAIL: gfortran.fortran-torture/execute/read_null_string.f90 compilation, -O2
FAIL: gfortran.fortran-torture/execute/read_null_string.f90 compilation, -O3 -fomit-frame-pointer
FAIL: gfortran.fortran-torture/execute/read_null_string.f90 compilation, -O3 -fomit-frame-pointer -funroll-loops
FAIL: gfortran.fortran-torture/execute/read_null_string.f90 compilation, -O3 -fomit-frame-pointer -funroll-all-loops -finline-functions
FAIL: gfortran.fortran-torture/execute/read_null_string.f90 compilation, -O3 -g
FAIL: gfortran.fortran-torture/execute/read_null_string.f90 compilation, -Os
FAIL: gfortran.fortran-torture/execute/retarray.f90 compilation, -O2
FAIL: gfortran.fortran-torture/execute/retarray.f90 compilation, -O3 -fomit-frame-pointer
FAIL: gfortran.fortran-torture/execute/retarray.f90 compilation, -O3 -fomit-frame-pointer -funroll-loops
FAIL: gfortran.fortran-torture/execute/retarray.f90 compilation, -O3 -fomit-frame-pointer -funroll-all-loops -finline-functions
FAIL: gfortran.fortran-torture/execute/retarray.f90 compilation, -O3 -g
FAIL: gfortran.fortran-torture/execute/retarray.f90 compilation, -Os
FAIL: gfortran.fortran-torture/execute/select_1.f90 compilation, -O2
FAIL: gfortran.fortran-torture/execute/select_1.f90 compilation, -O3 -fomit-frame-pointer
FAIL: gfortran.fortran-torture/execute/select_1.f90 compilation, -O3 -fomit-frame-pointer -funroll-loops
FAIL: gfortran.fortran-torture/execute/select_1.f90 compilation, -O3 -fomit-frame-pointer -funroll-all-loops -finline-functions
FAIL: gfortran.fortran-torture/execute/select_1.f90 compilation, -O3 -g
FAIL: gfortran.fortran-torture/execute/select_1.f90 compilation, -Os
FAIL: gfortran.fortran-torture/execute/spec_abs.f90 compilation, -O2
FAIL: gfortran.fortran-torture/execute/spec_abs.f90 compilation, -O3 -fomit-frame-pointer
FAIL: gfortran.fortran-torture/execute/spec_abs.f90 compilation, -O3 -fomit-frame-pointer -funroll-loops
FAIL: gfortran.fortran-torture/execute/spec_abs.f90 compilation, -O3 -fomit-frame-pointer -funroll-all-loops -finline-functions
FAIL: gfortran.fortran-torture/execute/spec_abs.f90 compilation, -O3 -g
FAIL: gfortran.fortran-torture/execute/spec_abs.f90 compilation, -Os
FAIL: gfortran.fortran-torture/execute/specifics.f90 compilation, -O2
FAIL: gfortran.fortran-torture/execute/specifics.f90 compilation, -O3 -fomit-frame-pointer
FAIL: gfortran.fortran-torture/execute/specifics.f90 compilation, -O3 -fomit-frame-pointer -funroll-loops
FAIL: gfortran.fortran-torture/execute/specifics.f90 compilation, -O3 -fomit-frame-pointer -funroll-all-loops -finline-functions
FAIL: gfortran.fortran-torture/execute/specifics.f90 compilation, -O3 -g
FAIL: gfortran.fortran-torture/execute/specifics.f90 compilation, -Os
FAIL: gfortran.fortran-torture/execute/st_function.f90 compilation, -O2
FAIL: gfortran.fortran-torture/execute/st_function.f90 compilation, -O3 -fomit-frame-pointer
FAIL: gfortran.fortran-torture/execute/st_function.f90 compilation, -O3 -fomit-frame-pointer -funroll-loops
FAIL: gfortran.fortran-torture/execute/st_function.f90 compilation, -O3 -fomit-frame-pointer -funroll-all-loops -finline-functions
FAIL: gfortran.fortran-torture/execute/st_function.f90 compilation, -O3 -g
FAIL: gfortran.fortran-torture/execute/st_function.f90 compilation, -Os
FAIL: gfortran.fortran-torture/execute/st_function_2.f90 compilation, -O2
FAIL: gfortran.fortran-torture/execute/st_function_2.f90 compilation, -O3 -fomit-frame-pointer
FAIL: gfortran.fortran-torture/execute/st_function_2.f90 compilation, -O3 -fomit-frame-pointer -funroll-loops
FAIL: gfortran.fortran-torture/execute/st_function_2.f90 compilation, -O3 -fomit-frame-pointer -funroll-all-loops -finline-functions
FAIL: gfortran.fortran-torture/execute/st_function_2.f90 compilation, -O3 -g
FAIL: gfortran.fortran-torture/execute/st_function_2.f90 compilation, -Os
FAIL: gfortran.fortran-torture/execute/stack_varsize.f90 compilation, -O2
FAIL: gfortran.fortran-torture/execute/stack_varsize.f90 compilation, -O3 -fomit-frame-pointer
FAIL: gfortran.fortran-torture/execute/stack_varsize.f90 compilation, -O3 -fomit-frame-pointer -funroll-loops
FAIL: gfortran.fortran-torture/execute/stack_varsize.f90 compilation, -O3 -fomit-frame-pointer -funroll-all-loops -finline-functions
FAIL: gfortran.fortran-torture/execute/stack_varsize.f90 compilation, -O3 -g
FAIL: gfortran.fortran-torture/execute/stack_varsize.f90 compilation, -Os
FAIL: gfortran.fortran-torture/execute/strarray_1.f90 compilation, -O2
FAIL: gfortran.fortran-torture/execute/strarray_1.f90 compilation, -O3 -fomit-frame-pointer
FAIL: gfortran.fortran-torture/execute/strarray_1.f90 compilation, -O3 -fomit-frame-pointer -funroll-loops
FAIL: gfortran.fortran-torture/execute/strarray_1.f90 compilation, -O3 -fomit-frame-pointer -funroll-all-loops -finline-functions
FAIL: gfortran.fortran-torture/execute/strarray_1.f90 compilation, -O3 -g
FAIL: gfortran.fortran-torture/execute/strarray_1.f90 compilation, -Os
FAIL: gfortran.fortran-torture/execute/strarray_2.f90 compilation, -O2
FAIL: gfortran.fortran-torture/execute/strarray_2.f90 compilation, -O3 -fomit-frame-pointer
FAIL: gfortran.fortran-torture/execute/strarray_2.f90 compilation, -O3 -fomit-frame-pointer -funroll-loops
FAIL: gfortran.fortran-torture/execute/strarray_2.f90 compilation, -O3 -fomit-frame-pointer -funroll-all-loops -finline-functions
FAIL: gfortran.fortran-torture/execute/strarray_2.f90 compilation, -O3 -g
FAIL: gfortran.fortran-torture/execute/strarray_2.f90 compilation, -Os
FAIL: gfortran.fortran-torture/execute/strarray_3.f90 compilation, -O2
FAIL: gfortran.fortran-torture/execute/strarray_3.f90 compilation, -O3 -fomit-frame-pointer
FAIL: gfortran.fortran-torture/execute/strarray_3.f90 compilation, -O3 -fomit-frame-pointer -funroll-loops
FAIL: gfortran.fortran-torture/execute/strarray_3.f90 compilation, -O3 -fomit-frame-pointer -funroll-all-loops -finline-functions
FAIL: gfortran.fortran-torture/execute/strarray_3.f90 compilation, -O3 -g
FAIL: gfortran.fortran-torture/execute/strarray_3.f90 compilation, -Os
FAIL: gfortran.fortran-torture/execute/strarray_4.f90 compilation, -O2
FAIL: gfortran.fortran-torture/execute/strarray_4.f90 compilation, -O3 -fomit-frame-pointer
FAIL: gfortran.fortran-torture/execute/strarray_4.f90 compilation, -O3 -fomit-frame-pointer -funroll-loops
FAIL: gfortran.fortran-torture/execute/strarray_4.f90 compilation, -O3 -fomit-frame-pointer -funroll-all-loops -finline-functions
FAIL: gfortran.fortran-torture/execute/strarray_4.f90 compilation, -O3 -g
FAIL: gfortran.fortran-torture/execute/strarray_4.f90 compilation, -Os
=== gfortran Summary for unix/-m32 ===
# of expected passes 3860
# of unexpected failures 388
# of unexpected successes 8
# of expected failures 13
# of untested testcases 277
# of unsupported tests 8
Running target unix/-m64
FAIL: gfortran.dg/der_array_1.f90 -O0 execution test
FAIL: gfortran.dg/der_array_1.f90 -O1 execution test
FAIL: gfortran.dg/der_array_1.f90 -O2 execution test
FAIL: gfortran.dg/der_array_1.f90 -O3 -fomit-frame-pointer execution test
FAIL: gfortran.dg/der_array_1.f90 -O3 -fomit-frame-pointer -funroll-loops execution test
FAIL: gfortran.dg/der_array_1.f90 -O3 -fomit-frame-pointer -funroll-all-loops -finline-functions execution test
FAIL: gfortran.dg/der_array_1.f90 -O3 -g execution test
FAIL: gfortran.dg/der_array_1.f90 -Os execution test
FAIL: gfortran.dg/do_1.f90 -O2 (test for excess errors)
WARNING: gfortran.dg/do_1.f90 -O2 compilation failed to produce executable
FAIL: gfortran.dg/do_1.f90 -O3 -fomit-frame-pointer (test for excess errors)
WARNING: gfortran.dg/do_1.f90 -O3 -fomit-frame-pointer compilation failed to produce executable
FAIL: gfortran.dg/do_1.f90 -O3 -fomit-frame-pointer -funroll-loops (test for excess errors)
WARNING: gfortran.dg/do_1.f90 -O3 -fomit-frame-pointer -funroll-loops compilation failed to produce executable
FAIL: gfortran.dg/do_1.f90 -O3 -fomit-frame-pointer -funroll-all-loops -finline-functions (test for excess errors)
WARNING: gfortran.dg/do_1.f90 -O3 -fomit-frame-pointer -funroll-all-loops -finline-functions compilation failed to produce executable
FAIL: gfortran.dg/do_1.f90 -O3 -g (test for excess errors)
WARNING: gfortran.dg/do_1.f90 -O3 -g compilation failed to produce executable
FAIL: gfortran.dg/do_1.f90 -Os (test for excess errors)
WARNING: gfortran.dg/do_1.f90 -Os compilation failed to produce executable
FAIL: gfortran.dg/edit_real_1.f90 -O2 (test for excess errors)
WARNING: gfortran.dg/edit_real_1.f90 -O2 compilation failed to produce executable
FAIL: gfortran.dg/edit_real_1.f90 -O3 -fomit-frame-pointer (test for excess errors)
WARNING: gfortran.dg/edit_real_1.f90 -O3 -fomit-frame-pointer compilation failed to produce executable
FAIL: gfortran.dg/edit_real_1.f90 -O3 -fomit-frame-pointer -funroll-loops (test for excess errors)
WARNING: gfortran.dg/edit_real_1.f90 -O3 -fomit-frame-pointer -funroll-loops compilation failed to produce executable
FAIL: gfortran.dg/edit_real_1.f90 -O3 -fomit-frame-pointer -funroll-all-loops -finline-functions (test for excess errors)
WARNING: gfortran.dg/edit_real_1.f90 -O3 -fomit-frame-pointer -funroll-all-loops -finline-functions compilation failed to produce executable
FAIL: gfortran.dg/edit_real_1.f90 -O3 -g (test for excess errors)
WARNING: gfortran.dg/edit_real_1.f90 -O3 -g compilation failed to produce executable
FAIL: gfortran.dg/edit_real_1.f90 -Os (test for excess errors)
WARNING: gfortran.dg/edit_real_1.f90 -Os compilation failed to produce executable
FAIL: gfortran.dg/func_derived_1.f90 -O0 execution test
FAIL: gfortran.dg/func_derived_1.f90 -O1 execution test
FAIL: gfortran.dg/func_derived_1.f90 -O2 execution test
FAIL: gfortran.dg/func_derived_1.f90 -O3 -fomit-frame-pointer execution test
FAIL: gfortran.dg/func_derived_1.f90 -O3 -fomit-frame-pointer -funroll-loops execution test
FAIL: gfortran.dg/func_derived_1.f90 -O3 -fomit-frame-pointer -funroll-all-loops -finline-functions execution test
FAIL: gfortran.dg/func_derived_1.f90 -O3 -g execution test
FAIL: gfortran.dg/func_derived_1.f90 -Os execution test
FAIL: gfortran.dg/pr17090.f90 -O2 (test for excess errors)
WARNING: gfortran.dg/pr17090.f90 -O2 compilation failed to produce executable
FAIL: gfortran.dg/pr17090.f90 -O3 -fomit-frame-pointer (test for excess errors)
WARNING: gfortran.dg/pr17090.f90 -O3 -fomit-frame-pointer compilation failed to produce executable
FAIL: gfortran.dg/pr17090.f90 -O3 -fomit-frame-pointer -funroll-loops (test for excess errors)
WARNING: gfortran.dg/pr17090.f90 -O3 -fomit-frame-pointer -funroll-loops compilation failed to produce executable
FAIL: gfortran.dg/pr17090.f90 -O3 -fomit-frame-pointer -funroll-all-loops -finline-functions (test for excess errors)
WARNING: gfortran.dg/pr17090.f90 -O3 -fomit-frame-pointer -funroll-all-loops -finline-functions compilation failed to produce executable
FAIL: gfortran.dg/pr17090.f90 -O3 -g (test for excess errors)
WARNING: gfortran.dg/pr17090.f90 -O3 -g compilation failed to produce executable
FAIL: gfortran.dg/pr17090.f90 -Os (test for excess errors)
WARNING: gfortran.dg/pr17090.f90 -Os compilation failed to produce executable
FAIL: gfortran.dg/pr17706.f90 -O2 (test for excess errors)
WARNING: gfortran.dg/pr17706.f90 -O2 compilation failed to produce executable
FAIL: gfortran.dg/pr17706.f90 -O3 -fomit-frame-pointer (test for excess errors)
WARNING: gfortran.dg/pr17706.f90 -O3 -fomit-frame-pointer compilation failed to produce executable
FAIL: gfortran.dg/pr17706.f90 -O3 -fomit-frame-pointer -funroll-loops (test for excess errors)
WARNING: gfortran.dg/pr17706.f90 -O3 -fomit-frame-pointer -funroll-loops compilation failed to produce executable
FAIL: gfortran.dg/pr17706.f90 -O3 -fomit-frame-pointer -funroll-all-loops -finline-functions (test for excess errors)
WARNING: gfortran.dg/pr17706.f90 -O3 -fomit-frame-pointer -funroll-all-loops -finline-functions compilation failed to produce executable
FAIL: gfortran.dg/pr17706.f90 -O3 -g (test for excess errors)
WARNING: gfortran.dg/pr17706.f90 -O3 -g compilation failed to produce executable
FAIL: gfortran.dg/pr17706.f90 -Os (test for excess errors)
WARNING: gfortran.dg/pr17706.f90 -Os compilation failed to produce executable
FAIL: gfortran.dg/ret_array_1.f90 -O2 (test for excess errors)
WARNING: gfortran.dg/ret_array_1.f90 -O2 compilation failed to produce executable
FAIL: gfortran.dg/ret_array_1.f90 -O3 -fomit-frame-pointer (test for excess errors)
WARNING: gfortran.dg/ret_array_1.f90 -O3 -fomit-frame-pointer compilation failed to produce executable
FAIL: gfortran.dg/ret_array_1.f90 -O3 -fomit-frame-pointer -funroll-loops (test for excess errors)
WARNING: gfortran.dg/ret_array_1.f90 -O3 -fomit-frame-pointer -funroll-loops compilation failed to produce executable
FAIL: gfortran.dg/ret_array_1.f90 -O3 -fomit-frame-pointer -funroll-all-loops -finline-functions (test for excess errors)
WARNING: gfortran.dg/ret_array_1.f90 -O3 -fomit-frame-pointer -funroll-all-loops -finline-functions compilation failed to produce executable
FAIL: gfortran.dg/ret_array_1.f90 -O3 -g (test for excess errors)
WARNING: gfortran.dg/ret_array_1.f90 -O3 -g compilation failed to produce executable
FAIL: gfortran.dg/ret_array_1.f90 -Os (test for excess errors)
WARNING: gfortran.dg/ret_array_1.f90 -Os compilation failed to produce executable
XPASS: gfortran.dg/ret_pointer_1.f90 -O0 execution test
XPASS: gfortran.dg/ret_pointer_1.f90 -O1 execution test
XPASS: gfortran.dg/ret_pointer_1.f90 -O2 execution test
XPASS: gfortran.dg/ret_pointer_1.f90 -O3 -fomit-frame-pointer execution test
XPASS: gfortran.dg/ret_pointer_1.f90 -O3 -fomit-frame-pointer -funroll-loops execution test
XPASS: gfortran.dg/ret_pointer_1.f90 -O3 -fomit-frame-pointer -funroll-all-loops -finline-functions execution test
XPASS: gfortran.dg/ret_pointer_1.f90 -O3 -g execution test
XPASS: gfortran.dg/ret_pointer_1.f90 -Os execution test
FAIL: gfortran.dg/string_ctor_1.f90 -O2 (test for excess errors)
WARNING: gfortran.dg/string_ctor_1.f90 -O2 compilation failed to produce executable
FAIL: gfortran.dg/string_ctor_1.f90 -O3 -fomit-frame-pointer (test for excess errors)
WARNING: gfortran.dg/string_ctor_1.f90 -O3 -fomit-frame-pointer compilation failed to produce executable
FAIL: gfortran.dg/string_ctor_1.f90 -O3 -fomit-frame-pointer -funroll-loops (test for excess errors)
WARNING: gfortran.dg/string_ctor_1.f90 -O3 -fomit-frame-pointer -funroll-loops compilation failed to produce executable
FAIL: gfortran.dg/string_ctor_1.f90 -O3 -fomit-frame-pointer -funroll-all-loops -finline-functions (test for excess errors)
WARNING: gfortran.dg/string_ctor_1.f90 -O3 -fomit-frame-pointer -funroll-all-loops -finline-functions compilation failed to produce executable
FAIL: gfortran.dg/string_ctor_1.f90 -O3 -g (test for excess errors)
WARNING: gfortran.dg/string_ctor_1.f90 -O3 -g compilation failed to produce executable
FAIL: gfortran.dg/string_ctor_1.f90 -Os (test for excess errors)
WARNING: gfortran.dg/string_ctor_1.f90 -Os compilation failed to produce executable
FAIL: gfortran.dg/g77/20010116.f -O2 (test for excess errors)
WARNING: gfortran.dg/g77/20010116.f -O2 compilation failed to produce executable
FAIL: gfortran.dg/g77/20010116.f -O3 -fomit-frame-pointer (test for excess errors)
WARNING: gfortran.dg/g77/20010116.f -O3 -fomit-frame-pointer compilation failed to produce executable
FAIL: gfortran.dg/g77/20010116.f -O3 -fomit-frame-pointer -funroll-loops (test for excess errors)
WARNING: gfortran.dg/g77/20010116.f -O3 -fomit-frame-pointer -funroll-loops compilation failed to produce executable
FAIL: gfortran.dg/g77/20010116.f -O3 -fomit-frame-pointer -funroll-all-loops -finline-functions (test for excess errors)
WARNING: gfortran.dg/g77/20010116.f -O3 -fomit-frame-pointer -funroll-all-loops -finline-functions compilation failed to produce executable
FAIL: gfortran.dg/g77/20010116.f -O3 -g (test for excess errors)
WARNING: gfortran.dg/g77/20010116.f -O3 -g compilation failed to produce executable
FAIL: gfortran.dg/g77/20010116.f -Os (test for excess errors)
WARNING: gfortran.dg/g77/20010116.f -Os compilation failed to produce executable
FAIL: gfortran.dg/g77/20010426-1.f -O2 (test for excess errors)
WARNING: gfortran.dg/g77/20010426-1.f -O2 compilation failed to produce executable
FAIL: gfortran.dg/g77/20010426-1.f -O3 -fomit-frame-pointer (test for excess errors)
WARNING: gfortran.dg/g77/20010426-1.f -O3 -fomit-frame-pointer compilation failed to produce executable
FAIL: gfortran.dg/g77/20010426-1.f -O3 -fomit-frame-pointer -funroll-loops (test for excess errors)
WARNING: gfortran.dg/g77/20010426-1.f -O3 -fomit-frame-pointer -funroll-loops compilation failed to produce executable
FAIL: gfortran.dg/g77/20010426-1.f -O3 -fomit-frame-pointer -funroll-all-loops -finline-functions (test for excess errors)
WARNING: gfortran.dg/g77/20010426-1.f -O3 -fomit-frame-pointer -funroll-all-loops -finline-functions compilation failed to produce executable
FAIL: gfortran.dg/g77/20010426-1.f -O3 -g (test for excess errors)
WARNING: gfortran.dg/g77/20010426-1.f -O3 -g compilation failed to produce executable
FAIL: gfortran.dg/g77/20010426-1.f -Os (test for excess errors)
WARNING: gfortran.dg/g77/20010426-1.f -Os compilation failed to produce executable
FAIL: gfortran.dg/g77/cabs.f -O0 execution test
FAIL: gfortran.dg/g77/cabs.f -O1 execution test
FAIL: gfortran.dg/g77/cabs.f -O2 execution test
FAIL: gfortran.dg/g77/cabs.f -O3 -fomit-frame-pointer execution test
FAIL: gfortran.dg/g77/cabs.f -O3 -fomit-frame-pointer -funroll-loops execution test
FAIL: gfortran.dg/g77/cabs.f -O3 -fomit-frame-pointer -funroll-all-loops -finline-functions execution test
FAIL: gfortran.dg/g77/cabs.f -O3 -g execution test
FAIL: gfortran.dg/g77/cabs.f -Os execution test
FAIL: gfortran.dg/g77/dnrm2.f -O2 (test for excess errors)
WARNING: gfortran.dg/g77/dnrm2.f -O2 compilation failed to produce executable
FAIL: gfortran.dg/g77/dnrm2.f -O3 -fomit-frame-pointer (test for excess errors)
WARNING: gfortran.dg/g77/dnrm2.f -O3 -fomit-frame-pointer compilation failed to produce executable
FAIL: gfortran.dg/g77/dnrm2.f -O3 -fomit-frame-pointer -funroll-loops (test for excess errors)
WARNING: gfortran.dg/g77/dnrm2.f -O3 -fomit-frame-pointer -funroll-loops compilation failed to produce executable
FAIL: gfortran.dg/g77/dnrm2.f -O3 -fomit-frame-pointer -funroll-all-loops -finline-functions (test for excess errors)
WARNING: gfortran.dg/g77/dnrm2.f -O3 -fomit-frame-pointer -funroll-all-loops -finline-functions compilation failed to produce executable
FAIL: gfortran.dg/g77/dnrm2.f -O3 -g (test for excess errors)
WARNING: gfortran.dg/g77/dnrm2.f -O3 -g compilation failed to produce executable
FAIL: gfortran.dg/g77/dnrm2.f -Os (test for excess errors)
WARNING: gfortran.dg/g77/dnrm2.f -Os compilation failed to produce executable
FAIL: gfortran.dg/g77/f77-edit-i-out.f -O2 (test for excess errors)
WARNING: gfortran.dg/g77/f77-edit-i-out.f -O2 compilation failed to produce executable
FAIL: gfortran.dg/g77/f77-edit-i-out.f -O3 -fomit-frame-pointer (test for excess errors)
WARNING: gfortran.dg/g77/f77-edit-i-out.f -O3 -fomit-frame-pointer compilation failed to produce executable
FAIL: gfortran.dg/g77/f77-edit-i-out.f -O3 -fomit-frame-pointer -funroll-loops (test for excess errors)
WARNING: gfortran.dg/g77/f77-edit-i-out.f -O3 -fomit-frame-pointer -funroll-loops compilation failed to produce executable
FAIL: gfortran.dg/g77/f77-edit-i-out.f -O3 -fomit-frame-pointer -funroll-all-loops -finline-functions (test for excess errors)
WARNING: gfortran.dg/g77/f77-edit-i-out.f -O3 -fomit-frame-pointer -funroll-all-loops -finline-functions compilation failed to produce executable
FAIL: gfortran.dg/g77/f77-edit-i-out.f -O3 -g (test for excess errors)
WARNING: gfortran.dg/g77/f77-edit-i-out.f -O3 -g compilation failed to produce executable
FAIL: gfortran.dg/g77/f77-edit-i-out.f -Os (test for excess errors)
WARNING: gfortran.dg/g77/f77-edit-i-out.f -Os compilation failed to produce executable
FAIL: gfortran.dg/g77/f77-edit-s-out.f -O2 (test for excess errors)
WARNING: gfortran.dg/g77/f77-edit-s-out.f -O2 compilation failed to produce executable
FAIL: gfortran.dg/g77/f77-edit-s-out.f -O3 -fomit-frame-pointer (test for excess errors)
WARNING: gfortran.dg/g77/f77-edit-s-out.f -O3 -fomit-frame-pointer compilation failed to produce executable
FAIL: gfortran.dg/g77/f77-edit-s-out.f -O3 -fomit-frame-pointer -funroll-loops (test for excess errors)
WARNING: gfortran.dg/g77/f77-edit-s-out.f -O3 -fomit-frame-pointer -funroll-loops compilation failed to produce executable
FAIL: gfortran.dg/g77/f77-edit-s-out.f -O3 -fomit-frame-pointer -funroll-all-loops -finline-functions (test for excess errors)
WARNING: gfortran.dg/g77/f77-edit-s-out.f -O3 -fomit-frame-pointer -funroll-all-loops -finline-functions compilation failed to produce executable
FAIL: gfortran.dg/g77/f77-edit-s-out.f -O3 -g (test for excess errors)
WARNING: gfortran.dg/g77/f77-edit-s-out.f -O3 -g compilation failed to produce executable
FAIL: gfortran.dg/g77/f77-edit-s-out.f -Os (test for excess errors)
WARNING: gfortran.dg/g77/f77-edit-s-out.f -Os compilation failed to produce executable
FAIL: gfortran.dg/g77/f77-edit-t-out.f -O2 (test for excess errors)
WARNING: gfortran.dg/g77/f77-edit-t-out.f -O2 compilation failed to produce executable
FAIL: gfortran.dg/g77/f77-edit-t-out.f -O3 -fomit-frame-pointer (test for excess errors)
WARNING: gfortran.dg/g77/f77-edit-t-out.f -O3 -fomit-frame-pointer compilation failed to produce executable
FAIL: gfortran.dg/g77/f77-edit-t-out.f -O3 -fomit-frame-pointer -funroll-loops (test for excess errors)
WARNING: gfortran.dg/g77/f77-edit-t-out.f -O3 -fomit-frame-pointer -funroll-loops compilation failed to produce executable
FAIL: gfortran.dg/g77/f77-edit-t-out.f -O3 -fomit-frame-pointer -funroll-all-loops -finline-functions (test for excess errors)
WARNING: gfortran.dg/g77/f77-edit-t-out.f -O3 -fomit-frame-pointer -funroll-all-loops -finline-functions compilation failed to produce executable
FAIL: gfortran.dg/g77/f77-edit-t-out.f -O3 -g (test for excess errors)
WARNING: gfortran.dg/g77/f77-edit-t-out.f -O3 -g compilation failed to produce executable
FAIL: gfortran.dg/g77/f77-edit-t-out.f -Os (test for excess errors)
WARNING: gfortran.dg/g77/f77-edit-t-out.f -Os compilation failed to produce executable
FAIL: gfortran.dg/g77/f77-edit-x-out.f -O2 (test for excess errors)
WARNING: gfortran.dg/g77/f77-edit-x-out.f -O2 compilation failed to produce executable
FAIL: gfortran.dg/g77/f77-edit-x-out.f -O3 -fomit-frame-pointer (test for excess errors)
WARNING: gfortran.dg/g77/f77-edit-x-out.f -O3 -fomit-frame-pointer compilation failed to produce executable
FAIL: gfortran.dg/g77/f77-edit-x-out.f -O3 -fomit-frame-pointer -funroll-loops (test for excess errors)
WARNING: gfortran.dg/g77/f77-edit-x-out.f -O3 -fomit-frame-pointer -funroll-loops compilation failed to produce executable
FAIL: gfortran.dg/g77/f77-edit-x-out.f -O3 -fomit-frame-pointer -funroll-all-loops -finline-functions (test for excess errors)
WARNING: gfortran.dg/g77/f77-edit-x-out.f -O3 -fomit-frame-pointer -funroll-all-loops -finline-functions compilation failed to produce executable
FAIL: gfortran.dg/g77/f77-edit-x-out.f -O3 -g (test for excess errors)
WARNING: gfortran.dg/g77/f77-edit-x-out.f -O3 -g compilation failed to produce executable
FAIL: gfortran.dg/g77/f77-edit-x-out.f -Os (test for excess errors)
WARNING: gfortran.dg/g77/f77-edit-x-out.f -Os compilation failed to produce executable
FAIL: gfortran.dg/g77/f90-intrinsic-mathematical.f -O2 (test for excess errors)
WARNING: gfortran.dg/g77/f90-intrinsic-mathematical.f -O2 compilation failed to produce executable
FAIL: gfortran.dg/g77/f90-intrinsic-mathematical.f -O3 -fomit-frame-pointer (test for excess errors)
WARNING: gfortran.dg/g77/f90-intrinsic-mathematical.f -O3 -fomit-frame-pointer compilation failed to produce executable
FAIL: gfortran.dg/g77/f90-intrinsic-mathematical.f -O3 -fomit-frame-pointer -funroll-loops (test for excess errors)
WARNING: gfortran.dg/g77/f90-intrinsic-mathematical.f -O3 -fomit-frame-pointer -funroll-loops compilation failed to produce executable
FAIL: gfortran.dg/g77/f90-intrinsic-mathematical.f -O3 -fomit-frame-pointer -funroll-all-loops -finline-functions (test for excess errors)
WARNING: gfortran.dg/g77/f90-intrinsic-mathematical.f -O3 -fomit-frame-pointer -funroll-all-loops -finline-functions compilation failed to produce executable
FAIL: gfortran.dg/g77/f90-intrinsic-mathematical.f -O3 -g (test for excess errors)
WARNING: gfortran.dg/g77/f90-intrinsic-mathematical.f -O3 -g compilation failed to produce executable
FAIL: gfortran.dg/g77/f90-intrinsic-mathematical.f -Os (test for excess errors)
WARNING: gfortran.dg/g77/f90-intrinsic-mathematical.f -Os compilation failed to produce executable
FAIL: gfortran.dg/g77/f90-intrinsic-numeric.f -O2 (test for excess errors)
WARNING: gfortran.dg/g77/f90-intrinsic-numeric.f -O2 compilation failed to produce executable
FAIL: gfortran.dg/g77/f90-intrinsic-numeric.f -O3 -fomit-frame-pointer (test for excess errors)
WARNING: gfortran.dg/g77/f90-intrinsic-numeric.f -O3 -fomit-frame-pointer compilation failed to produce executable
FAIL: gfortran.dg/g77/f90-intrinsic-numeric.f -O3 -fomit-frame-pointer -funroll-loops (test for excess errors)
WARNING: gfortran.dg/g77/f90-intrinsic-numeric.f -O3 -fomit-frame-pointer -funroll-loops compilation failed to produce executable
FAIL: gfortran.dg/g77/f90-intrinsic-numeric.f -O3 -fomit-frame-pointer -funroll-all-loops -finline-functions (test for excess errors)
WARNING: gfortran.dg/g77/f90-intrinsic-numeric.f -O3 -fomit-frame-pointer -funroll-all-loops -finline-functions compilation failed to produce executable
FAIL: gfortran.dg/g77/f90-intrinsic-numeric.f -O3 -g (test for excess errors)
WARNING: gfortran.dg/g77/f90-intrinsic-numeric.f -O3 -g compilation failed to produce executable
FAIL: gfortran.dg/g77/f90-intrinsic-numeric.f -Os (test for excess errors)
WARNING: gfortran.dg/g77/f90-intrinsic-numeric.f -Os compilation failed to produce executable
FAIL: gfortran.dg/g77/strlen0.f -O2 (test for excess errors)
WARNING: gfortran.dg/g77/strlen0.f -O2 compilation failed to produce executable
FAIL: gfortran.dg/g77/strlen0.f -O3 -fomit-frame-pointer (test for excess errors)
WARNING: gfortran.dg/g77/strlen0.f -O3 -fomit-frame-pointer compilation failed to produce executable
FAIL: gfortran.dg/g77/strlen0.f -O3 -fomit-frame-pointer -funroll-loops (test for excess errors)
WARNING: gfortran.dg/g77/strlen0.f -O3 -fomit-frame-pointer -funroll-loops compilation failed to produce executable
FAIL: gfortran.dg/g77/strlen0.f -O3 -fomit-frame-pointer -funroll-all-loops -finline-functions (test for excess errors)
WARNING: gfortran.dg/g77/strlen0.f -O3 -fomit-frame-pointer -funroll-all-loops -finline-functions compilation failed to produce executable
FAIL: gfortran.dg/g77/strlen0.f -O3 -g (test for excess errors)
WARNING: gfortran.dg/g77/strlen0.f -O3 -g compilation failed to produce executable
FAIL: gfortran.dg/g77/strlen0.f -Os (test for excess errors)
WARNING: gfortran.dg/g77/strlen0.f -Os compilation failed to produce executable
FAIL: gfortran.fortran-torture/execute/allocate.f90 compilation, -O2
FAIL: gfortran.fortran-torture/execute/allocate.f90 compilation, -O3 -fomit-frame-pointer
FAIL: gfortran.fortran-torture/execute/allocate.f90 compilation, -O3 -fomit-frame-pointer -funroll-loops
FAIL: gfortran.fortran-torture/execute/allocate.f90 compilation, -O3 -fomit-frame-pointer -funroll-all-loops -finline-functions
FAIL: gfortran.fortran-torture/execute/allocate.f90 compilation, -O3 -g
FAIL: gfortran.fortran-torture/execute/allocate.f90 compilation, -Os
FAIL: gfortran.fortran-torture/execute/alternate_return.f90 compilation, -O2
FAIL: gfortran.fortran-torture/execute/alternate_return.f90 compilation, -O3 -fomit-frame-pointer
FAIL: gfortran.fortran-torture/execute/alternate_return.f90 compilation, -O3 -fomit-frame-pointer -funroll-loops
FAIL: gfortran.fortran-torture/execute/alternate_return.f90 compilation, -O3 -fomit-frame-pointer -funroll-all-loops -finline-functions
FAIL: gfortran.fortran-torture/execute/alternate_return.f90 compilation, -O3 -g
FAIL: gfortran.fortran-torture/execute/alternate_return.f90 compilation, -Os
FAIL: gfortran.fortran-torture/execute/arithmeticif.f90 compilation, -O2
FAIL: gfortran.fortran-torture/execute/arithmeticif.f90 compilation, -O3 -fomit-frame-pointer
FAIL: gfortran.fortran-torture/execute/arithmeticif.f90 compilation, -O3 -fomit-frame-pointer -funroll-loops
FAIL: gfortran.fortran-torture/execute/arithmeticif.f90 compilation, -O3 -fomit-frame-pointer -funroll-all-loops -finline-functions
FAIL: gfortran.fortran-torture/execute/arithmeticif.f90 compilation, -O3 -g
FAIL: gfortran.fortran-torture/execute/arithmeticif.f90 compilation, -Os
FAIL: gfortran.fortran-torture/execute/contained.f90 compilation, -O2
FAIL: gfortran.fortran-torture/execute/contained.f90 compilation, -O3 -fomit-frame-pointer
FAIL: gfortran.fortran-torture/execute/contained.f90 compilation, -O3 -fomit-frame-pointer -funroll-loops
FAIL: gfortran.fortran-torture/execute/contained.f90 compilation, -O3 -fomit-frame-pointer -funroll-all-loops -finline-functions
FAIL: gfortran.fortran-torture/execute/contained.f90 compilation, -O3 -g
FAIL: gfortran.fortran-torture/execute/contained.f90 compilation, -Os
FAIL: gfortran.fortran-torture/execute/contained_3.f90 compilation, -O2
FAIL: gfortran.fortran-torture/execute/contained_3.f90 compilation, -O3 -fomit-frame-pointer
FAIL: gfortran.fortran-torture/execute/contained_3.f90 compilation, -O3 -fomit-frame-pointer -funroll-loops
FAIL: gfortran.fortran-torture/execute/contained_3.f90 compilation, -O3 -fomit-frame-pointer -funroll-all-loops -finline-functions
FAIL: gfortran.fortran-torture/execute/contained_3.f90 compilation, -O3 -g
FAIL: gfortran.fortran-torture/execute/contained_3.f90 compilation, -Os
FAIL: gfortran.fortran-torture/execute/direct_io.f90 execution, -O0
FAIL: gfortran.fortran-torture/execute/direct_io.f90 execution, -O1
FAIL: gfortran.fortran-torture/execute/direct_io.f90 execution, -O2
FAIL: gfortran.fortran-torture/execute/direct_io.f90 execution, -O3 -fomit-frame-pointer
FAIL: gfortran.fortran-torture/execute/direct_io.f90 execution, -O3 -fomit-frame-pointer -funroll-loops
FAIL: gfortran.fortran-torture/execute/direct_io.f90 execution, -O3 -fomit-frame-pointer -funroll-all-loops -finline-functions
FAIL: gfortran.fortran-torture/execute/direct_io.f90 execution, -O3 -g
FAIL: gfortran.fortran-torture/execute/direct_io.f90 execution, -Os
FAIL: gfortran.fortran-torture/execute/elemental.f90 compilation, -O2
FAIL: gfortran.fortran-torture/execute/elemental.f90 compilation, -O3 -fomit-frame-pointer
FAIL: gfortran.fortran-torture/execute/elemental.f90 compilation, -O3 -fomit-frame-pointer -funroll-loops
FAIL: gfortran.fortran-torture/execute/elemental.f90 compilation, -O3 -fomit-frame-pointer -funroll-all-loops -finline-functions
FAIL: gfortran.fortran-torture/execute/elemental.f90 compilation, -O3 -g
FAIL: gfortran.fortran-torture/execute/elemental.f90 compilation, -Os
FAIL: gfortran.fortran-torture/execute/emptyif.f90 compilation, -O1
FAIL: gfortran.fortran-torture/execute/emptyif.f90 compilation, -O2
FAIL: gfortran.fortran-torture/execute/emptyif.f90 compilation, -O3 -fomit-frame-pointer
FAIL: gfortran.fortran-torture/execute/emptyif.f90 compilation, -O3 -fomit-frame-pointer -funroll-loops
FAIL: gfortran.fortran-torture/execute/emptyif.f90 compilation, -O3 -fomit-frame-pointer -funroll-all-loops -finline-functions
FAIL: gfortran.fortran-torture/execute/emptyif.f90 compilation, -O3 -g
FAIL: gfortran.fortran-torture/execute/emptyif.f90 compilation, -Os
FAIL: gfortran.fortran-torture/execute/forall_3.f90 execution, -O0
FAIL: gfortran.fortran-torture/execute/forall_3.f90 execution, -O1
FAIL: gfortran.fortran-torture/execute/forall_3.f90 execution, -O2
FAIL: gfortran.fortran-torture/execute/forall_3.f90 execution, -O3 -fomit-frame-pointer
FAIL: gfortran.fortran-torture/execute/forall_3.f90 execution, -O3 -fomit-frame-pointer -funroll-loops
FAIL: gfortran.fortran-torture/execute/forall_3.f90 execution, -O3 -fomit-frame-pointer -funroll-all-loops -finline-functions
FAIL: gfortran.fortran-torture/execute/forall_3.f90 execution, -O3 -g
FAIL: gfortran.fortran-torture/execute/forall_3.f90 execution, -Os
FAIL: gfortran.fortran-torture/execute/initializer.f90 compilation, -O2
FAIL: gfortran.fortran-torture/execute/initializer.f90 compilation, -O3 -fomit-frame-pointer
FAIL: gfortran.fortran-torture/execute/initializer.f90 compilation, -O3 -fomit-frame-pointer -funroll-loops
FAIL: gfortran.fortran-torture/execute/initializer.f90 compilation, -O3 -fomit-frame-pointer -funroll-all-loops -finline-functions
FAIL: gfortran.fortran-torture/execute/initializer.f90 compilation, -O3 -g
FAIL: gfortran.fortran-torture/execute/initializer.f90 compilation, -Os
FAIL: gfortran.fortran-torture/execute/inquire_3.f90 execution, -O0
FAIL: gfortran.fortran-torture/execute/inquire_3.f90 execution, -O1
FAIL: gfortran.fortran-torture/execute/inquire_3.f90 compilation, -O2
FAIL: gfortran.fortran-torture/execute/inquire_3.f90 compilation, -O3 -fomit-frame-pointer
FAIL: gfortran.fortran-torture/execute/inquire_3.f90 compilation, -O3 -fomit-frame-pointer -funroll-loops
FAIL: gfortran.fortran-torture/execute/inquire_3.f90 compilation, -O3 -fomit-frame-pointer -funroll-all-loops -finline-functions
FAIL: gfortran.fortran-torture/execute/inquire_3.f90 compilation, -O3 -g
FAIL: gfortran.fortran-torture/execute/inquire_3.f90 compilation, -Os
FAIL: gfortran.fortran-torture/execute/inquire_4.f90 execution, -O0
FAIL: gfortran.fortran-torture/execute/inquire_4.f90 execution, -O1
FAIL: gfortran.fortran-torture/execute/inquire_4.f90 compilation, -O2
FAIL: gfortran.fortran-torture/execute/inquire_4.f90 compilation, -O3 -fomit-frame-pointer
FAIL: gfortran.fortran-torture/execute/inquire_4.f90 compilation, -O3 -fomit-frame-pointer -funroll-loops
FAIL: gfortran.fortran-torture/execute/inquire_4.f90 compilation, -O3 -fomit-frame-pointer -funroll-all-loops -finline-functions
FAIL: gfortran.fortran-torture/execute/inquire_4.f90 compilation, -O3 -g
FAIL: gfortran.fortran-torture/execute/inquire_4.f90 compilation, -Os
FAIL: gfortran.fortran-torture/execute/intrinsic_abs.f90 execution, -O0
FAIL: gfortran.fortran-torture/execute/intrinsic_abs.f90 execution, -O1
FAIL: gfortran.fortran-torture/execute/intrinsic_abs.f90 execution, -O2
FAIL: gfortran.fortran-torture/execute/intrinsic_abs.f90 execution, -O3 -fomit-frame-pointer
FAIL: gfortran.fortran-torture/execute/intrinsic_abs.f90 execution, -O3 -fomit-frame-pointer -funroll-loops
FAIL: gfortran.fortran-torture/execute/intrinsic_abs.f90 execution, -O3 -fomit-frame-pointer -funroll-all-loops -finline-functions
FAIL: gfortran.fortran-torture/execute/intrinsic_abs.f90 execution, -O3 -g
FAIL: gfortran.fortran-torture/execute/intrinsic_abs.f90 execution, -Os
FAIL: gfortran.fortran-torture/execute/intrinsic_aint_anint.f90 compilation, -O2
FAIL: gfortran.fortran-torture/execute/intrinsic_aint_anint.f90 compilation, -O3 -fomit-frame-pointer
FAIL: gfortran.fortran-torture/execute/intrinsic_aint_anint.f90 compilation, -O3 -fomit-frame-pointer -funroll-loops
FAIL: gfortran.fortran-torture/execute/intrinsic_aint_anint.f90 compilation, -O3 -fomit-frame-pointer -funroll-all-loops -finline-functions
FAIL: gfortran.fortran-torture/execute/intrinsic_aint_anint.f90 compilation, -O3 -g
FAIL: gfortran.fortran-torture/execute/intrinsic_aint_anint.f90 compilation, -Os
FAIL: gfortran.fortran-torture/execute/intrinsic_anyall.f90 compilation, -O2
FAIL: gfortran.fortran-torture/execute/intrinsic_anyall.f90 compilation, -O3 -fomit-frame-pointer
FAIL: gfortran.fortran-torture/execute/intrinsic_anyall.f90 compilation, -O3 -fomit-frame-pointer -funroll-loops
FAIL: gfortran.fortran-torture/execute/intrinsic_anyall.f90 compilation, -O3 -fomit-frame-pointer -funroll-all-loops -finline-functions
FAIL: gfortran.fortran-torture/execute/intrinsic_anyall.f90 compilation, -O3 -g
FAIL: gfortran.fortran-torture/execute/intrinsic_anyall.f90 compilation, -Os
FAIL: gfortran.fortran-torture/execute/intrinsic_count.f90 compilation, -O2
FAIL: gfortran.fortran-torture/execute/intrinsic_count.f90 compilation, -O3 -fomit-frame-pointer
FAIL: gfortran.fortran-torture/execute/intrinsic_count.f90 compilation, -O3 -fomit-frame-pointer -funroll-loops
FAIL: gfortran.fortran-torture/execute/intrinsic_count.f90 compilation, -O3 -fomit-frame-pointer -funroll-all-loops -finline-functions
FAIL: gfortran.fortran-torture/execute/intrinsic_count.f90 compilation, -O3 -g
FAIL: gfortran.fortran-torture/execute/intrinsic_count.f90 compilation, -Os
FAIL: gfortran.fortran-torture/execute/intrinsic_cshift.f90 compilation, -O2
FAIL: gfortran.fortran-torture/execute/intrinsic_cshift.f90 compilation, -O3 -fomit-frame-pointer
FAIL: gfortran.fortran-torture/execute/intrinsic_cshift.f90 compilation, -O3 -fomit-frame-pointer -funroll-loops
FAIL: gfortran.fortran-torture/execute/intrinsic_cshift.f90 compilation, -O3 -fomit-frame-pointer -funroll-all-loops -finline-functions
FAIL: gfortran.fortran-torture/execute/intrinsic_cshift.f90 compilation, -O3 -g
FAIL: gfortran.fortran-torture/execute/intrinsic_cshift.f90 compilation, -Os
FAIL: gfortran.fortran-torture/execute/intrinsic_eoshift.f90 compilation, -O2
FAIL: gfortran.fortran-torture/execute/intrinsic_eoshift.f90 compilation, -O3 -fomit-frame-pointer
FAIL: gfortran.fortran-torture/execute/intrinsic_eoshift.f90 compilation, -O3 -fomit-frame-pointer -funroll-loops
FAIL: gfortran.fortran-torture/execute/intrinsic_eoshift.f90 compilation, -O3 -fomit-frame-pointer -funroll-all-loops -finline-functions
FAIL: gfortran.fortran-torture/execute/intrinsic_eoshift.f90 compilation, -O3 -g
FAIL: gfortran.fortran-torture/execute/intrinsic_eoshift.f90 compilation, -Os
FAIL: gfortran.fortran-torture/execute/intrinsic_integer.f90 compilation, -O2
FAIL: gfortran.fortran-torture/execute/intrinsic_integer.f90 compilation, -O3 -fomit-frame-pointer
FAIL: gfortran.fortran-torture/execute/intrinsic_integer.f90 compilation, -O3 -fomit-frame-pointer -funroll-loops
FAIL: gfortran.fortran-torture/execute/intrinsic_integer.f90 compilation, -O3 -fomit-frame-pointer -funroll-all-loops -finline-functions
FAIL: gfortran.fortran-torture/execute/intrinsic_integer.f90 compilation, -O3 -g
FAIL: gfortran.fortran-torture/execute/intrinsic_integer.f90 compilation, -Os
FAIL: gfortran.fortran-torture/execute/intrinsic_mmloc.f90 compilation, -O2
FAIL: gfortran.fortran-torture/execute/intrinsic_mmloc.f90 compilation, -O3 -fomit-frame-pointer
FAIL: gfortran.fortran-torture/execute/intrinsic_mmloc.f90 compilation, -O3 -fomit-frame-pointer -funroll-loops
FAIL: gfortran.fortran-torture/execute/intrinsic_mmloc.f90 compilation, -O3 -fomit-frame-pointer -funroll-all-loops -finline-functions
FAIL: gfortran.fortran-torture/execute/intrinsic_mmloc.f90 compilation, -O3 -g
FAIL: gfortran.fortran-torture/execute/intrinsic_mmloc.f90 compilation, -Os
FAIL: gfortran.fortran-torture/execute/intrinsic_mmval.f90 compilation, -O2
FAIL: gfortran.fortran-torture/execute/intrinsic_mmval.f90 compilation, -O3 -fomit-frame-pointer
FAIL: gfortran.fortran-torture/execute/intrinsic_mmval.f90 compilation, -O3 -fomit-frame-pointer -funroll-loops
FAIL: gfortran.fortran-torture/execute/intrinsic_mmval.f90 compilation, -O3 -fomit-frame-pointer -funroll-all-loops -finline-functions
FAIL: gfortran.fortran-torture/execute/intrinsic_mmval.f90 compilation, -O3 -g
FAIL: gfortran.fortran-torture/execute/intrinsic_mmval.f90 compilation, -Os
FAIL: gfortran.fortran-torture/execute/intrinsic_mvbits.f90 compilation, -O2
FAIL: gfortran.fortran-torture/execute/intrinsic_mvbits.f90 compilation, -O3 -fomit-frame-pointer
FAIL: gfortran.fortran-torture/execute/intrinsic_mvbits.f90 compilation, -O3 -fomit-frame-pointer -funroll-loops
FAIL: gfortran.fortran-torture/execute/intrinsic_mvbits.f90 compilation, -O3 -fomit-frame-pointer -funroll-all-loops -finline-functions
FAIL: gfortran.fortran-torture/execute/intrinsic_mvbits.f90 compilation, -O3 -g
FAIL: gfortran.fortran-torture/execute/intrinsic_mvbits.f90 compilation, -Os
FAIL: gfortran.fortran-torture/execute/intrinsic_pack.f90 execution, -O0
FAIL: gfortran.fortran-torture/execute/intrinsic_pack.f90 execution, -O1
FAIL: gfortran.fortran-torture/execute/intrinsic_pack.f90 compilation, -O2
FAIL: gfortran.fortran-torture/execute/intrinsic_pack.f90 compilation, -O3 -fomit-frame-pointer
FAIL: gfortran.fortran-torture/execute/intrinsic_pack.f90 compilation, -O3 -fomit-frame-pointer -funroll-loops
FAIL: gfortran.fortran-torture/execute/intrinsic_pack.f90 compilation, -O3 -fomit-frame-pointer -funroll-all-loops -finline-functions
FAIL: gfortran.fortran-torture/execute/intrinsic_pack.f90 compilation, -O3 -g
FAIL: gfortran.fortran-torture/execute/intrinsic_pack.f90 compilation, -Os
FAIL: gfortran.fortran-torture/execute/intrinsic_product.f90 compilation, -O2
FAIL: gfortran.fortran-torture/execute/intrinsic_product.f90 compilation, -O3 -fomit-frame-pointer
FAIL: gfortran.fortran-torture/execute/intrinsic_product.f90 compilation, -O3 -fomit-frame-pointer -funroll-loops
FAIL: gfortran.fortran-torture/execute/intrinsic_product.f90 compilation, -O3 -fomit-frame-pointer -funroll-all-loops -finline-functions
FAIL: gfortran.fortran-torture/execute/intrinsic_product.f90 compilation, -O3 -g
FAIL: gfortran.fortran-torture/execute/intrinsic_product.f90 compilation, -Os
FAIL: gfortran.fortran-torture/execute/intrinsic_rrspacing.f90 compilation, -O2
FAIL: gfortran.fortran-torture/execute/intrinsic_rrspacing.f90 compilation, -O3 -fomit-frame-pointer
FAIL: gfortran.fortran-torture/execute/intrinsic_rrspacing.f90 compilation, -O3 -fomit-frame-pointer -funroll-loops
FAIL: gfortran.fortran-torture/execute/intrinsic_rrspacing.f90 compilation, -O3 -fomit-frame-pointer -funroll-all-loops -finline-functions
FAIL: gfortran.fortran-torture/execute/intrinsic_rrspacing.f90 compilation, -O3 -g
FAIL: gfortran.fortran-torture/execute/intrinsic_rrspacing.f90 compilation, -Os
FAIL: gfortran.fortran-torture/execute/intrinsic_scale.f90 compilation, -O2
FAIL: gfortran.fortran-torture/execute/intrinsic_scale.f90 compilation, -O3 -fomit-frame-pointer
FAIL: gfortran.fortran-torture/execute/intrinsic_scale.f90 compilation, -O3 -fomit-frame-pointer -funroll-loops
FAIL: gfortran.fortran-torture/execute/intrinsic_scale.f90 compilation, -O3 -fomit-frame-pointer -funroll-all-loops -finline-functions
FAIL: gfortran.fortran-torture/execute/intrinsic_scale.f90 compilation, -O3 -g
FAIL: gfortran.fortran-torture/execute/intrinsic_scale.f90 compilation, -Os
FAIL: gfortran.fortran-torture/execute/intrinsic_spacing.f90 compilation, -O2
FAIL: gfortran.fortran-torture/execute/intrinsic_spacing.f90 compilation, -O3 -fomit-frame-pointer
FAIL: gfortran.fortran-torture/execute/intrinsic_spacing.f90 compilation, -O3 -fomit-frame-pointer -funroll-loops
FAIL: gfortran.fortran-torture/execute/intrinsic_spacing.f90 compilation, -O3 -fomit-frame-pointer -funroll-all-loops -finline-functions
FAIL: gfortran.fortran-torture/execute/intrinsic_spacing.f90 compilation, -O3 -g
FAIL: gfortran.fortran-torture/execute/intrinsic_spacing.f90 compilation, -Os
FAIL: gfortran.fortran-torture/execute/intrinsic_spread.f90 compilation, -O2
FAIL: gfortran.fortran-torture/execute/intrinsic_spread.f90 compilation, -O3 -fomit-frame-pointer
FAIL: gfortran.fortran-torture/execute/intrinsic_spread.f90 compilation, -O3 -fomit-frame-pointer -funroll-loops
FAIL: gfortran.fortran-torture/execute/intrinsic_spread.f90 compilation, -O3 -fomit-frame-pointer -funroll-all-loops -finline-functions
FAIL: gfortran.fortran-torture/execute/intrinsic_spread.f90 compilation, -O3 -g
FAIL: gfortran.fortran-torture/execute/intrinsic_spread.f90 compilation, -Os
FAIL: gfortran.fortran-torture/execute/intrinsic_sr_kind.f90 compilation, -O2
FAIL: gfortran.fortran-torture/execute/intrinsic_sr_kind.f90 compilation, -O3 -fomit-frame-pointer
FAIL: gfortran.fortran-torture/execute/intrinsic_sr_kind.f90 compilation, -O3 -fomit-frame-pointer -funroll-loops
FAIL: gfortran.fortran-torture/execute/intrinsic_sr_kind.f90 compilation, -O3 -fomit-frame-pointer -funroll-all-loops -finline-functions
FAIL: gfortran.fortran-torture/execute/intrinsic_sr_kind.f90 compilation, -O3 -g
FAIL: gfortran.fortran-torture/execute/intrinsic_sr_kind.f90 compilation, -Os
FAIL: gfortran.fortran-torture/execute/intrinsic_sum.f90 compilation, -O2
FAIL: gfortran.fortran-torture/execute/intrinsic_sum.f90 compilation, -O3 -fomit-frame-pointer
FAIL: gfortran.fortran-torture/execute/intrinsic_sum.f90 compilation, -O3 -fomit-frame-pointer -funroll-loops
FAIL: gfortran.fortran-torture/execute/intrinsic_sum.f90 compilation, -O3 -fomit-frame-pointer -funroll-all-loops -finline-functions
FAIL: gfortran.fortran-torture/execute/intrinsic_sum.f90 compilation, -O3 -g
FAIL: gfortran.fortran-torture/execute/intrinsic_sum.f90 compilation, -Os
FAIL: gfortran.fortran-torture/execute/intrinsic_trim.f90 compilation, -O2
FAIL: gfortran.fortran-torture/execute/intrinsic_trim.f90 compilation, -O3 -fomit-frame-pointer
FAIL: gfortran.fortran-torture/execute/intrinsic_trim.f90 compilation, -O3 -fomit-frame-pointer -funroll-loops
FAIL: gfortran.fortran-torture/execute/intrinsic_trim.f90 compilation, -O3 -fomit-frame-pointer -funroll-all-loops -finline-functions
FAIL: gfortran.fortran-torture/execute/intrinsic_trim.f90 compilation, -O3 -g
FAIL: gfortran.fortran-torture/execute/intrinsic_trim.f90 compilation, -Os
FAIL: gfortran.fortran-torture/execute/intrinsic_unpack.f90 compilation, -O2
FAIL: gfortran.fortran-torture/execute/intrinsic_unpack.f90 compilation, -O3 -fomit-frame-pointer
FAIL: gfortran.fortran-torture/execute/intrinsic_unpack.f90 compilation, -O3 -fomit-frame-pointer -funroll-loops
FAIL: gfortran.fortran-torture/execute/intrinsic_unpack.f90 compilation, -O3 -fomit-frame-pointer -funroll-all-loops -finline-functions
FAIL: gfortran.fortran-torture/execute/intrinsic_unpack.f90 compilation, -O3 -g
FAIL: gfortran.fortran-torture/execute/intrinsic_unpack.f90 compilation, -Os
FAIL: gfortran.fortran-torture/execute/math.f90 compilation, -O2
FAIL: gfortran.fortran-torture/execute/math.f90 compilation, -O3 -fomit-frame-pointer
FAIL: gfortran.fortran-torture/execute/math.f90 compilation, -O3 -fomit-frame-pointer -funroll-loops
FAIL: gfortran.fortran-torture/execute/math.f90 compilation, -O3 -fomit-frame-pointer -funroll-all-loops -finline-functions
FAIL: gfortran.fortran-torture/execute/math.f90 compilation, -O3 -g
FAIL: gfortran.fortran-torture/execute/math.f90 compilation, -Os
FAIL: gfortran.fortran-torture/execute/module_interface_2.f90 compilation, -O2
FAIL: gfortran.fortran-torture/execute/module_interface_2.f90 compilation, -O3 -fomit-frame-pointer
FAIL: gfortran.fortran-torture/execute/module_interface_2.f90 compilation, -O3 -fomit-frame-pointer -funroll-loops
FAIL: gfortran.fortran-torture/execute/module_interface_2.f90 compilation, -O3 -fomit-frame-pointer -funroll-all-loops -finline-functions
FAIL: gfortran.fortran-torture/execute/module_interface_2.f90 compilation, -O3 -g
FAIL: gfortran.fortran-torture/execute/module_interface_2.f90 compilation, -Os
FAIL: gfortran.fortran-torture/execute/nullarg.f90 compilation, -O2
FAIL: gfortran.fortran-torture/execute/nullarg.f90 compilation, -O3 -fomit-frame-pointer
FAIL: gfortran.fortran-torture/execute/nullarg.f90 compilation, -O3 -fomit-frame-pointer -funroll-loops
FAIL: gfortran.fortran-torture/execute/nullarg.f90 compilation, -O3 -fomit-frame-pointer -funroll-all-loops -finline-functions
FAIL: gfortran.fortran-torture/execute/nullarg.f90 compilation, -O3 -g
FAIL: gfortran.fortran-torture/execute/nullarg.f90 compilation, -Os
FAIL: gfortran.fortran-torture/execute/optstring_1.f90 compilation, -O2
FAIL: gfortran.fortran-torture/execute/optstring_1.f90 compilation, -O3 -fomit-frame-pointer
FAIL: gfortran.fortran-torture/execute/optstring_1.f90 compilation, -O3 -fomit-frame-pointer -funroll-loops
FAIL: gfortran.fortran-torture/execute/optstring_1.f90 compilation, -O3 -fomit-frame-pointer -funroll-all-loops -finline-functions
FAIL: gfortran.fortran-torture/execute/optstring_1.f90 compilation, -O3 -g
FAIL: gfortran.fortran-torture/execute/optstring_1.f90 compilation, -Os
FAIL: gfortran.fortran-torture/execute/power.f90 execution, -O0
FAIL: gfortran.fortran-torture/execute/power.f90 execution, -O1
FAIL: gfortran.fortran-torture/execute/power.f90 execution, -O2
FAIL: gfortran.fortran-torture/execute/power.f90 execution, -O3 -fomit-frame-pointer
FAIL: gfortran.fortran-torture/execute/power.f90 execution, -O3 -fomit-frame-pointer -funroll-loops
FAIL: gfortran.fortran-torture/execute/power.f90 execution, -O3 -fomit-frame-pointer -funroll-all-loops -finline-functions
FAIL: gfortran.fortran-torture/execute/power.f90 execution, -O3 -g
FAIL: gfortran.fortran-torture/execute/power.f90 execution, -Os
FAIL: gfortran.fortran-torture/execute/procarg.f90 compilation, -O2
FAIL: gfortran.fortran-torture/execute/procarg.f90 compilation, -O3 -fomit-frame-pointer
FAIL: gfortran.fortran-torture/execute/procarg.f90 compilation, -O3 -fomit-frame-pointer -funroll-loops
FAIL: gfortran.fortran-torture/execute/procarg.f90 compilation, -O3 -fomit-frame-pointer -funroll-all-loops -finline-functions
FAIL: gfortran.fortran-torture/execute/procarg.f90 compilation, -O3 -g
FAIL: gfortran.fortran-torture/execute/procarg.f90 compilation, -Os
FAIL: gfortran.fortran-torture/execute/read_null_string.f90 compilation, -O2
FAIL: gfortran.fortran-torture/execute/read_null_string.f90 compilation, -O3 -fomit-frame-pointer
FAIL: gfortran.fortran-torture/execute/read_null_string.f90 compilation, -O3 -fomit-frame-pointer -funroll-loops
FAIL: gfortran.fortran-torture/execute/read_null_string.f90 compilation, -O3 -fomit-frame-pointer -funroll-all-loops -finline-functions
FAIL: gfortran.fortran-torture/execute/read_null_string.f90 compilation, -O3 -g
FAIL: gfortran.fortran-torture/execute/read_null_string.f90 compilation, -Os
FAIL: gfortran.fortran-torture/execute/retarray.f90 compilation, -O2
FAIL: gfortran.fortran-torture/execute/retarray.f90 compilation, -O3 -fomit-frame-pointer
FAIL: gfortran.fortran-torture/execute/retarray.f90 compilation, -O3 -fomit-frame-pointer -funroll-loops
FAIL: gfortran.fortran-torture/execute/retarray.f90 compilation, -O3 -fomit-frame-pointer -funroll-all-loops -finline-functions
FAIL: gfortran.fortran-torture/execute/retarray.f90 compilation, -O3 -g
FAIL: gfortran.fortran-torture/execute/retarray.f90 compilation, -Os
FAIL: gfortran.fortran-torture/execute/select_1.f90 compilation, -O2
FAIL: gfortran.fortran-torture/execute/select_1.f90 compilation, -O3 -fomit-frame-pointer
FAIL: gfortran.fortran-torture/execute/select_1.f90 compilation, -O3 -fomit-frame-pointer -funroll-loops
FAIL: gfortran.fortran-torture/execute/select_1.f90 compilation, -O3 -fomit-frame-pointer -funroll-all-loops -finline-functions
FAIL: gfortran.fortran-torture/execute/select_1.f90 compilation, -O3 -g
FAIL: gfortran.fortran-torture/execute/select_1.f90 compilation, -Os
FAIL: gfortran.fortran-torture/execute/spec_abs.f90 compilation, -O2
FAIL: gfortran.fortran-torture/execute/spec_abs.f90 compilation, -O3 -fomit-frame-pointer
FAIL: gfortran.fortran-torture/execute/spec_abs.f90 compilation, -O3 -fomit-frame-pointer -funroll-loops
FAIL: gfortran.fortran-torture/execute/spec_abs.f90 compilation, -O3 -fomit-frame-pointer -funroll-all-loops -finline-functions
FAIL: gfortran.fortran-torture/execute/spec_abs.f90 compilation, -O3 -g
FAIL: gfortran.fortran-torture/execute/spec_abs.f90 compilation, -Os
FAIL: gfortran.fortran-torture/execute/specifics.f90 compilation, -O2
FAIL: gfortran.fortran-torture/execute/specifics.f90 compilation, -O3 -fomit-frame-pointer
FAIL: gfortran.fortran-torture/execute/specifics.f90 compilation, -O3 -fomit-frame-pointer -funroll-loops
FAIL: gfortran.fortran-torture/execute/specifics.f90 compilation, -O3 -fomit-frame-pointer -funroll-all-loops -finline-functions
FAIL: gfortran.fortran-torture/execute/specifics.f90 compilation, -O3 -g
FAIL: gfortran.fortran-torture/execute/specifics.f90 compilation, -Os
FAIL: gfortran.fortran-torture/execute/st_function.f90 compilation, -O2
FAIL: gfortran.fortran-torture/execute/st_function.f90 compilation, -O3 -fomit-frame-pointer
FAIL: gfortran.fortran-torture/execute/st_function.f90 compilation, -O3 -fomit-frame-pointer -funroll-loops
FAIL: gfortran.fortran-torture/execute/st_function.f90 compilation, -O3 -fomit-frame-pointer -funroll-all-loops -finline-functions
FAIL: gfortran.fortran-torture/execute/st_function.f90 compilation, -O3 -g
FAIL: gfortran.fortran-torture/execute/st_function.f90 compilation, -Os
FAIL: gfortran.fortran-torture/execute/st_function_2.f90 compilation, -O2
FAIL: gfortran.fortran-torture/execute/st_function_2.f90 compilation, -O3 -fomit-frame-pointer
FAIL: gfortran.fortran-torture/execute/st_function_2.f90 compilation, -O3 -fomit-frame-pointer -funroll-loops
FAIL: gfortran.fortran-torture/execute/st_function_2.f90 compilation, -O3 -fomit-frame-pointer -funroll-all-loops -finline-functions
FAIL: gfortran.fortran-torture/execute/st_function_2.f90 compilation, -O3 -g
FAIL: gfortran.fortran-torture/execute/st_function_2.f90 compilation, -Os
FAIL: gfortran.fortran-torture/execute/stack_varsize.f90 compilation, -O2
FAIL: gfortran.fortran-torture/execute/stack_varsize.f90 compilation, -O3 -fomit-frame-pointer
FAIL: gfortran.fortran-torture/execute/stack_varsize.f90 compilation, -O3 -fomit-frame-pointer -funroll-loops
FAIL: gfortran.fortran-torture/execute/stack_varsize.f90 compilation, -O3 -fomit-frame-pointer -funroll-all-loops -finline-functions
FAIL: gfortran.fortran-torture/execute/stack_varsize.f90 compilation, -O3 -g
FAIL: gfortran.fortran-torture/execute/stack_varsize.f90 compilation, -Os
FAIL: gfortran.fortran-torture/execute/strarray_1.f90 compilation, -O2
FAIL: gfortran.fortran-torture/execute/strarray_1.f90 compilation, -O3 -fomit-frame-pointer
FAIL: gfortran.fortran-torture/execute/strarray_1.f90 compilation, -O3 -fomit-frame-pointer -funroll-loops
FAIL: gfortran.fortran-torture/execute/strarray_1.f90 compilation, -O3 -fomit-frame-pointer -funroll-all-loops -finline-functions
FAIL: gfortran.fortran-torture/execute/strarray_1.f90 compilation, -O3 -g
FAIL: gfortran.fortran-torture/execute/strarray_1.f90 compilation, -Os
FAIL: gfortran.fortran-torture/execute/strarray_2.f90 compilation, -O2
FAIL: gfortran.fortran-torture/execute/strarray_2.f90 compilation, -O3 -fomit-frame-pointer
FAIL: gfortran.fortran-torture/execute/strarray_2.f90 compilation, -O3 -fomit-frame-pointer -funroll-loops
FAIL: gfortran.fortran-torture/execute/strarray_2.f90 compilation, -O3 -fomit-frame-pointer -funroll-all-loops -finline-functions
FAIL: gfortran.fortran-torture/execute/strarray_2.f90 compilation, -O3 -g
FAIL: gfortran.fortran-torture/execute/strarray_2.f90 compilation, -Os
FAIL: gfortran.fortran-torture/execute/strarray_3.f90 compilation, -O2
FAIL: gfortran.fortran-torture/execute/strarray_3.f90 compilation, -O3 -fomit-frame-pointer
FAIL: gfortran.fortran-torture/execute/strarray_3.f90 compilation, -O3 -fomit-frame-pointer -funroll-loops
FAIL: gfortran.fortran-torture/execute/strarray_3.f90 compilation, -O3 -fomit-frame-pointer -funroll-all-loops -finline-functions
FAIL: gfortran.fortran-torture/execute/strarray_3.f90 compilation, -O3 -g
FAIL: gfortran.fortran-torture/execute/strarray_3.f90 compilation, -Os
FAIL: gfortran.fortran-torture/execute/strarray_4.f90 compilation, -O2
FAIL: gfortran.fortran-torture/execute/strarray_4.f90 compilation, -O3 -fomit-frame-pointer
FAIL: gfortran.fortran-torture/execute/strarray_4.f90 compilation, -O3 -fomit-frame-pointer -funroll-loops
FAIL: gfortran.fortran-torture/execute/strarray_4.f90 compilation, -O3 -fomit-frame-pointer -funroll-all-loops -finline-functions
FAIL: gfortran.fortran-torture/execute/strarray_4.f90 compilation, -O3 -g
FAIL: gfortran.fortran-torture/execute/strarray_4.f90 compilation, -Os
=== gfortran Summary for unix/-m64 ===
# of expected passes 3813
# of unexpected failures 435
# of unexpected successes 8
# of expected failures 13
# of untested testcases 277
# of unsupported tests 8
=== gfortran Summary ===
# of expected passes 7673
# of unexpected failures 823
# of unexpected successes 16
# of expected failures 26
# of untested testcases 554
# of unsupported tests 16
/home/gccbuild/build/nightly/build-gcc-treeprof/gcc/testsuite/../gfortran version 4.0.0-tree-profiling 20041022 (experimental)
=== objc tests ===
Running target unix/-m32
=== objc Summary for unix/-m32 ===
# of expected passes 1424
# of unsupported tests 8
Running target unix/-m64
=== objc Summary for unix/-m64 ===
# of expected passes 1424
# of unsupported tests 8
=== objc Summary ===
# of expected passes 2848
# of unsupported tests 16
/home/gccbuild/build/nightly/build-gcc-treeprof/gcc/xgcc version 4.0.0-tree-profiling 20041022 (experimental)
=== libffi tests ===
Running target unix/-m32
FAIL: libffi.call/cls_align_longdouble.c (test for excess errors)
WARNING: libffi.call/cls_align_longdouble.c compilation failed to produce executable
FAIL: libffi.call/float.c (test for excess errors)
WARNING: libffi.call/float.c compilation failed to produce executable
FAIL: libffi.call/float2.c (test for excess errors)
WARNING: libffi.call/float2.c compilation failed to produce executable
FAIL: libffi.call/float3.c (test for excess errors)
WARNING: libffi.call/float3.c compilation failed to produce executable
=== libffi Summary for unix/-m32 ===
# of expected passes 207
# of unexpected failures 4
# of unsupported tests 2
Running target unix/-m64
FAIL: libffi.call/float.c (test for excess errors)
WARNING: libffi.call/float.c compilation failed to produce executable
FAIL: libffi.call/float2.c (test for excess errors)
WARNING: libffi.call/float2.c compilation failed to produce executable
FAIL: libffi.call/float3.c (test for excess errors)
WARNING: libffi.call/float3.c compilation failed to produce executable
=== libffi Summary for unix/-m64 ===
# of expected passes 210
# of unexpected failures 3
# of unsupported tests 2
=== libffi Summary ===
# of expected passes 417
# of unexpected failures 7
# of unsupported tests 4
=== libjava tests ===
Running target unix/-m32
FAIL: md5test output - source compiled test
FAIL: md5test output - gij test
FAIL: md5test output - bytecode->native test
FAIL: md5test -O3 output - source compiled test
FAIL: md5test output - gij test
FAIL: md5test -O3 output - bytecode->native test
FAIL: shatest output - source compiled test
FAIL: shatest output - gij test
FAIL: shatest output - bytecode->native test
FAIL: shatest -O3 output - source compiled test
FAIL: shatest output - gij test
FAIL: shatest -O3 output - bytecode->native test
=== libjava Summary for unix/-m32 ===
# of expected passes 3637
# of unexpected failures 12
# of expected failures 14
# of untested testcases 16
Running target unix/-m64
FAIL: md5test output - source compiled test
FAIL: md5test output - gij test
FAIL: md5test output - bytecode->native test
FAIL: md5test -O3 output - source compiled test
FAIL: md5test output - gij test
FAIL: md5test -O3 output - bytecode->native test
FAIL: shatest output - source compiled test
FAIL: shatest output - gij test
FAIL: shatest output - bytecode->native test
FAIL: shatest -O3 output - source compiled test
FAIL: shatest output - gij test
FAIL: shatest -O3 output - bytecode->native test
=== libjava Summary for unix/-m64 ===
# of expected passes 3637
# of unexpected failures 12
# of expected failures 14
# of untested testcases 16
=== libjava Summary ===
# of expected passes 7274
# of unexpected failures 24
# of expected failures 28
# of untested testcases 32
=== libmudflap tests ===
Running target unix/-m32
=== libmudflap Summary for unix/-m32 ===
# of expected passes 1216
Running target unix/-m64
FAIL: libmudflap.c/fail27-frag.c output pattern test
FAIL: libmudflap.c/fail27-frag.c (-O2) output pattern test
FAIL: libmudflap.c/fail27-frag.c (-O3) output pattern test
=== libmudflap Summary for unix/-m64 ===
# of expected passes 1213
# of unexpected failures 3
=== libmudflap Summary ===
# of expected passes 2429
# of unexpected failures 3
=== libstdc++-v3 check-abi Summary ===
# of added symbols: 51
# of missing symbols: 0
# of incompatible symbols: 0
using: /home/gccbuild/gcc_treeprof_anoncvs/gcc/libstdc++-v3/config/abi/powerpc-linux-gnu/baseline_symbols.txt
=== libstdc++ tests ===
Running target unix/-m32
XPASS: 22_locale/locale/cons/12658_thread-1.cc execution test
XPASS: 26_numerics/cmath/c99_classification_macros_c.cc (test for excess errors)
FAIL: ext/array_allocator/2.cc execution test
=== libstdc++ Summary for unix/-m32 ===
# of expected passes 2995
# of unexpected failures 1
# of unexpected successes 2
# of expected failures 5
Running target unix/-m64
FAIL: 21_strings/char_traits/requirements/wchar_t/1.cc execution test
XPASS: 22_locale/locale/cons/12658_thread-1.cc execution test
FAIL: 22_locale/messages/members/char/1.cc execution test
FAIL: 22_locale/messages/members/char/2.cc execution test
FAIL: 22_locale/messages/members/char/wrapped_env.cc execution test
FAIL: 22_locale/messages/members/char/wrapped_locale.cc execution test
FAIL: 22_locale/messages_byname/named_equivalence.cc execution test
XPASS: 26_numerics/cmath/c99_classification_macros_c.cc (test for excess errors)
FAIL: 26_numerics/complex/13450.cc execution test
FAIL: 26_numerics/complex/complex_value.cc execution test
FAIL: 26_numerics/complex/pow.cc execution test
XPASS: 27_io/fpos/14320-1.cc execution test
=== libstdc++ Summary for unix/-m64 ===
# of expected passes 2987
# of unexpected failures 9
# of unexpected successes 3
# of expected failures 4
=== libstdc++ Summary ===
# of expected passes 5982
# of unexpected failures 10
# of unexpected successes 5
# of expected failures 9
Compiler version: 4.0.0-tree-profiling 20041022 (experimental)
Platform: powerpc64-unknown-linux-gnu
configure flags: --prefix=/opt/gcc-nightly/treeprof-20041211 --build=powerpc64-linux --host=powerpc64-linux --target=powerpc64-linux --with-cpu=default32 --with-as=/opt/gcc-nightly/binutils/bin/as --with-ld=/opt/gcc-nightly/binutils/bin/ld --enable-threads=posix --enable-shared --enable-__cxa_atexit --with-mpfr=/opt/gcc-nightly/gmp --enable-languages=c,c++,f95,java,objc
More information about the Gcc-testresults
mailing list