Results for 4.0.0 20041210 (experimental) testsuite on powerpc-apple-darwin7.4.0
regress
regress@gcc-regress.apple.com
Sat Dec 11 04:01:00 GMT 2004
LAST_UPDATED:
Native configuration is powerpc-apple-darwin7.4.0
=== g++ tests ===
Running target unix
FAIL: g++.dg/ext/visibility/fvisibility-override1.C (test for excess errors)
FAIL: g++.dg/ext/visibility/fvisibility-override1.C scan-assembler \\\\.internal.*Foo.methodEv
FAIL: g++.dg/ext/visibility/fvisibility-override1.C (test for excess errors)
FAIL: g++.dg/ext/visibility/fvisibility-override1.C scan-assembler \\\\.internal.*Foo.methodEv
FAIL: g++.dg/ext/visibility/fvisibility-override2.C (test for excess errors)
FAIL: g++.dg/ext/visibility/fvisibility-override2.C scan-assembler \\\\.internal.*Foo.methodEv
FAIL: g++.dg/ext/visibility/fvisibility-override2.C (test for excess errors)
FAIL: g++.dg/ext/visibility/fvisibility-override2.C scan-assembler \\\\.internal.*Foo.methodEv
FAIL: g++.dg/ext/visibility/pragma-override1.C (test for excess errors)
FAIL: g++.dg/ext/visibility/pragma-override1.C scan-assembler \\\\.internal.*Foo.methodEv
FAIL: g++.dg/ext/visibility/pragma-override1.C (test for excess errors)
FAIL: g++.dg/ext/visibility/pragma-override1.C scan-assembler \\\\.internal.*Foo.methodEv
FAIL: g++.dg/ext/visibility/pragma-override2.C (test for excess errors)
FAIL: g++.dg/ext/visibility/pragma-override2.C scan-assembler \\\\.internal.*Foo.methodEv
FAIL: g++.dg/ext/visibility/pragma-override2.C (test for excess errors)
FAIL: g++.dg/ext/visibility/pragma-override2.C scan-assembler \\\\.internal.*Foo.methodEv
FAIL: g++.dg/warn/weak1.C (test for excess errors)
WARNING: g++.dg/warn/weak1.C compilation failed to produce executable
FAIL: g++.dg/special/conpr-3.C execution test
FAIL: g++.old-deja/g++.abi/cxa_vec.C execution test
FAIL: g++.old-deja/g++.brendan/new3.C execution test
XPASS: g++.old-deja/g++.eh/badalloc1.C execution test
WARNING: g++.old-deja/g++.mike/p10769a.C compilation failed to produce executable
=== g++ Summary ===
# of expected passes 10437
# of unexpected failures 20
# of unexpected successes 1
# of expected failures 71
# of unsupported tests 92
/Users/regress/tbox/native/build/gcc/testsuite/../g++ version 4.0.0 20041210 (experimental)
=== gcc tests ===
Running target unix
FAIL: gcc.c-torture/compile/pr17529.c (test for excess errors)
FAIL: gcc.c-torture/compile/pr17529.c (test for excess errors)
FAIL: gcc.c-torture/compile/pr17529.c (test for excess errors)
FAIL: gcc.c-torture/compile/pr17529.c (test for excess errors)
FAIL: gcc.c-torture/compile/pr17529.c (test for excess errors)
FAIL: gcc.c-torture/compile/pr17529.c (test for excess errors)
FAIL: tmpdir-gcc.dg-struct-layout-1/t001 c_compat_x_tst.o-c_compat_y_tst.o execute
FAIL: tmpdir-gcc.dg-struct-layout-1/t024 c_compat_x_tst.o-c_compat_y_tst.o execute
FAIL: tmpdir-gcc.dg-struct-layout-1/t025 c_compat_x_tst.o-c_compat_y_tst.o execute
FAIL: tmpdir-gcc.dg-struct-layout-1/t026 c_compat_x_tst.o-c_compat_y_tst.o execute
FAIL: tmpdir-gcc.dg-struct-layout-1/t027 c_compat_x_tst.o-c_compat_y_tst.o execute
FAIL: tmpdir-gcc.dg-struct-layout-1/t028 c_compat_x_tst.o-c_compat_y_tst.o execute
FAIL: gcc.dg/debug/dwarf2/dwarf-die7.c scan-assembler 1.*DW_AT_inline
FAIL: gcc.dg/debug/dwarf2/dwarf-die7.c scan-assembler 1.*DW_AT_inline
FAIL: gcc.dg/darwin-longlong.c execution test
FAIL: gcc.dg/pr17055-1.c (test for excess errors)
FAIL: gcc.dg/pr18596-1.c (test for excess errors)
FAIL: gcc.dg/rs6000-power2-2.c scan-assembler-not lfd
FAIL: gcc.dg/rs6000-power2-2.c scan-assembler lfq
FAIL: gcc.dg/rs6000-power2-2.c scan-assembler stfq
XPASS: gcc.dg/tree-ssa/20040204-1.c scan-tree-dump-times link_error 0
FAIL: gcc.dg/vect/vect-82_64.c execution test
FAIL: gcc.dg/vect/vect-83_64.c execution test
FAIL: gcc.dg/vmx/darwin-abi-3.c execution test
FAIL: gcc.dg/vmx/darwin-abi-3.c execution test
FAIL: gcc.dg/vmx/darwin-abi-3.c execution test
FAIL: gcc.dg/vmx/darwin-abi-3.c execution test
FAIL: gcc.dg/vmx/darwin-abi-3.c execution test
FAIL: gcc.dg/vmx/darwin-abi-3.c execution test
=== gcc Summary ===
# of expected passes 33634
# of unexpected failures 28
# of unexpected successes 1
# of expected failures 95
# of untested testcases 28
# of unsupported tests 410
/Users/regress/tbox/native/build/gcc/xgcc version 4.0.0 20041210 (experimental)
=== objc tests ===
Running target unix
=== objc Summary ===
# of expected passes 1545
# of unsupported tests 1
/Users/regress/tbox/native/build/gcc/xgcc version 4.0.0 20041210 (experimental)
=== libffi tests ===
Running target unix
=== libffi Summary ===
# of expected passes 216
# of unsupported tests 2
=== libjava tests ===
Running target unix
XPASS: pr13107_3 compilation from bytecode
XPASS: pr13107_3 -O3 compilation from bytecode
=== libjava Summary ===
# of expected passes 3699
# of unexpected successes 2
# of expected failures 12
# of untested testcases 12
=== libstdc++ tests ===
Running target unix
FAIL: 22_locale/money_get/get/char/5.cc execution test
FAIL: 22_locale/money_get/get/wchar_t/5.cc execution test
FAIL: 22_locale/num_get/get/char/10.cc execution test
FAIL: 22_locale/num_get/get/char/4.cc execution test
FAIL: 22_locale/num_get/get/wchar_t/10.cc execution test
FAIL: 22_locale/num_get/get/wchar_t/4.cc execution test
FAIL: 26_numerics/complex/13450.cc (test for excess errors)
WARNING: 26_numerics/complex/13450.cc compilation failed to produce executable
FAIL: 27_io/basic_filebuf/open/char/9507.cc execution test
FAIL: 27_io/basic_istream/extractors_arithmetic/char/01.cc execution test
FAIL: 27_io/ios_base/storage/11584.cc execution test
FAIL: ext/mt_allocator/check_new.cc execution test
FAIL: ext/pool_allocator/check_new.cc execution test
=== libstdc++ Summary ===
# of expected passes 3138
# of unexpected failures 12
# of expected failures 5
# of unsupported tests 9
Compiler version: 4.0.0 20041210 (experimental)
Platform: powerpc-apple-darwin7.4.0
configure flags: --prefix=/Users/regress/tbox/objs --target=powerpc-apple-darwin7.4.0 --enable-languages=c,c++,java,objc
More information about the Gcc-testresults
mailing list