Results for 4.0.0 20041210 (experimental) testsuite on i686-pc-linux-gnu
Joe Buck
Joe.Buck@synopsys.com
Fri Dec 10 13:20:00 GMT 2004
This is a Red Hat 7.2 system, running on a dual 2.2 GHz Intel Xeon system.
kernel: 2.4.7-10 (from Red Hat)
glibc: 2.2.4-31 (from Red Hat)
binutils: 2.14 (FSF)
Only C, C++, ObjC are tested (no Java).
LAST_UPDATED: Fri Dec 10 09:35:40 UTC 2004
Native configuration is i686-pc-linux-gnu
=== g++ tests ===
Running target unix
WARNING: g++.old-deja/g++.mike/p10769a.C compilation failed to produce executable
=== g++ Summary ===
# of expected passes 10483
# of expected failures 71
# of unsupported tests 63
/disks/tmp/gccbuild/trunk/gcc/testsuite/../g++ version 4.0.0 20041210 (experimental)
=== gcc tests ===
Running target unix
FAIL: gcc.dg/debug/dwarf2/dwarf-die7.c scan-assembler 1.*DW_AT_inline
FAIL: gcc.dg/i386-sse-9.c execution test
FAIL: gcc.dg/pr18596-1.c (test for excess errors)
=== gcc Summary ===
# of expected passes 32180
# of unexpected failures 3
# of expected failures 115
# of untested testcases 28
# of unsupported tests 308
/disks/tmp/gccbuild/trunk/gcc/xgcc version 4.0.0 20041210 (experimental)
=== objc tests ===
Running target unix
=== objc Summary ===
# of expected passes 1523
# of unsupported tests 10
/disks/tmp/gccbuild/trunk/gcc/xgcc version 4.0.0 20041210 (experimental)
=== libmudflap tests ===
Running target unix
FAIL: libmudflap.c/pass47-frag.c execution test
FAIL: libmudflap.c/pass47-frag.c (-static) execution test
FAIL: libmudflap.c/pass47-frag.c (-O2) execution test
FAIL: libmudflap.c/pass47-frag.c (-O3) execution test
=== libmudflap Summary ===
# of expected passes 1240
# of unexpected failures 4
=== libstdc++-v3 check-abi Summary ===
# of added symbols: 54
# of missing symbols: 7
# of incompatible symbols: 7
using: /u/jbuck/gnu/src/cvs/trunk/gcc/libstdc++-v3/config/abi/i486-linux-gnu/baseline_symbols.txt
=== libstdc++ tests ===
Running target unix
FAIL: 22_locale/codecvt/encoding/wchar_t/wrapped_locale.cc execution test
FAIL: 22_locale/codecvt/in/wchar_t/9.cc execution test
FAIL: 22_locale/codecvt/max_length/wchar_t/wrapped_locale.cc execution test
FAIL: 22_locale/collate/transform/char/2.cc execution test
FAIL: 22_locale/collate/transform/char/3.cc execution test
FAIL: 22_locale/collate/transform/char/wrapped_env.cc execution test
FAIL: 22_locale/collate/transform/char/wrapped_locale.cc execution test
FAIL: 22_locale/collate/transform/wchar_t/2.cc execution test
FAIL: 22_locale/collate/transform/wchar_t/3.cc execution test
FAIL: 22_locale/collate/transform/wchar_t/wrapped_env.cc execution test
FAIL: 22_locale/collate/transform/wchar_t/wrapped_locale.cc execution test
FAIL: 22_locale/collate_byname/named_equivalence.cc execution test
FAIL: 22_locale/ctype/widen/wchar_t/2.cc execution test
FAIL: 22_locale/money_put/put/char/9780-3.cc execution test
FAIL: 23_containers/bitset/input/1.cc (test for excess errors)
WARNING: 23_containers/bitset/input/1.cc compilation failed to produce executable
FAIL: 23_containers/bitset/to_ulong/1.cc (test for excess errors)
WARNING: 23_containers/bitset/to_ulong/1.cc compilation failed to produce executable
FAIL: 23_containers/set/modifiers/16728.cc (test for excess errors)
WARNING: 23_containers/set/modifiers/16728.cc compilation failed to produce executable
XPASS: 26_numerics/cmath/c99_classification_macros_c.cc (test for excess errors)
FAIL: 27_io/basic_filebuf/imbue/wchar_t/12868.cc execution test
FAIL: 27_io/basic_filebuf/open/char/3.cc (test for excess errors)
WARNING: 27_io/basic_filebuf/open/char/3.cc compilation failed to produce executable
FAIL: 27_io/basic_filebuf/overflow/wchar_t/11305-1.cc execution test
FAIL: 27_io/basic_filebuf/overflow/wchar_t/11305-2.cc execution test
FAIL: 27_io/basic_filebuf/overflow/wchar_t/11305-3.cc execution test
FAIL: 27_io/basic_filebuf/overflow/wchar_t/11305-4.cc execution test
FAIL: 27_io/basic_filebuf/underflow/wchar_t/9520.cc execution test
FAIL: 27_io/basic_iostream/4.cc (test for excess errors)
WARNING: 27_io/basic_iostream/4.cc compilation failed to produce executable
FAIL: 27_io/basic_istream/ignore/char/6360.cc (test for excess errors)
WARNING: 27_io/basic_istream/ignore/char/6360.cc compilation failed to produce executable
FAIL: 27_io/basic_stringstream/str/char/2.cc (test for excess errors)
WARNING: 27_io/basic_stringstream/str/char/2.cc compilation failed to produce executable
=== libstdc++ Summary ===
# of expected passes 3133
# of unexpected failures 27
# of unexpected successes 1
# of expected failures 6
Compiler version: 4.0.0 20041210 (experimental)
Platform: i686-pc-linux-gnu
configure flags: --prefix=/usr/localdisk/gcc-cvs/trunk --with-gnu-as --with-as=/usr/localdisk/binutils-2.14/bin/as --with-gnu-ld --with-ld=/usr/localdisk/binutils-2.14/bin/ld --enable-languages=c,c++,objc
More information about the Gcc-testresults
mailing list