Results for 4.0.0 20041201 (experimental) testsuite on sparc64--netbsd

Matt Thomas matt@3am-software.com
Wed Dec 8 16:06:00 GMT 2004


LAST_UPDATED: 
Native configuration is sparc64--netbsd

		=== g++ tests ===


Running target unix
FAIL: g++.dg/eh/cleanup1.C (test for excess errors)
FAIL: g++.dg/parse/stack1.C (test for excess errors)
FAIL: g++.dg/pch/empty.C -g (test for excess errors)
FAIL: g++.dg/pch/empty.C -O2 -g (test for excess errors)
FAIL: g++.dg/pch/empty.C -O2 (test for excess errors)
FAIL: g++.dg/pch/externc-1.C -g (test for excess errors)
FAIL: g++.dg/pch/externc-1.C -O2 -g (test for excess errors)
FAIL: g++.dg/pch/externc-1.C -O2 (test for excess errors)
FAIL: g++.dg/pch/static-1.C -g (test for excess errors)
FAIL: g++.dg/pch/static-1.C -O2 -g (test for excess errors)
FAIL: g++.dg/pch/static-1.C -O2 (test for excess errors)
FAIL: g++.dg/pch/system-1.C -O2 (test for excess errors)
FAIL: g++.dg/pch/system-2.C -O2 (test for excess errors)
FAIL: g++.dg/pch/wchar-1.C -g (test for excess errors)
FAIL: g++.dg/pch/wchar-1.C -O2 -g (test for excess errors)
FAIL: g++.dg/pch/wchar-1.C -O2 (test for excess errors)
WARNING: g++.old-deja/g++.mike/p10769a.C compilation failed to produce executable

		=== g++ Summary ===

# of expected passes		10307
# of unexpected failures	16
# of expected failures		71
# of untested testcases		14
# of unsupported tests		97
/other/toolchain/sparc64/gcc/gcc/testsuite/../g++  version 4.0.0 20041201 (experimental)

		=== gcc tests ===


Running target unix
FAIL: gcc.c-torture/compile/20001226-1.c  -O1  (test for excess errors)
FAIL: gcc.c-torture/compile/20001226-1.c  -O2  (test for excess errors)
FAIL: gcc.c-torture/compile/20001226-1.c  -O3 -fomit-frame-pointer  (test for excess errors)
FAIL: gcc.c-torture/compile/20001226-1.c  -O3 -g  (test for excess errors)
FAIL: gcc.c-torture/compile/20001226-1.c  -Os  (test for excess errors)
FAIL: gcc.c-torture/execute/builtins/complex-1.c execution,  -O0 
FAIL: gcc.c-torture/execute/builtins/complex-1.c execution,  -O1 
FAIL: gcc.c-torture/execute/builtins/complex-1.c execution,  -O2 
FAIL: gcc.c-torture/execute/builtins/complex-1.c execution,  -O3 -fomit-frame-pointer 
FAIL: gcc.c-torture/execute/builtins/complex-1.c execution,  -O3 -g 
FAIL: gcc.c-torture/execute/builtins/complex-1.c execution,  -Os 
FAIL: gcc.c-torture/execute/20010605-2.c execution,  -O1 
FAIL: gcc.c-torture/execute/20010605-2.c compilation,  -O2 
UNRESOLVED: gcc.c-torture/execute/20010605-2.c execution,  -O2 
FAIL: gcc.c-torture/execute/20010605-2.c compilation,  -O3 -fomit-frame-pointer 
UNRESOLVED: gcc.c-torture/execute/20010605-2.c execution,  -O3 -fomit-frame-pointer 
FAIL: gcc.c-torture/execute/20010605-2.c compilation,  -O3 -g 
UNRESOLVED: gcc.c-torture/execute/20010605-2.c execution,  -O3 -g 
FAIL: gcc.c-torture/execute/20010605-2.c compilation,  -Os 
UNRESOLVED: gcc.c-torture/execute/20010605-2.c execution,  -Os 
FAIL: gcc.c-torture/execute/20020411-1.c compilation,  -O2 
UNRESOLVED: gcc.c-torture/execute/20020411-1.c execution,  -O2 
FAIL: gcc.c-torture/execute/20020411-1.c compilation,  -O3 -fomit-frame-pointer 
UNRESOLVED: gcc.c-torture/execute/20020411-1.c execution,  -O3 -fomit-frame-pointer 
FAIL: gcc.c-torture/execute/20020411-1.c compilation,  -O3 -g 
UNRESOLVED: gcc.c-torture/execute/20020411-1.c execution,  -O3 -g 
FAIL: gcc.c-torture/execute/20020411-1.c compilation,  -Os 
UNRESOLVED: gcc.c-torture/execute/20020411-1.c execution,  -Os 
FAIL: gcc.c-torture/execute/complex-5.c compilation,  -O2 
UNRESOLVED: gcc.c-torture/execute/complex-5.c execution,  -O2 
FAIL: gcc.c-torture/execute/complex-5.c compilation,  -O3 -fomit-frame-pointer 
UNRESOLVED: gcc.c-torture/execute/complex-5.c execution,  -O3 -fomit-frame-pointer 
FAIL: gcc.c-torture/execute/complex-5.c compilation,  -O3 -g 
UNRESOLVED: gcc.c-torture/execute/complex-5.c execution,  -O3 -g 
FAIL: gcc.c-torture/execute/complex-5.c compilation,  -Os 
UNRESOLVED: gcc.c-torture/execute/complex-5.c execution,  -Os 
FAIL: gcc.c-torture/execute/complex-6.c compilation,  -O0 
UNRESOLVED: gcc.c-torture/execute/complex-6.c execution,  -O0 
FAIL: gcc.c-torture/execute/complex-6.c compilation,  -O1 
UNRESOLVED: gcc.c-torture/execute/complex-6.c execution,  -O1 
FAIL: gcc.c-torture/execute/complex-6.c compilation,  -O2 
UNRESOLVED: gcc.c-torture/execute/complex-6.c execution,  -O2 
FAIL: gcc.c-torture/execute/complex-6.c compilation,  -O3 -fomit-frame-pointer 
UNRESOLVED: gcc.c-torture/execute/complex-6.c execution,  -O3 -fomit-frame-pointer 
FAIL: gcc.c-torture/execute/complex-6.c compilation,  -O3 -g 
UNRESOLVED: gcc.c-torture/execute/complex-6.c execution,  -O3 -g 
FAIL: gcc.c-torture/execute/complex-6.c compilation,  -Os 
UNRESOLVED: gcc.c-torture/execute/complex-6.c execution,  -Os 
FAIL: gcc.c-torture/execute/conversion.c execution,  -O0 
FAIL: gcc.c-torture/execute/conversion.c execution,  -O1 
FAIL: gcc.c-torture/execute/conversion.c execution,  -O2 
FAIL: gcc.c-torture/execute/conversion.c execution,  -Os 
FAIL: gcc.c-torture/execute/ieee/20010226-1.c execution,  -O0 
FAIL: gcc.c-torture/execute/ieee/20010226-1.c execution,  -O1 
FAIL: gcc.c-torture/execute/ieee/20010226-1.c execution,  -O2 
FAIL: gcc.c-torture/execute/ieee/20010226-1.c execution,  -O3 -fomit-frame-pointer 
FAIL: gcc.c-torture/execute/ieee/20010226-1.c execution,  -O3 -g 
FAIL: gcc.c-torture/execute/ieee/20010226-1.c execution,  -Os 
FAIL: gcc.c-torture/execute/ieee/fp-cmp-4l.c execution,  -O0 
FAIL: gcc.c-torture/execute/ieee/fp-cmp-4l.c execution,  -O1 
FAIL: gcc.c-torture/execute/ieee/fp-cmp-4l.c execution,  -O2 
FAIL: gcc.c-torture/execute/ieee/fp-cmp-4l.c execution,  -O3 -fomit-frame-pointer 
FAIL: gcc.c-torture/execute/ieee/fp-cmp-4l.c execution,  -O3 -g 
FAIL: gcc.c-torture/execute/ieee/fp-cmp-4l.c execution,  -Os 
FAIL: gcc.c-torture/execute/ieee/fp-cmp-8l.c execution,  -O0 
FAIL: gcc.c-torture/execute/ieee/fp-cmp-8l.c execution,  -O1 
FAIL: gcc.c-torture/execute/ieee/fp-cmp-8l.c execution,  -O2 
FAIL: gcc.c-torture/execute/ieee/fp-cmp-8l.c execution,  -O3 -fomit-frame-pointer 
FAIL: gcc.c-torture/execute/ieee/fp-cmp-8l.c execution,  -O3 -g 
FAIL: gcc.c-torture/execute/ieee/fp-cmp-8l.c execution,  -Os 
FAIL: gcc.dg/compat/scalar-by-value-3 c_compat_x_tst.o-c_compat_y_tst.o execute 
FAIL: gcc.dg/compat/scalar-return-3 c_compat_x_tst.o compile
UNRESOLVED: gcc.dg/compat/scalar-return-3 c_compat_x_tst.o-c_compat_y_tst.o link 
UNRESOLVED: gcc.dg/compat/scalar-return-3 c_compat_x_tst.o-c_compat_y_tst.o execute 
FAIL: gcc.dg/compat/struct-by-value-18 c_compat_x_tst.o-c_compat_y_tst.o execute 
FAIL: tmpdir-gcc.dg-struct-layout-1/t024 c_compat_x_tst.o-c_compat_y_tst.o execute 
FAIL: tmpdir-gcc.dg-struct-layout-1/t027 c_compat_x_tst.o-c_compat_y_tst.o execute 
FAIL: tmpdir-gcc.dg-struct-layout-1/t028 c_compat_x_tst.o-c_compat_y_tst.o execute 
FAIL: gcc.dg/debug/dwarf2/dwarf-die7.c scan-assembler 1.*DW_AT_inline
FAIL: gcc.dg/20020425-1.c (test for excess errors)
FAIL: gcc.dg/builtins-1.c (test for excess errors)
ERROR: gcc.dg/builtins-1.c: error executing dg-final: couldn't open "builtins-1.s": no such file or directory
UNRESOLVED: gcc.dg/builtins-1.c: error executing dg-final: couldn't open "builtins-1.s": no such file or directory
FAIL: gcc.dg/builtins-18.c (test for excess errors)
FAIL: gcc.dg/builtins-20.c (test for excess errors)
FAIL: gcc.dg/cleanup-5.c execution test
FAIL: gcc.dg/pr18596-1.c (test for excess errors)
FAIL: gcc.dg/pch/save-temps-1.c -O0 -g (test for excess errors)
FAIL: gcc.dg/pch/save-temps-1.c  -O0  (test for excess errors)
FAIL: gcc.dg/pch/save-temps-1.c  -O1  (test for excess errors)
FAIL: gcc.dg/pch/static-1.c -O0 -g (test for excess errors)
FAIL: gcc.dg/pch/static-1.c  -O0  (test for excess errors)
FAIL: gcc.dg/pch/static-1.c  -O1  (test for excess errors)
FAIL: gcc.dg/pch/static-2.c -O0 -g (test for excess errors)
FAIL: gcc.dg/pch/static-2.c  -O0  (test for excess errors)
FAIL: gcc.dg/pch/static-2.c  -O1  (test for excess errors)
FAIL: gcc.dg/pch/static-3.c -O0 -g (test for excess errors)
FAIL: gcc.dg/pch/static-3.c  -O0  (test for excess errors)
FAIL: gcc.dg/pch/static-3.c  -O1  (test for excess errors)
FAIL: gcc.dg/pch/system-1.c -O0 -g (test for excess errors)
FAIL: gcc.dg/pch/system-1.c  -O0  (test for excess errors)
FAIL: gcc.dg/pch/system-1.c  -O1  (test for excess errors)
FAIL: gcc.dg/pch/system-1.c  -O2  (test for excess errors)
FAIL: gcc.dg/pch/system-1.c  -O3 -fomit-frame-pointer  (test for excess errors)
FAIL: gcc.dg/pch/system-1.c  -O3 -g  (test for excess errors)
FAIL: gcc.dg/pch/system-1.c  -Os  (test for excess errors)
FAIL: largefile.c -O0 -g (test for excess errors)
FAIL: largefile.c  -O0  (test for excess errors)
FAIL: largefile.c  -O1  (test for excess errors)
FAIL: largefile.c  -O2  (test for excess errors)
FAIL: largefile.c  -O3 -fomit-frame-pointer  (test for excess errors)
FAIL: largefile.c  -O3 -g  (test for excess errors)
FAIL: largefile.c  -Os  (test for excess errors)
FAIL: gcc.dg/tls/alias-1.c (test for excess errors)
FAIL: gcc.dg/tls/opt-2.c (test for excess errors)
FAIL: gcc.dg/torture/builtin-convert-1.c  -O1  (test for excess errors)
FAIL: gcc.dg/torture/builtin-convert-1.c  -O2  (test for excess errors)
FAIL: gcc.dg/torture/builtin-convert-1.c  -O3 -fomit-frame-pointer  (test for excess errors)
FAIL: gcc.dg/torture/builtin-convert-1.c  -O3 -g  (test for excess errors)
FAIL: gcc.dg/torture/builtin-convert-1.c  -Os  (test for excess errors)
FAIL: gcc.dg/torture/builtin-convert-2.c  -O1  (test for excess errors)
FAIL: gcc.dg/torture/builtin-convert-2.c  -O2  (test for excess errors)
FAIL: gcc.dg/torture/builtin-convert-2.c  -O3 -fomit-frame-pointer  (test for excess errors)
FAIL: gcc.dg/torture/builtin-convert-2.c  -O3 -g  (test for excess errors)
FAIL: gcc.dg/torture/builtin-convert-2.c  -Os  (test for excess errors)
FAIL: gcc.dg/torture/builtin-convert-3.c  -O1  (test for excess errors)
FAIL: gcc.dg/torture/builtin-convert-3.c  -O2  (test for excess errors)
FAIL: gcc.dg/torture/builtin-convert-3.c  -O3 -fomit-frame-pointer  (test for excess errors)
FAIL: gcc.dg/torture/builtin-convert-3.c  -O3 -g  (test for excess errors)
FAIL: gcc.dg/torture/builtin-convert-3.c  -Os  (test for excess errors)
FAIL: gcc.dg/torture/builtin-power-1.c  -O0  (test for excess errors)
FAIL: gcc.dg/torture/builtin-power-1.c  -O1  (test for excess errors)
FAIL: gcc.dg/torture/builtin-power-1.c  -O2  (test for excess errors)
FAIL: gcc.dg/torture/builtin-power-1.c  -O3 -fomit-frame-pointer  (test for excess errors)
FAIL: gcc.dg/torture/builtin-power-1.c  -O3 -g  (test for excess errors)
FAIL: gcc.dg/torture/builtin-power-1.c  -Os  (test for excess errors)
FAIL: gcc.dg/tree-ssa/20040703-1.c scan-tree-dump-times 0.0 0

		=== gcc Summary ===

# of expected passes		31554
# of unexpected failures	115
# of expected failures		96
# of unresolved testcases	21
# of untested testcases		54
# of unsupported tests		492
/other/toolchain/sparc64/gcc/gcc/xgcc  version 4.0.0 20041201 (experimental)

		=== objc tests ===


Running target unix

		=== objc Summary ===

# of expected passes		1523
# of unsupported tests		10
/other/toolchain/sparc64/gcc/gcc/xgcc  version 4.0.0 20041201 (experimental)

		=== libstdc++ tests ===


Running target unix
FAIL: 23_containers/bitset/input/1.cc (test for excess errors)
WARNING: 23_containers/bitset/input/1.cc compilation failed to produce executable
FAIL: 23_containers/bitset/to_ulong/1.cc (test for excess errors)
WARNING: 23_containers/bitset/to_ulong/1.cc compilation failed to produce executable
FAIL: 26_numerics/cmath/c99_classification_macros_c++.cc (test for excess errors)
FAIL: 26_numerics/cmath/c99_classification_macros_c.cc (test for excess errors)
FAIL: 26_numerics/complex/13450.cc (test for excess errors)
WARNING: 26_numerics/complex/13450.cc compilation failed to produce executable
FAIL: 26_numerics/complex/complex_inserters_extractors.cc execution test
FAIL: 26_numerics/complex/complex_value.cc (test for excess errors)
WARNING: 26_numerics/complex/complex_value.cc compilation failed to produce executable
FAIL: 26_numerics/complex/pow.cc (test for excess errors)
WARNING: 26_numerics/complex/pow.cc compilation failed to produce executable
FAIL: 27_io/basic_filebuf/open/char/3.cc (test for excess errors)
WARNING: 27_io/basic_filebuf/open/char/3.cc compilation failed to produce executable
FAIL: 27_io/basic_fstream/rdbuf/char/2832.cc (test for excess errors)
WARNING: 27_io/basic_fstream/rdbuf/char/2832.cc compilation failed to produce executable
FAIL: 27_io/basic_iostream/4.cc (test for excess errors)
WARNING: 27_io/basic_iostream/4.cc compilation failed to produce executable
FAIL: 27_io/basic_istream/extractors_arithmetic/char/01.cc (test for excess errors)
WARNING: 27_io/basic_istream/extractors_arithmetic/char/01.cc compilation failed to produce executable
FAIL: 27_io/basic_istream/ignore/char/6360.cc (test for excess errors)
WARNING: 27_io/basic_istream/ignore/char/6360.cc compilation failed to produce executable
FAIL: 27_io/basic_stringstream/str/char/1.cc (test for excess errors)
WARNING: 27_io/basic_stringstream/str/char/1.cc compilation failed to produce executable
FAIL: 27_io/basic_stringstream/str/char/2.cc (test for excess errors)
WARNING: 27_io/basic_stringstream/str/char/2.cc compilation failed to produce executable
XPASS: 27_io/fpos/14320-1.cc execution test
FAIL: ext/array_allocator/1.cc (test for excess errors)
WARNING: ext/array_allocator/1.cc compilation failed to produce executable
FAIL: ext/array_allocator/2.cc (test for excess errors)
WARNING: ext/array_allocator/2.cc compilation failed to produce executable
FAIL: ext/array_allocator/3.cc (test for excess errors)
WARNING: ext/array_allocator/3.cc compilation failed to produce executable
FAIL: ext/array_allocator/check_allocate_max_size.cc (test for excess errors)
WARNING: ext/array_allocator/check_allocate_max_size.cc compilation failed to produce executable
FAIL: ext/array_allocator/check_deallocate_null.cc (test for excess errors)
WARNING: ext/array_allocator/check_deallocate_null.cc compilation failed to produce executable
FAIL: ext/array_allocator/check_delete.cc (test for excess errors)
WARNING: ext/array_allocator/check_delete.cc compilation failed to produce executable
FAIL: ext/array_allocator/check_new.cc (test for excess errors)
WARNING: ext/array_allocator/check_new.cc compilation failed to produce executable
FAIL: ext/headers.cc (test for excess errors)
FAIL: ext/malloc_allocator/check_allocate_max_size.cc (test for excess errors)
WARNING: ext/malloc_allocator/check_allocate_max_size.cc compilation failed to produce executable
FAIL: ext/malloc_allocator/check_deallocate_null.cc (test for excess errors)
WARNING: ext/malloc_allocator/check_deallocate_null.cc compilation failed to produce executable

		=== libstdc++ Summary ===

# of expected passes		2220
# of unexpected failures	25
# of unexpected successes	1
# of expected failures		3

Compiler version: 4.0.0 20041201 (experimental) 
Platform: sparc64--netbsd
configure flags: --target=sparc64--netbsd --host=sparc64--netbsd --build=sparc64--netbsd --enable-threads=posix --enable-languages=c,c++,java,objc
BOOT_CFLAGS=-g -O2



More information about the Gcc-testresults mailing list