Results for 4.0.0 20041207 (experimental) testsuite on i586-suse-linux-gnu
Robert Schiele
rschiele@uni-mannheim.de
Wed Dec 8 03:46:00 GMT 2004
# Some comments about the system:
# SuSE Linux 9.2 (i586)
# VERSION = 9.2
# bash-3.0-8
# binutils-2.15.91.0.2-7
# dejagnu-1.4.4-3
# expect-5.41-2
# gcc-3.3.4-11
# glibc-2.3.3-118
# kernel-default-2.6.8-24.5
# make-3.80-186
# tcl-8.4.7-3
# texinfo-4.7-6
# Linux 2.6.8-24.5-default #1 Wed Nov 17 11:10:06 UTC 2004 i686 athlon i386 GNU/Linux
# 4:46am up 12:52, 19 users, load average: 4.26, 3.49, 3.13
# Reading specs from /usr/lib/gcc-lib/i586-suse-linux/3.3.4/specs
# Configured with: ../configure --enable-threads=posix --prefix=/usr --with-local-prefix=/usr/local --infodir=/usr/share/info --mandir=/usr/share/man --enable-languages=c,c++,f77,objc,java,ada --disable-checking --libdir=/usr/lib --enable-libgcj --with-gxx-include-dir=/usr/include/g++ --with-slibdir=/lib --with-system-zlib --enable-shared --enable-__cxa_atexit i586-suse-linux
# Thread model: posix
# gcc version 3.3.4 (pre 3.3.5 20040809)
# GNU C Library stable release version 2.3.3 (20040917), by Roland McGrath et al.
# Configured for i686-suse-linux.
# Compiled by GNU CC version 3.3.4 (pre 3.3.5 20040809).
# Compiled on a Linux 2.6.8.1 system on 2004-10-05.
# Available extensions:
# GNU libio by Per Bothner
# crypt add-on version 2.1 by Michael Glad and others
# linuxthreads-0.10 by Xavier Leroy
# GNU Libidn by Simon Josefsson
# NoVersion patch for broken glibc 2.0 binaries
# BIND-8.2.3-T5B
# libthread_db work sponsored by Alpha Processor Inc
# NIS(YP)/NIS+ NSS modules 0.19 by Thorsten Kukuk
# Thread-local storage support included.
# For bug reporting instructions, please see:
# <http://www.gnu.org/software/libc/bugs.html>.
LAST_UPDATED: Tue Dec 7 23:59:00 UTC 2004
Native configuration is i586-suse-linux-gnu
=== gcc tests ===
Running target unix
XPASS: gcc.dg/cpp/cmdlne-dI-M.c scan-file (^|\\\\n)cmdlne-dI-M.*:[^\\\\n]*cmdlne-dI-M.c
XPASS: gcc.dg/cpp/cmdlne-dM-M.c scan-file (^|\\\\n)cmdlne-dM-M[^\\\\n]*:[^\\\\n]*cmdlne-dM-M.c
FAIL: gcc.dg/debug/dwarf2/dwarf-die7.c scan-assembler 1.*DW_AT_inline
FAIL: gcc.dg/pr18596-1.c (test for excess errors)
=== gcc Summary ===
# of expected passes 32219
# of unexpected failures 2
# of unexpected successes 2
# of expected failures 113
# of untested testcases 28
# of unsupported tests 297
/local/build/gcc/xgcc version 4.0.0 20041207 (experimental)
=== gfortran tests ===
Running target unix
XPASS: gfortran.dg/ret_pointer_1.f90 -O0 execution test
XPASS: gfortran.dg/ret_pointer_1.f90 -O1 execution test
XPASS: gfortran.dg/ret_pointer_1.f90 -O2 execution test
XPASS: gfortran.dg/ret_pointer_1.f90 -O3 -fomit-frame-pointer execution test
XPASS: gfortran.dg/ret_pointer_1.f90 -O3 -fomit-frame-pointer -funroll-loops execution test
XPASS: gfortran.dg/ret_pointer_1.f90 -O3 -fomit-frame-pointer -funroll-all-loops -finline-functions execution test
XPASS: gfortran.dg/ret_pointer_1.f90 -O3 -g execution test
FAIL: gfortran.fortran-torture/execute/forall_3.f90 execution, -O1
=== gfortran Summary ===
# of expected passes 4739
# of unexpected failures 1
# of unexpected successes 7
# of expected failures 19
# of unsupported tests 8
/local/build/gcc/testsuite/../gfortran version 4.0.0 20041207 (experimental)
=== g++ tests ===
Running target unix
WARNING: g++.old-deja/g++.mike/p10769a.C compilation failed to produce executable
XPASS: g++.old-deja/g++.other/init5.C execution test
=== g++ Summary ===
# of expected passes 10484
# of unexpected successes 1
# of expected failures 70
# of unsupported tests 51
/local/build/gcc/testsuite/../g++ version 4.0.0 20041207 (experimental)
=== objc tests ===
Running target unix
=== objc Summary ===
# of expected passes 1523
# of unsupported tests 10
/local/build/gcc/xgcc version 4.0.0 20041207 (experimental)
=== libmudflap tests ===
Running target unix
FAIL: libmudflap.cth/pass40-frag.c execution test
FAIL: libmudflap.cth/pass40-frag.c output pattern test
FAIL: libmudflap.cth/pass40-frag.c (-static -DSTATIC) execution test
FAIL: libmudflap.cth/pass40-frag.c (-static -DSTATIC) output pattern test
FAIL: libmudflap.cth/pass40-frag.c (-O2) execution test
FAIL: libmudflap.cth/pass40-frag.c (-O2) output pattern test
FAIL: libmudflap.cth/pass40-frag.c (-O3) execution test
FAIL: libmudflap.cth/pass40-frag.c (-O3) output pattern test
=== libmudflap Summary ===
# of expected passes 1236
# of unexpected failures 8
=== libstdc++-v3 check-abi Summary ===
# of added symbols: 54
# of missing symbols: 0
# of incompatible symbols: 0
using: /local/src/gcc/libstdc++-v3/config/abi/i486-linux-gnu/baseline_symbols.txt
=== libstdc++ tests ===
Running target unix
XPASS: 22_locale/locale/cons/12658_thread-1.cc execution test
FAIL: ext/enc_filebuf/char/13189.cc (test for excess errors)
WARNING: ext/enc_filebuf/char/13189.cc compilation failed to produce executable
FAIL: ext/enc_filebuf/wchar_t/13189.cc (test for excess errors)
WARNING: ext/enc_filebuf/wchar_t/13189.cc compilation failed to produce executable
=== libstdc++ Summary ===
# of expected passes 3152
# of unexpected failures 2
# of unexpected successes 1
# of expected failures 6
Compiler version: 4.0.0 20041207 (experimental)
Platform: i586-suse-linux-gnu
configure flags: --enable-threads=posix --prefix=/local/inst/gcc400 --libexecdir=/local/inst/gcc400/lib --disable-checking --disable-libgcj --with-gxx-include-dir=/local/inst/gcc400/include/g++ --with-system-zlib --enable-shared --enable-__cxa_atexit i586-suse-linux --enable-languages=c,c++,f95,objc
More information about the Gcc-testresults
mailing list