Results for 4.0.0 20041205 (experimental) testsuite on alphaev67-unknown-linux-gnu

Diego Novillo dnovillo@redhat.com
Sun Dec 5 22:24:00 GMT 2004


LAST_UPDATED: 
Native configuration is alphaev67-unknown-linux-gnu

		=== libffi tests ===


Running target unix

		=== libffi Summary ===

# of expected passes		216
# of unsupported tests		2
		=== libjava tests ===


Running target unix
FAIL: Array_3 execution - source compiled test
FAIL: Array_3 execution - gij test
FAIL: Array_3 execution - bytecode->native test
FAIL: Array_3 -O3 execution - source compiled test
FAIL: Array_3 execution - gij test
FAIL: Array_3 -O3 execution - bytecode->native test
FAIL: FileHandleGcTest execution - gij test
FAIL: FileHandleGcTest execution - bytecode->native test
FAIL: FileHandleGcTest execution - gij test
FAIL: FileHandleGcTest -O3 execution - bytecode->native test
FAIL: Invoke_1 execution - source compiled test
FAIL: Invoke_1 execution - bytecode->native test
FAIL: Invoke_1 -O3 execution - source compiled test
FAIL: Invoke_1 -O3 execution - bytecode->native test
FAIL: LargeFile execution - source compiled test
FAIL: LargeFile execution - gij test
FAIL: LargeFile execution - bytecode->native test
FAIL: LargeFile -O3 execution - source compiled test
FAIL: LargeFile execution - gij test
FAIL: LargeFile -O3 execution - bytecode->native test
FAIL: PR218 output - source compiled test
FAIL: PR218 output - gij test
FAIL: PR218 output - bytecode->native test
FAIL: PR218 -O3 output - source compiled test
FAIL: PR218 output - gij test
FAIL: PR218 -O3 output - bytecode->native test
FAIL: Throw_2 execution - source compiled test
FAIL: Throw_2 execution - gij test
FAIL: Throw_2 execution - bytecode->native test
FAIL: Throw_2 -O3 execution - source compiled test
FAIL: Throw_2 execution - gij test
FAIL: Throw_2 -O3 execution - bytecode->native test
FAIL: initexc execution - gij test
FAIL: initexc execution - gij test
XPASS: pr13107_3 compilation from bytecode
XPASS: pr13107_3 -O3 compilation from bytecode

		=== libjava Summary ===

# of expected passes		3633
# of unexpected failures	34
# of unexpected successes	2
# of expected failures		12
# of untested testcases		40
		=== libmudflap tests ===


Running target unix
FAIL: libmudflap.c/pass49-frag.c execution test
FAIL: libmudflap.c/pass49-frag.c output pattern test
FAIL: libmudflap.c/pass49-frag.c (-static) execution test
FAIL: libmudflap.c/pass49-frag.c (-static) output pattern test
FAIL: libmudflap.c/pass49-frag.c (-O2) execution test
FAIL: libmudflap.c/pass49-frag.c (-O2) output pattern test
FAIL: libmudflap.c/pass49-frag.c (-O3) execution test
FAIL: libmudflap.c/pass49-frag.c (-O3) output pattern test
FAIL: libmudflap.cth/pass40-frag.c execution test
FAIL: libmudflap.cth/pass40-frag.c output pattern test
FAIL: libmudflap.cth/pass40-frag.c (-O2) execution test
FAIL: libmudflap.cth/pass40-frag.c (-O2) output pattern test
FAIL: libmudflap.cth/pass40-frag.c (-O3) execution test
FAIL: libmudflap.cth/pass40-frag.c (-O3) output pattern test

		=== libmudflap Summary ===

# of expected passes		1230
# of unexpected failures	14

		=== libstdc++-v3 check-abi Summary ===

# of added symbols:		 63
# of missing symbols:		 0
# of incompatible symbols:	 0

using: /home/cygnus/dnovillo/perf/sbox/gcc/local.alpha/src/libstdc++-v3/config/abi/alpha-linux-gnu/baseline_symbols.txt

		=== libstdc++ tests ===


Running target unix
XPASS: 22_locale/locale/cons/12658_thread-1.cc execution test
FAIL: 23_containers/vector/cons/4.cc execution test
FAIL: 26_numerics/cmath/fabs_inline.cc (test for excess errors)
WARNING: 26_numerics/cmath/fabs_inline.cc compilation failed to produce executable
XPASS: 27_io/fpos/14320-1.cc execution test
FAIL: ext/enc_filebuf/char/13189.cc (test for excess errors)
WARNING: ext/enc_filebuf/char/13189.cc compilation failed to produce executable
FAIL: ext/enc_filebuf/wchar_t/13189.cc (test for excess errors)
WARNING: ext/enc_filebuf/wchar_t/13189.cc compilation failed to produce executable

		=== libstdc++ Summary ===

# of expected passes		3140
# of unexpected failures	4
# of unexpected successes	2
# of expected failures		5
		=== g++ tests ===


Running target unix
WARNING: program timed out.
FAIL: g++.dg/compat/break/vbase10 cp_compat_x_tst.o-cp_compat_y_tst.o link
UNRESOLVED: g++.dg/compat/break/vbase10 cp_compat_x_tst.o-cp_compat_y_tst.o execute 
WARNING: program timed out.
FAIL: g++.dg/compat/init/elide1 cp_compat_x_tst.o-cp_compat_y_tst.o link
UNRESOLVED: g++.dg/compat/init/elide1 cp_compat_x_tst.o-cp_compat_y_tst.o execute 
WARNING: program timed out.
FAIL: g++.dg/ext/attribute-test-3.C (test for excess errors)
WARNING: program timed out.
WARNING: program timed out.
WARNING: program timed out.
WARNING: g++.old-deja/g++.mike/p10769a.C compilation failed to produce executable
WARNING: program timed out.
FAIL: g++.old-deja/g++.pt/ttp21.C (test for excess errors)
WARNING: program timed out.
FAIL: g++.old-deja/g++.pt/typename20.C (test for excess errors)

		=== g++ Summary ===

# of expected passes		10377
# of unexpected failures	5
# of expected failures		71
# of unresolved testcases	2
# of unsupported tests		86
/dorothy/dnovillo/sbox/gcc/bld.dorothy/gcc/testsuite/../g++  version 4.0.0 20041205 (experimental)

		=== gcc tests ===


Running target unix
WARNING: program timed out.
FAIL: gcc.c-torture/compile/20000606-1.c  -O3 -fomit-frame-pointer  (test for excess errors)
WARNING: program timed out.
FAIL: gcc.c-torture/compile/20001205-1.c  -Os  (test for excess errors)
WARNING: program timed out.
FAIL: gcc.c-torture/compile/20001212-1.c  -O0  (test for excess errors)
WARNING: program timed out.
FAIL: gcc.c-torture/compile/20010313-1.c  -Os  (test for excess errors)
WARNING: program timed out.
FAIL: gcc.c-torture/compile/20030320-1.c  -O3 -fomit-frame-pointer  (test for excess errors)
WARNING: program timed out.
FAIL: gcc.c-torture/compile/20030910-1.c  -O0  (test for excess errors)
WARNING: program timed out.
FAIL: gcc.c-torture/compile/20031010-1.c  -O3 -g  (test for excess errors)
WARNING: program timed out.
FAIL: gcc.c-torture/compile/920501-11.c  -Os  (test for excess errors)
WARNING: program timed out.
FAIL: gcc.c-torture/compile/920501-18.c  -O1  (test for excess errors)
WARNING: program timed out.
FAIL: gcc.c-torture/compile/930217-1.c  -O2  (test for excess errors)
WARNING: program timed out.
FAIL: gcc.c-torture/compile/941111-1.c  -O3 -g  (test for excess errors)
WARNING: program timed out.
FAIL: gcc.c-torture/compile/950910-1.c  -O3 -fomit-frame-pointer -funroll-all-loops -finline-functions  (test for excess errors)
WARNING: program timed out.
FAIL: gcc.c-torture/compile/980701-1.c  -O3 -g  (test for excess errors)
WARNING: program timed out.
FAIL: gcc.c-torture/compile/981001-1.c  -O3 -g  (test for excess errors)
WARNING: program timed out.
FAIL: gcc.c-torture/compile/981001-2.c  -O2  (test for excess errors)
WARNING: program timed out.
FAIL: gcc.c-torture/compile/990617-1.c  -O3 -fomit-frame-pointer -funroll-loops  (test for excess errors)
WARNING: program timed out.
FAIL: gcc.c-torture/compile/990625-1.c  -O3 -fomit-frame-pointer  (test for excess errors)
WARNING: program timed out.
FAIL: gcc.c-torture/compile/labels-1.c  -O1  (test for excess errors)
WARNING: program timed out.
FAIL: gcc.c-torture/execute/builtins/abs-1.c compilation,  -O0 
UNRESOLVED: gcc.c-torture/execute/builtins/abs-1.c execution,  -O0 
WARNING: program timed out.
FAIL: gcc.c-torture/execute/builtins/strlen.c compilation,  -Os 
UNRESOLVED: gcc.c-torture/execute/builtins/strlen.c execution,  -Os 
WARNING: program timed out.
FAIL: gcc.c-torture/execute/builtins/strncmp-2.c compilation,  -O2 
UNRESOLVED: gcc.c-torture/execute/builtins/strncmp-2.c execution,  -O2 
WARNING: program timed out.
FAIL: gcc.c-torture/execute/20000113-1.c compilation,  -O3 -fomit-frame-pointer 
UNRESOLVED: gcc.c-torture/execute/20000113-1.c execution,  -O3 -fomit-frame-pointer 
WARNING: program timed out.
FAIL: gcc.c-torture/execute/20000603-1.c compilation,  -O3 -g 
UNRESOLVED: gcc.c-torture/execute/20000603-1.c execution,  -O3 -g 
WARNING: program timed out.
FAIL: gcc.c-torture/execute/20000605-1.c compilation,  -O3 -fomit-frame-pointer -funroll-loops 
UNRESOLVED: gcc.c-torture/execute/20000605-1.c execution,  -O3 -fomit-frame-pointer -funroll-loops 
WARNING: program timed out.
FAIL: gcc.c-torture/execute/20001009-2.c compilation,  -O0 
UNRESOLVED: gcc.c-torture/execute/20001009-2.c execution,  -O0 
WARNING: program timed out.
FAIL: gcc.c-torture/execute/20001017-2.c compilation,  -O3 -g 
UNRESOLVED: gcc.c-torture/execute/20001017-2.c execution,  -O3 -g 
WARNING: program timed out.
FAIL: gcc.c-torture/execute/20010925-1.c compilation,  -O2 
UNRESOLVED: gcc.c-torture/execute/20010925-1.c execution,  -O2 
WARNING: program timed out.
FAIL: gcc.c-torture/execute/20011113-1.c compilation,  -O0 
UNRESOLVED: gcc.c-torture/execute/20011113-1.c execution,  -O0 
WARNING: program timed out.
FAIL: gcc.c-torture/execute/20020402-1.c compilation,  -O3 -g 
UNRESOLVED: gcc.c-torture/execute/20020402-1.c execution,  -O3 -g 
WARNING: program timed out.
FAIL: gcc.c-torture/execute/20030323-1.c compilation,  -O0 
UNRESOLVED: gcc.c-torture/execute/20030323-1.c execution,  -O0 
WARNING: program timed out.
FAIL: gcc.c-torture/execute/20040208-1.c compilation,  -Os 
UNRESOLVED: gcc.c-torture/execute/20040208-1.c execution,  -Os 
WARNING: program timed out.
FAIL: gcc.c-torture/execute/920429-1.c compilation,  -O1 
UNRESOLVED: gcc.c-torture/execute/920429-1.c execution,  -O1 
WARNING: program timed out.
FAIL: gcc.c-torture/execute/920922-1.c compilation,  -O3 -g 
UNRESOLVED: gcc.c-torture/execute/920922-1.c execution,  -O3 -g 
WARNING: program timed out.
FAIL: gcc.c-torture/execute/930702-1.c compilation,  -O3 -g 
UNRESOLVED: gcc.c-torture/execute/930702-1.c execution,  -O3 -g 
WARNING: program timed out.
FAIL: gcc.c-torture/execute/complex-1.c compilation,  -O2 
UNRESOLVED: gcc.c-torture/execute/complex-1.c execution,  -O2 
WARNING: program timed out.
FAIL: gcc.c-torture/execute/loop-12.c compilation,  -O3 -fomit-frame-pointer -funroll-all-loops -finline-functions 
UNRESOLVED: gcc.c-torture/execute/loop-12.c execution,  -O3 -fomit-frame-pointer -funroll-all-loops -finline-functions 
WARNING: program timed out.
FAIL: gcc.c-torture/execute/loop-4.c compilation,  -O3 -g 
UNRESOLVED: gcc.c-torture/execute/loop-4.c execution,  -O3 -g 
WARNING: program timed out.
FAIL: gcc.c-torture/execute/loop-6.c compilation,  -Os 
UNRESOLVED: gcc.c-torture/execute/loop-6.c execution,  -Os 
WARNING: program timed out.
FAIL: gcc.c-torture/execute/strct-stdarg-1.c compilation,  -O3 -g 
UNRESOLVED: gcc.c-torture/execute/strct-stdarg-1.c execution,  -O3 -g 
WARNING: program timed out.
FAIL: gcc.c-torture/execute/strct-varg-1.c compilation,  -Os 
UNRESOLVED: gcc.c-torture/execute/strct-varg-1.c execution,  -Os 
WARNING: program timed out.
FAIL: gcc.c-torture/execute/va-arg-6.c compilation,  -Os 
UNRESOLVED: gcc.c-torture/execute/va-arg-6.c execution,  -Os 
WARNING: program timed out.
FAIL: gcc.c-torture/execute/ieee/inf-1.c compilation,  -O3 -g 
UNRESOLVED: gcc.c-torture/execute/ieee/inf-1.c execution,  -O3 -g 
WARNING: program timed out.
FAIL: gcc.c-torture/unsorted/BUG24.c,  -O3 -g  
WARNING: program timed out.
FAIL: gcc.c-torture/unsorted/addcc.c,  -O3 -fomit-frame-pointer  
WARNING: program timed out.
FAIL: gcc.c-torture/unsorted/gronk.c,  -O1  
WARNING: program timed out.
FAIL: gcc.c-torture/unsorted/ifreg.c,  -Os  
WARNING: program timed out.
FAIL: gcc.c-torture/unsorted/jmp.c,  -Os  
WARNING: program timed out.
FAIL: gcc.c-torture/unsorted/u.c,  -O0  
WARNING: program timed out.
FAIL: tmpdir-gcc.dg-struct-layout-1/t028 c_compat_main_tst.o compile
FAIL: gcc.dg/debug/dwarf2/dwarf-die7.c scan-assembler 1.*DW_AT_inline
FAIL: gcc.dg/cleanup-10.c execution test
FAIL: gcc.dg/cleanup-11.c execution test
FAIL: gcc.dg/cleanup-8.c execution test
FAIL: gcc.dg/cleanup-9.c execution test
FAIL: gcc.dg/pr18596-1.c (test for excess errors)
WARNING: program timed out.
FAIL: ./decl-5.h -O0 -g (test for excess errors)
WARNING: program timed out.
FAIL: gcc.dg/pch/valid-1b.c  -O0  (test for excess errors)

		=== gcc Summary ===

# of expected passes		31628
# of unexpected failures	57
# of expected failures		98
# of unresolved testcases	24
# of untested testcases		28
# of unsupported tests		479
/dorothy/dnovillo/sbox/gcc/bld.dorothy/gcc/xgcc  version 4.0.0 20041205 (experimental)

		=== gfortran tests ===


Running target unix
FAIL: gfortran.dg/der_array_1.f90  -O0  execution test
FAIL: gfortran.dg/der_array_1.f90  -O1  execution test
FAIL: gfortran.dg/der_array_1.f90  -O2  execution test
FAIL: gfortran.dg/der_array_1.f90  -O3 -fomit-frame-pointer  execution test
FAIL: gfortran.dg/der_array_1.f90  -O3 -fomit-frame-pointer -funroll-loops  execution test
FAIL: gfortran.dg/der_array_1.f90  -O3 -fomit-frame-pointer -funroll-all-loops -finline-functions  execution test
FAIL: gfortran.dg/der_array_1.f90  -O3 -g  execution test
FAIL: gfortran.dg/der_array_1.f90  -Os  execution test
FAIL: gfortran.dg/func_derived_1.f90  -O0  execution test
FAIL: gfortran.dg/func_derived_1.f90  -O1  execution test
FAIL: gfortran.dg/func_derived_1.f90  -O2  execution test
FAIL: gfortran.dg/func_derived_1.f90  -O3 -fomit-frame-pointer  execution test
FAIL: gfortran.dg/func_derived_1.f90  -O3 -fomit-frame-pointer -funroll-loops  execution test
FAIL: gfortran.dg/func_derived_1.f90  -O3 -fomit-frame-pointer -funroll-all-loops -finline-functions  execution test
FAIL: gfortran.dg/func_derived_1.f90  -O3 -g  execution test
FAIL: gfortran.dg/func_derived_1.f90  -Os  execution test
XPASS: gfortran.dg/ret_pointer_1.f90  -O0  execution test
XPASS: gfortran.dg/ret_pointer_1.f90  -O1  execution test
XPASS: gfortran.dg/ret_pointer_1.f90  -O2  execution test
XPASS: gfortran.dg/ret_pointer_1.f90  -O3 -fomit-frame-pointer  execution test
XPASS: gfortran.dg/ret_pointer_1.f90  -O3 -fomit-frame-pointer -funroll-loops  execution test
XPASS: gfortran.dg/ret_pointer_1.f90  -O3 -fomit-frame-pointer -funroll-all-loops -finline-functions  execution test
XPASS: gfortran.dg/ret_pointer_1.f90  -O3 -g  execution test
XPASS: gfortran.dg/ret_pointer_1.f90  -Os  execution test
FAIL: gfortran.fortran-torture/execute/forall_3.f90 execution,  -O0 
FAIL: gfortran.fortran-torture/execute/forall_3.f90 execution,  -O1 
FAIL: gfortran.fortran-torture/execute/forall_3.f90 execution,  -O2 
FAIL: gfortran.fortran-torture/execute/forall_3.f90 execution,  -O3 -fomit-frame-pointer 
FAIL: gfortran.fortran-torture/execute/forall_3.f90 execution,  -O3 -fomit-frame-pointer -funroll-loops 
FAIL: gfortran.fortran-torture/execute/forall_3.f90 execution,  -O3 -fomit-frame-pointer -funroll-all-loops -finline-functions 
FAIL: gfortran.fortran-torture/execute/forall_3.f90 execution,  -O3 -g 
FAIL: gfortran.fortran-torture/execute/forall_3.f90 execution,  -Os 
FAIL: gfortran.fortran-torture/execute/intrinsic_pack.f90 execution,  -O0 
FAIL: gfortran.fortran-torture/execute/intrinsic_pack.f90 execution,  -O1 
FAIL: gfortran.fortran-torture/execute/intrinsic_pack.f90 execution,  -O2 
FAIL: gfortran.fortran-torture/execute/intrinsic_pack.f90 execution,  -O3 -fomit-frame-pointer 
FAIL: gfortran.fortran-torture/execute/intrinsic_pack.f90 execution,  -O3 -fomit-frame-pointer -funroll-loops 
FAIL: gfortran.fortran-torture/execute/intrinsic_pack.f90 execution,  -O3 -fomit-frame-pointer -funroll-all-loops -finline-functions 
FAIL: gfortran.fortran-torture/execute/intrinsic_pack.f90 execution,  -O3 -g 
FAIL: gfortran.fortran-torture/execute/intrinsic_pack.f90 execution,  -Os 

		=== gfortran Summary ===

# of expected passes		4708
# of unexpected failures	32
# of unexpected successes	8
# of expected failures		18
# of unsupported tests		8
/dorothy/dnovillo/sbox/gcc/bld.dorothy/gcc/testsuite/../gfortran  version 4.0.0 20041205 (experimental)

		=== objc tests ===


Running target unix

		=== objc Summary ===

# of expected passes		1523
# of unsupported tests		10
/dorothy/dnovillo/sbox/gcc/bld.dorothy/gcc/xgcc  version 4.0.0 20041205 (experimental)


Compiler version: 4.0.0 20041205 (experimental) 
Platform: alphaev67-unknown-linux-gnu
configure flags: --prefix=/home/cygnus/dnovillo/perf/sbox/gcc/local.alpha/inst.dorothy --srcdir=/home/cygnus/dnovillo/perf/sbox/gcc/local.alpha/src --disable-multilib --enable-mpfr --enable-languages=c,c++,f95,java,objc



More information about the Gcc-testresults mailing list