Results for 4.0.0 20041203 (experimental) testsuite on i686-pc-linux-gnu
Laurent GUERBY
laurent@guerby.net
Sun Dec 5 15:33:00 GMT 2004
LAST_UPDATED: Fri Dec 3 19:49:05 UTC 2004
=== acats tests ===
FAIL: c32001e
FAIL: c380004
FAIL: c432003
FAIL: c43214c
FAIL: c460007
FAIL: c52011a
FAIL: c64105b
FAIL: c95086b
FAIL: c953003
FAIL: c980002
FAIL: cc1221d
FAIL: cd10002
FAIL: cd2b11a
FAIL: cd2b11b
FAIL: cdd2a02
=== acats Summary ===
# of expected passes 2306
# of unexpected failures 15
Native configuration is i686-pc-linux-gnu
=== gcc tests ===
Running target unix
FAIL: gcc.dg/debug/dwarf2/dwarf-die7.c scan-assembler 1.*DW_AT_inline
FAIL: gcc.dg/pr18596-1.c (test for excess errors)
=== gcc Summary ===
# of expected passes 32217
# of unexpected failures 2
# of expected failures 115
# of untested testcases 28
# of unsupported tests 297
/home/guerby/work/gcc/build/build-20041203T205137/gcc/xgcc version 4.0.0 20041203 (experimental)
Compiler version: 4.0.0 20041203 (experimental)
Platform: i686-pc-linux-gnu
configure flags: --prefix=/home/guerby/work/gcc/install/install-20041203T205137 --enable-__cxa_atexit --disable-nls --enable-threads=posix --enable-checking --enable-languages=c,ada
More information about the Gcc-testresults
mailing list