Results for 3.4.2 20040829 (prerelease) testsuite on x86_64-unknown-linux-gnu
Laurent GUERBY
laurent@guerby.net
Mon Aug 30 06:34:00 GMT 2004
LAST_UPDATED: Obtained from CVS: -rgcc-3_4-branch
=== acats tests ===
FAIL: c37213f
FAIL: c37215f
FAIL: c380004
FAIL: cd2a83c
FAIL: cd2a91c
FAIL: cxa5015
=== acats Summary ===
# of expected passes 2316
# of unexpected failures 6
Native configuration is x86_64-unknown-linux-gnu
=== gcc tests ===
Running target unix
FAIL: gcc.dg/compat/vector-1 c_compat_x_tst.o compile
FAIL: gcc.dg/compat/vector-1 c_compat_y_tst.o compile
UNRESOLVED: gcc.dg/compat/vector-1 c_compat_x_tst.o-c_compat_y_tst.o link
UNRESOLVED: gcc.dg/compat/vector-1 c_compat_x_tst.o-c_compat_y_tst.o execute
FAIL: gcc.dg/compat/vector-2 c_compat_x_tst.o compile
FAIL: gcc.dg/compat/vector-2 c_compat_y_tst.o compile
UNRESOLVED: gcc.dg/compat/vector-2 c_compat_x_tst.o-c_compat_y_tst.o link
UNRESOLVED: gcc.dg/compat/vector-2 c_compat_x_tst.o-c_compat_y_tst.o execute
FAIL: gcc.dg/20020103-1.c scan-assembler-not LC
FAIL: gcc.dg/i386-local.c scan-assembler magic[^\\\\n]*eax
FAIL: gcc.dg/i386-sse-2.c (test for excess errors)
FAIL: gcc.dg/i386-sse-8.c (test for excess errors)
FAIL: gcc.dg/loop-3.c (test for excess errors)
FAIL: gcc.dg/titype-1.c (test for excess errors)
WARNING: gcc.dg/titype-1.c compilation failed to produce executable
=== gcc Summary ===
# of expected passes 24530
# of unexpected failures 10
# of expected failures 69
# of unresolved testcases 4
# of untested testcases 7
# of unsupported tests 301
/home/guerby/tmp/build/gcc/xgcc version 3.4.2 20040829 (prerelease)
Compiler version: 3.4.2 20040829 (prerelease)
Platform: x86_64-unknown-linux-gnu
configure flags: --prefix=/opt/gcc-3.4.2-20040829 --enable-languages=c,ada
More information about the Gcc-testresults
mailing list