Results for 3.4.2 20040827 (prerelease) testsuite on m32r-unknown-elf

Kazuhiro Inaoka inaoka.kazuhiro@renesas.com
Fri Aug 27 06:56:00 GMT 2004


Target is m32r-unknown-elf
Host   is i686-pc-linux-gnu

		=== g++ tests ===


Running target m32r-sim
FAIL: g++.dg/bprob/g++-bprob-1.C execution: file g++-bprob-1.gcda does 
not exist,  -g  -fprofile-arcs
UNRESOLVED: g++.dg/bprob/g++-bprob-1.C compilation,  -g 
-fbranch-probabilities
UNRESOLVED: g++.dg/bprob/g++-bprob-1.C execution,    -g 
-fbranch-probabilities
FAIL: g++.dg/bprob/g++-bprob-1.C execution: file g++-bprob-1.gcda does 
not exist,  -O0  -fprofile-arcs
UNRESOLVED: g++.dg/bprob/g++-bprob-1.C compilation,  -O0 
-fbranch-probabilities
UNRESOLVED: g++.dg/bprob/g++-bprob-1.C execution,    -O0 
-fbranch-probabilities
FAIL: g++.dg/bprob/g++-bprob-1.C execution: file g++-bprob-1.gcda does 
not exist,  -O1  -fprofile-arcs
UNRESOLVED: g++.dg/bprob/g++-bprob-1.C compilation,  -O1 
-fbranch-probabilities
UNRESOLVED: g++.dg/bprob/g++-bprob-1.C execution,    -O1 
-fbranch-probabilities
FAIL: g++.dg/bprob/g++-bprob-1.C execution: file g++-bprob-1.gcda does 
not exist,  -O2  -fprofile-arcs
UNRESOLVED: g++.dg/bprob/g++-bprob-1.C compilation,  -O2 
-fbranch-probabilities
UNRESOLVED: g++.dg/bprob/g++-bprob-1.C execution,    -O2 
-fbranch-probabilities
FAIL: g++.dg/bprob/g++-bprob-1.C execution: file g++-bprob-1.gcda does 
not exist,  -O3  -fprofile-arcs
UNRESOLVED: g++.dg/bprob/g++-bprob-1.C compilation,  -O3 
-fbranch-probabilities
UNRESOLVED: g++.dg/bprob/g++-bprob-1.C execution,    -O3 
-fbranch-probabilities
FAIL: g++.dg/bprob/g++-bprob-1.C execution: file g++-bprob-1.gcda does 
not exist,  -O3 -g  -fprofile-arcs
UNRESOLVED: g++.dg/bprob/g++-bprob-1.C compilation,  -O3 -g 
-fbranch-probabilities
UNRESOLVED: g++.dg/bprob/g++-bprob-1.C execution,    -O3 -g 
-fbranch-probabilities
FAIL: g++.dg/bprob/g++-bprob-1.C execution: file g++-bprob-1.gcda does 
not exist,  -Os  -fprofile-arcs
UNRESOLVED: g++.dg/bprob/g++-bprob-1.C compilation,  -Os 
-fbranch-probabilities
UNRESOLVED: g++.dg/bprob/g++-bprob-1.C execution,    -Os 
-fbranch-probabilities
FAIL: g++.dg/other/packed1.C execution test
XPASS: g++.dg/rtti/tinfo1.C scan-assembler _ZTIP9CTemplateIhE:
XPASS: g++.dg/rtti/tinfo1.C scan-assembler-not .globl[ 
\\t]+_ZTIP9CTemplateIhE
FAIL: g++.dg/special/conpr-1.C execution test
FAIL: g++.dg/special/conpr-2.C execution test
FAIL: g++.dg/special/conpr-3.C execution test
FAIL: g++.dg/special/conpr-4.C execution test
FAIL: g++.dg/special/initp1.C execution test
FAIL: g++.old-deja/g++.jason/thunk3.C (test for excess errors)
WARNING: g++.old-deja/g++.jason/thunk3.C compilation failed to produce 
executable
FAIL: g++.old-deja/g++.law/profile1.C (test for excess errors)
WARNING: g++.old-deja/g++.law/profile1.C compilation failed to produce 
executable
WARNING: g++.old-deja/g++.mike/p10769a.C compilation failed to produce 
executable
WARNING: g++.old-deja/g++.other/enum5.C compilation failed to produce 
executable
WARNING: g++.old-deja/g++.pt/friend44.C compilation failed to produce 
executable
FAIL: g++.old-deja/g++.pt/static11.C execution test

		=== g++ Summary ===

# of expected passes		9555
# of unexpected failures	16
# of unexpected successes	2
# of expected failures		68
# of unresolved testcases	14
# of unsupported tests		90
/home3/FSF/org_src/gcc-3.4/build/gcc/testsuite/../g++ version 3.4.2 
20040827 (prerelease)

Host   is i686-pc-linux-gnu

		=== gcc tests ===


Running target m32r-sim
FAIL: gcc.c-torture/execute/builtins/string-asm-2.c execution,  -O0
FAIL: gcc.c-torture/execute/builtins/string-asm-2.c execution,  -O1
FAIL: gcc.c-torture/execute/builtins/string-asm-2.c execution,  -O2
FAIL: gcc.c-torture/execute/builtins/string-asm-2.c execution,  -O3 
-fomit-frame-pointer
FAIL: gcc.c-torture/execute/builtins/string-asm-2.c execution,  -O3 -g
FAIL: gcc.c-torture/execute/builtins/string-asm-2.c execution,  -Os
FAIL: gcc.c-torture/execute/20020720-1.c compilation,  -O1
UNRESOLVED: gcc.c-torture/execute/20020720-1.c execution,  -O1
FAIL: gcc.c-torture/execute/20020720-1.c compilation,  -O2
UNRESOLVED: gcc.c-torture/execute/20020720-1.c execution,  -O2
FAIL: gcc.c-torture/execute/20020720-1.c compilation,  -O3 
-fomit-frame-pointer
UNRESOLVED: gcc.c-torture/execute/20020720-1.c execution,  -O3 
-fomit-frame-pointer
FAIL: gcc.c-torture/execute/20020720-1.c compilation,  -O3 -g
UNRESOLVED: gcc.c-torture/execute/20020720-1.c execution,  -O3 -g
FAIL: gcc.c-torture/execute/20020720-1.c compilation,  -Os
UNRESOLVED: gcc.c-torture/execute/20020720-1.c execution,  -Os
XPASS: gcc.c-torture/execute/981130-1.c execution,  -O0
XPASS: gcc.c-torture/execute/981130-1.c execution,  -O1
XPASS: gcc.c-torture/execute/981130-1.c execution,  -O2
XPASS: gcc.c-torture/execute/981130-1.c execution,  -Os
FAIL: gcc.dg/20021014-1.c (test for excess errors)
WARNING: gcc.dg/20021014-1.c compilation failed to produce executable
FAIL: gcc.dg/20040123-1.c scan-assembler abort
FAIL: gcc.dg/builtin-apply2.c execution test
FAIL: gcc.dg/builtin-return-1.c execution test
FAIL: gcc.dg/builtins-18.c (test for excess errors)
FAIL: gcc.dg/builtins-20.c (test for excess errors)
FAIL: gcc.dg/const-elim-1.c scan-assembler-not L\\\\\$?C[^A-Z]
FAIL: gcc.dg/nest.c (test for excess errors)
WARNING: gcc.dg/nest.c compilation failed to produce executable
XPASS: gcc.dg/setjmp-1.c spurious clobbered warning (test for bogus 
messages, line 16)
XPASS: gcc.dg/sibcall-3.c execution test
XPASS: gcc.dg/sibcall-4.c execution test
FAIL: gcc.misc-tests/bprob-1.c execution: file bprob-1.gcda does not 
exist,  -g  -fprofile-arcs
UNRESOLVED: gcc.misc-tests/bprob-1.c compilation,  -g 
-fbranch-probabilities
UNRESOLVED: gcc.misc-tests/bprob-1.c execution,    -g 
-fbranch-probabilities
FAIL: gcc.misc-tests/bprob-1.c execution: file bprob-1.gcda does not 
exist,  -O0  -fprofile-arcs
UNRESOLVED: gcc.misc-tests/bprob-1.c compilation,  -O0 
-fbranch-probabilities
UNRESOLVED: gcc.misc-tests/bprob-1.c execution,    -O0 
-fbranch-probabilities
FAIL: gcc.misc-tests/bprob-1.c execution: file bprob-1.gcda does not 
exist,  -O1  -fprofile-arcs
UNRESOLVED: gcc.misc-tests/bprob-1.c compilation,  -O1 
-fbranch-probabilities
UNRESOLVED: gcc.misc-tests/bprob-1.c execution,    -O1 
-fbranch-probabilities
FAIL: gcc.misc-tests/bprob-1.c execution: file bprob-1.gcda does not 
exist,  -O2 -DPERFTIME  -fprofile-arcs
UNRESOLVED: gcc.misc-tests/bprob-1.c compilation,  -O2 -DPERFTIME 
-fbranch-probabilities
UNRESOLVED: gcc.misc-tests/bprob-1.c execution,    -O2 -DPERFTIME 
-fbranch-probabilities
FAIL: gcc.misc-tests/bprob-1.c execution: file bprob-1.gcda does not 
exist,  -O3 -DPERFTIME  -fprofile-arcs
UNRESOLVED: gcc.misc-tests/bprob-1.c compilation,  -O3 -DPERFTIME 
-fbranch-probabilities
UNRESOLVED: gcc.misc-tests/bprob-1.c execution,    -O3 -DPERFTIME 
-fbranch-probabilities
FAIL: gcc.misc-tests/bprob-1.c execution: file bprob-1.gcda does not 
exist,  -O3 -g -DPERFTIME  -fprofile-arcs
UNRESOLVED: gcc.misc-tests/bprob-1.c compilation,  -O3 -g -DPERFTIME 
-fbranch-probabilities
UNRESOLVED: gcc.misc-tests/bprob-1.c execution,    -O3 -g -DPERFTIME 
-fbranch-probabilities
FAIL: gcc.misc-tests/bprob-1.c execution: file bprob-1.gcda does not 
exist,  -Os  -fprofile-arcs
UNRESOLVED: gcc.misc-tests/bprob-1.c compilation,  -Os 
-fbranch-probabilities
UNRESOLVED: gcc.misc-tests/bprob-1.c execution,    -Os 
-fbranch-probabilities
FAIL: gcc.misc-tests/bprob-2.c execution: file bprob-2.gcda does not 
exist,  -g  -fprofile-arcs
UNRESOLVED: gcc.misc-tests/bprob-2.c compilation,  -g 
-fbranch-probabilities
UNRESOLVED: gcc.misc-tests/bprob-2.c execution,    -g 
-fbranch-probabilities
FAIL: gcc.misc-tests/bprob-2.c execution: file bprob-2.gcda does not 
exist,  -O0  -fprofile-arcs
UNRESOLVED: gcc.misc-tests/bprob-2.c compilation,  -O0 
-fbranch-probabilities
UNRESOLVED: gcc.misc-tests/bprob-2.c execution,    -O0 
-fbranch-probabilities
FAIL: gcc.misc-tests/bprob-2.c execution: file bprob-2.gcda does not 
exist,  -O1  -fprofile-arcs
UNRESOLVED: gcc.misc-tests/bprob-2.c compilation,  -O1 
-fbranch-probabilities
UNRESOLVED: gcc.misc-tests/bprob-2.c execution,    -O1 
-fbranch-probabilities
FAIL: gcc.misc-tests/bprob-2.c execution: file bprob-2.gcda does not 
exist,  -O2 -DPERFTIME  -fprofile-arcs
UNRESOLVED: gcc.misc-tests/bprob-2.c compilation,  -O2 -DPERFTIME 
-fbranch-probabilities
UNRESOLVED: gcc.misc-tests/bprob-2.c execution,    -O2 -DPERFTIME 
-fbranch-probabilities
FAIL: gcc.misc-tests/bprob-2.c execution: file bprob-2.gcda does not 
exist,  -O3 -DPERFTIME  -fprofile-arcs
UNRESOLVED: gcc.misc-tests/bprob-2.c compilation,  -O3 -DPERFTIME 
-fbranch-probabilities
UNRESOLVED: gcc.misc-tests/bprob-2.c execution,    -O3 -DPERFTIME 
-fbranch-probabilities
FAIL: gcc.misc-tests/bprob-2.c execution: file bprob-2.gcda does not 
exist,  -O3 -g -DPERFTIME  -fprofile-arcs
UNRESOLVED: gcc.misc-tests/bprob-2.c compilation,  -O3 -g -DPERFTIME 
-fbranch-probabilities
UNRESOLVED: gcc.misc-tests/bprob-2.c execution,    -O3 -g -DPERFTIME 
-fbranch-probabilities
FAIL: gcc.misc-tests/bprob-2.c execution: file bprob-2.gcda does not 
exist,  -Os  -fprofile-arcs
UNRESOLVED: gcc.misc-tests/bprob-2.c compilation,  -Os 
-fbranch-probabilities
UNRESOLVED: gcc.misc-tests/bprob-2.c execution,    -Os 
-fbranch-probabilities

		=== gcc Summary ===

# of expected passes		24236
# of unexpected failures	33
# of unexpected successes	7
# of expected failures		67
# of unresolved testcases	33
# of untested testcases		7
# of unsupported tests		363
/home3/FSF/org_src/gcc-3.4/build/gcc/xgcc version 3.4.2 20040827 
(prerelease)


Compiler version: 3.4.2 20040827 (prerelease)
Platform: m32r-unknown-elf
configure flags: --target=m32r-elf --prefix=/usr/local/m32r-elf 
--srcdir=/home3/FSF/org_src/gcc-3.4/gcc --enable-languages=c,c++ 
--with-newlib

GNU assembler version 2.15.91 (m32r-elf) using BFD version 2.15.91 20040827

GNU ld version 2.15.91 20040827

GNU gdb 2004-08-27-cvs
Copyright 2004 Free Software Foundation, Inc.
GDB is free software, covered by the GNU General Public License, and you are
welcome to change it and/or distribute copies of it under certain 
conditions.
Type "show copying" to see the conditions.
There is absolutely no warranty for GDB.  Type "show warranty" for details.
This GDB was configured as "--host=i686-pc-linux-gnu --target=m32r-elf".




More information about the Gcc-testresults mailing list