Results for 3.5.0 20040826 (experimental) testsuite on sh64-unknown-elf
Joern Rennecke
joern.rennecke@superh.com
Fri Aug 27 05:13:00 GMT 2004
LAST_UPDATED:
Target is sh64-unknown-elf
Host is i686-pc-linux-gnu
=== g++ tests ===
Running target sh64
FAIL: g++.dg/compat/eh/unexpected1 cp_compat_x_tst.o-cp_compat_y_tst.o execute
FAIL: g++.dg/abi/bitfield5.C (test for warnings, line 10)
FAIL: g++.dg/eh/registers1.C execution test
FAIL: g++.dg/eh/unexpected1.C execution test
FAIL: g++.dg/other/packed1.C execution test
FAIL: g++.dg/parse/varmod1.C (test for errors, line 5)
XPASS: g++.dg/rtti/tinfo1.C scan-assembler _ZTIP9CTemplateIhE:
XPASS: g++.dg/rtti/tinfo1.C scan-assembler-not .globl[ \\t]+_ZTIP9CTemplateIhE
XPASS: g++.dg/rtti/tinfo1.C scan-assembler-not .section[^\\n\\r]*_ZTIP9CTemplateIhE[^\\n\\r]*
FAIL: g++.old-deja/g++.bugs/900322_01.C (test for errors, line 46)
FAIL: g++.old-deja/g++.bugs/900322_01.C (test for errors, line 51)
FAIL: g++.old-deja/g++.bugs/900322_01.C (test for errors, line 52)
FAIL: g++.old-deja/g++.eh/spec2.C execution test
XPASS: g++.old-deja/g++.jason/rfg16.C (test for bogus messages, line 5)
FAIL: g++.old-deja/g++.jason/thunk2.C (test for excess errors)
WARNING: g++.old-deja/g++.jason/thunk2.C compilation failed to produce executable
XPASS: g++.old-deja/g++.jason/thunk3.C execution test
FAIL: g++.old-deja/g++.law/profile1.C (test for excess errors)
FAIL: g++.old-deja/g++.mike/eh33.C execution test
FAIL: g++.old-deja/g++.mike/eh50.C execution test
FAIL: g++.old-deja/g++.mike/eh51.C execution test
WARNING: g++.old-deja/g++.mike/p10769a.C compilation failed to produce executable
WARNING: g++.old-deja/g++.other/enum5.C compilation failed to produce executable
WARNING: g++.old-deja/g++.pt/friend44.C compilation failed to produce executable
=== g++ Summary for sh64 ===
# of expected passes 9953
# of unexpected failures 15
# of unexpected successes 5
# of expected failures 78
# of unsupported tests 98
Running target sh64/-ml
FAIL: g++.dg/compat/eh/unexpected1 cp_compat_x_tst.o-cp_compat_y_tst.o execute
FAIL: g++.dg/abi/bitfield5.C (test for warnings, line 10)
FAIL: g++.dg/eh/forced1.C execution test
FAIL: g++.dg/eh/registers1.C execution test
FAIL: g++.dg/eh/unexpected1.C execution test
FAIL: g++.dg/other/packed1.C execution test
FAIL: g++.dg/parse/varmod1.C (test for errors, line 5)
XPASS: g++.dg/rtti/tinfo1.C scan-assembler _ZTIP9CTemplateIhE:
XPASS: g++.dg/rtti/tinfo1.C scan-assembler-not .globl[ \\t]+_ZTIP9CTemplateIhE
XPASS: g++.dg/rtti/tinfo1.C scan-assembler-not .section[^\\n\\r]*_ZTIP9CTemplateIhE[^\\n\\r]*
FAIL: g++.old-deja/g++.bugs/900322_01.C (test for errors, line 46)
FAIL: g++.old-deja/g++.bugs/900322_01.C (test for errors, line 51)
FAIL: g++.old-deja/g++.bugs/900322_01.C (test for errors, line 52)
FAIL: g++.old-deja/g++.eh/spec2.C execution test
FAIL: g++.old-deja/g++.eh/spec3.C execution test
XPASS: g++.old-deja/g++.jason/rfg16.C (test for bogus messages, line 5)
FAIL: g++.old-deja/g++.jason/thunk2.C (test for excess errors)
WARNING: g++.old-deja/g++.jason/thunk2.C compilation failed to produce executable
XPASS: g++.old-deja/g++.jason/thunk3.C execution test
FAIL: g++.old-deja/g++.law/profile1.C (test for excess errors)
FAIL: g++.old-deja/g++.mike/eh33.C execution test
FAIL: g++.old-deja/g++.mike/eh50.C execution test
FAIL: g++.old-deja/g++.mike/eh51.C execution test
WARNING: g++.old-deja/g++.mike/p10769a.C compilation failed to produce executable
WARNING: g++.old-deja/g++.other/enum5.C compilation failed to produce executable
WARNING: g++.old-deja/g++.pt/friend44.C compilation failed to produce executable
=== g++ Summary for sh64/-ml ===
# of expected passes 9951
# of unexpected failures 17
# of unexpected successes 5
# of expected failures 78
# of unsupported tests 98
Running target sh64/-m5-compact/-ml
FAIL: g++.dg/compat/eh/unexpected1 cp_compat_x_tst.o-cp_compat_y_tst.o execute
FAIL: g++.dg/abi/bitfield5.C (test for warnings, line 10)
FAIL: g++.dg/eh/crossjump1.C execution test
FAIL: g++.dg/eh/forced1.C execution test
FAIL: g++.dg/eh/forced2.C execution test
FAIL: g++.dg/eh/forced4.C execution test
FAIL: g++.dg/eh/registers1.C execution test
FAIL: g++.dg/eh/unexpected1.C execution test
FAIL: g++.dg/opt/inline3.C (test for excess errors)
FAIL: g++.dg/opt/reg-stack2.C (test for excess errors)
FAIL: g++.dg/other/packed1.C execution test
FAIL: g++.dg/other/stdarg1.C (test for excess errors)
WARNING: g++.dg/other/stdarg1.C compilation failed to produce executable
FAIL: g++.dg/parse/varmod1.C (test for errors, line 5)
XPASS: g++.dg/rtti/tinfo1.C scan-assembler _ZTIP9CTemplateIhE:
XPASS: g++.dg/rtti/tinfo1.C scan-assembler-not .globl[ \\t]+_ZTIP9CTemplateIhE
XPASS: g++.dg/rtti/tinfo1.C scan-assembler-not .section[^\\n\\r]*_ZTIP9CTemplateIhE[^\\n\\r]*
FAIL: g++.old-deja/g++.bugs/900322_01.C (test for errors, line 46)
FAIL: g++.old-deja/g++.bugs/900322_01.C (test for errors, line 51)
FAIL: g++.old-deja/g++.bugs/900322_01.C (test for errors, line 52)
FAIL: g++.old-deja/g++.eh/spec2.C execution test
FAIL: g++.old-deja/g++.eh/spec3.C execution test
XPASS: g++.old-deja/g++.jason/rfg16.C (test for bogus messages, line 5)
FAIL: g++.old-deja/g++.jason/thunk3.C (test for excess errors)
WARNING: g++.old-deja/g++.jason/thunk3.C compilation failed to produce executable
FAIL: g++.old-deja/g++.law/profile1.C (test for excess errors)
FAIL: g++.old-deja/g++.mike/eh33.C execution test
FAIL: g++.old-deja/g++.mike/eh50.C execution test
FAIL: g++.old-deja/g++.mike/eh51.C execution test
WARNING: g++.old-deja/g++.mike/p10769a.C compilation failed to produce executable
WARNING: g++.old-deja/g++.other/enum5.C compilation failed to produce executable
FAIL: g++.old-deja/g++.other/vaarg2.C (test for excess errors)
WARNING: g++.old-deja/g++.other/vaarg2.C compilation failed to produce executable
FAIL: g++.old-deja/g++.other/vaarg3.C (test for errors, line 23)
FAIL: g++.old-deja/g++.other/vaarg3.C (test for errors, line 26)
FAIL: g++.old-deja/g++.other/vaarg3.C (test for excess errors)
FAIL: g++.old-deja/g++.other/vaarg4.C (test for excess errors)
WARNING: g++.old-deja/g++.pt/friend44.C compilation failed to produce executable
FAIL: g++.old-deja/g++.pt/vaarg.C (test for excess errors)
WARNING: g++.old-deja/g++.pt/vaarg.C compilation failed to produce executable
FAIL: g++.old-deja/g++.pt/vaarg2.C (test for excess errors)
=== g++ Summary for sh64/-m5-compact/-ml ===
# of expected passes 9936
# of unexpected failures 30
# of unexpected successes 4
# of expected failures 78
# of unsupported tests 98
=== g++ Summary ===
# of expected passes 29840
# of unexpected failures 62
# of unexpected successes 14
# of expected failures 234
# of unsupported tests 294
/swbuild/nightly/2004-08-26/sh64-elf/gcc/testsuite/../g++ version 3.5.0 20040826 (experimental)
Host is i686-pc-linux-gnu
=== gcc tests ===
Running target sh64
WARNING: program timed out.
FAIL: gcc.c-torture/compile/20001226-1.c -O3 -g (test for excess errors)
FAIL: gcc.c-torture/compile/920410-1.c -O1 (test for excess errors)
FAIL: gcc.c-torture/compile/920410-1.c -O2 (test for excess errors)
FAIL: gcc.c-torture/compile/920410-1.c -O3 -fomit-frame-pointer (test for excess errors)
FAIL: gcc.c-torture/compile/920410-1.c -O3 -g (test for excess errors)
FAIL: gcc.c-torture/compile/920410-1.c -Os (test for excess errors)
FAIL: gcc.c-torture/compile/920617-2.c -O1 (test for excess errors)
FAIL: gcc.c-torture/compile/920617-2.c -O2 (test for excess errors)
FAIL: gcc.c-torture/compile/920617-2.c -O3 -fomit-frame-pointer (test for excess errors)
FAIL: gcc.c-torture/compile/920617-2.c -O3 -g (test for excess errors)
FAIL: gcc.c-torture/compile/920617-2.c -Os (test for excess errors)
FAIL: gcc.c-torture/compile/930217-1.c -O1 (test for excess errors)
FAIL: gcc.c-torture/compile/930217-1.c -O2 (test for excess errors)
FAIL: gcc.c-torture/compile/930217-1.c -O3 -fomit-frame-pointer (test for excess errors)
FAIL: gcc.c-torture/compile/930217-1.c -O3 -g (test for excess errors)
FAIL: gcc.c-torture/compile/930217-1.c -Os (test for excess errors)
FAIL: gcc.c-torture/compile/990203-1.c -O1 (test for excess errors)
FAIL: gcc.c-torture/compile/990203-1.c -O2 (test for excess errors)
FAIL: gcc.c-torture/compile/990203-1.c -O3 -fomit-frame-pointer (test for excess errors)
FAIL: gcc.c-torture/compile/990203-1.c -O3 -g (test for excess errors)
FAIL: gcc.c-torture/compile/990203-1.c -Os (test for excess errors)
FAIL: gcc.c-torture/compile/simd-4.c -O0 (test for excess errors)
FAIL: gcc.c-torture/execute/20000822-1.c execution, -Os
XPASS: gcc.c-torture/execute/20020227-1.c execution, -O3 -fomit-frame-pointer
XPASS: gcc.c-torture/execute/20020227-1.c execution, -O3 -g
FAIL: gcc.c-torture/execute/20021120-1.c compilation, -O3 -fomit-frame-pointer
UNRESOLVED: gcc.c-torture/execute/20021120-1.c execution, -O3 -fomit-frame-pointer
FAIL: gcc.c-torture/execute/20021120-1.c compilation, -O3 -fomit-frame-pointer -funroll-loops
UNRESOLVED: gcc.c-torture/execute/20021120-1.c execution, -O3 -fomit-frame-pointer -funroll-loops
FAIL: gcc.c-torture/execute/20021120-1.c compilation, -O3 -fomit-frame-pointer -funroll-all-loops -finline-functions
UNRESOLVED: gcc.c-torture/execute/20021120-1.c execution, -O3 -fomit-frame-pointer -funroll-all-loops -finline-functions
FAIL: gcc.c-torture/execute/20021120-1.c compilation, -O3 -g
UNRESOLVED: gcc.c-torture/execute/20021120-1.c execution, -O3 -g
FAIL: gcc.c-torture/execute/20030714-1.c compilation, -O3 -fomit-frame-pointer
UNRESOLVED: gcc.c-torture/execute/20030714-1.c execution, -O3 -fomit-frame-pointer
FAIL: gcc.c-torture/execute/20030714-1.c compilation, -O3 -g
UNRESOLVED: gcc.c-torture/execute/20030714-1.c execution, -O3 -g
FAIL: gcc.c-torture/execute/920501-7.c execution, -Os
FAIL: gcc.c-torture/execute/930603-1.c compilation, -O1
UNRESOLVED: gcc.c-torture/execute/930603-1.c execution, -O1
FAIL: gcc.c-torture/execute/930603-1.c compilation, -O2
UNRESOLVED: gcc.c-torture/execute/930603-1.c execution, -O2
FAIL: gcc.c-torture/execute/930603-1.c compilation, -O3 -fomit-frame-pointer
UNRESOLVED: gcc.c-torture/execute/930603-1.c execution, -O3 -fomit-frame-pointer
FAIL: gcc.c-torture/execute/930603-1.c compilation, -O3 -g
UNRESOLVED: gcc.c-torture/execute/930603-1.c execution, -O3 -g
FAIL: gcc.c-torture/execute/930603-1.c compilation, -Os
UNRESOLVED: gcc.c-torture/execute/930603-1.c execution, -Os
FAIL: gcc.c-torture/execute/990628-1.c compilation, -O3 -fomit-frame-pointer
UNRESOLVED: gcc.c-torture/execute/990628-1.c execution, -O3 -fomit-frame-pointer
FAIL: gcc.c-torture/execute/990628-1.c compilation, -O3 -fomit-frame-pointer -funroll-loops
UNRESOLVED: gcc.c-torture/execute/990628-1.c execution, -O3 -fomit-frame-pointer -funroll-loops
FAIL: gcc.c-torture/execute/990628-1.c compilation, -O3 -fomit-frame-pointer -funroll-all-loops -finline-functions
UNRESOLVED: gcc.c-torture/execute/990628-1.c execution, -O3 -fomit-frame-pointer -funroll-all-loops -finline-functions
FAIL: gcc.c-torture/execute/990628-1.c compilation, -O3 -g
UNRESOLVED: gcc.c-torture/execute/990628-1.c execution, -O3 -g
FAIL: gcc.c-torture/execute/builtin-bitops-1.c execution, -O2
FAIL: gcc.c-torture/execute/builtin-bitops-1.c execution, -Os
FAIL: gcc.c-torture/execute/comp-goto-2.c execution, -Os
FAIL: gcc.c-torture/execute/conversion.c execution, -O2
FAIL: gcc.c-torture/execute/nestfunc-3.c execution, -Os
FAIL: gcc.c-torture/execute/nestfunc-5.c execution, -Os
FAIL: gcc.c-torture/execute/nestfunc-6.c execution, -Os
FAIL: gcc.c-torture/execute/ieee/20030331-1.c compilation, -O3 -fomit-frame-pointer
UNRESOLVED: gcc.c-torture/execute/ieee/20030331-1.c execution, -O3 -fomit-frame-pointer
FAIL: gcc.c-torture/execute/ieee/20030331-1.c compilation, -O3 -g
UNRESOLVED: gcc.c-torture/execute/ieee/20030331-1.c execution, -O3 -g
FAIL: gcc.c-torture/unsorted/SFset.c, -O1
FAIL: gcc.c-torture/unsorted/SFset.c, -O2
FAIL: gcc.c-torture/unsorted/SFset.c, -O3 -fomit-frame-pointer
FAIL: gcc.c-torture/unsorted/SFset.c, -O3 -g
FAIL: gcc.c-torture/unsorted/SFset.c, -Os
FAIL: gcc.dg/compat/struct-layout-1 c_compat_main_tst.o compile
FAIL: gcc.dg/compat/struct-layout-1 c_compat_x_tst.o compile
FAIL: gcc.dg/compat/struct-layout-1 c_compat_y_tst.o compile
UNRESOLVED: gcc.dg/compat/struct-layout-1 c_compat_x_tst.o-c_compat_y_tst.o link
UNRESOLVED: gcc.dg/compat/struct-layout-1 c_compat_x_tst.o-c_compat_y_tst.o execute
FAIL: tmpdir-gcc.dg-struct-layout-1/t001 c_compat_main_tst.o compile
FAIL: tmpdir-gcc.dg-struct-layout-1/t001 c_compat_x_tst.o compile
FAIL: tmpdir-gcc.dg-struct-layout-1/t001 c_compat_y_tst.o compile
UNRESOLVED: tmpdir-gcc.dg-struct-layout-1/t001 c_compat_x_tst.o-c_compat_y_tst.o link
UNRESOLVED: tmpdir-gcc.dg-struct-layout-1/t001 c_compat_x_tst.o-c_compat_y_tst.o execute
FAIL: tmpdir-gcc.dg-struct-layout-1/t002 c_compat_main_tst.o compile
FAIL: tmpdir-gcc.dg-struct-layout-1/t002 c_compat_x_tst.o compile
FAIL: tmpdir-gcc.dg-struct-layout-1/t002 c_compat_y_tst.o compile
UNRESOLVED: tmpdir-gcc.dg-struct-layout-1/t002 c_compat_x_tst.o-c_compat_y_tst.o link
UNRESOLVED: tmpdir-gcc.dg-struct-layout-1/t002 c_compat_x_tst.o-c_compat_y_tst.o execute
FAIL: tmpdir-gcc.dg-struct-layout-1/t003 c_compat_main_tst.o compile
FAIL: tmpdir-gcc.dg-struct-layout-1/t003 c_compat_x_tst.o compile
FAIL: tmpdir-gcc.dg-struct-layout-1/t003 c_compat_y_tst.o compile
UNRESOLVED: tmpdir-gcc.dg-struct-layout-1/t003 c_compat_x_tst.o-c_compat_y_tst.o link
UNRESOLVED: tmpdir-gcc.dg-struct-layout-1/t003 c_compat_x_tst.o-c_compat_y_tst.o execute
FAIL: tmpdir-gcc.dg-struct-layout-1/t004 c_compat_main_tst.o compile
FAIL: tmpdir-gcc.dg-struct-layout-1/t004 c_compat_x_tst.o compile
FAIL: tmpdir-gcc.dg-struct-layout-1/t004 c_compat_y_tst.o compile
UNRESOLVED: tmpdir-gcc.dg-struct-layout-1/t004 c_compat_x_tst.o-c_compat_y_tst.o link
UNRESOLVED: tmpdir-gcc.dg-struct-layout-1/t004 c_compat_x_tst.o-c_compat_y_tst.o execute
FAIL: tmpdir-gcc.dg-struct-layout-1/t005 c_compat_main_tst.o compile
FAIL: tmpdir-gcc.dg-struct-layout-1/t005 c_compat_x_tst.o compile
FAIL: tmpdir-gcc.dg-struct-layout-1/t005 c_compat_y_tst.o compile
UNRESOLVED: tmpdir-gcc.dg-struct-layout-1/t005 c_compat_x_tst.o-c_compat_y_tst.o link
UNRESOLVED: tmpdir-gcc.dg-struct-layout-1/t005 c_compat_x_tst.o-c_compat_y_tst.o execute
FAIL: tmpdir-gcc.dg-struct-layout-1/t006 c_compat_main_tst.o compile
FAIL: tmpdir-gcc.dg-struct-layout-1/t006 c_compat_x_tst.o compile
FAIL: tmpdir-gcc.dg-struct-layout-1/t006 c_compat_y_tst.o compile
UNRESOLVED: tmpdir-gcc.dg-struct-layout-1/t006 c_compat_x_tst.o-c_compat_y_tst.o link
UNRESOLVED: tmpdir-gcc.dg-struct-layout-1/t006 c_compat_x_tst.o-c_compat_y_tst.o execute
FAIL: tmpdir-gcc.dg-struct-layout-1/t007 c_compat_main_tst.o compile
FAIL: tmpdir-gcc.dg-struct-layout-1/t007 c_compat_x_tst.o compile
FAIL: tmpdir-gcc.dg-struct-layout-1/t007 c_compat_y_tst.o compile
UNRESOLVED: tmpdir-gcc.dg-struct-layout-1/t007 c_compat_x_tst.o-c_compat_y_tst.o link
UNRESOLVED: tmpdir-gcc.dg-struct-layout-1/t007 c_compat_x_tst.o-c_compat_y_tst.o execute
FAIL: tmpdir-gcc.dg-struct-layout-1/t008 c_compat_main_tst.o compile
FAIL: tmpdir-gcc.dg-struct-layout-1/t008 c_compat_x_tst.o compile
FAIL: tmpdir-gcc.dg-struct-layout-1/t008 c_compat_y_tst.o compile
UNRESOLVED: tmpdir-gcc.dg-struct-layout-1/t008 c_compat_x_tst.o-c_compat_y_tst.o link
UNRESOLVED: tmpdir-gcc.dg-struct-layout-1/t008 c_compat_x_tst.o-c_compat_y_tst.o execute
FAIL: tmpdir-gcc.dg-struct-layout-1/t009 c_compat_main_tst.o compile
FAIL: tmpdir-gcc.dg-struct-layout-1/t009 c_compat_x_tst.o compile
FAIL: tmpdir-gcc.dg-struct-layout-1/t009 c_compat_y_tst.o compile
UNRESOLVED: tmpdir-gcc.dg-struct-layout-1/t009 c_compat_x_tst.o-c_compat_y_tst.o link
UNRESOLVED: tmpdir-gcc.dg-struct-layout-1/t009 c_compat_x_tst.o-c_compat_y_tst.o execute
FAIL: tmpdir-gcc.dg-struct-layout-1/t010 c_compat_main_tst.o compile
FAIL: tmpdir-gcc.dg-struct-layout-1/t010 c_compat_x_tst.o compile
FAIL: tmpdir-gcc.dg-struct-layout-1/t010 c_compat_y_tst.o compile
UNRESOLVED: tmpdir-gcc.dg-struct-layout-1/t010 c_compat_x_tst.o-c_compat_y_tst.o link
UNRESOLVED: tmpdir-gcc.dg-struct-layout-1/t010 c_compat_x_tst.o-c_compat_y_tst.o execute
FAIL: tmpdir-gcc.dg-struct-layout-1/t011 c_compat_main_tst.o compile
FAIL: tmpdir-gcc.dg-struct-layout-1/t011 c_compat_x_tst.o compile
FAIL: tmpdir-gcc.dg-struct-layout-1/t011 c_compat_y_tst.o compile
UNRESOLVED: tmpdir-gcc.dg-struct-layout-1/t011 c_compat_x_tst.o-c_compat_y_tst.o link
UNRESOLVED: tmpdir-gcc.dg-struct-layout-1/t011 c_compat_x_tst.o-c_compat_y_tst.o execute
FAIL: tmpdir-gcc.dg-struct-layout-1/t012 c_compat_main_tst.o compile
FAIL: tmpdir-gcc.dg-struct-layout-1/t012 c_compat_x_tst.o compile
FAIL: tmpdir-gcc.dg-struct-layout-1/t012 c_compat_y_tst.o compile
UNRESOLVED: tmpdir-gcc.dg-struct-layout-1/t012 c_compat_x_tst.o-c_compat_y_tst.o link
UNRESOLVED: tmpdir-gcc.dg-struct-layout-1/t012 c_compat_x_tst.o-c_compat_y_tst.o execute
FAIL: tmpdir-gcc.dg-struct-layout-1/t013 c_compat_main_tst.o compile
FAIL: tmpdir-gcc.dg-struct-layout-1/t013 c_compat_x_tst.o compile
FAIL: tmpdir-gcc.dg-struct-layout-1/t013 c_compat_y_tst.o compile
UNRESOLVED: tmpdir-gcc.dg-struct-layout-1/t013 c_compat_x_tst.o-c_compat_y_tst.o link
UNRESOLVED: tmpdir-gcc.dg-struct-layout-1/t013 c_compat_x_tst.o-c_compat_y_tst.o execute
FAIL: tmpdir-gcc.dg-struct-layout-1/t014 c_compat_main_tst.o compile
FAIL: tmpdir-gcc.dg-struct-layout-1/t014 c_compat_x_tst.o compile
FAIL: tmpdir-gcc.dg-struct-layout-1/t014 c_compat_y_tst.o compile
UNRESOLVED: tmpdir-gcc.dg-struct-layout-1/t014 c_compat_x_tst.o-c_compat_y_tst.o link
UNRESOLVED: tmpdir-gcc.dg-struct-layout-1/t014 c_compat_x_tst.o-c_compat_y_tst.o execute
FAIL: tmpdir-gcc.dg-struct-layout-1/t015 c_compat_main_tst.o compile
FAIL: tmpdir-gcc.dg-struct-layout-1/t015 c_compat_x_tst.o compile
FAIL: tmpdir-gcc.dg-struct-layout-1/t015 c_compat_y_tst.o compile
UNRESOLVED: tmpdir-gcc.dg-struct-layout-1/t015 c_compat_x_tst.o-c_compat_y_tst.o link
UNRESOLVED: tmpdir-gcc.dg-struct-layout-1/t015 c_compat_x_tst.o-c_compat_y_tst.o execute
FAIL: tmpdir-gcc.dg-struct-layout-1/t016 c_compat_main_tst.o compile
FAIL: tmpdir-gcc.dg-struct-layout-1/t016 c_compat_x_tst.o compile
FAIL: tmpdir-gcc.dg-struct-layout-1/t016 c_compat_y_tst.o compile
UNRESOLVED: tmpdir-gcc.dg-struct-layout-1/t016 c_compat_x_tst.o-c_compat_y_tst.o link
UNRESOLVED: tmpdir-gcc.dg-struct-layout-1/t016 c_compat_x_tst.o-c_compat_y_tst.o execute
FAIL: tmpdir-gcc.dg-struct-layout-1/t017 c_compat_main_tst.o compile
FAIL: tmpdir-gcc.dg-struct-layout-1/t017 c_compat_x_tst.o compile
FAIL: tmpdir-gcc.dg-struct-layout-1/t017 c_compat_y_tst.o compile
UNRESOLVED: tmpdir-gcc.dg-struct-layout-1/t017 c_compat_x_tst.o-c_compat_y_tst.o link
UNRESOLVED: tmpdir-gcc.dg-struct-layout-1/t017 c_compat_x_tst.o-c_compat_y_tst.o execute
FAIL: tmpdir-gcc.dg-struct-layout-1/t018 c_compat_main_tst.o compile
FAIL: tmpdir-gcc.dg-struct-layout-1/t018 c_compat_x_tst.o compile
FAIL: tmpdir-gcc.dg-struct-layout-1/t018 c_compat_y_tst.o compile
UNRESOLVED: tmpdir-gcc.dg-struct-layout-1/t018 c_compat_x_tst.o-c_compat_y_tst.o link
UNRESOLVED: tmpdir-gcc.dg-struct-layout-1/t018 c_compat_x_tst.o-c_compat_y_tst.o execute
FAIL: tmpdir-gcc.dg-struct-layout-1/t019 c_compat_main_tst.o compile
FAIL: tmpdir-gcc.dg-struct-layout-1/t019 c_compat_x_tst.o compile
FAIL: tmpdir-gcc.dg-struct-layout-1/t019 c_compat_y_tst.o compile
UNRESOLVED: tmpdir-gcc.dg-struct-layout-1/t019 c_compat_x_tst.o-c_compat_y_tst.o link
UNRESOLVED: tmpdir-gcc.dg-struct-layout-1/t019 c_compat_x_tst.o-c_compat_y_tst.o execute
FAIL: tmpdir-gcc.dg-struct-layout-1/t020 c_compat_main_tst.o compile
FAIL: tmpdir-gcc.dg-struct-layout-1/t020 c_compat_x_tst.o compile
FAIL: tmpdir-gcc.dg-struct-layout-1/t020 c_compat_y_tst.o compile
UNRESOLVED: tmpdir-gcc.dg-struct-layout-1/t020 c_compat_x_tst.o-c_compat_y_tst.o link
UNRESOLVED: tmpdir-gcc.dg-struct-layout-1/t020 c_compat_x_tst.o-c_compat_y_tst.o execute
FAIL: tmpdir-gcc.dg-struct-layout-1/t021 c_compat_main_tst.o compile
FAIL: tmpdir-gcc.dg-struct-layout-1/t021 c_compat_x_tst.o compile
FAIL: tmpdir-gcc.dg-struct-layout-1/t021 c_compat_y_tst.o compile
UNRESOLVED: tmpdir-gcc.dg-struct-layout-1/t021 c_compat_x_tst.o-c_compat_y_tst.o link
UNRESOLVED: tmpdir-gcc.dg-struct-layout-1/t021 c_compat_x_tst.o-c_compat_y_tst.o execute
FAIL: tmpdir-gcc.dg-struct-layout-1/t022 c_compat_main_tst.o compile
FAIL: tmpdir-gcc.dg-struct-layout-1/t022 c_compat_x_tst.o compile
FAIL: tmpdir-gcc.dg-struct-layout-1/t022 c_compat_y_tst.o compile
UNRESOLVED: tmpdir-gcc.dg-struct-layout-1/t022 c_compat_x_tst.o-c_compat_y_tst.o link
UNRESOLVED: tmpdir-gcc.dg-struct-layout-1/t022 c_compat_x_tst.o-c_compat_y_tst.o execute
FAIL: tmpdir-gcc.dg-struct-layout-1/t023 c_compat_main_tst.o compile
FAIL: tmpdir-gcc.dg-struct-layout-1/t023 c_compat_x_tst.o compile
FAIL: tmpdir-gcc.dg-struct-layout-1/t023 c_compat_y_tst.o compile
UNRESOLVED: tmpdir-gcc.dg-struct-layout-1/t023 c_compat_x_tst.o-c_compat_y_tst.o link
UNRESOLVED: tmpdir-gcc.dg-struct-layout-1/t023 c_compat_x_tst.o-c_compat_y_tst.o execute
FAIL: tmpdir-gcc.dg-struct-layout-1/t024 c_compat_main_tst.o compile
FAIL: tmpdir-gcc.dg-struct-layout-1/t024 c_compat_x_tst.o compile
FAIL: tmpdir-gcc.dg-struct-layout-1/t024 c_compat_y_tst.o compile
UNRESOLVED: tmpdir-gcc.dg-struct-layout-1/t024 c_compat_x_tst.o-c_compat_y_tst.o link
UNRESOLVED: tmpdir-gcc.dg-struct-layout-1/t024 c_compat_x_tst.o-c_compat_y_tst.o execute
FAIL: tmpdir-gcc.dg-struct-layout-1/t025 c_compat_main_tst.o compile
FAIL: tmpdir-gcc.dg-struct-layout-1/t025 c_compat_x_tst.o compile
FAIL: tmpdir-gcc.dg-struct-layout-1/t025 c_compat_y_tst.o compile
UNRESOLVED: tmpdir-gcc.dg-struct-layout-1/t025 c_compat_x_tst.o-c_compat_y_tst.o link
UNRESOLVED: tmpdir-gcc.dg-struct-layout-1/t025 c_compat_x_tst.o-c_compat_y_tst.o execute
FAIL: tmpdir-gcc.dg-struct-layout-1/t026 c_compat_main_tst.o compile
FAIL: tmpdir-gcc.dg-struct-layout-1/t026 c_compat_x_tst.o compile
FAIL: tmpdir-gcc.dg-struct-layout-1/t026 c_compat_y_tst.o compile
UNRESOLVED: tmpdir-gcc.dg-struct-layout-1/t026 c_compat_x_tst.o-c_compat_y_tst.o link
UNRESOLVED: tmpdir-gcc.dg-struct-layout-1/t026 c_compat_x_tst.o-c_compat_y_tst.o execute
FAIL: tmpdir-gcc.dg-struct-layout-1/t027 c_compat_main_tst.o compile
FAIL: tmpdir-gcc.dg-struct-layout-1/t027 c_compat_x_tst.o compile
FAIL: tmpdir-gcc.dg-struct-layout-1/t027 c_compat_y_tst.o compile
UNRESOLVED: tmpdir-gcc.dg-struct-layout-1/t027 c_compat_x_tst.o-c_compat_y_tst.o link
UNRESOLVED: tmpdir-gcc.dg-struct-layout-1/t027 c_compat_x_tst.o-c_compat_y_tst.o execute
FAIL: tmpdir-gcc.dg-struct-layout-1/t028 c_compat_main_tst.o compile
FAIL: tmpdir-gcc.dg-struct-layout-1/t028 c_compat_x_tst.o compile
FAIL: tmpdir-gcc.dg-struct-layout-1/t028 c_compat_y_tst.o compile
UNRESOLVED: tmpdir-gcc.dg-struct-layout-1/t028 c_compat_x_tst.o-c_compat_y_tst.o link
UNRESOLVED: tmpdir-gcc.dg-struct-layout-1/t028 c_compat_x_tst.o-c_compat_y_tst.o execute
FAIL: gcc.dg/debug/dwarf2/dwarf-die7.c scan-assembler 1.*DW_AT_inline
FAIL: gcc.dg/20021014-1.c (test for excess errors)
FAIL: gcc.dg/builtins-20.c (test for excess errors)
FAIL: gcc.dg/c90-const-expr-3.c (test for excess errors)
FAIL: gcc.dg/c99-const-expr-3.c (test for excess errors)
WARNING: program timed out.
FAIL: gcc.dg/c99-intconst-1.c (test for excess errors)
FAIL: gcc.dg/intmax_t-1.c (test for excess errors)
FAIL: gcc.dg/nest.c (test for excess errors)
FAIL: gcc.dg/simd-2.c (test for excess errors)
FAIL: gcc.dg/uninit-H.c (test for bogus messages, line 20)
FAIL: gcc.dg/noncompile/920507-1.c -O1 (test for excess errors)
FAIL: gcc.dg/noncompile/920507-1.c -O2 (test for excess errors)
FAIL: gcc.dg/noncompile/920507-1.c -O3 -fomit-frame-pointer (test for excess errors)
FAIL: gcc.dg/noncompile/920507-1.c -O3 -g (test for excess errors)
FAIL: gcc.dg/noncompile/920507-1.c -Os (test for excess errors)
FAIL: gcc.dg/torture/builtin-convert-1.c -O1 (test for excess errors)
FAIL: gcc.dg/torture/builtin-convert-1.c -O2 (test for excess errors)
FAIL: gcc.dg/torture/builtin-convert-1.c -O3 -fomit-frame-pointer (test for excess errors)
FAIL: gcc.dg/torture/builtin-convert-1.c -O3 -g (test for excess errors)
FAIL: gcc.dg/torture/builtin-convert-1.c -Os (test for excess errors)
FAIL: gcc.dg/torture/builtin-convert-2.c -O1 (test for excess errors)
FAIL: gcc.dg/torture/builtin-convert-2.c -O2 (test for excess errors)
FAIL: gcc.dg/torture/builtin-convert-2.c -O3 -fomit-frame-pointer (test for excess errors)
FAIL: gcc.dg/torture/builtin-convert-2.c -O3 -g (test for excess errors)
FAIL: gcc.dg/torture/builtin-convert-2.c -Os (test for excess errors)
FAIL: gcc.dg/torture/builtin-convert-3.c -O1 (test for excess errors)
FAIL: gcc.dg/torture/builtin-convert-3.c -O2 (test for excess errors)
FAIL: gcc.dg/torture/builtin-convert-3.c -O3 -fomit-frame-pointer (test for excess errors)
FAIL: gcc.dg/torture/builtin-convert-3.c -O3 -g (test for excess errors)
FAIL: gcc.dg/torture/builtin-convert-3.c -Os (test for excess errors)
FAIL: gcc.dg/torture/builtin-power-1.c -O0 (test for excess errors)
FAIL: gcc.dg/torture/builtin-power-1.c -O1 (test for excess errors)
FAIL: gcc.dg/torture/builtin-power-1.c -O2 (test for excess errors)
FAIL: gcc.dg/torture/builtin-power-1.c -O3 -fomit-frame-pointer (test for excess errors)
FAIL: gcc.dg/torture/builtin-power-1.c -O3 -g (test for excess errors)
FAIL: gcc.dg/torture/builtin-power-1.c -Os (test for excess errors)
XPASS: gcc.dg/tree-ssa/20040204-1.c scan-tree-dump-times link_error 0
FAIL: gcc.dg/tree-ssa/loop-1.c scan-assembler-times foo 5
=== gcc Summary for sh64 ===
# of expected passes 28535
# of unexpected failures 177
# of unexpected successes 3
# of expected failures 67
# of unresolved testcases 75
# of untested testcases 28
# of unsupported tests 497
Running target sh64/-ml
WARNING: program timed out.
FAIL: gcc.c-torture/compile/20001226-1.c -O3 -g (test for excess errors)
FAIL: gcc.c-torture/compile/simd-4.c -O0 (test for excess errors)
FAIL: gcc.c-torture/execute/20000822-1.c execution, -Os
XPASS: gcc.c-torture/execute/20020227-1.c execution, -O3 -fomit-frame-pointer
XPASS: gcc.c-torture/execute/20020227-1.c execution, -O3 -g
FAIL: gcc.c-torture/execute/20021120-1.c compilation, -O3 -fomit-frame-pointer
UNRESOLVED: gcc.c-torture/execute/20021120-1.c execution, -O3 -fomit-frame-pointer
FAIL: gcc.c-torture/execute/20021120-1.c compilation, -O3 -fomit-frame-pointer -funroll-loops
UNRESOLVED: gcc.c-torture/execute/20021120-1.c execution, -O3 -fomit-frame-pointer -funroll-loops
FAIL: gcc.c-torture/execute/20021120-1.c compilation, -O3 -fomit-frame-pointer -funroll-all-loops -finline-functions
UNRESOLVED: gcc.c-torture/execute/20021120-1.c execution, -O3 -fomit-frame-pointer -funroll-all-loops -finline-functions
FAIL: gcc.c-torture/execute/20021120-1.c compilation, -O3 -g
UNRESOLVED: gcc.c-torture/execute/20021120-1.c execution, -O3 -g
FAIL: gcc.c-torture/execute/20030714-1.c compilation, -O3 -fomit-frame-pointer
UNRESOLVED: gcc.c-torture/execute/20030714-1.c execution, -O3 -fomit-frame-pointer
FAIL: gcc.c-torture/execute/20030714-1.c compilation, -O3 -g
UNRESOLVED: gcc.c-torture/execute/20030714-1.c execution, -O3 -g
FAIL: gcc.c-torture/execute/920501-7.c execution, -Os
FAIL: gcc.c-torture/execute/930603-1.c execution, -O1
FAIL: gcc.c-torture/execute/930603-1.c execution, -O2
FAIL: gcc.c-torture/execute/930603-1.c execution, -Os
FAIL: gcc.c-torture/execute/990628-1.c compilation, -O3 -fomit-frame-pointer
UNRESOLVED: gcc.c-torture/execute/990628-1.c execution, -O3 -fomit-frame-pointer
FAIL: gcc.c-torture/execute/990628-1.c compilation, -O3 -fomit-frame-pointer -funroll-loops
UNRESOLVED: gcc.c-torture/execute/990628-1.c execution, -O3 -fomit-frame-pointer -funroll-loops
FAIL: gcc.c-torture/execute/990628-1.c compilation, -O3 -fomit-frame-pointer -funroll-all-loops -finline-functions
UNRESOLVED: gcc.c-torture/execute/990628-1.c execution, -O3 -fomit-frame-pointer -funroll-all-loops -finline-functions
FAIL: gcc.c-torture/execute/990628-1.c compilation, -O3 -g
UNRESOLVED: gcc.c-torture/execute/990628-1.c execution, -O3 -g
FAIL: gcc.c-torture/execute/builtin-bitops-1.c execution, -O2
FAIL: gcc.c-torture/execute/builtin-bitops-1.c execution, -Os
FAIL: gcc.c-torture/execute/comp-goto-2.c execution, -Os
FAIL: gcc.c-torture/execute/conversion.c execution, -O2
FAIL: gcc.c-torture/execute/nestfunc-3.c execution, -Os
FAIL: gcc.c-torture/execute/nestfunc-5.c execution, -Os
FAIL: gcc.c-torture/execute/nestfunc-6.c execution, -Os
FAIL: gcc.c-torture/execute/ieee/20030331-1.c compilation, -O3 -fomit-frame-pointer
UNRESOLVED: gcc.c-torture/execute/ieee/20030331-1.c execution, -O3 -fomit-frame-pointer
FAIL: gcc.c-torture/execute/ieee/20030331-1.c compilation, -O3 -g
UNRESOLVED: gcc.c-torture/execute/ieee/20030331-1.c execution, -O3 -g
FAIL: gcc.dg/compat/struct-layout-1 c_compat_main_tst.o compile
FAIL: gcc.dg/compat/struct-layout-1 c_compat_x_tst.o compile
FAIL: gcc.dg/compat/struct-layout-1 c_compat_y_tst.o compile
UNRESOLVED: gcc.dg/compat/struct-layout-1 c_compat_x_tst.o-c_compat_y_tst.o link
UNRESOLVED: gcc.dg/compat/struct-layout-1 c_compat_x_tst.o-c_compat_y_tst.o execute
FAIL: tmpdir-gcc.dg-struct-layout-1/t001 c_compat_main_tst.o compile
FAIL: tmpdir-gcc.dg-struct-layout-1/t001 c_compat_x_tst.o compile
FAIL: tmpdir-gcc.dg-struct-layout-1/t001 c_compat_y_tst.o compile
UNRESOLVED: tmpdir-gcc.dg-struct-layout-1/t001 c_compat_x_tst.o-c_compat_y_tst.o link
UNRESOLVED: tmpdir-gcc.dg-struct-layout-1/t001 c_compat_x_tst.o-c_compat_y_tst.o execute
FAIL: tmpdir-gcc.dg-struct-layout-1/t002 c_compat_main_tst.o compile
FAIL: tmpdir-gcc.dg-struct-layout-1/t002 c_compat_x_tst.o compile
FAIL: tmpdir-gcc.dg-struct-layout-1/t002 c_compat_y_tst.o compile
UNRESOLVED: tmpdir-gcc.dg-struct-layout-1/t002 c_compat_x_tst.o-c_compat_y_tst.o link
UNRESOLVED: tmpdir-gcc.dg-struct-layout-1/t002 c_compat_x_tst.o-c_compat_y_tst.o execute
FAIL: tmpdir-gcc.dg-struct-layout-1/t003 c_compat_main_tst.o compile
FAIL: tmpdir-gcc.dg-struct-layout-1/t003 c_compat_x_tst.o compile
FAIL: tmpdir-gcc.dg-struct-layout-1/t003 c_compat_y_tst.o compile
UNRESOLVED: tmpdir-gcc.dg-struct-layout-1/t003 c_compat_x_tst.o-c_compat_y_tst.o link
UNRESOLVED: tmpdir-gcc.dg-struct-layout-1/t003 c_compat_x_tst.o-c_compat_y_tst.o execute
FAIL: tmpdir-gcc.dg-struct-layout-1/t004 c_compat_main_tst.o compile
FAIL: tmpdir-gcc.dg-struct-layout-1/t004 c_compat_x_tst.o compile
FAIL: tmpdir-gcc.dg-struct-layout-1/t004 c_compat_y_tst.o compile
UNRESOLVED: tmpdir-gcc.dg-struct-layout-1/t004 c_compat_x_tst.o-c_compat_y_tst.o link
UNRESOLVED: tmpdir-gcc.dg-struct-layout-1/t004 c_compat_x_tst.o-c_compat_y_tst.o execute
FAIL: tmpdir-gcc.dg-struct-layout-1/t005 c_compat_main_tst.o compile
FAIL: tmpdir-gcc.dg-struct-layout-1/t005 c_compat_x_tst.o compile
FAIL: tmpdir-gcc.dg-struct-layout-1/t005 c_compat_y_tst.o compile
UNRESOLVED: tmpdir-gcc.dg-struct-layout-1/t005 c_compat_x_tst.o-c_compat_y_tst.o link
UNRESOLVED: tmpdir-gcc.dg-struct-layout-1/t005 c_compat_x_tst.o-c_compat_y_tst.o execute
FAIL: tmpdir-gcc.dg-struct-layout-1/t006 c_compat_main_tst.o compile
FAIL: tmpdir-gcc.dg-struct-layout-1/t006 c_compat_x_tst.o compile
FAIL: tmpdir-gcc.dg-struct-layout-1/t006 c_compat_y_tst.o compile
UNRESOLVED: tmpdir-gcc.dg-struct-layout-1/t006 c_compat_x_tst.o-c_compat_y_tst.o link
UNRESOLVED: tmpdir-gcc.dg-struct-layout-1/t006 c_compat_x_tst.o-c_compat_y_tst.o execute
FAIL: tmpdir-gcc.dg-struct-layout-1/t007 c_compat_main_tst.o compile
FAIL: tmpdir-gcc.dg-struct-layout-1/t007 c_compat_x_tst.o compile
FAIL: tmpdir-gcc.dg-struct-layout-1/t007 c_compat_y_tst.o compile
UNRESOLVED: tmpdir-gcc.dg-struct-layout-1/t007 c_compat_x_tst.o-c_compat_y_tst.o link
UNRESOLVED: tmpdir-gcc.dg-struct-layout-1/t007 c_compat_x_tst.o-c_compat_y_tst.o execute
FAIL: tmpdir-gcc.dg-struct-layout-1/t008 c_compat_main_tst.o compile
FAIL: tmpdir-gcc.dg-struct-layout-1/t008 c_compat_x_tst.o compile
FAIL: tmpdir-gcc.dg-struct-layout-1/t008 c_compat_y_tst.o compile
UNRESOLVED: tmpdir-gcc.dg-struct-layout-1/t008 c_compat_x_tst.o-c_compat_y_tst.o link
UNRESOLVED: tmpdir-gcc.dg-struct-layout-1/t008 c_compat_x_tst.o-c_compat_y_tst.o execute
FAIL: tmpdir-gcc.dg-struct-layout-1/t009 c_compat_main_tst.o compile
FAIL: tmpdir-gcc.dg-struct-layout-1/t009 c_compat_x_tst.o compile
FAIL: tmpdir-gcc.dg-struct-layout-1/t009 c_compat_y_tst.o compile
UNRESOLVED: tmpdir-gcc.dg-struct-layout-1/t009 c_compat_x_tst.o-c_compat_y_tst.o link
UNRESOLVED: tmpdir-gcc.dg-struct-layout-1/t009 c_compat_x_tst.o-c_compat_y_tst.o execute
FAIL: tmpdir-gcc.dg-struct-layout-1/t010 c_compat_main_tst.o compile
FAIL: tmpdir-gcc.dg-struct-layout-1/t010 c_compat_x_tst.o compile
FAIL: tmpdir-gcc.dg-struct-layout-1/t010 c_compat_y_tst.o compile
UNRESOLVED: tmpdir-gcc.dg-struct-layout-1/t010 c_compat_x_tst.o-c_compat_y_tst.o link
UNRESOLVED: tmpdir-gcc.dg-struct-layout-1/t010 c_compat_x_tst.o-c_compat_y_tst.o execute
FAIL: tmpdir-gcc.dg-struct-layout-1/t011 c_compat_main_tst.o compile
FAIL: tmpdir-gcc.dg-struct-layout-1/t011 c_compat_x_tst.o compile
FAIL: tmpdir-gcc.dg-struct-layout-1/t011 c_compat_y_tst.o compile
UNRESOLVED: tmpdir-gcc.dg-struct-layout-1/t011 c_compat_x_tst.o-c_compat_y_tst.o link
UNRESOLVED: tmpdir-gcc.dg-struct-layout-1/t011 c_compat_x_tst.o-c_compat_y_tst.o execute
FAIL: tmpdir-gcc.dg-struct-layout-1/t012 c_compat_main_tst.o compile
FAIL: tmpdir-gcc.dg-struct-layout-1/t012 c_compat_x_tst.o compile
FAIL: tmpdir-gcc.dg-struct-layout-1/t012 c_compat_y_tst.o compile
UNRESOLVED: tmpdir-gcc.dg-struct-layout-1/t012 c_compat_x_tst.o-c_compat_y_tst.o link
UNRESOLVED: tmpdir-gcc.dg-struct-layout-1/t012 c_compat_x_tst.o-c_compat_y_tst.o execute
FAIL: tmpdir-gcc.dg-struct-layout-1/t013 c_compat_main_tst.o compile
FAIL: tmpdir-gcc.dg-struct-layout-1/t013 c_compat_x_tst.o compile
FAIL: tmpdir-gcc.dg-struct-layout-1/t013 c_compat_y_tst.o compile
UNRESOLVED: tmpdir-gcc.dg-struct-layout-1/t013 c_compat_x_tst.o-c_compat_y_tst.o link
UNRESOLVED: tmpdir-gcc.dg-struct-layout-1/t013 c_compat_x_tst.o-c_compat_y_tst.o execute
FAIL: tmpdir-gcc.dg-struct-layout-1/t014 c_compat_main_tst.o compile
FAIL: tmpdir-gcc.dg-struct-layout-1/t014 c_compat_x_tst.o compile
FAIL: tmpdir-gcc.dg-struct-layout-1/t014 c_compat_y_tst.o compile
UNRESOLVED: tmpdir-gcc.dg-struct-layout-1/t014 c_compat_x_tst.o-c_compat_y_tst.o link
UNRESOLVED: tmpdir-gcc.dg-struct-layout-1/t014 c_compat_x_tst.o-c_compat_y_tst.o execute
FAIL: tmpdir-gcc.dg-struct-layout-1/t015 c_compat_main_tst.o compile
FAIL: tmpdir-gcc.dg-struct-layout-1/t015 c_compat_x_tst.o compile
FAIL: tmpdir-gcc.dg-struct-layout-1/t015 c_compat_y_tst.o compile
UNRESOLVED: tmpdir-gcc.dg-struct-layout-1/t015 c_compat_x_tst.o-c_compat_y_tst.o link
UNRESOLVED: tmpdir-gcc.dg-struct-layout-1/t015 c_compat_x_tst.o-c_compat_y_tst.o execute
FAIL: tmpdir-gcc.dg-struct-layout-1/t016 c_compat_main_tst.o compile
FAIL: tmpdir-gcc.dg-struct-layout-1/t016 c_compat_x_tst.o compile
FAIL: tmpdir-gcc.dg-struct-layout-1/t016 c_compat_y_tst.o compile
UNRESOLVED: tmpdir-gcc.dg-struct-layout-1/t016 c_compat_x_tst.o-c_compat_y_tst.o link
UNRESOLVED: tmpdir-gcc.dg-struct-layout-1/t016 c_compat_x_tst.o-c_compat_y_tst.o execute
FAIL: tmpdir-gcc.dg-struct-layout-1/t017 c_compat_main_tst.o compile
FAIL: tmpdir-gcc.dg-struct-layout-1/t017 c_compat_x_tst.o compile
FAIL: tmpdir-gcc.dg-struct-layout-1/t017 c_compat_y_tst.o compile
UNRESOLVED: tmpdir-gcc.dg-struct-layout-1/t017 c_compat_x_tst.o-c_compat_y_tst.o link
UNRESOLVED: tmpdir-gcc.dg-struct-layout-1/t017 c_compat_x_tst.o-c_compat_y_tst.o execute
FAIL: tmpdir-gcc.dg-struct-layout-1/t018 c_compat_main_tst.o compile
FAIL: tmpdir-gcc.dg-struct-layout-1/t018 c_compat_x_tst.o compile
FAIL: tmpdir-gcc.dg-struct-layout-1/t018 c_compat_y_tst.o compile
UNRESOLVED: tmpdir-gcc.dg-struct-layout-1/t018 c_compat_x_tst.o-c_compat_y_tst.o link
UNRESOLVED: tmpdir-gcc.dg-struct-layout-1/t018 c_compat_x_tst.o-c_compat_y_tst.o execute
FAIL: tmpdir-gcc.dg-struct-layout-1/t019 c_compat_main_tst.o compile
FAIL: tmpdir-gcc.dg-struct-layout-1/t019 c_compat_x_tst.o compile
FAIL: tmpdir-gcc.dg-struct-layout-1/t019 c_compat_y_tst.o compile
UNRESOLVED: tmpdir-gcc.dg-struct-layout-1/t019 c_compat_x_tst.o-c_compat_y_tst.o link
UNRESOLVED: tmpdir-gcc.dg-struct-layout-1/t019 c_compat_x_tst.o-c_compat_y_tst.o execute
FAIL: tmpdir-gcc.dg-struct-layout-1/t020 c_compat_main_tst.o compile
FAIL: tmpdir-gcc.dg-struct-layout-1/t020 c_compat_x_tst.o compile
FAIL: tmpdir-gcc.dg-struct-layout-1/t020 c_compat_y_tst.o compile
UNRESOLVED: tmpdir-gcc.dg-struct-layout-1/t020 c_compat_x_tst.o-c_compat_y_tst.o link
UNRESOLVED: tmpdir-gcc.dg-struct-layout-1/t020 c_compat_x_tst.o-c_compat_y_tst.o execute
FAIL: tmpdir-gcc.dg-struct-layout-1/t021 c_compat_main_tst.o compile
FAIL: tmpdir-gcc.dg-struct-layout-1/t021 c_compat_x_tst.o compile
FAIL: tmpdir-gcc.dg-struct-layout-1/t021 c_compat_y_tst.o compile
UNRESOLVED: tmpdir-gcc.dg-struct-layout-1/t021 c_compat_x_tst.o-c_compat_y_tst.o link
UNRESOLVED: tmpdir-gcc.dg-struct-layout-1/t021 c_compat_x_tst.o-c_compat_y_tst.o execute
FAIL: tmpdir-gcc.dg-struct-layout-1/t022 c_compat_main_tst.o compile
FAIL: tmpdir-gcc.dg-struct-layout-1/t022 c_compat_x_tst.o compile
FAIL: tmpdir-gcc.dg-struct-layout-1/t022 c_compat_y_tst.o compile
UNRESOLVED: tmpdir-gcc.dg-struct-layout-1/t022 c_compat_x_tst.o-c_compat_y_tst.o link
UNRESOLVED: tmpdir-gcc.dg-struct-layout-1/t022 c_compat_x_tst.o-c_compat_y_tst.o execute
FAIL: tmpdir-gcc.dg-struct-layout-1/t023 c_compat_main_tst.o compile
FAIL: tmpdir-gcc.dg-struct-layout-1/t023 c_compat_x_tst.o compile
FAIL: tmpdir-gcc.dg-struct-layout-1/t023 c_compat_y_tst.o compile
UNRESOLVED: tmpdir-gcc.dg-struct-layout-1/t023 c_compat_x_tst.o-c_compat_y_tst.o link
UNRESOLVED: tmpdir-gcc.dg-struct-layout-1/t023 c_compat_x_tst.o-c_compat_y_tst.o execute
FAIL: tmpdir-gcc.dg-struct-layout-1/t024 c_compat_main_tst.o compile
FAIL: tmpdir-gcc.dg-struct-layout-1/t024 c_compat_x_tst.o compile
FAIL: tmpdir-gcc.dg-struct-layout-1/t024 c_compat_y_tst.o compile
UNRESOLVED: tmpdir-gcc.dg-struct-layout-1/t024 c_compat_x_tst.o-c_compat_y_tst.o link
UNRESOLVED: tmpdir-gcc.dg-struct-layout-1/t024 c_compat_x_tst.o-c_compat_y_tst.o execute
FAIL: tmpdir-gcc.dg-struct-layout-1/t025 c_compat_main_tst.o compile
FAIL: tmpdir-gcc.dg-struct-layout-1/t025 c_compat_x_tst.o compile
FAIL: tmpdir-gcc.dg-struct-layout-1/t025 c_compat_y_tst.o compile
UNRESOLVED: tmpdir-gcc.dg-struct-layout-1/t025 c_compat_x_tst.o-c_compat_y_tst.o link
UNRESOLVED: tmpdir-gcc.dg-struct-layout-1/t025 c_compat_x_tst.o-c_compat_y_tst.o execute
FAIL: tmpdir-gcc.dg-struct-layout-1/t026 c_compat_main_tst.o compile
FAIL: tmpdir-gcc.dg-struct-layout-1/t026 c_compat_x_tst.o compile
FAIL: tmpdir-gcc.dg-struct-layout-1/t026 c_compat_y_tst.o compile
UNRESOLVED: tmpdir-gcc.dg-struct-layout-1/t026 c_compat_x_tst.o-c_compat_y_tst.o link
UNRESOLVED: tmpdir-gcc.dg-struct-layout-1/t026 c_compat_x_tst.o-c_compat_y_tst.o execute
FAIL: tmpdir-gcc.dg-struct-layout-1/t027 c_compat_main_tst.o compile
FAIL: tmpdir-gcc.dg-struct-layout-1/t027 c_compat_x_tst.o compile
FAIL: tmpdir-gcc.dg-struct-layout-1/t027 c_compat_y_tst.o compile
UNRESOLVED: tmpdir-gcc.dg-struct-layout-1/t027 c_compat_x_tst.o-c_compat_y_tst.o link
UNRESOLVED: tmpdir-gcc.dg-struct-layout-1/t027 c_compat_x_tst.o-c_compat_y_tst.o execute
FAIL: tmpdir-gcc.dg-struct-layout-1/t028 c_compat_main_tst.o compile
FAIL: tmpdir-gcc.dg-struct-layout-1/t028 c_compat_x_tst.o compile
FAIL: tmpdir-gcc.dg-struct-layout-1/t028 c_compat_y_tst.o compile
UNRESOLVED: tmpdir-gcc.dg-struct-layout-1/t028 c_compat_x_tst.o-c_compat_y_tst.o link
UNRESOLVED: tmpdir-gcc.dg-struct-layout-1/t028 c_compat_x_tst.o-c_compat_y_tst.o execute
FAIL: gcc.dg/debug/dwarf2/dwarf-die7.c scan-assembler 1.*DW_AT_inline
FAIL: gcc.dg/20021014-1.c (test for excess errors)
FAIL: gcc.dg/builtins-20.c (test for excess errors)
FAIL: gcc.dg/c90-const-expr-3.c (test for excess errors)
FAIL: gcc.dg/c99-const-expr-3.c (test for excess errors)
WARNING: program timed out.
FAIL: gcc.dg/c99-intconst-1.c (test for excess errors)
FAIL: gcc.dg/intmax_t-1.c (test for excess errors)
FAIL: gcc.dg/nest.c (test for excess errors)
FAIL: gcc.dg/simd-2.c (test for excess errors)
FAIL: gcc.dg/uninit-H.c (test for bogus messages, line 20)
FAIL: gcc.dg/torture/builtin-convert-1.c -O1 (test for excess errors)
FAIL: gcc.dg/torture/builtin-convert-1.c -O2 (test for excess errors)
FAIL: gcc.dg/torture/builtin-convert-1.c -O3 -fomit-frame-pointer (test for excess errors)
FAIL: gcc.dg/torture/builtin-convert-1.c -O3 -g (test for excess errors)
FAIL: gcc.dg/torture/builtin-convert-1.c -Os (test for excess errors)
FAIL: gcc.dg/torture/builtin-convert-2.c -O1 (test for excess errors)
FAIL: gcc.dg/torture/builtin-convert-2.c -O2 (test for excess errors)
FAIL: gcc.dg/torture/builtin-convert-2.c -O3 -fomit-frame-pointer (test for excess errors)
FAIL: gcc.dg/torture/builtin-convert-2.c -O3 -g (test for excess errors)
FAIL: gcc.dg/torture/builtin-convert-2.c -Os (test for excess errors)
FAIL: gcc.dg/torture/builtin-convert-3.c -O1 (test for excess errors)
FAIL: gcc.dg/torture/builtin-convert-3.c -O2 (test for excess errors)
FAIL: gcc.dg/torture/builtin-convert-3.c -O3 -fomit-frame-pointer (test for excess errors)
FAIL: gcc.dg/torture/builtin-convert-3.c -O3 -g (test for excess errors)
FAIL: gcc.dg/torture/builtin-convert-3.c -Os (test for excess errors)
FAIL: gcc.dg/torture/builtin-power-1.c -O0 (test for excess errors)
FAIL: gcc.dg/torture/builtin-power-1.c -O1 (test for excess errors)
FAIL: gcc.dg/torture/builtin-power-1.c -O2 (test for excess errors)
FAIL: gcc.dg/torture/builtin-power-1.c -O3 -fomit-frame-pointer (test for excess errors)
FAIL: gcc.dg/torture/builtin-power-1.c -O3 -g (test for excess errors)
FAIL: gcc.dg/torture/builtin-power-1.c -Os (test for excess errors)
XPASS: gcc.dg/tree-ssa/20040204-1.c scan-tree-dump-times link_error 0
FAIL: gcc.dg/tree-ssa/loop-1.c scan-assembler-times foo 5
=== gcc Summary for sh64/-ml ===
# of expected passes 28572
# of unexpected failures 145
# of unexpected successes 3
# of expected failures 67
# of unresolved testcases 70
# of untested testcases 28
# of unsupported tests 497
Running target sh64/-m5-compact/-ml
FAIL: gcc.c-torture/compile/20001123-1.c -O0 (test for excess errors)
FAIL: gcc.c-torture/compile/20001123-1.c -O1 (test for excess errors)
FAIL: gcc.c-torture/compile/20001123-1.c -O2 (test for excess errors)
FAIL: gcc.c-torture/compile/20001123-1.c -O3 -fomit-frame-pointer (test for excess errors)
FAIL: gcc.c-torture/compile/20001123-1.c -O3 -g (test for excess errors)
FAIL: gcc.c-torture/compile/20001123-1.c -Os (test for excess errors)
WARNING: program timed out.
FAIL: gcc.c-torture/compile/20001226-1.c -O3 -g (test for excess errors)
FAIL: gcc.c-torture/compile/simd-2.c -O0 (test for excess errors)
FAIL: gcc.c-torture/compile/simd-2.c -O1 (test for excess errors)
FAIL: gcc.c-torture/compile/simd-2.c -O2 (test for excess errors)
FAIL: gcc.c-torture/compile/simd-2.c -O3 -fomit-frame-pointer (test for excess errors)
FAIL: gcc.c-torture/compile/simd-2.c -O3 -g (test for excess errors)
FAIL: gcc.c-torture/compile/simd-2.c -Os (test for excess errors)
FAIL: gcc.c-torture/execute/20000519-1.c compilation, -O0
UNRESOLVED: gcc.c-torture/execute/20000519-1.c execution, -O0
FAIL: gcc.c-torture/execute/20000519-1.c compilation, -O1
UNRESOLVED: gcc.c-torture/execute/20000519-1.c execution, -O1
FAIL: gcc.c-torture/execute/20000519-1.c compilation, -O2
UNRESOLVED: gcc.c-torture/execute/20000519-1.c execution, -O2
FAIL: gcc.c-torture/execute/20000519-1.c compilation, -O3 -fomit-frame-pointer
UNRESOLVED: gcc.c-torture/execute/20000519-1.c execution, -O3 -fomit-frame-pointer
FAIL: gcc.c-torture/execute/20000519-1.c compilation, -O3 -fomit-frame-pointer -funroll-loops
UNRESOLVED: gcc.c-torture/execute/20000519-1.c execution, -O3 -fomit-frame-pointer -funroll-loops
FAIL: gcc.c-torture/execute/20000519-1.c compilation, -O3 -fomit-frame-pointer -funroll-all-loops -finline-functions
UNRESOLVED: gcc.c-torture/execute/20000519-1.c execution, -O3 -fomit-frame-pointer -funroll-all-loops -finline-functions
FAIL: gcc.c-torture/execute/20000519-1.c compilation, -O3 -g
UNRESOLVED: gcc.c-torture/execute/20000519-1.c execution, -O3 -g
FAIL: gcc.c-torture/execute/20000519-1.c compilation, -Os
UNRESOLVED: gcc.c-torture/execute/20000519-1.c execution, -Os
FAIL: gcc.c-torture/execute/20000822-1.c execution, -Os
XPASS: gcc.c-torture/execute/20020227-1.c execution, -O0
XPASS: gcc.c-torture/execute/20020227-1.c execution, -O1
XPASS: gcc.c-torture/execute/20020227-1.c execution, -O2
XPASS: gcc.c-torture/execute/20020227-1.c execution, -O3 -fomit-frame-pointer
XPASS: gcc.c-torture/execute/20020227-1.c execution, -O3 -g
XPASS: gcc.c-torture/execute/20020227-1.c execution, -Os
FAIL: gcc.c-torture/execute/20020412-1.c compilation, -O0
UNRESOLVED: gcc.c-torture/execute/20020412-1.c execution, -O0
FAIL: gcc.c-torture/execute/20020412-1.c compilation, -O1
UNRESOLVED: gcc.c-torture/execute/20020412-1.c execution, -O1
FAIL: gcc.c-torture/execute/20020412-1.c compilation, -O2
UNRESOLVED: gcc.c-torture/execute/20020412-1.c execution, -O2
FAIL: gcc.c-torture/execute/20020412-1.c compilation, -O3 -fomit-frame-pointer
UNRESOLVED: gcc.c-torture/execute/20020412-1.c execution, -O3 -fomit-frame-pointer
FAIL: gcc.c-torture/execute/20020412-1.c compilation, -O3 -fomit-frame-pointer -funroll-loops
UNRESOLVED: gcc.c-torture/execute/20020412-1.c execution, -O3 -fomit-frame-pointer -funroll-loops
FAIL: gcc.c-torture/execute/20020412-1.c compilation, -O3 -fomit-frame-pointer -funroll-all-loops -finline-functions
UNRESOLVED: gcc.c-torture/execute/20020412-1.c execution, -O3 -fomit-frame-pointer -funroll-all-loops -finline-functions
FAIL: gcc.c-torture/execute/20020412-1.c compilation, -O3 -g
UNRESOLVED: gcc.c-torture/execute/20020412-1.c execution, -O3 -g
FAIL: gcc.c-torture/execute/20020412-1.c compilation, -Os
UNRESOLVED: gcc.c-torture/execute/20020412-1.c execution, -Os
FAIL: gcc.c-torture/execute/20020720-1.c compilation, -O1
UNRESOLVED: gcc.c-torture/execute/20020720-1.c execution, -O1
FAIL: gcc.c-torture/execute/20020720-1.c compilation, -O2
UNRESOLVED: gcc.c-torture/execute/20020720-1.c execution, -O2
FAIL: gcc.c-torture/execute/20020720-1.c compilation, -O3 -fomit-frame-pointer
UNRESOLVED: gcc.c-torture/execute/20020720-1.c execution, -O3 -fomit-frame-pointer
FAIL: gcc.c-torture/execute/20020720-1.c compilation, -O3 -g
UNRESOLVED: gcc.c-torture/execute/20020720-1.c execution, -O3 -g
FAIL: gcc.c-torture/execute/20020720-1.c compilation, -Os
UNRESOLVED: gcc.c-torture/execute/20020720-1.c execution, -Os
FAIL: gcc.c-torture/execute/920428-2.c execution, -O2
FAIL: gcc.c-torture/execute/920428-2.c execution, -O3 -fomit-frame-pointer
FAIL: gcc.c-torture/execute/920428-2.c execution, -O3 -g
FAIL: gcc.c-torture/execute/920501-7.c execution, -Os
FAIL: gcc.c-torture/execute/920501-8.c compilation, -O0
UNRESOLVED: gcc.c-torture/execute/920501-8.c execution, -O0
FAIL: gcc.c-torture/execute/920501-8.c compilation, -O1
UNRESOLVED: gcc.c-torture/execute/920501-8.c execution, -O1
FAIL: gcc.c-torture/execute/920501-8.c compilation, -O2
UNRESOLVED: gcc.c-torture/execute/920501-8.c execution, -O2
FAIL: gcc.c-torture/execute/920501-8.c compilation, -O3 -fomit-frame-pointer
UNRESOLVED: gcc.c-torture/execute/920501-8.c execution, -O3 -fomit-frame-pointer
FAIL: gcc.c-torture/execute/920501-8.c compilation, -O3 -g
UNRESOLVED: gcc.c-torture/execute/920501-8.c execution, -O3 -g
FAIL: gcc.c-torture/execute/920501-8.c compilation, -Os
UNRESOLVED: gcc.c-torture/execute/920501-8.c execution, -Os
FAIL: gcc.c-torture/execute/920625-1.c compilation, -O0
UNRESOLVED: gcc.c-torture/execute/920625-1.c execution, -O0
FAIL: gcc.c-torture/execute/920625-1.c compilation, -O1
UNRESOLVED: gcc.c-torture/execute/920625-1.c execution, -O1
FAIL: gcc.c-torture/execute/920625-1.c compilation, -O2
UNRESOLVED: gcc.c-torture/execute/920625-1.c execution, -O2
FAIL: gcc.c-torture/execute/920625-1.c compilation, -O3 -fomit-frame-pointer
UNRESOLVED: gcc.c-torture/execute/920625-1.c execution, -O3 -fomit-frame-pointer
FAIL: gcc.c-torture/execute/920625-1.c compilation, -O3 -fomit-frame-pointer -funroll-loops
UNRESOLVED: gcc.c-torture/execute/920625-1.c execution, -O3 -fomit-frame-pointer -funroll-loops
FAIL: gcc.c-torture/execute/920625-1.c compilation, -O3 -fomit-frame-pointer -funroll-all-loops -finline-functions
UNRESOLVED: gcc.c-torture/execute/920625-1.c execution, -O3 -fomit-frame-pointer -funroll-all-loops -finline-functions
FAIL: gcc.c-torture/execute/920625-1.c compilation, -O3 -g
UNRESOLVED: gcc.c-torture/execute/920625-1.c execution, -O3 -g
FAIL: gcc.c-torture/execute/920625-1.c compilation, -Os
UNRESOLVED: gcc.c-torture/execute/920625-1.c execution, -Os
FAIL: gcc.c-torture/execute/920726-1.c compilation, -O0
UNRESOLVED: gcc.c-torture/execute/920726-1.c execution, -O0
FAIL: gcc.c-torture/execute/920726-1.c compilation, -O1
UNRESOLVED: gcc.c-torture/execute/920726-1.c execution, -O1
FAIL: gcc.c-torture/execute/920726-1.c compilation, -O2
UNRESOLVED: gcc.c-torture/execute/920726-1.c execution, -O2
FAIL: gcc.c-torture/execute/920726-1.c compilation, -O3 -fomit-frame-pointer
UNRESOLVED: gcc.c-torture/execute/920726-1.c execution, -O3 -fomit-frame-pointer
FAIL: gcc.c-torture/execute/920726-1.c compilation, -O3 -fomit-frame-pointer -funroll-loops
UNRESOLVED: gcc.c-torture/execute/920726-1.c execution, -O3 -fomit-frame-pointer -funroll-loops
FAIL: gcc.c-torture/execute/920726-1.c compilation, -O3 -fomit-frame-pointer -funroll-all-loops -finline-functions
UNRESOLVED: gcc.c-torture/execute/920726-1.c execution, -O3 -fomit-frame-pointer -funroll-all-loops -finline-functions
FAIL: gcc.c-torture/execute/920726-1.c compilation, -O3 -g
UNRESOLVED: gcc.c-torture/execute/920726-1.c execution, -O3 -g
FAIL: gcc.c-torture/execute/920726-1.c compilation, -Os
UNRESOLVED: gcc.c-torture/execute/920726-1.c execution, -Os
FAIL: gcc.c-torture/execute/920908-1.c compilation, -O0
UNRESOLVED: gcc.c-torture/execute/920908-1.c execution, -O0
FAIL: gcc.c-torture/execute/920908-1.c compilation, -O1
UNRESOLVED: gcc.c-torture/execute/920908-1.c execution, -O1
FAIL: gcc.c-torture/execute/920908-1.c compilation, -O2
UNRESOLVED: gcc.c-torture/execute/920908-1.c execution, -O2
FAIL: gcc.c-torture/execute/920908-1.c compilation, -O3 -fomit-frame-pointer
UNRESOLVED: gcc.c-torture/execute/920908-1.c execution, -O3 -fomit-frame-pointer
FAIL: gcc.c-torture/execute/920908-1.c compilation, -O3 -g
UNRESOLVED: gcc.c-torture/execute/920908-1.c execution, -O3 -g
FAIL: gcc.c-torture/execute/920908-1.c compilation, -Os
UNRESOLVED: gcc.c-torture/execute/920908-1.c execution, -Os
FAIL: gcc.c-torture/execute/931004-10.c compilation, -O0
UNRESOLVED: gcc.c-torture/execute/931004-10.c execution, -O0
FAIL: gcc.c-torture/execute/931004-10.c compilation, -O1
UNRESOLVED: gcc.c-torture/execute/931004-10.c execution, -O1
FAIL: gcc.c-torture/execute/931004-10.c compilation, -O2
UNRESOLVED: gcc.c-torture/execute/931004-10.c execution, -O2
FAIL: gcc.c-torture/execute/931004-10.c compilation, -O3 -fomit-frame-pointer
UNRESOLVED: gcc.c-torture/execute/931004-10.c execution, -O3 -fomit-frame-pointer
FAIL: gcc.c-torture/execute/931004-10.c compilation, -O3 -fomit-frame-pointer -funroll-loops
UNRESOLVED: gcc.c-torture/execute/931004-10.c execution, -O3 -fomit-frame-pointer -funroll-loops
FAIL: gcc.c-torture/execute/931004-10.c compilation, -O3 -fomit-frame-pointer -funroll-all-loops -finline-functions
UNRESOLVED: gcc.c-torture/execute/931004-10.c execution, -O3 -fomit-frame-pointer -funroll-all-loops -finline-functions
FAIL: gcc.c-torture/execute/931004-10.c compilation, -O3 -g
UNRESOLVED: gcc.c-torture/execute/931004-10.c execution, -O3 -g
FAIL: gcc.c-torture/execute/931004-10.c compilation, -Os
UNRESOLVED: gcc.c-torture/execute/931004-10.c execution, -Os
FAIL: gcc.c-torture/execute/931004-12.c compilation, -O0
UNRESOLVED: gcc.c-torture/execute/931004-12.c execution, -O0
FAIL: gcc.c-torture/execute/931004-12.c compilation, -O1
UNRESOLVED: gcc.c-torture/execute/931004-12.c execution, -O1
FAIL: gcc.c-torture/execute/931004-12.c compilation, -O2
UNRESOLVED: gcc.c-torture/execute/931004-12.c execution, -O2
FAIL: gcc.c-torture/execute/931004-12.c compilation, -O3 -fomit-frame-pointer
UNRESOLVED: gcc.c-torture/execute/931004-12.c execution, -O3 -fomit-frame-pointer
FAIL: gcc.c-torture/execute/931004-12.c compilation, -O3 -fomit-frame-pointer -funroll-loops
UNRESOLVED: gcc.c-torture/execute/931004-12.c execution, -O3 -fomit-frame-pointer -funroll-loops
FAIL: gcc.c-torture/execute/931004-12.c compilation, -O3 -fomit-frame-pointer -funroll-all-loops -finline-functions
UNRESOLVED: gcc.c-torture/execute/931004-12.c execution, -O3 -fomit-frame-pointer -funroll-all-loops -finline-functions
FAIL: gcc.c-torture/execute/931004-12.c compilation, -O3 -g
UNRESOLVED: gcc.c-torture/execute/931004-12.c execution, -O3 -g
FAIL: gcc.c-torture/execute/931004-12.c compilation, -Os
UNRESOLVED: gcc.c-torture/execute/931004-12.c execution, -Os
FAIL: gcc.c-torture/execute/931004-14.c compilation, -O0
UNRESOLVED: gcc.c-torture/execute/931004-14.c execution, -O0
FAIL: gcc.c-torture/execute/931004-14.c compilation, -O1
UNRESOLVED: gcc.c-torture/execute/931004-14.c execution, -O1
FAIL: gcc.c-torture/execute/931004-14.c compilation, -O2
UNRESOLVED: gcc.c-torture/execute/931004-14.c execution, -O2
FAIL: gcc.c-torture/execute/931004-14.c compilation, -O3 -fomit-frame-pointer
UNRESOLVED: gcc.c-torture/execute/931004-14.c execution, -O3 -fomit-frame-pointer
FAIL: gcc.c-torture/execute/931004-14.c compilation, -O3 -fomit-frame-pointer -funroll-loops
UNRESOLVED: gcc.c-torture/execute/931004-14.c execution, -O3 -fomit-frame-pointer -funroll-loops
FAIL: gcc.c-torture/execute/931004-14.c compilation, -O3 -fomit-frame-pointer -funroll-all-loops -finline-functions
UNRESOLVED: gcc.c-torture/execute/931004-14.c execution, -O3 -fomit-frame-pointer -funroll-all-loops -finline-functions
FAIL: gcc.c-torture/execute/931004-14.c compilation, -O3 -g
UNRESOLVED: gcc.c-torture/execute/931004-14.c execution, -O3 -g
FAIL: gcc.c-torture/execute/931004-14.c compilation, -Os
UNRESOLVED: gcc.c-torture/execute/931004-14.c execution, -Os
FAIL: gcc.c-torture/execute/931004-2.c compilation, -O0
UNRESOLVED: gcc.c-torture/execute/931004-2.c execution, -O0
FAIL: gcc.c-torture/execute/931004-2.c compilation, -O1
UNRESOLVED: gcc.c-torture/execute/931004-2.c execution, -O1
FAIL: gcc.c-torture/execute/931004-2.c compilation, -O2
UNRESOLVED: gcc.c-torture/execute/931004-2.c execution, -O2
FAIL: gcc.c-torture/execute/931004-2.c compilation, -O3 -fomit-frame-pointer
UNRESOLVED: gcc.c-torture/execute/931004-2.c execution, -O3 -fomit-frame-pointer
FAIL: gcc.c-torture/execute/931004-2.c compilation, -O3 -fomit-frame-pointer -funroll-loops
UNRESOLVED: gcc.c-torture/execute/931004-2.c execution, -O3 -fomit-frame-pointer -funroll-loops
FAIL: gcc.c-torture/execute/931004-2.c compilation, -O3 -fomit-frame-pointer -funroll-all-loops -finline-functions
UNRESOLVED: gcc.c-torture/execute/931004-2.c execution, -O3 -fomit-frame-pointer -funroll-all-loops -finline-functions
FAIL: gcc.c-torture/execute/931004-2.c compilation, -O3 -g
UNRESOLVED: gcc.c-torture/execute/931004-2.c execution, -O3 -g
FAIL: gcc.c-torture/execute/931004-2.c compilation, -Os
UNRESOLVED: gcc.c-torture/execute/931004-2.c execution, -Os
FAIL: gcc.c-torture/execute/931004-4.c compilation, -O0
UNRESOLVED: gcc.c-torture/execute/931004-4.c execution, -O0
FAIL: gcc.c-torture/execute/931004-4.c compilation, -O1
UNRESOLVED: gcc.c-torture/execute/931004-4.c execution, -O1
FAIL: gcc.c-torture/execute/931004-4.c compilation, -O2
UNRESOLVED: gcc.c-torture/execute/931004-4.c execution, -O2
FAIL: gcc.c-torture/execute/931004-4.c compilation, -O3 -fomit-frame-pointer
UNRESOLVED: gcc.c-torture/execute/931004-4.c execution, -O3 -fomit-frame-pointer
FAIL: gcc.c-torture/execute/931004-4.c compilation, -O3 -fomit-frame-pointer -funroll-loops
UNRESOLVED: gcc.c-torture/execute/931004-4.c execution, -O3 -fomit-frame-pointer -funroll-loops
FAIL: gcc.c-torture/execute/931004-4.c compilation, -O3 -fomit-frame-pointer -funroll-all-loops -finline-functions
UNRESOLVED: gcc.c-torture/execute/931004-4.c execution, -O3 -fomit-frame-pointer -funroll-all-loops -finline-functions
FAIL: gcc.c-torture/execute/931004-4.c compilation, -O3 -g
UNRESOLVED: gcc.c-torture/execute/931004-4.c execution, -O3 -g
FAIL: gcc.c-torture/execute/931004-4.c compilation, -Os
UNRESOLVED: gcc.c-torture/execute/931004-4.c execution, -Os
FAIL: gcc.c-torture/execute/931004-6.c compilation, -O0
UNRESOLVED: gcc.c-torture/execute/931004-6.c execution, -O0
FAIL: gcc.c-torture/execute/931004-6.c compilation, -O1
UNRESOLVED: gcc.c-torture/execute/931004-6.c execution, -O1
FAIL: gcc.c-torture/execute/931004-6.c compilation, -O2
UNRESOLVED: gcc.c-torture/execute/931004-6.c execution, -O2
FAIL: gcc.c-torture/execute/931004-6.c compilation, -O3 -fomit-frame-pointer
UNRESOLVED: gcc.c-torture/execute/931004-6.c execution, -O3 -fomit-frame-pointer
FAIL: gcc.c-torture/execute/931004-6.c compilation, -O3 -fomit-frame-pointer -funroll-loops
UNRESOLVED: gcc.c-torture/execute/931004-6.c execution, -O3 -fomit-frame-pointer -funroll-loops
FAIL: gcc.c-torture/execute/931004-6.c compilation, -O3 -fomit-frame-pointer -funroll-all-loops -finline-functions
UNRESOLVED: gcc.c-torture/execute/931004-6.c execution, -O3 -fomit-frame-pointer -funroll-all-loops -finline-functions
FAIL: gcc.c-torture/execute/931004-6.c compilation, -O3 -g
UNRESOLVED: gcc.c-torture/execute/931004-6.c execution, -O3 -g
FAIL: gcc.c-torture/execute/931004-6.c compilation, -Os
UNRESOLVED: gcc.c-torture/execute/931004-6.c execution, -Os
FAIL: gcc.c-torture/execute/931004-8.c compilation, -O0
UNRESOLVED: gcc.c-torture/execute/931004-8.c execution, -O0
FAIL: gcc.c-torture/execute/931004-8.c compilation, -O1
UNRESOLVED: gcc.c-torture/execute/931004-8.c execution, -O1
FAIL: gcc.c-torture/execute/931004-8.c compilation, -O2
UNRESOLVED: gcc.c-torture/execute/931004-8.c execution, -O2
FAIL: gcc.c-torture/execute/931004-8.c compilation, -O3 -fomit-frame-pointer
UNRESOLVED: gcc.c-torture/execute/931004-8.c execution, -O3 -fomit-frame-pointer
FAIL: gcc.c-torture/execute/931004-8.c compilation, -O3 -fomit-frame-pointer -funroll-loops
UNRESOLVED: gcc.c-torture/execute/931004-8.c execution, -O3 -fomit-frame-pointer -funroll-loops
FAIL: gcc.c-torture/execute/931004-8.c compilation, -O3 -fomit-frame-pointer -funroll-all-loops -finline-functions
UNRESOLVED: gcc.c-torture/execute/931004-8.c execution, -O3 -fomit-frame-pointer -funroll-all-loops -finline-functions
FAIL: gcc.c-torture/execute/931004-8.c compilation, -O3 -g
UNRESOLVED: gcc.c-torture/execute/931004-8.c execution, -O3 -g
FAIL: gcc.c-torture/execute/931004-8.c compilation, -Os
UNRESOLVED: gcc.c-torture/execute/931004-8.c execution, -Os
FAIL: gcc.c-torture/execute/980205.c compilation, -O0
UNRESOLVED: gcc.c-torture/execute/980205.c execution, -O0
FAIL: gcc.c-torture/execute/980205.c compilation, -O1
UNRESOLVED: gcc.c-torture/execute/980205.c execution, -O1
FAIL: gcc.c-torture/execute/980205.c compilation, -O2
UNRESOLVED: gcc.c-torture/execute/980205.c execution, -O2
FAIL: gcc.c-torture/execute/980205.c compilation, -O3 -fomit-frame-pointer
UNRESOLVED: gcc.c-torture/execute/980205.c execution, -O3 -fomit-frame-pointer
FAIL: gcc.c-torture/execute/980205.c compilation, -O3 -g
UNRESOLVED: gcc.c-torture/execute/980205.c execution, -O3 -g
FAIL: gcc.c-torture/execute/980205.c compilation, -Os
UNRESOLVED: gcc.c-torture/execute/980205.c execution, -Os
FAIL: gcc.c-torture/execute/980608-1.c compilation, -O0
UNRESOLVED: gcc.c-torture/execute/980608-1.c execution, -O0
FAIL: gcc.c-torture/execute/980608-1.c compilation, -O1
UNRESOLVED: gcc.c-torture/execute/980608-1.c execution, -O1
FAIL: gcc.c-torture/execute/980608-1.c compilation, -O2
UNRESOLVED: gcc.c-torture/execute/980608-1.c execution, -O2
FAIL: gcc.c-torture/execute/980608-1.c compilation, -O3 -fomit-frame-pointer
UNRESOLVED: gcc.c-torture/execute/980608-1.c execution, -O3 -fomit-frame-pointer
FAIL: gcc.c-torture/execute/980608-1.c compilation, -O3 -g
UNRESOLVED: gcc.c-torture/execute/980608-1.c execution, -O3 -g
FAIL: gcc.c-torture/execute/980608-1.c compilation, -Os
UNRESOLVED: gcc.c-torture/execute/980608-1.c execution, -Os
FAIL: gcc.c-torture/execute/980716-1.c compilation, -O0
UNRESOLVED: gcc.c-torture/execute/980716-1.c execution, -O0
FAIL: gcc.c-torture/execute/980716-1.c compilation, -O1
UNRESOLVED: gcc.c-torture/execute/980716-1.c execution, -O1
FAIL: gcc.c-torture/execute/980716-1.c compilation, -O2
UNRESOLVED: gcc.c-torture/execute/980716-1.c execution, -O2
FAIL: gcc.c-torture/execute/980716-1.c compilation, -O3 -fomit-frame-pointer
UNRESOLVED: gcc.c-torture/execute/980716-1.c execution, -O3 -fomit-frame-pointer
FAIL: gcc.c-torture/execute/980716-1.c compilation, -O3 -fomit-frame-pointer -funroll-loops
UNRESOLVED: gcc.c-torture/execute/980716-1.c execution, -O3 -fomit-frame-pointer -funroll-loops
FAIL: gcc.c-torture/execute/980716-1.c compilation, -O3 -fomit-frame-pointer -funroll-all-loops -finline-functions
UNRESOLVED: gcc.c-torture/execute/980716-1.c execution, -O3 -fomit-frame-pointer -funroll-all-loops -finline-functions
FAIL: gcc.c-torture/execute/980716-1.c compilation, -O3 -g
UNRESOLVED: gcc.c-torture/execute/980716-1.c execution, -O3 -g
FAIL: gcc.c-torture/execute/980716-1.c compilation, -Os
UNRESOLVED: gcc.c-torture/execute/980716-1.c execution, -Os
FAIL: gcc.c-torture/execute/991216-2.c compilation, -O0
UNRESOLVED: gcc.c-torture/execute/991216-2.c execution, -O0
FAIL: gcc.c-torture/execute/991216-2.c compilation, -O1
UNRESOLVED: gcc.c-torture/execute/991216-2.c execution, -O1
FAIL: gcc.c-torture/execute/991216-2.c compilation, -O2
UNRESOLVED: gcc.c-torture/execute/991216-2.c execution, -O2
FAIL: gcc.c-torture/execute/991216-2.c compilation, -O3 -fomit-frame-pointer
UNRESOLVED: gcc.c-torture/execute/991216-2.c execution, -O3 -fomit-frame-pointer
FAIL: gcc.c-torture/execute/991216-2.c compilation, -O3 -fomit-frame-pointer -funroll-loops
UNRESOLVED: gcc.c-torture/execute/991216-2.c execution, -O3 -fomit-frame-pointer -funroll-loops
FAIL: gcc.c-torture/execute/991216-2.c compilation, -O3 -fomit-frame-pointer -funroll-all-loops -finline-functions
UNRESOLVED: gcc.c-torture/execute/991216-2.c execution, -O3 -fomit-frame-pointer -funroll-all-loops -finline-functions
FAIL: gcc.c-torture/execute/991216-2.c compilation, -O3 -g
UNRESOLVED: gcc.c-torture/execute/991216-2.c execution, -O3 -g
FAIL: gcc.c-torture/execute/991216-2.c compilation, -Os
UNRESOLVED: gcc.c-torture/execute/991216-2.c execution, -Os
FAIL: gcc.c-torture/execute/comp-goto-2.c execution, -Os
FAIL: gcc.c-torture/execute/multi-ix.c compilation, -O0
UNRESOLVED: gcc.c-torture/execute/multi-ix.c execution, -O0
FAIL: gcc.c-torture/execute/multi-ix.c compilation, -O1
UNRESOLVED: gcc.c-torture/execute/multi-ix.c execution, -O1
FAIL: gcc.c-torture/execute/multi-ix.c compilation, -O2
UNRESOLVED: gcc.c-torture/execute/multi-ix.c execution, -O2
FAIL: gcc.c-torture/execute/multi-ix.c compilation, -O3 -fomit-frame-pointer
UNRESOLVED: gcc.c-torture/execute/multi-ix.c execution, -O3 -fomit-frame-pointer
FAIL: gcc.c-torture/execute/multi-ix.c compilation, -O3 -fomit-frame-pointer -funroll-loops
UNRESOLVED: gcc.c-torture/execute/multi-ix.c execution, -O3 -fomit-frame-pointer -funroll-loops
FAIL: gcc.c-torture/execute/multi-ix.c compilation, -O3 -fomit-frame-pointer -funroll-all-loops -finline-functions
UNRESOLVED: gcc.c-torture/execute/multi-ix.c execution, -O3 -fomit-frame-pointer -funroll-all-loops -finline-functions
FAIL: gcc.c-torture/execute/multi-ix.c compilation, -O3 -g
UNRESOLVED: gcc.c-torture/execute/multi-ix.c execution, -O3 -g
FAIL: gcc.c-torture/execute/multi-ix.c compilation, -Os
UNRESOLVED: gcc.c-torture/execute/multi-ix.c execution, -Os
FAIL: gcc.c-torture/execute/nest-stdar-1.c compilation, -O0
UNRESOLVED: gcc.c-torture/execute/nest-stdar-1.c execution, -O0
FAIL: gcc.c-torture/execute/nest-stdar-1.c compilation, -O1
UNRESOLVED: gcc.c-torture/execute/nest-stdar-1.c execution, -O1
FAIL: gcc.c-torture/execute/nest-stdar-1.c compilation, -O2
UNRESOLVED: gcc.c-torture/execute/nest-stdar-1.c execution, -O2
FAIL: gcc.c-torture/execute/nest-stdar-1.c compilation, -O3 -fomit-frame-pointer
UNRESOLVED: gcc.c-torture/execute/nest-stdar-1.c execution, -O3 -fomit-frame-pointer
FAIL: gcc.c-torture/execute/nest-stdar-1.c compilation, -O3 -g
UNRESOLVED: gcc.c-torture/execute/nest-stdar-1.c execution, -O3 -g
FAIL: gcc.c-torture/execute/nest-stdar-1.c compilation, -Os
UNRESOLVED: gcc.c-torture/execute/nest-stdar-1.c execution, -Os
FAIL: gcc.c-torture/execute/nestfunc-3.c execution, -Os
FAIL: gcc.c-torture/execute/nestfunc-5.c execution, -O1
FAIL: gcc.c-torture/execute/nestfunc-5.c execution, -O2
FAIL: gcc.c-torture/execute/nestfunc-5.c execution, -O3 -fomit-frame-pointer
FAIL: gcc.c-torture/execute/nestfunc-5.c execution, -O3 -g
FAIL: gcc.c-torture/execute/nestfunc-5.c execution, -Os
FAIL: gcc.c-torture/execute/nestfunc-6.c execution, -O1
FAIL: gcc.c-torture/execute/nestfunc-6.c execution, -O2
FAIL: gcc.c-torture/execute/nestfunc-6.c execution, -O3 -fomit-frame-pointer
FAIL: gcc.c-torture/execute/nestfunc-6.c execution, -O3 -g
FAIL: gcc.c-torture/execute/nestfunc-6.c execution, -Os
FAIL: gcc.c-torture/execute/strct-stdarg-1.c compilation, -O0
UNRESOLVED: gcc.c-torture/execute/strct-stdarg-1.c execution, -O0
FAIL: gcc.c-torture/execute/strct-stdarg-1.c compilation, -O1
UNRESOLVED: gcc.c-torture/execute/strct-stdarg-1.c execution, -O1
FAIL: gcc.c-torture/execute/strct-stdarg-1.c compilation, -O2
UNRESOLVED: gcc.c-torture/execute/strct-stdarg-1.c execution, -O2
FAIL: gcc.c-torture/execute/strct-stdarg-1.c compilation, -O3 -fomit-frame-pointer
UNRESOLVED: gcc.c-torture/execute/strct-stdarg-1.c execution, -O3 -fomit-frame-pointer
FAIL: gcc.c-torture/execute/strct-stdarg-1.c compilation, -O3 -fomit-frame-pointer -funroll-loops
UNRESOLVED: gcc.c-torture/execute/strct-stdarg-1.c execution, -O3 -fomit-frame-pointer -funroll-loops
FAIL: gcc.c-torture/execute/strct-stdarg-1.c compilation, -O3 -fomit-frame-pointer -funroll-all-loops -finline-functions
UNRESOLVED: gcc.c-torture/execute/strct-stdarg-1.c execution, -O3 -fomit-frame-pointer -funroll-all-loops -finline-functions
FAIL: gcc.c-torture/execute/strct-stdarg-1.c compilation, -O3 -g
UNRESOLVED: gcc.c-torture/execute/strct-stdarg-1.c execution, -O3 -g
FAIL: gcc.c-torture/execute/strct-stdarg-1.c compilation, -Os
UNRESOLVED: gcc.c-torture/execute/strct-stdarg-1.c execution, -Os
FAIL: gcc.c-torture/execute/strct-varg-1.c compilation, -O0
UNRESOLVED: gcc.c-torture/execute/strct-varg-1.c execution, -O0
FAIL: gcc.c-torture/execute/strct-varg-1.c compilation, -O1
UNRESOLVED: gcc.c-torture/execute/strct-varg-1.c execution, -O1
FAIL: gcc.c-torture/execute/strct-varg-1.c compilation, -O2
UNRESOLVED: gcc.c-torture/execute/strct-varg-1.c execution, -O2
FAIL: gcc.c-torture/execute/strct-varg-1.c compilation, -O3 -fomit-frame-pointer
UNRESOLVED: gcc.c-torture/execute/strct-varg-1.c execution, -O3 -fomit-frame-pointer
FAIL: gcc.c-torture/execute/strct-varg-1.c compilation, -O3 -g
UNRESOLVED: gcc.c-torture/execute/strct-varg-1.c execution, -O3 -g
FAIL: gcc.c-torture/execute/strct-varg-1.c compilation, -Os
UNRESOLVED: gcc.c-torture/execute/strct-varg-1.c execution, -Os
FAIL: gcc.c-torture/execute/va-arg-1.c compilation, -O0
UNRESOLVED: gcc.c-torture/execute/va-arg-1.c execution, -O0
FAIL: gcc.c-torture/execute/va-arg-1.c compilation, -O1
UNRESOLVED: gcc.c-torture/execute/va-arg-1.c execution, -O1
FAIL: gcc.c-torture/execute/va-arg-1.c compilation, -O2
UNRESOLVED: gcc.c-torture/execute/va-arg-1.c execution, -O2
FAIL: gcc.c-torture/execute/va-arg-1.c compilation, -O3 -fomit-frame-pointer
UNRESOLVED: gcc.c-torture/execute/va-arg-1.c execution, -O3 -fomit-frame-pointer
FAIL: gcc.c-torture/execute/va-arg-1.c compilation, -O3 -g
UNRESOLVED: gcc.c-torture/execute/va-arg-1.c execution, -O3 -g
FAIL: gcc.c-torture/execute/va-arg-1.c compilation, -Os
UNRESOLVED: gcc.c-torture/execute/va-arg-1.c execution, -Os
FAIL: gcc.c-torture/execute/va-arg-10.c compilation, -O0
UNRESOLVED: gcc.c-torture/execute/va-arg-10.c execution, -O0
FAIL: gcc.c-torture/execute/va-arg-10.c compilation, -O1
UNRESOLVED: gcc.c-torture/execute/va-arg-10.c execution, -O1
FAIL: gcc.c-torture/execute/va-arg-10.c compilation, -O2
UNRESOLVED: gcc.c-torture/execute/va-arg-10.c execution, -O2
FAIL: gcc.c-torture/execute/va-arg-10.c compilation, -O3 -fomit-frame-pointer
UNRESOLVED: gcc.c-torture/execute/va-arg-10.c execution, -O3 -fomit-frame-pointer
FAIL: gcc.c-torture/execute/va-arg-10.c compilation, -O3 -fomit-frame-pointer -funroll-loops
UNRESOLVED: gcc.c-torture/execute/va-arg-10.c execution, -O3 -fomit-frame-pointer -funroll-loops
FAIL: gcc.c-torture/execute/va-arg-10.c compilation, -O3 -fomit-frame-pointer -funroll-all-loops -finline-functions
UNRESOLVED: gcc.c-torture/execute/va-arg-10.c execution, -O3 -fomit-frame-pointer -funroll-all-loops -finline-functions
FAIL: gcc.c-torture/execute/va-arg-10.c compilation, -O3 -g
UNRESOLVED: gcc.c-torture/execute/va-arg-10.c execution, -O3 -g
FAIL: gcc.c-torture/execute/va-arg-10.c compilation, -Os
UNRESOLVED: gcc.c-torture/execute/va-arg-10.c execution, -Os
FAIL: gcc.c-torture/execute/va-arg-11.c compilation, -O0
UNRESOLVED: gcc.c-torture/execute/va-arg-11.c execution, -O0
FAIL: gcc.c-torture/execute/va-arg-11.c compilation, -O1
UNRESOLVED: gcc.c-torture/execute/va-arg-11.c execution, -O1
FAIL: gcc.c-torture/execute/va-arg-11.c compilation, -O2
UNRESOLVED: gcc.c-torture/execute/va-arg-11.c execution, -O2
FAIL: gcc.c-torture/execute/va-arg-11.c compilation, -O3 -fomit-frame-pointer
UNRESOLVED: gcc.c-torture/execute/va-arg-11.c execution, -O3 -fomit-frame-pointer
FAIL: gcc.c-torture/execute/va-arg-11.c compilation, -O3 -fomit-frame-pointer -funroll-loops
UNRESOLVED: gcc.c-torture/execute/va-arg-11.c execution, -O3 -fomit-frame-pointer -funroll-loops
FAIL: gcc.c-torture/execute/va-arg-11.c compilation, -O3 -fomit-frame-pointer -funroll-all-loops -finline-functions
UNRESOLVED: gcc.c-torture/execute/va-arg-11.c execution, -O3 -fomit-frame-pointer -funroll-all-loops -finline-functions
FAIL: gcc.c-torture/execute/va-arg-11.c compilation, -O3 -g
UNRESOLVED: gcc.c-torture/execute/va-arg-11.c execution, -O3 -g
FAIL: gcc.c-torture/execute/va-arg-11.c compilation, -Os
UNRESOLVED: gcc.c-torture/execute/va-arg-11.c execution, -Os
FAIL: gcc.c-torture/execute/va-arg-12.c compilation, -O0
UNRESOLVED: gcc.c-torture/execute/va-arg-12.c execution, -O0
FAIL: gcc.c-torture/execute/va-arg-12.c compilation, -O1
UNRESOLVED: gcc.c-torture/execute/va-arg-12.c execution, -O1
FAIL: gcc.c-torture/execute/va-arg-12.c compilation, -O2
UNRESOLVED: gcc.c-torture/execute/va-arg-12.c execution, -O2
FAIL: gcc.c-torture/execute/va-arg-12.c compilation, -O3 -fomit-frame-pointer
UNRESOLVED: gcc.c-torture/execute/va-arg-12.c execution, -O3 -fomit-frame-pointer
FAIL: gcc.c-torture/execute/va-arg-12.c compilation, -O3 -g
UNRESOLVED: gcc.c-torture/execute/va-arg-12.c execution, -O3 -g
FAIL: gcc.c-torture/execute/va-arg-12.c compilation, -Os
UNRESOLVED: gcc.c-torture/execute/va-arg-12.c execution, -Os
FAIL: gcc.c-torture/execute/va-arg-13.c compilation, -O0
UNRESOLVED: gcc.c-torture/execute/va-arg-13.c execution, -O0
FAIL: gcc.c-torture/execute/va-arg-13.c compilation, -O1
UNRESOLVED: gcc.c-torture/execute/va-arg-13.c execution, -O1
FAIL: gcc.c-torture/execute/va-arg-13.c compilation, -O2
UNRESOLVED: gcc.c-torture/execute/va-arg-13.c execution, -O2
FAIL: gcc.c-torture/execute/va-arg-13.c compilation, -O3 -fomit-frame-pointer
UNRESOLVED: gcc.c-torture/execute/va-arg-13.c execution, -O3 -fomit-frame-pointer
FAIL: gcc.c-torture/execute/va-arg-13.c compilation, -O3 -g
UNRESOLVED: gcc.c-torture/execute/va-arg-13.c execution, -O3 -g
FAIL: gcc.c-torture/execute/va-arg-13.c compilation, -Os
UNRESOLVED: gcc.c-torture/execute/va-arg-13.c execution, -Os
FAIL: gcc.c-torture/execute/va-arg-14.c compilation, -O0
UNRESOLVED: gcc.c-torture/execute/va-arg-14.c execution, -O0
FAIL: gcc.c-torture/execute/va-arg-14.c compilation, -O1
UNRESOLVED: gcc.c-torture/execute/va-arg-14.c execution, -O1
FAIL: gcc.c-torture/execute/va-arg-14.c compilation, -O2
UNRESOLVED: gcc.c-torture/execute/va-arg-14.c execution, -O2
FAIL: gcc.c-torture/execute/va-arg-14.c compilation, -O3 -fomit-frame-pointer
UNRESOLVED: gcc.c-torture/execute/va-arg-14.c execution, -O3 -fomit-frame-pointer
FAIL: gcc.c-torture/execute/va-arg-14.c compilation, -O3 -g
UNRESOLVED: gcc.c-torture/execute/va-arg-14.c execution, -O3 -g
FAIL: gcc.c-torture/execute/va-arg-14.c compilation, -Os
UNRESOLVED: gcc.c-torture/execute/va-arg-14.c execution, -Os
FAIL: gcc.c-torture/execute/va-arg-15.c compilation, -O0
UNRESOLVED: gcc.c-torture/execute/va-arg-15.c execution, -O0
FAIL: gcc.c-torture/execute/va-arg-15.c compilation, -O1
UNRESOLVED: gcc.c-torture/execute/va-arg-15.c execution, -O1
FAIL: gcc.c-torture/execute/va-arg-15.c compilation, -O2
UNRESOLVED: gcc.c-torture/execute/va-arg-15.c execution, -O2
FAIL: gcc.c-torture/execute/va-arg-15.c compilation, -O3 -fomit-frame-pointer
UNRESOLVED: gcc.c-torture/execute/va-arg-15.c execution, -O3 -fomit-frame-pointer
FAIL: gcc.c-torture/execute/va-arg-15.c compilation, -O3 -fomit-frame-pointer -funroll-loops
UNRESOLVED: gcc.c-torture/execute/va-arg-15.c execution, -O3 -fomit-frame-pointer -funroll-loops
FAIL: gcc.c-torture/execute/va-arg-15.c compilation, -O3 -fomit-frame-pointer -funroll-all-loops -finline-functions
UNRESOLVED: gcc.c-torture/execute/va-arg-15.c execution, -O3 -fomit-frame-pointer -funroll-all-loops -finline-functions
FAIL: gcc.c-torture/execute/va-arg-15.c compilation, -O3 -g
UNRESOLVED: gcc.c-torture/execute/va-arg-15.c execution, -O3 -g
FAIL: gcc.c-torture/execute/va-arg-15.c compilation, -Os
UNRESOLVED: gcc.c-torture/execute/va-arg-15.c execution, -Os
FAIL: gcc.c-torture/execute/va-arg-16.c compilation, -O0
UNRESOLVED: gcc.c-torture/execute/va-arg-16.c execution, -O0
FAIL: gcc.c-torture/execute/va-arg-16.c compilation, -O1
UNRESOLVED: gcc.c-torture/execute/va-arg-16.c execution, -O1
FAIL: gcc.c-torture/execute/va-arg-16.c compilation, -O2
UNRESOLVED: gcc.c-torture/execute/va-arg-16.c execution, -O2
FAIL: gcc.c-torture/execute/va-arg-16.c compilation, -O3 -fomit-frame-pointer
UNRESOLVED: gcc.c-torture/execute/va-arg-16.c execution, -O3 -fomit-frame-pointer
FAIL: gcc.c-torture/execute/va-arg-16.c compilation, -O3 -g
UNRESOLVED: gcc.c-torture/execute/va-arg-16.c execution, -O3 -g
FAIL: gcc.c-torture/execute/va-arg-16.c compilation, -Os
UNRESOLVED: gcc.c-torture/execute/va-arg-16.c execution, -Os
FAIL: gcc.c-torture/execute/va-arg-17.c compilation, -O0
UNRESOLVED: gcc.c-torture/execute/va-arg-17.c execution, -O0
FAIL: gcc.c-torture/execute/va-arg-17.c compilation, -O1
UNRESOLVED: gcc.c-torture/execute/va-arg-17.c execution, -O1
FAIL: gcc.c-torture/execute/va-arg-17.c compilation, -O2
UNRESOLVED: gcc.c-torture/execute/va-arg-17.c execution, -O2
FAIL: gcc.c-torture/execute/va-arg-17.c compilation, -O3 -fomit-frame-pointer
UNRESOLVED: gcc.c-torture/execute/va-arg-17.c execution, -O3 -fomit-frame-pointer
FAIL: gcc.c-torture/execute/va-arg-17.c compilation, -O3 -g
UNRESOLVED: gcc.c-torture/execute/va-arg-17.c execution, -O3 -g
FAIL: gcc.c-torture/execute/va-arg-17.c compilation, -Os
UNRESOLVED: gcc.c-torture/execute/va-arg-17.c execution, -Os
FAIL: gcc.c-torture/execute/va-arg-18.c compilation, -O0
UNRESOLVED: gcc.c-torture/execute/va-arg-18.c execution, -O0
FAIL: gcc.c-torture/execute/va-arg-18.c compilation, -O1
UNRESOLVED: gcc.c-torture/execute/va-arg-18.c execution, -O1
FAIL: gcc.c-torture/execute/va-arg-18.c compilation, -O2
UNRESOLVED: gcc.c-torture/execute/va-arg-18.c execution, -O2
FAIL: gcc.c-torture/execute/va-arg-18.c compilation, -O3 -fomit-frame-pointer
UNRESOLVED: gcc.c-torture/execute/va-arg-18.c execution, -O3 -fomit-frame-pointer
FAIL: gcc.c-torture/execute/va-arg-18.c compilation, -O3 -g
UNRESOLVED: gcc.c-torture/execute/va-arg-18.c execution, -O3 -g
FAIL: gcc.c-torture/execute/va-arg-18.c compilation, -Os
UNRESOLVED: gcc.c-torture/execute/va-arg-18.c execution, -Os
FAIL: gcc.c-torture/execute/va-arg-19.c compilation, -O0
UNRESOLVED: gcc.c-torture/execute/va-arg-19.c execution, -O0
FAIL: gcc.c-torture/execute/va-arg-19.c compilation, -O1
UNRESOLVED: gcc.c-torture/execute/va-arg-19.c execution, -O1
FAIL: gcc.c-torture/execute/va-arg-19.c compilation, -O2
UNRESOLVED: gcc.c-torture/execute/va-arg-19.c execution, -O2
FAIL: gcc.c-torture/execute/va-arg-19.c compilation, -O3 -fomit-frame-pointer
UNRESOLVED: gcc.c-torture/execute/va-arg-19.c execution, -O3 -fomit-frame-pointer
FAIL: gcc.c-torture/execute/va-arg-19.c compilation, -O3 -g
UNRESOLVED: gcc.c-torture/execute/va-arg-19.c execution, -O3 -g
FAIL: gcc.c-torture/execute/va-arg-19.c compilation, -Os
UNRESOLVED: gcc.c-torture/execute/va-arg-19.c execution, -Os
FAIL: gcc.c-torture/execute/va-arg-2.c compilation, -O0
UNRESOLVED: gcc.c-torture/execute/va-arg-2.c execution, -O0
FAIL: gcc.c-torture/execute/va-arg-2.c compilation, -O1
UNRESOLVED: gcc.c-torture/execute/va-arg-2.c execution, -O1
FAIL: gcc.c-torture/execute/va-arg-2.c compilation, -O2
UNRESOLVED: gcc.c-torture/execute/va-arg-2.c execution, -O2
FAIL: gcc.c-torture/execute/va-arg-2.c compilation, -O3 -fomit-frame-pointer
UNRESOLVED: gcc.c-torture/execute/va-arg-2.c execution, -O3 -fomit-frame-pointer
FAIL: gcc.c-torture/execute/va-arg-2.c compilation, -O3 -fomit-frame-pointer -funroll-loops
UNRESOLVED: gcc.c-torture/execute/va-arg-2.c execution, -O3 -fomit-frame-pointer -funroll-loops
FAIL: gcc.c-torture/execute/va-arg-2.c compilation, -O3 -fomit-frame-pointer -funroll-all-loops -finline-functions
UNRESOLVED: gcc.c-torture/execute/va-arg-2.c execution, -O3 -fomit-frame-pointer -funroll-all-loops -finline-functions
FAIL: gcc.c-torture/execute/va-arg-2.c compilation, -O3 -g
UNRESOLVED: gcc.c-torture/execute/va-arg-2.c execution, -O3 -g
FAIL: gcc.c-torture/execute/va-arg-2.c compilation, -Os
UNRESOLVED: gcc.c-torture/execute/va-arg-2.c execution, -Os
FAIL: gcc.c-torture/execute/va-arg-20.c compilation, -O0
UNRESOLVED: gcc.c-torture/execute/va-arg-20.c execution, -O0
FAIL: gcc.c-torture/execute/va-arg-20.c compilation, -O1
UNRESOLVED: gcc.c-torture/execute/va-arg-20.c execution, -O1
FAIL: gcc.c-torture/execute/va-arg-20.c compilation, -O2
UNRESOLVED: gcc.c-torture/execute/va-arg-20.c execution, -O2
FAIL: gcc.c-torture/execute/va-arg-20.c compilation, -O3 -fomit-frame-pointer
UNRESOLVED: gcc.c-torture/execute/va-arg-20.c execution, -O3 -fomit-frame-pointer
FAIL: gcc.c-torture/execute/va-arg-20.c compilation, -O3 -g
UNRESOLVED: gcc.c-torture/execute/va-arg-20.c execution, -O3 -g
FAIL: gcc.c-torture/execute/va-arg-20.c compilation, -Os
UNRESOLVED: gcc.c-torture/execute/va-arg-20.c execution, -Os
FAIL: gcc.c-torture/execute/va-arg-22.c compilation, -O0
UNRESOLVED: gcc.c-torture/execute/va-arg-22.c execution, -O0
FAIL: gcc.c-torture/execute/va-arg-22.c compilation, -O1
UNRESOLVED: gcc.c-torture/execute/va-arg-22.c execution, -O1
FAIL: gcc.c-torture/execute/va-arg-22.c compilation, -O2
UNRESOLVED: gcc.c-torture/execute/va-arg-22.c execution, -O2
FAIL: gcc.c-torture/execute/va-arg-22.c compilation, -O3 -fomit-frame-pointer
UNRESOLVED: gcc.c-torture/execute/va-arg-22.c execution, -O3 -fomit-frame-pointer
FAIL: gcc.c-torture/execute/va-arg-22.c compilation, -O3 -fomit-frame-pointer -funroll-loops
UNRESOLVED: gcc.c-torture/execute/va-arg-22.c execution, -O3 -fomit-frame-pointer -funroll-loops
FAIL: gcc.c-torture/execute/va-arg-22.c compilation, -O3 -fomit-frame-pointer -funroll-all-loops -finline-functions
UNRESOLVED: gcc.c-torture/execute/va-arg-22.c execution, -O3 -fomit-frame-pointer -funroll-all-loops -finline-functions
FAIL: gcc.c-torture/execute/va-arg-22.c compilation, -O3 -g
UNRESOLVED: gcc.c-torture/execute/va-arg-22.c execution, -O3 -g
FAIL: gcc.c-torture/execute/va-arg-22.c compilation, -Os
UNRESOLVED: gcc.c-torture/execute/va-arg-22.c execution, -Os
FAIL: gcc.c-torture/execute/va-arg-23.c compilation, -O0
UNRESOLVED: gcc.c-torture/execute/va-arg-23.c execution, -O0
FAIL: gcc.c-torture/execute/va-arg-23.c compilation, -O1
UNRESOLVED: gcc.c-torture/execute/va-arg-23.c execution, -O1
FAIL: gcc.c-torture/execute/va-arg-23.c compilation, -O2
UNRESOLVED: gcc.c-torture/execute/va-arg-23.c execution, -O2
FAIL: gcc.c-torture/execute/va-arg-23.c compilation, -O3 -fomit-frame-pointer
UNRESOLVED: gcc.c-torture/execute/va-arg-23.c execution, -O3 -fomit-frame-pointer
FAIL: gcc.c-torture/execute/va-arg-23.c compilation, -O3 -g
UNRESOLVED: gcc.c-torture/execute/va-arg-23.c execution, -O3 -g
FAIL: gcc.c-torture/execute/va-arg-23.c compilation, -Os
UNRESOLVED: gcc.c-torture/execute/va-arg-23.c execution, -Os
FAIL: gcc.c-torture/execute/va-arg-24.c compilation, -O0
UNRESOLVED: gcc.c-torture/execute/va-arg-24.c execution, -O0
FAIL: gcc.c-torture/execute/va-arg-24.c compilation, -O1
UNRESOLVED: gcc.c-torture/execute/va-arg-24.c execution, -O1
FAIL: gcc.c-torture/execute/va-arg-24.c compilation, -O2
UNRESOLVED: gcc.c-torture/execute/va-arg-24.c execution, -O2
FAIL: gcc.c-torture/execute/va-arg-24.c compilation, -O3 -fomit-frame-pointer
UNRESOLVED: gcc.c-torture/execute/va-arg-24.c execution, -O3 -fomit-frame-pointer
FAIL: gcc.c-torture/execute/va-arg-24.c compilation, -O3 -fomit-frame-pointer -funroll-loops
UNRESOLVED: gcc.c-torture/execute/va-arg-24.c execution, -O3 -fomit-frame-pointer -funroll-loops
FAIL: gcc.c-torture/execute/va-arg-24.c compilation, -O3 -fomit-frame-pointer -funroll-all-loops -finline-functions
UNRESOLVED: gcc.c-torture/execute/va-arg-24.c execution, -O3 -fomit-frame-pointer -funroll-all-loops -finline-functions
FAIL: gcc.c-torture/execute/va-arg-24.c compilation, -O3 -g
UNRESOLVED: gcc.c-torture/execute/va-arg-24.c execution, -O3 -g
FAIL: gcc.c-torture/execute/va-arg-24.c compilation, -Os
UNRESOLVED: gcc.c-torture/execute/va-arg-24.c execution, -Os
FAIL: gcc.c-torture/execute/va-arg-25.c compilation, -O0
UNRESOLVED: gcc.c-torture/execute/va-arg-25.c execution, -O0
FAIL: gcc.c-torture/execute/va-arg-25.c compilation, -O1
UNRESOLVED: gcc.c-torture/execute/va-arg-25.c execution, -O1
FAIL: gcc.c-torture/execute/va-arg-25.c compilation, -O2
UNRESOLVED: gcc.c-torture/execute/va-arg-25.c execution, -O2
FAIL: gcc.c-torture/execute/va-arg-25.c compilation, -O3 -fomit-frame-pointer
UNRESOLVED: gcc.c-torture/execute/va-arg-25.c execution, -O3 -fomit-frame-pointer
FAIL: gcc.c-torture/execute/va-arg-25.c compilation, -O3 -g
UNRESOLVED: gcc.c-torture/execute/va-arg-25.c execution, -O3 -g
FAIL: gcc.c-torture/execute/va-arg-25.c compilation, -Os
UNRESOLVED: gcc.c-torture/execute/va-arg-25.c execution, -Os
FAIL: gcc.c-torture/execute/va-arg-4.c compilation, -O0
UNRESOLVED: gcc.c-torture/execute/va-arg-4.c execution, -O0
FAIL: gcc.c-torture/execute/va-arg-4.c compilation, -O1
UNRESOLVED: gcc.c-torture/execute/va-arg-4.c execution, -O1
FAIL: gcc.c-torture/execute/va-arg-4.c compilation, -O2
UNRESOLVED: gcc.c-torture/execute/va-arg-4.c execution, -O2
FAIL: gcc.c-torture/execute/va-arg-4.c compilation, -O3 -fomit-frame-pointer
UNRESOLVED: gcc.c-torture/execute/va-arg-4.c execution, -O3 -fomit-frame-pointer
FAIL: gcc.c-torture/execute/va-arg-4.c compilation, -O3 -g
UNRESOLVED: gcc.c-torture/execute/va-arg-4.c execution, -O3 -g
FAIL: gcc.c-torture/execute/va-arg-4.c compilation, -Os
UNRESOLVED: gcc.c-torture/execute/va-arg-4.c execution, -Os
FAIL: gcc.c-torture/execute/va-arg-5.c compilation, -O0
UNRESOLVED: gcc.c-torture/execute/va-arg-5.c execution, -O0
FAIL: gcc.c-torture/execute/va-arg-5.c compilation, -O1
UNRESOLVED: gcc.c-torture/execute/va-arg-5.c execution, -O1
FAIL: gcc.c-torture/execute/va-arg-5.c compilation, -O2
UNRESOLVED: gcc.c-torture/execute/va-arg-5.c execution, -O2
FAIL: gcc.c-torture/execute/va-arg-5.c compilation, -O3 -fomit-frame-pointer
UNRESOLVED: gcc.c-torture/execute/va-arg-5.c execution, -O3 -fomit-frame-pointer
FAIL: gcc.c-torture/execute/va-arg-5.c compilation, -O3 -g
UNRESOLVED: gcc.c-torture/execute/va-arg-5.c execution, -O3 -g
FAIL: gcc.c-torture/execute/va-arg-5.c compilation, -Os
UNRESOLVED: gcc.c-torture/execute/va-arg-5.c execution, -Os
FAIL: gcc.c-torture/execute/va-arg-6.c compilation, -O0
UNRESOLVED: gcc.c-torture/execute/va-arg-6.c execution, -O0
FAIL: gcc.c-torture/execute/va-arg-6.c compilation, -O1
UNRESOLVED: gcc.c-torture/execute/va-arg-6.c execution, -O1
FAIL: gcc.c-torture/execute/va-arg-6.c compilation, -O2
UNRESOLVED: gcc.c-torture/execute/va-arg-6.c execution, -O2
FAIL: gcc.c-torture/execute/va-arg-6.c compilation, -O3 -fomit-frame-pointer
UNRESOLVED: gcc.c-torture/execute/va-arg-6.c execution, -O3 -fomit-frame-pointer
FAIL: gcc.c-torture/execute/va-arg-6.c compilation, -O3 -g
UNRESOLVED: gcc.c-torture/execute/va-arg-6.c execution, -O3 -g
FAIL: gcc.c-torture/execute/va-arg-6.c compilation, -Os
UNRESOLVED: gcc.c-torture/execute/va-arg-6.c execution, -Os
FAIL: gcc.c-torture/execute/va-arg-7.c compilation, -O0
UNRESOLVED: gcc.c-torture/execute/va-arg-7.c execution, -O0
FAIL: gcc.c-torture/execute/va-arg-7.c compilation, -O1
UNRESOLVED: gcc.c-torture/execute/va-arg-7.c execution, -O1
FAIL: gcc.c-torture/execute/va-arg-7.c compilation, -O2
UNRESOLVED: gcc.c-torture/execute/va-arg-7.c execution, -O2
FAIL: gcc.c-torture/execute/va-arg-7.c compilation, -O3 -fomit-frame-pointer
UNRESOLVED: gcc.c-torture/execute/va-arg-7.c execution, -O3 -fomit-frame-pointer
FAIL: gcc.c-torture/execute/va-arg-7.c compilation, -O3 -g
UNRESOLVED: gcc.c-torture/execute/va-arg-7.c execution, -O3 -g
FAIL: gcc.c-torture/execute/va-arg-7.c compilation, -Os
UNRESOLVED: gcc.c-torture/execute/va-arg-7.c execution, -Os
FAIL: gcc.c-torture/execute/va-arg-8.c compilation, -O0
UNRESOLVED: gcc.c-torture/execute/va-arg-8.c execution, -O0
FAIL: gcc.c-torture/execute/va-arg-8.c compilation, -O1
UNRESOLVED: gcc.c-torture/execute/va-arg-8.c execution, -O1
FAIL: gcc.c-torture/execute/va-arg-8.c compilation, -O2
UNRESOLVED: gcc.c-torture/execute/va-arg-8.c execution, -O2
FAIL: gcc.c-torture/execute/va-arg-8.c compilation, -O3 -fomit-frame-pointer
UNRESOLVED: gcc.c-torture/execute/va-arg-8.c execution, -O3 -fomit-frame-pointer
FAIL: gcc.c-torture/execute/va-arg-8.c compilation, -O3 -g
UNRESOLVED: gcc.c-torture/execute/va-arg-8.c execution, -O3 -g
FAIL: gcc.c-torture/execute/va-arg-8.c compilation, -Os
UNRESOLVED: gcc.c-torture/execute/va-arg-8.c execution, -Os
FAIL: gcc.c-torture/execute/va-arg-9.c compilation, -O0
UNRESOLVED: gcc.c-torture/execute/va-arg-9.c execution, -O0
FAIL: gcc.c-torture/execute/va-arg-9.c compilation, -O1
UNRESOLVED: gcc.c-torture/execute/va-arg-9.c execution, -O1
FAIL: gcc.c-torture/execute/va-arg-9.c compilation, -O2
UNRESOLVED: gcc.c-torture/execute/va-arg-9.c execution, -O2
FAIL: gcc.c-torture/execute/va-arg-9.c compilation, -O3 -fomit-frame-pointer
UNRESOLVED: gcc.c-torture/execute/va-arg-9.c execution, -O3 -fomit-frame-pointer
FAIL: gcc.c-torture/execute/va-arg-9.c compilation, -O3 -fomit-frame-pointer -funroll-loops
UNRESOLVED: gcc.c-torture/execute/va-arg-9.c execution, -O3 -fomit-frame-pointer -funroll-loops
FAIL: gcc.c-torture/execute/va-arg-9.c compilation, -O3 -fomit-frame-pointer -funroll-all-loops -finline-functions
UNRESOLVED: gcc.c-torture/execute/va-arg-9.c execution, -O3 -fomit-frame-pointer -funroll-all-loops -finline-functions
FAIL: gcc.c-torture/execute/va-arg-9.c compilation, -O3 -g
UNRESOLVED: gcc.c-torture/execute/va-arg-9.c execution, -O3 -g
FAIL: gcc.c-torture/execute/va-arg-9.c compilation, -Os
UNRESOLVED: gcc.c-torture/execute/va-arg-9.c execution, -Os
FAIL: gcc.c-torture/execute/ieee/compare-fp-1.c execution, -O3 -fomit-frame-pointer
FAIL: gcc.c-torture/execute/ieee/compare-fp-1.c execution, -O3 -g
FAIL: gcc.c-torture/execute/ieee/compare-fp-4.c execution, -O3 -fomit-frame-pointer
FAIL: gcc.c-torture/execute/ieee/compare-fp-4.c execution, -O3 -g
FAIL: gcc.c-torture/execute/ieee/fp-cmp-4f.c execution, -O3 -fomit-frame-pointer
FAIL: gcc.c-torture/execute/ieee/fp-cmp-4f.c execution, -O3 -g
FAIL: gcc.dg/compat/fnptr-by-value-1 c_compat_y_tst.o compile
UNRESOLVED: gcc.dg/compat/fnptr-by-value-1 c_compat_x_tst.o-c_compat_y_tst.o link
UNRESOLVED: gcc.dg/compat/fnptr-by-value-1 c_compat_x_tst.o-c_compat_y_tst.o execute
FAIL: gcc.dg/compat/scalar-by-value-1 c_compat_y_tst.o compile
UNRESOLVED: gcc.dg/compat/scalar-by-value-1 c_compat_x_tst.o-c_compat_y_tst.o link
UNRESOLVED: gcc.dg/compat/scalar-by-value-1 c_compat_x_tst.o-c_compat_y_tst.o execute
FAIL: gcc.dg/compat/scalar-by-value-3 c_compat_y_tst.o compile
UNRESOLVED: gcc.dg/compat/scalar-by-value-3 c_compat_x_tst.o-c_compat_y_tst.o link
UNRESOLVED: gcc.dg/compat/scalar-by-value-3 c_compat_x_tst.o-c_compat_y_tst.o execute
FAIL: gcc.dg/compat/scalar-return-1 c_compat_y_tst.o compile
UNRESOLVED: gcc.dg/compat/scalar-return-1 c_compat_x_tst.o-c_compat_y_tst.o link
UNRESOLVED: gcc.dg/compat/scalar-return-1 c_compat_x_tst.o-c_compat_y_tst.o execute
FAIL: gcc.dg/compat/scalar-return-3 c_compat_y_tst.o compile
UNRESOLVED: gcc.dg/compat/scalar-return-3 c_compat_x_tst.o-c_compat_y_tst.o link
UNRESOLVED: gcc.dg/compat/scalar-return-3 c_compat_x_tst.o-c_compat_y_tst.o execute
FAIL: gcc.dg/compat/struct-by-value-10 c_compat_y_tst.o compile
UNRESOLVED: gcc.dg/compat/struct-by-value-10 c_compat_x_tst.o-c_compat_y_tst.o link
UNRESOLVED: gcc.dg/compat/struct-by-value-10 c_compat_x_tst.o-c_compat_y_tst.o execute
FAIL: gcc.dg/compat/struct-by-value-11 c_compat_y_tst.o compile
UNRESOLVED: gcc.dg/compat/struct-by-value-11 c_compat_x_tst.o-c_compat_y_tst.o link
UNRESOLVED: gcc.dg/compat/struct-by-value-11 c_compat_x_tst.o-c_compat_y_tst.o execute
FAIL: gcc.dg/compat/struct-by-value-12 c_compat_y_tst.o compile
UNRESOLVED: gcc.dg/compat/struct-by-value-12 c_compat_x_tst.o-c_compat_y_tst.o link
UNRESOLVED: gcc.dg/compat/struct-by-value-12 c_compat_x_tst.o-c_compat_y_tst.o execute
FAIL: gcc.dg/compat/struct-by-value-13 c_compat_y_tst.o compile
UNRESOLVED: gcc.dg/compat/struct-by-value-13 c_compat_x_tst.o-c_compat_y_tst.o link
UNRESOLVED: gcc.dg/compat/struct-by-value-13 c_compat_x_tst.o-c_compat_y_tst.o execute
FAIL: gcc.dg/compat/struct-by-value-14 c_compat_y_tst.o compile
UNRESOLVED: gcc.dg/compat/struct-by-value-14 c_compat_x_tst.o-c_compat_y_tst.o link
UNRESOLVED: gcc.dg/compat/struct-by-value-14 c_compat_x_tst.o-c_compat_y_tst.o execute
FAIL: gcc.dg/compat/struct-by-value-15 c_compat_y_tst.o compile
UNRESOLVED: gcc.dg/compat/struct-by-value-15 c_compat_x_tst.o-c_compat_y_tst.o link
UNRESOLVED: gcc.dg/compat/struct-by-value-15 c_compat_x_tst.o-c_compat_y_tst.o execute
FAIL: gcc.dg/compat/struct-by-value-16 c_compat_y_tst.o compile
UNRESOLVED: gcc.dg/compat/struct-by-value-16 c_compat_x_tst.o-c_compat_y_tst.o link
UNRESOLVED: gcc.dg/compat/struct-by-value-16 c_compat_x_tst.o-c_compat_y_tst.o execute
FAIL: gcc.dg/compat/struct-by-value-17 c_compat_y_tst.o compile
UNRESOLVED: gcc.dg/compat/struct-by-value-17 c_compat_x_tst.o-c_compat_y_tst.o link
UNRESOLVED: gcc.dg/compat/struct-by-value-17 c_compat_x_tst.o-c_compat_y_tst.o execute
FAIL: gcc.dg/compat/struct-by-value-18 c_compat_y_tst.o compile
UNRESOLVED: gcc.dg/compat/struct-by-value-18 c_compat_x_tst.o-c_compat_y_tst.o link
UNRESOLVED: gcc.dg/compat/struct-by-value-18 c_compat_x_tst.o-c_compat_y_tst.o execute
FAIL: gcc.dg/compat/struct-by-value-19 c_compat_y_tst.o compile
UNRESOLVED: gcc.dg/compat/struct-by-value-19 c_compat_x_tst.o-c_compat_y_tst.o link
UNRESOLVED: gcc.dg/compat/struct-by-value-19 c_compat_x_tst.o-c_compat_y_tst.o execute
FAIL: gcc.dg/compat/struct-by-value-20 c_compat_y_tst.o compile
UNRESOLVED: gcc.dg/compat/struct-by-value-20 c_compat_x_tst.o-c_compat_y_tst.o link
UNRESOLVED: gcc.dg/compat/struct-by-value-20 c_compat_x_tst.o-c_compat_y_tst.o execute
FAIL: gcc.dg/compat/struct-by-value-21 c_compat_y_tst.o compile
UNRESOLVED: gcc.dg/compat/struct-by-value-21 c_compat_x_tst.o-c_compat_y_tst.o link
UNRESOLVED: gcc.dg/compat/struct-by-value-21 c_compat_x_tst.o-c_compat_y_tst.o execute
FAIL: gcc.dg/compat/struct-by-value-22 c_compat_y_tst.o compile
UNRESOLVED: gcc.dg/compat/struct-by-value-22 c_compat_x_tst.o-c_compat_y_tst.o link
UNRESOLVED: gcc.dg/compat/struct-by-value-22 c_compat_x_tst.o-c_compat_y_tst.o execute
FAIL: gcc.dg/compat/struct-by-value-2 c_compat_y_tst.o compile
UNRESOLVED: gcc.dg/compat/struct-by-value-2 c_compat_x_tst.o-c_compat_y_tst.o link
UNRESOLVED: gcc.dg/compat/struct-by-value-2 c_compat_x_tst.o-c_compat_y_tst.o execute
FAIL: gcc.dg/compat/struct-by-value-3 c_compat_y_tst.o compile
UNRESOLVED: gcc.dg/compat/struct-by-value-3 c_compat_x_tst.o-c_compat_y_tst.o link
UNRESOLVED: gcc.dg/compat/struct-by-value-3 c_compat_x_tst.o-c_compat_y_tst.o execute
FAIL: gcc.dg/compat/struct-by-value-4 c_compat_y_tst.o compile
UNRESOLVED: gcc.dg/compat/struct-by-value-4 c_compat_x_tst.o-c_compat_y_tst.o link
UNRESOLVED: gcc.dg/compat/struct-by-value-4 c_compat_x_tst.o-c_compat_y_tst.o execute
FAIL: gcc.dg/compat/struct-by-value-5a c_compat_y_tst.o compile
UNRESOLVED: gcc.dg/compat/struct-by-value-5a c_compat_x_tst.o-c_compat_y_tst.o link
UNRESOLVED: gcc.dg/compat/struct-by-value-5a c_compat_x_tst.o-c_compat_y_tst.o execute
FAIL: gcc.dg/compat/struct-by-value-5b c_compat_y_tst.o compile
UNRESOLVED: gcc.dg/compat/struct-by-value-5b c_compat_x_tst.o-c_compat_y_tst.o link
UNRESOLVED: gcc.dg/compat/struct-by-value-5b c_compat_x_tst.o-c_compat_y_tst.o execute
FAIL: gcc.dg/compat/struct-by-value-6a c_compat_y_tst.o compile
UNRESOLVED: gcc.dg/compat/struct-by-value-6a c_compat_x_tst.o-c_compat_y_tst.o link
UNRESOLVED: gcc.dg/compat/struct-by-value-6a c_compat_x_tst.o-c_compat_y_tst.o execute
FAIL: gcc.dg/compat/struct-by-value-6b c_compat_y_tst.o compile
UNRESOLVED: gcc.dg/compat/struct-by-value-6b c_compat_x_tst.o-c_compat_y_tst.o link
UNRESOLVED: gcc.dg/compat/struct-by-value-6b c_compat_x_tst.o-c_compat_y_tst.o execute
FAIL: gcc.dg/compat/struct-by-value-7a c_compat_y_tst.o compile
UNRESOLVED: gcc.dg/compat/struct-by-value-7a c_compat_x_tst.o-c_compat_y_tst.o link
UNRESOLVED: gcc.dg/compat/struct-by-value-7a c_compat_x_tst.o-c_compat_y_tst.o execute
FAIL: gcc.dg/compat/struct-by-value-7b c_compat_y_tst.o compile
UNRESOLVED: gcc.dg/compat/struct-by-value-7b c_compat_x_tst.o-c_compat_y_tst.o link
UNRESOLVED: gcc.dg/compat/struct-by-value-7b c_compat_x_tst.o-c_compat_y_tst.o execute
FAIL: gcc.dg/compat/struct-by-value-8 c_compat_y_tst.o compile
UNRESOLVED: gcc.dg/compat/struct-by-value-8 c_compat_x_tst.o-c_compat_y_tst.o link
UNRESOLVED: gcc.dg/compat/struct-by-value-8 c_compat_x_tst.o-c_compat_y_tst.o execute
FAIL: gcc.dg/compat/struct-by-value-9 c_compat_y_tst.o compile
UNRESOLVED: gcc.dg/compat/struct-by-value-9 c_compat_x_tst.o-c_compat_y_tst.o link
UNRESOLVED: gcc.dg/compat/struct-by-value-9 c_compat_x_tst.o-c_compat_y_tst.o execute
FAIL: gcc.dg/compat/struct-layout-1 c_compat_main_tst.o compile
FAIL: gcc.dg/compat/struct-layout-1 c_compat_x_tst.o compile
FAIL: gcc.dg/compat/struct-layout-1 c_compat_y_tst.o compile
UNRESOLVED: gcc.dg/compat/struct-layout-1 c_compat_x_tst.o-c_compat_y_tst.o link
UNRESOLVED: gcc.dg/compat/struct-layout-1 c_compat_x_tst.o-c_compat_y_tst.o execute
FAIL: gcc.dg/compat/struct-return-10 c_compat_y_tst.o compile
UNRESOLVED: gcc.dg/compat/struct-return-10 c_compat_x_tst.o-c_compat_y_tst.o link
UNRESOLVED: gcc.dg/compat/struct-return-10 c_compat_x_tst.o-c_compat_y_tst.o execute
FAIL: gcc.dg/compat/struct-return-19 c_compat_y_tst.o compile
UNRESOLVED: gcc.dg/compat/struct-return-19 c_compat_x_tst.o-c_compat_y_tst.o link
UNRESOLVED: gcc.dg/compat/struct-return-19 c_compat_x_tst.o-c_compat_y_tst.o execute
FAIL: gcc.dg/compat/struct-return-20 c_compat_y_tst.o compile
UNRESOLVED: gcc.dg/compat/struct-return-20 c_compat_x_tst.o-c_compat_y_tst.o link
UNRESOLVED: gcc.dg/compat/struct-return-20 c_compat_x_tst.o-c_compat_y_tst.o execute
FAIL: gcc.dg/compat/struct-return-21 c_compat_y_tst.o compile
UNRESOLVED: gcc.dg/compat/struct-return-21 c_compat_x_tst.o-c_compat_y_tst.o link
UNRESOLVED: gcc.dg/compat/struct-return-21 c_compat_x_tst.o-c_compat_y_tst.o execute
FAIL: gcc.dg/compat/struct-return-2 c_compat_y_tst.o compile
UNRESOLVED: gcc.dg/compat/struct-return-2 c_compat_x_tst.o-c_compat_y_tst.o link
UNRESOLVED: gcc.dg/compat/struct-return-2 c_compat_x_tst.o-c_compat_y_tst.o execute
FAIL: gcc.dg/compat/struct-return-3 c_compat_y_tst.o compile
UNRESOLVED: gcc.dg/compat/struct-return-3 c_compat_x_tst.o-c_compat_y_tst.o link
UNRESOLVED: gcc.dg/compat/struct-return-3 c_compat_x_tst.o-c_compat_y_tst.o execute
FAIL: gcc.dg/compat/union-by-value-1 c_compat_y_tst.o compile
UNRESOLVED: gcc.dg/compat/union-by-value-1 c_compat_x_tst.o-c_compat_y_tst.o link
UNRESOLVED: gcc.dg/compat/union-by-value-1 c_compat_x_tst.o-c_compat_y_tst.o execute
FAIL: gcc.dg/compat/union-return-1 c_compat_y_tst.o compile
UNRESOLVED: gcc.dg/compat/union-return-1 c_compat_x_tst.o-c_compat_y_tst.o link
UNRESOLVED: gcc.dg/compat/union-return-1 c_compat_x_tst.o-c_compat_y_tst.o execute
FAIL: tmpdir-gcc.dg-struct-layout-1/t001 c_compat_main_tst.o compile
FAIL: tmpdir-gcc.dg-struct-layout-1/t001 c_compat_x_tst.o compile
FAIL: tmpdir-gcc.dg-struct-layout-1/t001 c_compat_y_tst.o compile
UNRESOLVED: tmpdir-gcc.dg-struct-layout-1/t001 c_compat_x_tst.o-c_compat_y_tst.o link
UNRESOLVED: tmpdir-gcc.dg-struct-layout-1/t001 c_compat_x_tst.o-c_compat_y_tst.o execute
FAIL: tmpdir-gcc.dg-struct-layout-1/t002 c_compat_main_tst.o compile
FAIL: tmpdir-gcc.dg-struct-layout-1/t002 c_compat_x_tst.o compile
FAIL: tmpdir-gcc.dg-struct-layout-1/t002 c_compat_y_tst.o compile
UNRESOLVED: tmpdir-gcc.dg-struct-layout-1/t002 c_compat_x_tst.o-c_compat_y_tst.o link
UNRESOLVED: tmpdir-gcc.dg-struct-layout-1/t002 c_compat_x_tst.o-c_compat_y_tst.o execute
FAIL: tmpdir-gcc.dg-struct-layout-1/t003 c_compat_main_tst.o compile
FAIL: tmpdir-gcc.dg-struct-layout-1/t003 c_compat_x_tst.o compile
FAIL: tmpdir-gcc.dg-struct-layout-1/t003 c_compat_y_tst.o compile
UNRESOLVED: tmpdir-gcc.dg-struct-layout-1/t003 c_compat_x_tst.o-c_compat_y_tst.o link
UNRESOLVED: tmpdir-gcc.dg-struct-layout-1/t003 c_compat_x_tst.o-c_compat_y_tst.o execute
FAIL: tmpdir-gcc.dg-struct-layout-1/t004 c_compat_main_tst.o compile
FAIL: tmpdir-gcc.dg-struct-layout-1/t004 c_compat_x_tst.o compile
FAIL: tmpdir-gcc.dg-struct-layout-1/t004 c_compat_y_tst.o compile
UNRESOLVED: tmpdir-gcc.dg-struct-layout-1/t004 c_compat_x_tst.o-c_compat_y_tst.o link
UNRESOLVED: tmpdir-gcc.dg-struct-layout-1/t004 c_compat_x_tst.o-c_compat_y_tst.o execute
FAIL: tmpdir-gcc.dg-struct-layout-1/t005 c_compat_main_tst.o compile
FAIL: tmpdir-gcc.dg-struct-layout-1/t005 c_compat_x_tst.o compile
FAIL: tmpdir-gcc.dg-struct-layout-1/t005 c_compat_y_tst.o compile
UNRESOLVED: tmpdir-gcc.dg-struct-layout-1/t005 c_compat_x_tst.o-c_compat_y_tst.o link
UNRESOLVED: tmpdir-gcc.dg-struct-layout-1/t005 c_compat_x_tst.o-c_compat_y_tst.o execute
FAIL: tmpdir-gcc.dg-struct-layout-1/t006 c_compat_main_tst.o compile
FAIL: tmpdir-gcc.dg-struct-layout-1/t006 c_compat_x_tst.o compile
FAIL: tmpdir-gcc.dg-struct-layout-1/t006 c_compat_y_tst.o compile
UNRESOLVED: tmpdir-gcc.dg-struct-layout-1/t006 c_compat_x_tst.o-c_compat_y_tst.o link
UNRESOLVED: tmpdir-gcc.dg-struct-layout-1/t006 c_compat_x_tst.o-c_compat_y_tst.o execute
FAIL: tmpdir-gcc.dg-struct-layout-1/t007 c_compat_main_tst.o compile
FAIL: tmpdir-gcc.dg-struct-layout-1/t007 c_compat_x_tst.o compile
FAIL: tmpdir-gcc.dg-struct-layout-1/t007 c_compat_y_tst.o compile
UNRESOLVED: tmpdir-gcc.dg-struct-layout-1/t007 c_compat_x_tst.o-c_compat_y_tst.o link
UNRESOLVED: tmpdir-gcc.dg-struct-layout-1/t007 c_compat_x_tst.o-c_compat_y_tst.o execute
FAIL: tmpdir-gcc.dg-struct-layout-1/t008 c_compat_main_tst.o compile
FAIL: tmpdir-gcc.dg-struct-layout-1/t008 c_compat_x_tst.o compile
FAIL: tmpdir-gcc.dg-struct-layout-1/t008 c_compat_y_tst.o compile
UNRESOLVED: tmpdir-gcc.dg-struct-layout-1/t008 c_compat_x_tst.o-c_compat_y_tst.o link
UNRESOLVED: tmpdir-gcc.dg-struct-layout-1/t008 c_compat_x_tst.o-c_compat_y_tst.o execute
FAIL: tmpdir-gcc.dg-struct-layout-1/t009 c_compat_main_tst.o compile
FAIL: tmpdir-gcc.dg-struct-layout-1/t009 c_compat_x_tst.o compile
FAIL: tmpdir-gcc.dg-struct-layout-1/t009 c_compat_y_tst.o compile
UNRESOLVED: tmpdir-gcc.dg-struct-layout-1/t009 c_compat_x_tst.o-c_compat_y_tst.o link
UNRESOLVED: tmpdir-gcc.dg-struct-layout-1/t009 c_compat_x_tst.o-c_compat_y_tst.o execute
FAIL: tmpdir-gcc.dg-struct-layout-1/t010 c_compat_main_tst.o compile
FAIL: tmpdir-gcc.dg-struct-layout-1/t010 c_compat_x_tst.o compile
FAIL: tmpdir-gcc.dg-struct-layout-1/t010 c_compat_y_tst.o compile
UNRESOLVED: tmpdir-gcc.dg-struct-layout-1/t010 c_compat_x_tst.o-c_compat_y_tst.o link
UNRESOLVED: tmpdir-gcc.dg-struct-layout-1/t010 c_compat_x_tst.o-c_compat_y_tst.o execute
FAIL: tmpdir-gcc.dg-struct-layout-1/t011 c_compat_main_tst.o compile
FAIL: tmpdir-gcc.dg-struct-layout-1/t011 c_compat_x_tst.o compile
FAIL: tmpdir-gcc.dg-struct-layout-1/t011 c_compat_y_tst.o compile
UNRESOLVED: tmpdir-gcc.dg-struct-layout-1/t011 c_compat_x_tst.o-c_compat_y_tst.o link
UNRESOLVED: tmpdir-gcc.dg-struct-layout-1/t011 c_compat_x_tst.o-c_compat_y_tst.o execute
FAIL: tmpdir-gcc.dg-struct-layout-1/t012 c_compat_main_tst.o compile
FAIL: tmpdir-gcc.dg-struct-layout-1/t012 c_compat_x_tst.o compile
FAIL: tmpdir-gcc.dg-struct-layout-1/t012 c_compat_y_tst.o compile
UNRESOLVED: tmpdir-gcc.dg-struct-layout-1/t012 c_compat_x_tst.o-c_compat_y_tst.o link
UNRESOLVED: tmpdir-gcc.dg-struct-layout-1/t012 c_compat_x_tst.o-c_compat_y_tst.o execute
FAIL: tmpdir-gcc.dg-struct-layout-1/t013 c_compat_main_tst.o compile
FAIL: tmpdir-gcc.dg-struct-layout-1/t013 c_compat_x_tst.o compile
FAIL: tmpdir-gcc.dg-struct-layout-1/t013 c_compat_y_tst.o compile
UNRESOLVED: tmpdir-gcc.dg-struct-layout-1/t013 c_compat_x_tst.o-c_compat_y_tst.o link
UNRESOLVED: tmpdir-gcc.dg-struct-layout-1/t013 c_compat_x_tst.o-c_compat_y_tst.o execute
FAIL: tmpdir-gcc.dg-struct-layout-1/t014 c_compat_main_tst.o compile
FAIL: tmpdir-gcc.dg-struct-layout-1/t014 c_compat_x_tst.o compile
FAIL: tmpdir-gcc.dg-struct-layout-1/t014 c_compat_y_tst.o compile
UNRESOLVED: tmpdir-gcc.dg-struct-layout-1/t014 c_compat_x_tst.o-c_compat_y_tst.o link
UNRESOLVED: tmpdir-gcc.dg-struct-layout-1/t014 c_compat_x_tst.o-c_compat_y_tst.o execute
FAIL: tmpdir-gcc.dg-struct-layout-1/t015 c_compat_main_tst.o compile
FAIL: tmpdir-gcc.dg-struct-layout-1/t015 c_compat_x_tst.o compile
FAIL: tmpdir-gcc.dg-struct-layout-1/t015 c_compat_y_tst.o compile
UNRESOLVED: tmpdir-gcc.dg-struct-layout-1/t015 c_compat_x_tst.o-c_compat_y_tst.o link
UNRESOLVED: tmpdir-gcc.dg-struct-layout-1/t015 c_compat_x_tst.o-c_compat_y_tst.o execute
FAIL: tmpdir-gcc.dg-struct-layout-1/t016 c_compat_main_tst.o compile
FAIL: tmpdir-gcc.dg-struct-layout-1/t016 c_compat_x_tst.o compile
FAIL: tmpdir-gcc.dg-struct-layout-1/t016 c_compat_y_tst.o compile
UNRESOLVED: tmpdir-gcc.dg-struct-layout-1/t016 c_compat_x_tst.o-c_compat_y_tst.o link
UNRESOLVED: tmpdir-gcc.dg-struct-layout-1/t016 c_compat_x_tst.o-c_compat_y_tst.o execute
FAIL: tmpdir-gcc.dg-struct-layout-1/t017 c_compat_main_tst.o compile
FAIL: tmpdir-gcc.dg-struct-layout-1/t017 c_compat_x_tst.o compile
FAIL: tmpdir-gcc.dg-struct-layout-1/t017 c_compat_y_tst.o compile
UNRESOLVED: tmpdir-gcc.dg-struct-layout-1/t017 c_compat_x_tst.o-c_compat_y_tst.o link
UNRESOLVED: tmpdir-gcc.dg-struct-layout-1/t017 c_compat_x_tst.o-c_compat_y_tst.o execute
FAIL: tmpdir-gcc.dg-struct-layout-1/t018 c_compat_main_tst.o compile
FAIL: tmpdir-gcc.dg-struct-layout-1/t018 c_compat_x_tst.o compile
FAIL: tmpdir-gcc.dg-struct-layout-1/t018 c_compat_y_tst.o compile
UNRESOLVED: tmpdir-gcc.dg-struct-layout-1/t018 c_compat_x_tst.o-c_compat_y_tst.o link
UNRESOLVED: tmpdir-gcc.dg-struct-layout-1/t018 c_compat_x_tst.o-c_compat_y_tst.o execute
FAIL: tmpdir-gcc.dg-struct-layout-1/t019 c_compat_main_tst.o compile
FAIL: tmpdir-gcc.dg-struct-layout-1/t019 c_compat_x_tst.o compile
FAIL: tmpdir-gcc.dg-struct-layout-1/t019 c_compat_y_tst.o compile
UNRESOLVED: tmpdir-gcc.dg-struct-layout-1/t019 c_compat_x_tst.o-c_compat_y_tst.o link
UNRESOLVED: tmpdir-gcc.dg-struct-layout-1/t019 c_compat_x_tst.o-c_compat_y_tst.o execute
FAIL: tmpdir-gcc.dg-struct-layout-1/t020 c_compat_main_tst.o compile
FAIL: tmpdir-gcc.dg-struct-layout-1/t020 c_compat_x_tst.o compile
FAIL: tmpdir-gcc.dg-struct-layout-1/t020 c_compat_y_tst.o compile
UNRESOLVED: tmpdir-gcc.dg-struct-layout-1/t020 c_compat_x_tst.o-c_compat_y_tst.o link
UNRESOLVED: tmpdir-gcc.dg-struct-layout-1/t020 c_compat_x_tst.o-c_compat_y_tst.o execute
FAIL: tmpdir-gcc.dg-struct-layout-1/t021 c_compat_main_tst.o compile
FAIL: tmpdir-gcc.dg-struct-layout-1/t021 c_compat_x_tst.o compile
FAIL: tmpdir-gcc.dg-struct-layout-1/t021 c_compat_y_tst.o compile
UNRESOLVED: tmpdir-gcc.dg-struct-layout-1/t021 c_compat_x_tst.o-c_compat_y_tst.o link
UNRESOLVED: tmpdir-gcc.dg-struct-layout-1/t021 c_compat_x_tst.o-c_compat_y_tst.o execute
FAIL: tmpdir-gcc.dg-struct-layout-1/t022 c_compat_main_tst.o compile
FAIL: tmpdir-gcc.dg-struct-layout-1/t022 c_compat_x_tst.o compile
FAIL: tmpdir-gcc.dg-struct-layout-1/t022 c_compat_y_tst.o compile
UNRESOLVED: tmpdir-gcc.dg-struct-layout-1/t022 c_compat_x_tst.o-c_compat_y_tst.o link
UNRESOLVED: tmpdir-gcc.dg-struct-layout-1/t022 c_compat_x_tst.o-c_compat_y_tst.o execute
FAIL: tmpdir-gcc.dg-struct-layout-1/t023 c_compat_main_tst.o compile
FAIL: tmpdir-gcc.dg-struct-layout-1/t023 c_compat_x_tst.o compile
FAIL: tmpdir-gcc.dg-struct-layout-1/t023 c_compat_y_tst.o compile
UNRESOLVED: tmpdir-gcc.dg-struct-layout-1/t023 c_compat_x_tst.o-c_compat_y_tst.o link
UNRESOLVED: tmpdir-gcc.dg-struct-layout-1/t023 c_compat_x_tst.o-c_compat_y_tst.o execute
FAIL: tmpdir-gcc.dg-struct-layout-1/t024 c_compat_main_tst.o compile
FAIL: tmpdir-gcc.dg-struct-layout-1/t024 c_compat_x_tst.o compile
FAIL: tmpdir-gcc.dg-struct-layout-1/t024 c_compat_y_tst.o compile
UNRESOLVED: tmpdir-gcc.dg-struct-layout-1/t024 c_compat_x_tst.o-c_compat_y_tst.o link
UNRESOLVED: tmpdir-gcc.dg-struct-layout-1/t024 c_compat_x_tst.o-c_compat_y_tst.o execute
FAIL: tmpdir-gcc.dg-struct-layout-1/t025 c_compat_main_tst.o compile
FAIL: tmpdir-gcc.dg-struct-layout-1/t025 c_compat_x_tst.o compile
FAIL: tmpdir-gcc.dg-struct-layout-1/t025 c_compat_y_tst.o compile
UNRESOLVED: tmpdir-gcc.dg-struct-layout-1/t025 c_compat_x_tst.o-c_compat_y_tst.o link
UNRESOLVED: tmpdir-gcc.dg-struct-layout-1/t025 c_compat_x_tst.o-c_compat_y_tst.o execute
FAIL: tmpdir-gcc.dg-struct-layout-1/t026 c_compat_main_tst.o compile
FAIL: tmpdir-gcc.dg-struct-layout-1/t026 c_compat_x_tst.o compile
FAIL: tmpdir-gcc.dg-struct-layout-1/t026 c_compat_y_tst.o compile
UNRESOLVED: tmpdir-gcc.dg-struct-layout-1/t026 c_compat_x_tst.o-c_compat_y_tst.o link
UNRESOLVED: tmpdir-gcc.dg-struct-layout-1/t026 c_compat_x_tst.o-c_compat_y_tst.o execute
FAIL: tmpdir-gcc.dg-struct-layout-1/t027 c_compat_main_tst.o compile
FAIL: tmpdir-gcc.dg-struct-layout-1/t027 c_compat_x_tst.o compile
FAIL: tmpdir-gcc.dg-struct-layout-1/t027 c_compat_y_tst.o compile
UNRESOLVED: tmpdir-gcc.dg-struct-layout-1/t027 c_compat_x_tst.o-c_compat_y_tst.o link
UNRESOLVED: tmpdir-gcc.dg-struct-layout-1/t027 c_compat_x_tst.o-c_compat_y_tst.o execute
FAIL: tmpdir-gcc.dg-struct-layout-1/t028 c_compat_main_tst.o compile
FAIL: tmpdir-gcc.dg-struct-layout-1/t028 c_compat_x_tst.o compile
FAIL: tmpdir-gcc.dg-struct-layout-1/t028 c_compat_y_tst.o compile
UNRESOLVED: tmpdir-gcc.dg-struct-layout-1/t028 c_compat_x_tst.o-c_compat_y_tst.o link
UNRESOLVED: tmpdir-gcc.dg-struct-layout-1/t028 c_compat_x_tst.o-c_compat_y_tst.o execute
FAIL: gcc.dg/debug/dwarf2/dwarf-die7.c scan-assembler 1.*DW_AT_inline
FAIL: gcc.dg/20021014-1.c (test for excess errors)
FAIL: gcc.dg/builtins-20.c (test for excess errors)
FAIL: gcc.dg/c90-const-expr-3.c (test for excess errors)
FAIL: gcc.dg/c99-const-expr-3.c (test for excess errors)
WARNING: program timed out.
FAIL: gcc.dg/c99-intconst-1.c (test for excess errors)
FAIL: gcc.dg/cleanup-5.c execution test
FAIL: gcc.dg/complex-1.c (test for excess errors)
WARNING: gcc.dg/complex-1.c compilation failed to produce executable
FAIL: gcc.dg/intmax_t-1.c (test for excess errors)
FAIL: gcc.dg/nest.c (test for excess errors)
FAIL: gcc.dg/simd-2.c (test for excess errors)
FAIL: gcc.dg/titype-1.c (test for excess errors)
WARNING: gcc.dg/titype-1.c compilation failed to produce executable
FAIL: gcc.dg/uninit-H.c (test for bogus messages, line 20)
FAIL: gcc.dg/va-arg-3.c (test for excess errors)
FAIL: gcc.dg/torture/builtin-convert-1.c -O1 (test for excess errors)
FAIL: gcc.dg/torture/builtin-convert-1.c -O2 (test for excess errors)
FAIL: gcc.dg/torture/builtin-convert-1.c -O3 -fomit-frame-pointer (test for excess errors)
FAIL: gcc.dg/torture/builtin-convert-1.c -O3 -g (test for excess errors)
FAIL: gcc.dg/torture/builtin-convert-1.c -Os (test for excess errors)
FAIL: gcc.dg/torture/builtin-convert-2.c -O1 (test for excess errors)
FAIL: gcc.dg/torture/builtin-convert-2.c -O2 (test for excess errors)
FAIL: gcc.dg/torture/builtin-convert-2.c -O3 -fomit-frame-pointer (test for excess errors)
FAIL: gcc.dg/torture/builtin-convert-2.c -O3 -g (test for excess errors)
FAIL: gcc.dg/torture/builtin-convert-2.c -Os (test for excess errors)
FAIL: gcc.dg/torture/builtin-convert-3.c -O1 (test for excess errors)
FAIL: gcc.dg/torture/builtin-convert-3.c -O2 (test for excess errors)
FAIL: gcc.dg/torture/builtin-convert-3.c -O3 -fomit-frame-pointer (test for excess errors)
FAIL: gcc.dg/torture/builtin-convert-3.c -O3 -g (test for excess errors)
FAIL: gcc.dg/torture/builtin-convert-3.c -Os (test for excess errors)
FAIL: gcc.dg/torture/builtin-power-1.c -O0 (test for excess errors)
FAIL: gcc.dg/torture/builtin-power-1.c -O1 (test for excess errors)
FAIL: gcc.dg/torture/builtin-power-1.c -O2 (test for excess errors)
FAIL: gcc.dg/torture/builtin-power-1.c -O3 -fomit-frame-pointer (test for excess errors)
FAIL: gcc.dg/torture/builtin-power-1.c -O3 -g (test for excess errors)
FAIL: gcc.dg/torture/builtin-power-1.c -Os (test for excess errors)
XPASS: gcc.dg/tree-ssa/20040204-1.c scan-tree-dump-times link_error 0
FAIL: gcc.dg/tree-ssa/loop-1.c scan-assembler-times foo 5
FAIL: gcc.dg/tree-ssa/sra-1.c scan-tree-dump-times link_error 0
=== gcc Summary for sh64/-m5-compact/-ml ===
# of expected passes 27830
# of unexpected failures 510
# of unexpected successes 7
# of expected failures 63
# of unresolved testcases 445
# of untested testcases 28
# of unsupported tests 497
=== gcc Summary ===
# of expected passes 84937
# of unexpected failures 832
# of unexpected successes 13
# of expected failures 197
# of unresolved testcases 590
# of untested testcases 84
# of unsupported tests 1491
/swbuild/nightly/2004-08-26/sh64-elf/gcc/xgcc version 3.5.0 20040826 (experimental)
Host is i686-pc-linux-gnu
=== objc tests ===
Running target sh64
FAIL: objc/execute/bf-10.m execution, -O0
FAIL: objc/execute/bf-10.m execution, -O1
FAIL: objc/execute/bf-10.m execution, -O2
FAIL: objc/execute/bf-10.m execution, -O3 -fomit-frame-pointer
FAIL: objc/execute/bf-10.m execution, -O3 -g
FAIL: objc/execute/bf-10.m execution, -Os
FAIL: objc/execute/bf-11.m execution, -O0
FAIL: objc/execute/bf-11.m execution, -O1
FAIL: objc/execute/bf-11.m execution, -O2
FAIL: objc/execute/bf-11.m execution, -O3 -fomit-frame-pointer
FAIL: objc/execute/bf-11.m execution, -O3 -g
FAIL: objc/execute/bf-11.m execution, -Os
FAIL: objc/execute/bf-12.m execution, -O0
FAIL: objc/execute/bf-12.m execution, -O1
FAIL: objc/execute/bf-12.m execution, -O2
FAIL: objc/execute/bf-12.m execution, -O3 -fomit-frame-pointer
FAIL: objc/execute/bf-12.m execution, -O3 -g
FAIL: objc/execute/bf-12.m execution, -Os
FAIL: objc/execute/bf-5.m execution, -O0
FAIL: objc/execute/bf-5.m execution, -O1
FAIL: objc/execute/bf-5.m execution, -O2
FAIL: objc/execute/bf-5.m execution, -O3 -fomit-frame-pointer
FAIL: objc/execute/bf-5.m execution, -O3 -g
FAIL: objc/execute/bf-5.m execution, -Os
FAIL: objc/execute/bf-6.m execution, -O0
FAIL: objc/execute/bf-6.m execution, -O1
FAIL: objc/execute/bf-6.m execution, -O2
FAIL: objc/execute/bf-6.m execution, -O3 -fomit-frame-pointer
FAIL: objc/execute/bf-6.m execution, -O3 -g
FAIL: objc/execute/bf-6.m execution, -Os
FAIL: objc/execute/bf-7.m execution, -O0
FAIL: objc/execute/bf-7.m execution, -O1
FAIL: objc/execute/bf-7.m execution, -O2
FAIL: objc/execute/bf-7.m execution, -O3 -fomit-frame-pointer
FAIL: objc/execute/bf-7.m execution, -O3 -g
FAIL: objc/execute/bf-7.m execution, -Os
FAIL: objc/execute/bf-8.m execution, -O0
FAIL: objc/execute/bf-8.m execution, -O1
FAIL: objc/execute/bf-8.m execution, -O2
FAIL: objc/execute/bf-8.m execution, -O3 -fomit-frame-pointer
FAIL: objc/execute/bf-8.m execution, -O3 -g
FAIL: objc/execute/bf-8.m execution, -Os
FAIL: objc/execute/bf-9.m execution, -O0
FAIL: objc/execute/bf-9.m execution, -O1
FAIL: objc/execute/bf-9.m execution, -O2
FAIL: objc/execute/bf-9.m execution, -O3 -fomit-frame-pointer
FAIL: objc/execute/bf-9.m execution, -O3 -g
FAIL: objc/execute/bf-9.m execution, -Os
=== objc Summary for sh64 ===
# of expected passes 1370
# of unexpected failures 48
# of unsupported tests 7
Running target sh64/-ml
FAIL: objc/execute/bf-10.m execution, -O0
FAIL: objc/execute/bf-10.m execution, -O1
FAIL: objc/execute/bf-10.m execution, -O2
FAIL: objc/execute/bf-10.m execution, -O3 -fomit-frame-pointer
FAIL: objc/execute/bf-10.m execution, -O3 -g
FAIL: objc/execute/bf-10.m execution, -Os
FAIL: objc/execute/bf-11.m execution, -O0
FAIL: objc/execute/bf-11.m execution, -O1
FAIL: objc/execute/bf-11.m execution, -O2
FAIL: objc/execute/bf-11.m execution, -O3 -fomit-frame-pointer
FAIL: objc/execute/bf-11.m execution, -O3 -g
FAIL: objc/execute/bf-11.m execution, -Os
FAIL: objc/execute/bf-12.m execution, -O0
FAIL: objc/execute/bf-12.m execution, -O1
FAIL: objc/execute/bf-12.m execution, -O2
FAIL: objc/execute/bf-12.m execution, -O3 -fomit-frame-pointer
FAIL: objc/execute/bf-12.m execution, -O3 -g
FAIL: objc/execute/bf-12.m execution, -Os
FAIL: objc/execute/bf-5.m execution, -O0
FAIL: objc/execute/bf-5.m execution, -O1
FAIL: objc/execute/bf-5.m execution, -O2
FAIL: objc/execute/bf-5.m execution, -O3 -fomit-frame-pointer
FAIL: objc/execute/bf-5.m execution, -O3 -g
FAIL: objc/execute/bf-5.m execution, -Os
FAIL: objc/execute/bf-6.m execution, -O0
FAIL: objc/execute/bf-6.m execution, -O1
FAIL: objc/execute/bf-6.m execution, -O2
FAIL: objc/execute/bf-6.m execution, -O3 -fomit-frame-pointer
FAIL: objc/execute/bf-6.m execution, -O3 -g
FAIL: objc/execute/bf-6.m execution, -Os
FAIL: objc/execute/bf-7.m execution, -O0
FAIL: objc/execute/bf-7.m execution, -O1
FAIL: objc/execute/bf-7.m execution, -O2
FAIL: objc/execute/bf-7.m execution, -O3 -fomit-frame-pointer
FAIL: objc/execute/bf-7.m execution, -O3 -g
FAIL: objc/execute/bf-7.m execution, -Os
FAIL: objc/execute/bf-8.m execution, -O0
FAIL: objc/execute/bf-8.m execution, -O1
FAIL: objc/execute/bf-8.m execution, -O2
FAIL: objc/execute/bf-8.m execution, -O3 -fomit-frame-pointer
FAIL: objc/execute/bf-8.m execution, -O3 -g
FAIL: objc/execute/bf-8.m execution, -Os
FAIL: objc/execute/bf-9.m execution, -O0
FAIL: objc/execute/bf-9.m execution, -O1
FAIL: objc/execute/bf-9.m execution, -O2
FAIL: objc/execute/bf-9.m execution, -O3 -fomit-frame-pointer
FAIL: objc/execute/bf-9.m execution, -O3 -g
FAIL: objc/execute/bf-9.m execution, -Os
=== objc Summary for sh64/-ml ===
# of expected passes 1370
# of unexpected failures 48
# of unsupported tests 7
Running target sh64/-m5-compact/-ml
FAIL: objc/execute/bf-10.m execution, -O0
FAIL: objc/execute/bf-10.m execution, -O1
FAIL: objc/execute/bf-10.m execution, -O2
FAIL: objc/execute/bf-10.m execution, -O3 -fomit-frame-pointer
FAIL: objc/execute/bf-10.m execution, -O3 -g
FAIL: objc/execute/bf-10.m execution, -Os
FAIL: objc/execute/bf-11.m execution, -O0
FAIL: objc/execute/bf-11.m execution, -O1
FAIL: objc/execute/bf-11.m execution, -O2
FAIL: objc/execute/bf-11.m execution, -O3 -fomit-frame-pointer
FAIL: objc/execute/bf-11.m execution, -O3 -g
FAIL: objc/execute/bf-11.m execution, -Os
FAIL: objc/execute/bf-12.m execution, -O0
FAIL: objc/execute/bf-12.m execution, -O1
FAIL: objc/execute/bf-12.m execution, -O2
FAIL: objc/execute/bf-12.m execution, -O3 -fomit-frame-pointer
FAIL: objc/execute/bf-12.m execution, -O3 -g
FAIL: objc/execute/bf-12.m execution, -Os
FAIL: objc/execute/bf-5.m execution, -O0
FAIL: objc/execute/bf-5.m execution, -O1
FAIL: objc/execute/bf-5.m execution, -O2
FAIL: objc/execute/bf-5.m execution, -O3 -fomit-frame-pointer
FAIL: objc/execute/bf-5.m execution, -O3 -g
FAIL: objc/execute/bf-5.m execution, -Os
FAIL: objc/execute/bf-6.m execution, -O0
FAIL: objc/execute/bf-6.m execution, -O1
FAIL: objc/execute/bf-6.m execution, -O2
FAIL: objc/execute/bf-6.m execution, -O3 -fomit-frame-pointer
FAIL: objc/execute/bf-6.m execution, -O3 -g
FAIL: objc/execute/bf-6.m execution, -Os
FAIL: objc/execute/bf-7.m execution, -O0
FAIL: objc/execute/bf-7.m execution, -O1
FAIL: objc/execute/bf-7.m execution, -O2
FAIL: objc/execute/bf-7.m execution, -O3 -fomit-frame-pointer
FAIL: objc/execute/bf-7.m execution, -O3 -g
FAIL: objc/execute/bf-7.m execution, -Os
FAIL: objc/execute/bf-8.m execution, -O0
FAIL: objc/execute/bf-8.m execution, -O1
FAIL: objc/execute/bf-8.m execution, -O2
FAIL: objc/execute/bf-8.m execution, -O3 -fomit-frame-pointer
FAIL: objc/execute/bf-8.m execution, -O3 -g
FAIL: objc/execute/bf-8.m execution, -Os
FAIL: objc/execute/bf-9.m execution, -O0
FAIL: objc/execute/bf-9.m execution, -O1
FAIL: objc/execute/bf-9.m execution, -O2
FAIL: objc/execute/bf-9.m execution, -O3 -fomit-frame-pointer
FAIL: objc/execute/bf-9.m execution, -O3 -g
FAIL: objc/execute/bf-9.m execution, -Os
FAIL: objc/execute/va_method.m compilation, -O0
UNRESOLVED: objc/execute/va_method.m execution, -O0
FAIL: objc/execute/va_method.m compilation, -O1
UNRESOLVED: objc/execute/va_method.m execution, -O1
FAIL: objc/execute/va_method.m compilation, -O2
UNRESOLVED: objc/execute/va_method.m execution, -O2
FAIL: objc/execute/va_method.m compilation, -O3 -fomit-frame-pointer
UNRESOLVED: objc/execute/va_method.m execution, -O3 -fomit-frame-pointer
FAIL: objc/execute/va_method.m compilation, -O3 -fomit-frame-pointer -funroll-loops
UNRESOLVED: objc/execute/va_method.m execution, -O3 -fomit-frame-pointer -funroll-loops
FAIL: objc/execute/va_method.m compilation, -O3 -fomit-frame-pointer -funroll-all-loops -finline-functions
UNRESOLVED: objc/execute/va_method.m execution, -O3 -fomit-frame-pointer -funroll-all-loops -finline-functions
FAIL: objc/execute/va_method.m compilation, -O3 -g
UNRESOLVED: objc/execute/va_method.m execution, -O3 -g
FAIL: objc/execute/va_method.m compilation, -Os
UNRESOLVED: objc/execute/va_method.m execution, -Os
=== objc Summary for sh64/-m5-compact/-ml ===
# of expected passes 1354
# of unexpected failures 56
# of unresolved testcases 8
# of unsupported tests 7
=== objc Summary ===
# of expected passes 4094
# of unexpected failures 152
# of unresolved testcases 8
# of unsupported tests 21
/swbuild/nightly/2004-08-26/sh64-elf/gcc/xgcc version 3.5.0 20040826 (experimental)
Compiler version: 3.5.0 20040826 (experimental)
Platform: sh64-unknown-elf
configure flags: --target=sh64-elf --with-headers --with-newlib --disable-gdb,;t t
More information about the Gcc-testresults
mailing list