Results for 3.4.1 testsuite on i686-suse-linux-gnu
Janvier Anonical
janvier@zagato.myHome
Sat Aug 21 13:28:00 GMT 2004
Compiled using gcc 3.3.3 included in SuSE Linux 9.1
Platform is i686-suse-linux
Source came from Official 3.4.1 release tarball
LAST_UPDATED: Obtained from CVS: -rgcc_3_4_1_release
Native configuration is i686-suse-linux-gnu
=== gcc tests ===
Running target unix
FAIL: gcc.c-torture/execute/va-arg-25.c execution, -Os
=== gcc Summary ===
# of expected passes 24627
# of unexpected failures 1
# of expected failures 70
# of untested testcases 7
# of unsupported tests 191
/home/janvier/Installs/development/gcc/gcc-3.4.1-obj/gcc/xgcc version 3.4.1
=== g++ tests ===
Running target unix
WARNING: g++.old-deja/g++.mike/p10769a.C compilation failed to produce executable
WARNING: g++.old-deja/g++.other/enum5.C compilation failed to produce executable
XPASS: g++.old-deja/g++.other/init5.C execution test
WARNING: g++.old-deja/g++.pt/friend44.C compilation failed to produce executable
=== g++ Summary ===
# of expected passes 9639
# of unexpected successes 1
# of expected failures 67
# of unsupported tests 32
/home/janvier/Installs/development/gcc/gcc-3.4.1-obj/gcc/testsuite/../g++ version 3.4.1
=== objc tests ===
Running target unix
=== objc Summary ===
# of expected passes 1352
# of unsupported tests 8
/home/janvier/Installs/development/gcc/gcc-3.4.1-obj/gcc/xgcc version 3.4.1
=== libstdc++-v3 check-abi Summary ===
# of added symbols: 298
# of missing symbols: 284
# of incompatible symbols: 284
=== libstdc++ tests ===
Running target unix
XPASS: 26_numerics/c99_classification_macros_c.cc (test for excess errors)
=== libstdc++ Summary ===
# of expected passes 2696
# of unexpected successes 1
# of expected failures 5
Compiler version: 3.4.1
Platform: i686-suse-linux-gnu
configure flags: --host=i686-suse-linux --target=i686-suse-linux --build=i686-suse-linux --srcdir=../gcc-3.4.1 --prefix=/opt/gnu --with-gnu-as --with-gnu-ld --enable-__cxa_atexit --enable-checking --enable-shared --enable-threads=posix --with-local-prefix=/opt/gnu --verbose --enable-languages=c,c++,objc
More information about the Gcc-testresults
mailing list