Results for 3.4.2 20040731 (prerelease) testsuite on sparc-unknown-linux-gnu
Horst von Brand
vonbrand@inf.utfsm.cl
Wed Aug 11 00:29:00 GMT 2004
LAST_UPDATED: Sat Jul 31 03:11:01 UTC 2004
Native configuration is sparc-unknown-linux-gnu
=== g++ tests ===
Running target unix
ERROR: g++.dg/abi/rtti1.C: error executing dg-final: couldn't execute "c++filt": no such file or directory
UNRESOLVED: g++.dg/abi/rtti1.C: error executing dg-final: couldn't execute "c++filt": no such file or directory
WARNING: g++.dg/eh/simd-1.C compilation failed to produce executable
WARNING: g++.dg/eh/simd-2.C compilation failed to produce executable
WARNING: program timed out.
FAIL: g++.dg/parse/stack1.C (test for excess errors)
XPASS: g++.dg/rtti/tinfo1.C scan-assembler _ZTIP9CTemplateIhE:
XPASS: g++.dg/rtti/tinfo1.C scan-assembler-not .globl[ \\t]+_ZTIP9CTemplateIhE
WARNING: g++.old-deja/g++.mike/p10769a.C compilation failed to produce executable
WARNING: g++.old-deja/g++.other/enum5.C compilation failed to produce executable
WARNING: g++.old-deja/g++.pt/friend44.C compilation failed to produce executable
=== g++ Summary ===
# of expected passes 9578
# of unexpected failures 1
# of unexpected successes 2
# of expected failures 70
# of unresolved testcases 1
# of unsupported tests 70
/usr/src/GCC/build-gcc/gcc/testsuite/../g++ version 3.4.2 20040731 (prerelease)
=== g77 tests ===
Running target unix
FAIL: g77.dg/bprob/g77-bprob-1.f compilation, -g -fprofile-arcs
UNRESOLVED: g77.dg/bprob/g77-bprob-1.f execution, -g -fprofile-arcs
UNRESOLVED: g77.dg/bprob/g77-bprob-1.f compilation, -g -fbranch-probabilities
UNRESOLVED: g77.dg/bprob/g77-bprob-1.f execution, -g -fbranch-probabilities
FAIL: g77.dg/bprob/g77-bprob-1.f compilation, -O0 -fprofile-arcs
UNRESOLVED: g77.dg/bprob/g77-bprob-1.f execution, -O0 -fprofile-arcs
UNRESOLVED: g77.dg/bprob/g77-bprob-1.f compilation, -O0 -fbranch-probabilities
UNRESOLVED: g77.dg/bprob/g77-bprob-1.f execution, -O0 -fbranch-probabilities
FAIL: g77.dg/bprob/g77-bprob-1.f compilation, -O1 -fprofile-arcs
UNRESOLVED: g77.dg/bprob/g77-bprob-1.f execution, -O1 -fprofile-arcs
UNRESOLVED: g77.dg/bprob/g77-bprob-1.f compilation, -O1 -fbranch-probabilities
UNRESOLVED: g77.dg/bprob/g77-bprob-1.f execution, -O1 -fbranch-probabilities
FAIL: g77.dg/bprob/g77-bprob-1.f compilation, -O2 -fprofile-arcs
UNRESOLVED: g77.dg/bprob/g77-bprob-1.f execution, -O2 -fprofile-arcs
UNRESOLVED: g77.dg/bprob/g77-bprob-1.f compilation, -O2 -fbranch-probabilities
UNRESOLVED: g77.dg/bprob/g77-bprob-1.f execution, -O2 -fbranch-probabilities
FAIL: g77.dg/bprob/g77-bprob-1.f compilation, -O3 -fprofile-arcs
UNRESOLVED: g77.dg/bprob/g77-bprob-1.f execution, -O3 -fprofile-arcs
UNRESOLVED: g77.dg/bprob/g77-bprob-1.f compilation, -O3 -fbranch-probabilities
UNRESOLVED: g77.dg/bprob/g77-bprob-1.f execution, -O3 -fbranch-probabilities
FAIL: g77.dg/bprob/g77-bprob-1.f compilation, -O3 -g -fprofile-arcs
UNRESOLVED: g77.dg/bprob/g77-bprob-1.f execution, -O3 -g -fprofile-arcs
UNRESOLVED: g77.dg/bprob/g77-bprob-1.f compilation, -O3 -g -fbranch-probabilities
UNRESOLVED: g77.dg/bprob/g77-bprob-1.f execution, -O3 -g -fbranch-probabilities
FAIL: g77.dg/bprob/g77-bprob-1.f compilation, -Os -fprofile-arcs
UNRESOLVED: g77.dg/bprob/g77-bprob-1.f execution, -Os -fprofile-arcs
UNRESOLVED: g77.dg/bprob/g77-bprob-1.f compilation, -Os -fbranch-probabilities
UNRESOLVED: g77.dg/bprob/g77-bprob-1.f execution, -Os -fbranch-probabilities
FAIL: g77.dg/12632.f out of defined range (test for errors, line 4)
FAIL: g77.dg/12632.f (test for excess errors)
FAIL: g77.dg/12632.f out of defined range (test for errors, line 4)
FAIL: g77.dg/12632.f (test for excess errors)
FAIL: g77.dg/12632.f out of defined range (test for errors, line 4)
FAIL: g77.dg/12632.f (test for excess errors)
FAIL: g77.dg/12632.f out of defined range (test for errors, line 4)
FAIL: g77.dg/12632.f (test for excess errors)
FAIL: g77.dg/12632.f out of defined range (test for errors, line 4)
FAIL: g77.dg/12632.f (test for excess errors)
FAIL: g77.dg/12632.f out of defined range (test for errors, line 4)
FAIL: g77.dg/12632.f (test for excess errors)
FAIL: g77.dg/7388.f (test for excess errors)
WARNING: g77.dg/7388.f compilation failed to produce executable
FAIL: g77.dg/7388.f (test for excess errors)
WARNING: g77.dg/7388.f compilation failed to produce executable
FAIL: g77.dg/7388.f (test for excess errors)
WARNING: g77.dg/7388.f compilation failed to produce executable
FAIL: g77.dg/7388.f (test for excess errors)
WARNING: g77.dg/7388.f compilation failed to produce executable
FAIL: g77.dg/7388.f (test for excess errors)
WARNING: g77.dg/7388.f compilation failed to produce executable
FAIL: g77.dg/7388.f (test for excess errors)
WARNING: g77.dg/7388.f compilation failed to produce executable
FAIL: g77.dg/f77-edit-apostrophe-out.f (test for excess errors)
WARNING: g77.dg/f77-edit-apostrophe-out.f compilation failed to produce executable
FAIL: g77.dg/f77-edit-apostrophe-out.f (test for excess errors)
WARNING: g77.dg/f77-edit-apostrophe-out.f compilation failed to produce executable
FAIL: g77.dg/f77-edit-apostrophe-out.f (test for excess errors)
WARNING: g77.dg/f77-edit-apostrophe-out.f compilation failed to produce executable
FAIL: g77.dg/f77-edit-apostrophe-out.f (test for excess errors)
WARNING: g77.dg/f77-edit-apostrophe-out.f compilation failed to produce executable
FAIL: g77.dg/f77-edit-apostrophe-out.f (test for excess errors)
WARNING: g77.dg/f77-edit-apostrophe-out.f compilation failed to produce executable
FAIL: g77.dg/f77-edit-apostrophe-out.f (test for excess errors)
WARNING: g77.dg/f77-edit-apostrophe-out.f compilation failed to produce executable
FAIL: g77.dg/f77-edit-apostrophe-out.f (test for excess errors)
WARNING: g77.dg/f77-edit-apostrophe-out.f compilation failed to produce executable
FAIL: g77.dg/f77-edit-apostrophe-out.f (test for excess errors)
WARNING: g77.dg/f77-edit-apostrophe-out.f compilation failed to produce executable
FAIL: g77.dg/f77-edit-colon-out.f (test for excess errors)
WARNING: g77.dg/f77-edit-colon-out.f compilation failed to produce executable
FAIL: g77.dg/f77-edit-colon-out.f (test for excess errors)
WARNING: g77.dg/f77-edit-colon-out.f compilation failed to produce executable
FAIL: g77.dg/f77-edit-colon-out.f (test for excess errors)
WARNING: g77.dg/f77-edit-colon-out.f compilation failed to produce executable
FAIL: g77.dg/f77-edit-colon-out.f (test for excess errors)
WARNING: g77.dg/f77-edit-colon-out.f compilation failed to produce executable
FAIL: g77.dg/f77-edit-colon-out.f (test for excess errors)
WARNING: g77.dg/f77-edit-colon-out.f compilation failed to produce executable
FAIL: g77.dg/f77-edit-colon-out.f (test for excess errors)
WARNING: g77.dg/f77-edit-colon-out.f compilation failed to produce executable
FAIL: g77.dg/f77-edit-h-out.f (test for excess errors)
WARNING: g77.dg/f77-edit-h-out.f compilation failed to produce executable
FAIL: g77.dg/f77-edit-h-out.f (test for excess errors)
WARNING: g77.dg/f77-edit-h-out.f compilation failed to produce executable
FAIL: g77.dg/f77-edit-h-out.f (test for excess errors)
WARNING: g77.dg/f77-edit-h-out.f compilation failed to produce executable
FAIL: g77.dg/f77-edit-h-out.f (test for excess errors)
WARNING: g77.dg/f77-edit-h-out.f compilation failed to produce executable
FAIL: g77.dg/f77-edit-h-out.f (test for excess errors)
WARNING: g77.dg/f77-edit-h-out.f compilation failed to produce executable
FAIL: g77.dg/f77-edit-h-out.f (test for excess errors)
WARNING: g77.dg/f77-edit-h-out.f compilation failed to produce executable
FAIL: g77.dg/f77-edit-h-out.f (test for excess errors)
WARNING: g77.dg/f77-edit-h-out.f compilation failed to produce executable
FAIL: g77.dg/f77-edit-h-out.f (test for excess errors)
WARNING: g77.dg/f77-edit-h-out.f compilation failed to produce executable
FAIL: g77.dg/f77-edit-i-in.f (test for excess errors)
WARNING: g77.dg/f77-edit-i-in.f compilation failed to produce executable
FAIL: g77.dg/f77-edit-i-in.f (test for excess errors)
WARNING: g77.dg/f77-edit-i-in.f compilation failed to produce executable
FAIL: g77.dg/f77-edit-i-in.f (test for excess errors)
WARNING: g77.dg/f77-edit-i-in.f compilation failed to produce executable
FAIL: g77.dg/f77-edit-i-in.f (test for excess errors)
WARNING: g77.dg/f77-edit-i-in.f compilation failed to produce executable
FAIL: g77.dg/f77-edit-i-in.f (test for excess errors)
WARNING: g77.dg/f77-edit-i-in.f compilation failed to produce executable
FAIL: g77.dg/f77-edit-i-in.f (test for excess errors)
WARNING: g77.dg/f77-edit-i-in.f compilation failed to produce executable
FAIL: g77.dg/f77-edit-i-out.f (test for excess errors)
WARNING: g77.dg/f77-edit-i-out.f compilation failed to produce executable
FAIL: g77.dg/f77-edit-i-out.f (test for excess errors)
WARNING: g77.dg/f77-edit-i-out.f compilation failed to produce executable
FAIL: g77.dg/f77-edit-i-out.f (test for excess errors)
WARNING: g77.dg/f77-edit-i-out.f compilation failed to produce executable
FAIL: g77.dg/f77-edit-i-out.f (test for excess errors)
WARNING: g77.dg/f77-edit-i-out.f compilation failed to produce executable
FAIL: g77.dg/f77-edit-i-out.f (test for excess errors)
WARNING: g77.dg/f77-edit-i-out.f compilation failed to produce executable
FAIL: g77.dg/f77-edit-i-out.f (test for excess errors)
WARNING: g77.dg/f77-edit-i-out.f compilation failed to produce executable
FAIL: g77.dg/f77-edit-s-out.f (test for excess errors)
WARNING: g77.dg/f77-edit-s-out.f compilation failed to produce executable
FAIL: g77.dg/f77-edit-s-out.f (test for excess errors)
WARNING: g77.dg/f77-edit-s-out.f compilation failed to produce executable
FAIL: g77.dg/f77-edit-s-out.f (test for excess errors)
WARNING: g77.dg/f77-edit-s-out.f compilation failed to produce executable
FAIL: g77.dg/f77-edit-s-out.f (test for excess errors)
WARNING: g77.dg/f77-edit-s-out.f compilation failed to produce executable
FAIL: g77.dg/f77-edit-s-out.f (test for excess errors)
WARNING: g77.dg/f77-edit-s-out.f compilation failed to produce executable
FAIL: g77.dg/f77-edit-s-out.f (test for excess errors)
WARNING: g77.dg/f77-edit-s-out.f compilation failed to produce executable
FAIL: g77.dg/f77-edit-s-out.f (test for excess errors)
WARNING: g77.dg/f77-edit-s-out.f compilation failed to produce executable
FAIL: g77.dg/f77-edit-s-out.f (test for excess errors)
WARNING: g77.dg/f77-edit-s-out.f compilation failed to produce executable
FAIL: g77.dg/f77-edit-slash-out.f (test for excess errors)
WARNING: g77.dg/f77-edit-slash-out.f compilation failed to produce executable
FAIL: g77.dg/f77-edit-slash-out.f (test for excess errors)
WARNING: g77.dg/f77-edit-slash-out.f compilation failed to produce executable
FAIL: g77.dg/f77-edit-slash-out.f (test for excess errors)
WARNING: g77.dg/f77-edit-slash-out.f compilation failed to produce executable
FAIL: g77.dg/f77-edit-slash-out.f (test for excess errors)
WARNING: g77.dg/f77-edit-slash-out.f compilation failed to produce executable
FAIL: g77.dg/f77-edit-slash-out.f (test for excess errors)
WARNING: g77.dg/f77-edit-slash-out.f compilation failed to produce executable
FAIL: g77.dg/f77-edit-slash-out.f (test for excess errors)
WARNING: g77.dg/f77-edit-slash-out.f compilation failed to produce executable
FAIL: g77.dg/f77-edit-t-in.f (test for excess errors)
WARNING: g77.dg/f77-edit-t-in.f compilation failed to produce executable
FAIL: g77.dg/f77-edit-t-in.f (test for excess errors)
WARNING: g77.dg/f77-edit-t-in.f compilation failed to produce executable
FAIL: g77.dg/f77-edit-t-in.f (test for excess errors)
WARNING: g77.dg/f77-edit-t-in.f compilation failed to produce executable
FAIL: g77.dg/f77-edit-t-in.f (test for excess errors)
WARNING: g77.dg/f77-edit-t-in.f compilation failed to produce executable
FAIL: g77.dg/f77-edit-t-in.f (test for excess errors)
WARNING: g77.dg/f77-edit-t-in.f compilation failed to produce executable
FAIL: g77.dg/f77-edit-t-in.f (test for excess errors)
WARNING: g77.dg/f77-edit-t-in.f compilation failed to produce executable
FAIL: g77.dg/f77-edit-t-in.f (test for excess errors)
WARNING: g77.dg/f77-edit-t-in.f compilation failed to produce executable
FAIL: g77.dg/f77-edit-t-in.f (test for excess errors)
WARNING: g77.dg/f77-edit-t-in.f compilation failed to produce executable
FAIL: g77.dg/f77-edit-t-out.f (test for excess errors)
WARNING: g77.dg/f77-edit-t-out.f compilation failed to produce executable
FAIL: g77.dg/f77-edit-t-out.f (test for excess errors)
WARNING: g77.dg/f77-edit-t-out.f compilation failed to produce executable
FAIL: g77.dg/f77-edit-t-out.f (test for excess errors)
WARNING: g77.dg/f77-edit-t-out.f compilation failed to produce executable
FAIL: g77.dg/f77-edit-t-out.f (test for excess errors)
WARNING: g77.dg/f77-edit-t-out.f compilation failed to produce executable
FAIL: g77.dg/f77-edit-t-out.f (test for excess errors)
WARNING: g77.dg/f77-edit-t-out.f compilation failed to produce executable
FAIL: g77.dg/f77-edit-t-out.f (test for excess errors)
WARNING: g77.dg/f77-edit-t-out.f compilation failed to produce executable
FAIL: g77.dg/f77-edit-x-out.f (test for excess errors)
WARNING: g77.dg/f77-edit-x-out.f compilation failed to produce executable
FAIL: g77.dg/f77-edit-x-out.f (test for excess errors)
WARNING: g77.dg/f77-edit-x-out.f compilation failed to produce executable
FAIL: g77.dg/f77-edit-x-out.f (test for excess errors)
WARNING: g77.dg/f77-edit-x-out.f compilation failed to produce executable
FAIL: g77.dg/f77-edit-x-out.f (test for excess errors)
WARNING: g77.dg/f77-edit-x-out.f compilation failed to produce executable
FAIL: g77.dg/f77-edit-x-out.f (test for excess errors)
WARNING: g77.dg/f77-edit-x-out.f compilation failed to produce executable
FAIL: g77.dg/f77-edit-x-out.f (test for excess errors)
WARNING: g77.dg/f77-edit-x-out.f compilation failed to produce executable
FAIL: g77.dg/fbackslash.f (test for excess errors)
WARNING: g77.dg/fbackslash.f compilation failed to produce executable
FAIL: g77.dg/fbackslash.f (test for excess errors)
WARNING: g77.dg/fbackslash.f compilation failed to produce executable
FAIL: g77.dg/fbackslash.f (test for excess errors)
WARNING: g77.dg/fbackslash.f compilation failed to produce executable
FAIL: g77.dg/fbackslash.f (test for excess errors)
WARNING: g77.dg/fbackslash.f compilation failed to produce executable
FAIL: g77.dg/fbackslash.f (test for excess errors)
WARNING: g77.dg/fbackslash.f compilation failed to produce executable
FAIL: g77.dg/fbackslash.f (test for excess errors)
WARNING: g77.dg/fbackslash.f compilation failed to produce executable
FAIL: g77.dg/fcase-preserve.f (test for excess errors)
WARNING: g77.dg/fcase-preserve.f compilation failed to produce executable
FAIL: g77.dg/fcase-preserve.f (test for excess errors)
WARNING: g77.dg/fcase-preserve.f compilation failed to produce executable
FAIL: g77.dg/fcase-preserve.f (test for excess errors)
WARNING: g77.dg/fcase-preserve.f compilation failed to produce executable
FAIL: g77.dg/fcase-preserve.f (test for excess errors)
WARNING: g77.dg/fcase-preserve.f compilation failed to produce executable
FAIL: g77.dg/fcase-preserve.f (test for excess errors)
WARNING: g77.dg/fcase-preserve.f compilation failed to produce executable
FAIL: g77.dg/fcase-preserve.f (test for excess errors)
WARNING: g77.dg/fcase-preserve.f compilation failed to produce executable
FAIL: g77.dg/ff90-1.f (test for excess errors)
WARNING: g77.dg/ff90-1.f compilation failed to produce executable
FAIL: g77.dg/ff90-1.f (test for excess errors)
WARNING: g77.dg/ff90-1.f compilation failed to produce executable
FAIL: g77.dg/ff90-1.f (test for excess errors)
WARNING: g77.dg/ff90-1.f compilation failed to produce executable
FAIL: g77.dg/ff90-1.f (test for excess errors)
WARNING: g77.dg/ff90-1.f compilation failed to produce executable
FAIL: g77.dg/ff90-1.f (test for excess errors)
WARNING: g77.dg/ff90-1.f compilation failed to produce executable
FAIL: g77.dg/ff90-1.f (test for excess errors)
WARNING: g77.dg/ff90-1.f compilation failed to produce executable
FAIL: g77.dg/ffixed-form-1.f (test for excess errors)
FAIL: g77.dg/ffixed-form-1.f (test for excess errors)
FAIL: g77.dg/ffixed-form-1.f (test for excess errors)
FAIL: g77.dg/ffixed-form-1.f (test for excess errors)
FAIL: g77.dg/ffixed-form-1.f (test for excess errors)
FAIL: g77.dg/ffixed-form-1.f (test for excess errors)
FAIL: g77.dg/ffixed-form-2.f (test for excess errors)
FAIL: g77.dg/ffixed-form-2.f (test for excess errors)
FAIL: g77.dg/ffixed-form-2.f (test for excess errors)
FAIL: g77.dg/ffixed-form-2.f (test for excess errors)
FAIL: g77.dg/ffixed-form-2.f (test for excess errors)
FAIL: g77.dg/ffixed-form-2.f (test for excess errors)
FAIL: g77.dg/ffixed-line-length-0.f (test for excess errors)
FAIL: g77.dg/ffixed-line-length-0.f (test for excess errors)
FAIL: g77.dg/ffixed-line-length-0.f (test for excess errors)
FAIL: g77.dg/ffixed-line-length-0.f (test for excess errors)
FAIL: g77.dg/ffixed-line-length-0.f (test for excess errors)
FAIL: g77.dg/ffixed-line-length-0.f (test for excess errors)
FAIL: g77.dg/ffixed-line-length-132.f (test for excess errors)
FAIL: g77.dg/ffixed-line-length-132.f (test for excess errors)
FAIL: g77.dg/ffixed-line-length-132.f (test for excess errors)
FAIL: g77.dg/ffixed-line-length-132.f (test for excess errors)
FAIL: g77.dg/ffixed-line-length-132.f (test for excess errors)
FAIL: g77.dg/ffixed-line-length-132.f (test for excess errors)
FAIL: g77.dg/ffixed-line-length-7.f (test for excess errors)
FAIL: g77.dg/ffixed-line-length-7.f (test for excess errors)
FAIL: g77.dg/ffixed-line-length-7.f (test for excess errors)
FAIL: g77.dg/ffixed-line-length-7.f (test for excess errors)
FAIL: g77.dg/ffixed-line-length-7.f (test for excess errors)
FAIL: g77.dg/ffixed-line-length-7.f (test for excess errors)
FAIL: g77.dg/ffixed-line-length-72.f (test for excess errors)
FAIL: g77.dg/ffixed-line-length-72.f (test for excess errors)
FAIL: g77.dg/ffixed-line-length-72.f (test for excess errors)
FAIL: g77.dg/ffixed-line-length-72.f (test for excess errors)
FAIL: g77.dg/ffixed-line-length-72.f (test for excess errors)
FAIL: g77.dg/ffixed-line-length-72.f (test for excess errors)
FAIL: g77.dg/ffixed-line-length-none.f (test for excess errors)
FAIL: g77.dg/ffixed-line-length-none.f (test for excess errors)
FAIL: g77.dg/ffixed-line-length-none.f (test for excess errors)
FAIL: g77.dg/ffixed-line-length-none.f (test for excess errors)
FAIL: g77.dg/ffixed-line-length-none.f (test for excess errors)
FAIL: g77.dg/ffixed-line-length-none.f (test for excess errors)
FAIL: g77.dg/ffree-form-1.f (test for excess errors)
FAIL: g77.dg/ffree-form-1.f (test for excess errors)
FAIL: g77.dg/ffree-form-1.f (test for excess errors)
FAIL: g77.dg/ffree-form-1.f (test for excess errors)
FAIL: g77.dg/ffree-form-1.f (test for excess errors)
FAIL: g77.dg/ffree-form-1.f (test for excess errors)
FAIL: g77.dg/ffree-form-2.f (test for excess errors)
FAIL: g77.dg/ffree-form-2.f (test for excess errors)
FAIL: g77.dg/ffree-form-2.f (test for excess errors)
FAIL: g77.dg/ffree-form-2.f (test for excess errors)
FAIL: g77.dg/ffree-form-2.f (test for excess errors)
FAIL: g77.dg/ffree-form-2.f (test for excess errors)
FAIL: g77.dg/ffree-form-3.f (test for excess errors)
FAIL: g77.dg/ffree-form-3.f (test for excess errors)
FAIL: g77.dg/ffree-form-3.f (test for excess errors)
FAIL: g77.dg/ffree-form-3.f (test for excess errors)
FAIL: g77.dg/ffree-form-3.f (test for excess errors)
FAIL: g77.dg/ffree-form-3.f (test for excess errors)
FAIL: g77.dg/fno-backslash.f (test for excess errors)
WARNING: g77.dg/fno-backslash.f compilation failed to produce executable
FAIL: g77.dg/fno-backslash.f (test for excess errors)
WARNING: g77.dg/fno-backslash.f compilation failed to produce executable
FAIL: g77.dg/fno-backslash.f (test for excess errors)
WARNING: g77.dg/fno-backslash.f compilation failed to produce executable
FAIL: g77.dg/fno-backslash.f (test for excess errors)
WARNING: g77.dg/fno-backslash.f compilation failed to produce executable
FAIL: g77.dg/fno-backslash.f (test for excess errors)
WARNING: g77.dg/fno-backslash.f compilation failed to produce executable
FAIL: g77.dg/fno-backslash.f (test for excess errors)
WARNING: g77.dg/fno-backslash.f compilation failed to produce executable
FAIL: g77.dg/fno-f90-1.f (test for excess errors)
WARNING: g77.dg/fno-f90-1.f compilation failed to produce executable
FAIL: g77.dg/fno-f90-1.f (test for excess errors)
WARNING: g77.dg/fno-f90-1.f compilation failed to produce executable
FAIL: g77.dg/fno-f90-1.f (test for excess errors)
WARNING: g77.dg/fno-f90-1.f compilation failed to produce executable
FAIL: g77.dg/fno-f90-1.f (test for excess errors)
WARNING: g77.dg/fno-f90-1.f compilation failed to produce executable
FAIL: g77.dg/fno-f90-1.f (test for excess errors)
WARNING: g77.dg/fno-f90-1.f compilation failed to produce executable
FAIL: g77.dg/fno-f90-1.f (test for excess errors)
WARNING: g77.dg/fno-f90-1.f compilation failed to produce executable
FAIL: g77.dg/fno-fixed-form-1.f (test for excess errors)
FAIL: g77.dg/fno-fixed-form-1.f (test for excess errors)
FAIL: g77.dg/fno-fixed-form-1.f (test for excess errors)
FAIL: g77.dg/fno-fixed-form-1.f (test for excess errors)
FAIL: g77.dg/fno-fixed-form-1.f (test for excess errors)
FAIL: g77.dg/fno-fixed-form-1.f (test for excess errors)
FAIL: g77.dg/fno-onetrip.f (test for excess errors)
WARNING: g77.dg/fno-onetrip.f compilation failed to produce executable
FAIL: g77.dg/fno-onetrip.f (test for excess errors)
WARNING: g77.dg/fno-onetrip.f compilation failed to produce executable
FAIL: g77.dg/fno-onetrip.f (test for excess errors)
WARNING: g77.dg/fno-onetrip.f compilation failed to produce executable
FAIL: g77.dg/fno-onetrip.f (test for excess errors)
WARNING: g77.dg/fno-onetrip.f compilation failed to produce executable
FAIL: g77.dg/fno-onetrip.f (test for excess errors)
WARNING: g77.dg/fno-onetrip.f compilation failed to produce executable
FAIL: g77.dg/fno-onetrip.f (test for excess errors)
WARNING: g77.dg/fno-onetrip.f compilation failed to produce executable
FAIL: g77.dg/fno-typeless-boz.f (test for excess errors)
WARNING: g77.dg/fno-typeless-boz.f compilation failed to produce executable
FAIL: g77.dg/fno-typeless-boz.f (test for excess errors)
WARNING: g77.dg/fno-typeless-boz.f compilation failed to produce executable
FAIL: g77.dg/fno-typeless-boz.f (test for excess errors)
WARNING: g77.dg/fno-typeless-boz.f compilation failed to produce executable
FAIL: g77.dg/fno-typeless-boz.f (test for excess errors)
WARNING: g77.dg/fno-typeless-boz.f compilation failed to produce executable
FAIL: g77.dg/fno-typeless-boz.f (test for excess errors)
WARNING: g77.dg/fno-typeless-boz.f compilation failed to produce executable
FAIL: g77.dg/fno-typeless-boz.f (test for excess errors)
WARNING: g77.dg/fno-typeless-boz.f compilation failed to produce executable
FAIL: g77.dg/fno-underscoring.f (test for excess errors)
ERROR: g77.dg/fno-underscoring.f: error executing dg-final: couldn't open "fno-underscoring.s": no such file or directory
UNRESOLVED: g77.dg/fno-underscoring.f: error executing dg-final: couldn't open "fno-underscoring.s": no such file or directory
FAIL: g77.dg/fno-underscoring.f (test for excess errors)
ERROR: g77.dg/fno-underscoring.f: error executing dg-final: couldn't open "fno-underscoring.s": no such file or directory
UNRESOLVED: g77.dg/fno-underscoring.f: error executing dg-final: couldn't open "fno-underscoring.s": no such file or directory
FAIL: g77.dg/fno-underscoring.f (test for excess errors)
ERROR: g77.dg/fno-underscoring.f: error executing dg-final: couldn't open "fno-underscoring.s": no such file or directory
UNRESOLVED: g77.dg/fno-underscoring.f: error executing dg-final: couldn't open "fno-underscoring.s": no such file or directory
FAIL: g77.dg/fno-underscoring.f (test for excess errors)
ERROR: g77.dg/fno-underscoring.f: error executing dg-final: couldn't open "fno-underscoring.s": no such file or directory
UNRESOLVED: g77.dg/fno-underscoring.f: error executing dg-final: couldn't open "fno-underscoring.s": no such file or directory
FAIL: g77.dg/fno-underscoring.f (test for excess errors)
ERROR: g77.dg/fno-underscoring.f: error executing dg-final: couldn't open "fno-underscoring.s": no such file or directory
UNRESOLVED: g77.dg/fno-underscoring.f: error executing dg-final: couldn't open "fno-underscoring.s": no such file or directory
FAIL: g77.dg/fno-underscoring.f (test for excess errors)
ERROR: g77.dg/fno-underscoring.f: error executing dg-final: couldn't open "fno-underscoring.s": no such file or directory
UNRESOLVED: g77.dg/fno-underscoring.f: error executing dg-final: couldn't open "fno-underscoring.s": no such file or directory
FAIL: g77.dg/fno-vxt-1.f (test for excess errors)
WARNING: g77.dg/fno-vxt-1.f compilation failed to produce executable
FAIL: g77.dg/fno-vxt-1.f (test for excess errors)
WARNING: g77.dg/fno-vxt-1.f compilation failed to produce executable
FAIL: g77.dg/fno-vxt-1.f (test for excess errors)
WARNING: g77.dg/fno-vxt-1.f compilation failed to produce executable
FAIL: g77.dg/fno-vxt-1.f (test for excess errors)
WARNING: g77.dg/fno-vxt-1.f compilation failed to produce executable
FAIL: g77.dg/fno-vxt-1.f (test for excess errors)
WARNING: g77.dg/fno-vxt-1.f compilation failed to produce executable
FAIL: g77.dg/fno-vxt-1.f (test for excess errors)
WARNING: g77.dg/fno-vxt-1.f compilation failed to produce executable
FAIL: g77.dg/fonetrip.f (test for excess errors)
WARNING: g77.dg/fonetrip.f compilation failed to produce executable
FAIL: g77.dg/fonetrip.f (test for excess errors)
WARNING: g77.dg/fonetrip.f compilation failed to produce executable
FAIL: g77.dg/fonetrip.f (test for excess errors)
WARNING: g77.dg/fonetrip.f compilation failed to produce executable
FAIL: g77.dg/fonetrip.f (test for excess errors)
WARNING: g77.dg/fonetrip.f compilation failed to produce executable
FAIL: g77.dg/fonetrip.f (test for excess errors)
WARNING: g77.dg/fonetrip.f compilation failed to produce executable
FAIL: g77.dg/fonetrip.f (test for excess errors)
WARNING: g77.dg/fonetrip.f compilation failed to produce executable
FAIL: g77.dg/ftypeless-boz.f (test for excess errors)
WARNING: g77.dg/ftypeless-boz.f compilation failed to produce executable
FAIL: g77.dg/ftypeless-boz.f (test for excess errors)
WARNING: g77.dg/ftypeless-boz.f compilation failed to produce executable
FAIL: g77.dg/ftypeless-boz.f (test for excess errors)
WARNING: g77.dg/ftypeless-boz.f compilation failed to produce executable
FAIL: g77.dg/ftypeless-boz.f (test for excess errors)
WARNING: g77.dg/ftypeless-boz.f compilation failed to produce executable
FAIL: g77.dg/ftypeless-boz.f (test for excess errors)
WARNING: g77.dg/ftypeless-boz.f compilation failed to produce executable
FAIL: g77.dg/ftypeless-boz.f (test for excess errors)
WARNING: g77.dg/ftypeless-boz.f compilation failed to produce executable
FAIL: g77.dg/fugly-assumed.f (test for excess errors)
FAIL: g77.dg/fugly-assumed.f (test for excess errors)
FAIL: g77.dg/fugly-assumed.f (test for excess errors)
FAIL: g77.dg/fugly-assumed.f (test for excess errors)
FAIL: g77.dg/fugly-assumed.f (test for excess errors)
FAIL: g77.dg/fugly-assumed.f (test for excess errors)
FAIL: g77.dg/funderscoring.f (test for excess errors)
ERROR: g77.dg/funderscoring.f: error executing dg-final: couldn't open "funderscoring.s": no such file or directory
UNRESOLVED: g77.dg/funderscoring.f: error executing dg-final: couldn't open "funderscoring.s": no such file or directory
FAIL: g77.dg/funderscoring.f (test for excess errors)
ERROR: g77.dg/funderscoring.f: error executing dg-final: couldn't open "funderscoring.s": no such file or directory
UNRESOLVED: g77.dg/funderscoring.f: error executing dg-final: couldn't open "funderscoring.s": no such file or directory
FAIL: g77.dg/funderscoring.f (test for excess errors)
ERROR: g77.dg/funderscoring.f: error executing dg-final: couldn't open "funderscoring.s": no such file or directory
UNRESOLVED: g77.dg/funderscoring.f: error executing dg-final: couldn't open "funderscoring.s": no such file or directory
FAIL: g77.dg/funderscoring.f (test for excess errors)
ERROR: g77.dg/funderscoring.f: error executing dg-final: couldn't open "funderscoring.s": no such file or directory
UNRESOLVED: g77.dg/funderscoring.f: error executing dg-final: couldn't open "funderscoring.s": no such file or directory
FAIL: g77.dg/funderscoring.f (test for excess errors)
ERROR: g77.dg/funderscoring.f: error executing dg-final: couldn't open "funderscoring.s": no such file or directory
UNRESOLVED: g77.dg/funderscoring.f: error executing dg-final: couldn't open "funderscoring.s": no such file or directory
FAIL: g77.dg/funderscoring.f (test for excess errors)
ERROR: g77.dg/funderscoring.f: error executing dg-final: couldn't open "funderscoring.s": no such file or directory
UNRESOLVED: g77.dg/funderscoring.f: error executing dg-final: couldn't open "funderscoring.s": no such file or directory
FAIL: g77.dg/fvxt-1.f (test for excess errors)
WARNING: g77.dg/fvxt-1.f compilation failed to produce executable
FAIL: g77.dg/fvxt-1.f (test for excess errors)
WARNING: g77.dg/fvxt-1.f compilation failed to produce executable
FAIL: g77.dg/fvxt-1.f (test for excess errors)
WARNING: g77.dg/fvxt-1.f compilation failed to produce executable
FAIL: g77.dg/fvxt-1.f (test for excess errors)
WARNING: g77.dg/fvxt-1.f compilation failed to produce executable
FAIL: g77.dg/fvxt-1.f (test for excess errors)
WARNING: g77.dg/fvxt-1.f compilation failed to produce executable
FAIL: g77.dg/fvxt-1.f (test for excess errors)
WARNING: g77.dg/fvxt-1.f compilation failed to produce executable
FAIL: g77.dg/pr3743-1.f (test for excess errors)
FAIL: g77.dg/pr3743-1.f (test for excess errors)
FAIL: g77.dg/pr3743-1.f (test for excess errors)
FAIL: g77.dg/pr3743-1.f (test for excess errors)
FAIL: g77.dg/pr3743-1.f (test for excess errors)
FAIL: g77.dg/pr3743-1.f (test for excess errors)
FAIL: g77.dg/pr3743-2.f (test for excess errors)
FAIL: g77.dg/pr3743-2.f (test for excess errors)
FAIL: g77.dg/pr3743-2.f (test for excess errors)
FAIL: g77.dg/pr3743-2.f (test for excess errors)
FAIL: g77.dg/pr3743-2.f (test for excess errors)
FAIL: g77.dg/pr3743-2.f (test for excess errors)
FAIL: g77.dg/pr3743-3.f (test for excess errors)
FAIL: g77.dg/pr3743-3.f (test for excess errors)
FAIL: g77.dg/pr3743-3.f (test for excess errors)
FAIL: g77.dg/pr3743-3.f (test for excess errors)
FAIL: g77.dg/pr3743-3.f (test for excess errors)
FAIL: g77.dg/pr3743-3.f (test for excess errors)
FAIL: g77.dg/pr3743-4.f (test for excess errors)
FAIL: g77.dg/pr3743-4.f (test for excess errors)
FAIL: g77.dg/pr3743-4.f (test for excess errors)
FAIL: g77.dg/pr3743-4.f (test for excess errors)
FAIL: g77.dg/pr3743-4.f (test for excess errors)
FAIL: g77.dg/pr3743-4.f (test for excess errors)
FAIL: g77.dg/pr5473.f incorrect type (test for errors, line 11)
FAIL: g77.dg/pr5473.f incorrect type (test for errors, line 12)
FAIL: g77.dg/pr5473.f incorrect type (test for errors, line 13)
FAIL: g77.dg/pr5473.f incorrect type (test for errors, line 14)
FAIL: g77.dg/pr5473.f (test for excess errors)
FAIL: g77.dg/pr5473.f incorrect type (test for errors, line 11)
FAIL: g77.dg/pr5473.f incorrect type (test for errors, line 12)
FAIL: g77.dg/pr5473.f incorrect type (test for errors, line 13)
FAIL: g77.dg/pr5473.f incorrect type (test for errors, line 14)
FAIL: g77.dg/pr5473.f (test for excess errors)
FAIL: g77.dg/pr5473.f incorrect type (test for errors, line 11)
FAIL: g77.dg/pr5473.f incorrect type (test for errors, line 12)
FAIL: g77.dg/pr5473.f incorrect type (test for errors, line 13)
FAIL: g77.dg/pr5473.f incorrect type (test for errors, line 14)
FAIL: g77.dg/pr5473.f (test for excess errors)
FAIL: g77.dg/pr5473.f incorrect type (test for errors, line 11)
FAIL: g77.dg/pr5473.f incorrect type (test for errors, line 12)
FAIL: g77.dg/pr5473.f incorrect type (test for errors, line 13)
FAIL: g77.dg/pr5473.f incorrect type (test for errors, line 14)
FAIL: g77.dg/pr5473.f (test for excess errors)
FAIL: g77.dg/pr5473.f incorrect type (test for errors, line 11)
FAIL: g77.dg/pr5473.f incorrect type (test for errors, line 12)
FAIL: g77.dg/pr5473.f incorrect type (test for errors, line 13)
FAIL: g77.dg/pr5473.f incorrect type (test for errors, line 14)
FAIL: g77.dg/pr5473.f (test for excess errors)
FAIL: g77.dg/pr5473.f incorrect type (test for errors, line 11)
FAIL: g77.dg/pr5473.f incorrect type (test for errors, line 12)
FAIL: g77.dg/pr5473.f incorrect type (test for errors, line 13)
FAIL: g77.dg/pr5473.f incorrect type (test for errors, line 14)
FAIL: g77.dg/pr5473.f (test for excess errors)
FAIL: g77.dg/pr9258.f (test for excess errors)
FAIL: g77.dg/pr9258.f (test for excess errors)
FAIL: g77.dg/pr9258.f (test for excess errors)
FAIL: g77.dg/pr9258.f (test for excess errors)
FAIL: g77.dg/pr9258.f (test for excess errors)
FAIL: g77.dg/pr9258.f (test for excess errors)
FAIL: g77.dg/strlen0.f (test for excess errors)
WARNING: g77.dg/strlen0.f compilation failed to produce executable
FAIL: g77.dg/strlen0.f (test for excess errors)
WARNING: g77.dg/strlen0.f compilation failed to produce executable
FAIL: g77.dg/strlen0.f (test for excess errors)
WARNING: g77.dg/strlen0.f compilation failed to produce executable
FAIL: g77.dg/strlen0.f (test for excess errors)
WARNING: g77.dg/strlen0.f compilation failed to produce executable
FAIL: g77.dg/strlen0.f (test for excess errors)
WARNING: g77.dg/strlen0.f compilation failed to produce executable
FAIL: g77.dg/strlen0.f (test for excess errors)
WARNING: g77.dg/strlen0.f compilation failed to produce executable
FAIL: g77.dg/gcov/gcov-1.f (test for excess errors)
WARNING: g77.dg/gcov/gcov-1.f compilation failed to produce executable
FAIL: g77.dg/gcov/gcov-1.f gcov failed: gcov-1.f.gcov does not exist
FAIL: g77.f-torture/compile/19990218-0.f, -O0
FAIL: g77.f-torture/compile/19990218-0.f, -O1
FAIL: g77.f-torture/compile/19990218-0.f, -O2
FAIL: g77.f-torture/compile/19990218-0.f, -O3 -fomit-frame-pointer
FAIL: g77.f-torture/compile/19990218-0.f, -O3 -g
FAIL: g77.f-torture/compile/19990218-0.f, -Os
FAIL: g77.f-torture/compile/12002.f, -O0
FAIL: g77.f-torture/compile/12002.f, -O1
FAIL: g77.f-torture/compile/12002.f, -O2
FAIL: g77.f-torture/compile/12002.f, -O3 -fomit-frame-pointer
FAIL: g77.f-torture/compile/12002.f, -O3 -g
FAIL: g77.f-torture/compile/12002.f, -Os
FAIL: g77.f-torture/compile/13060.f, -O0
FAIL: g77.f-torture/compile/13060.f, -O1
FAIL: g77.f-torture/compile/13060.f, -O2
FAIL: g77.f-torture/compile/13060.f, -O3 -fomit-frame-pointer
FAIL: g77.f-torture/compile/13060.f, -O3 -g
FAIL: g77.f-torture/compile/13060.f, -Os
FAIL: g77.f-torture/compile/19990305-0.f, -O0
FAIL: g77.f-torture/compile/19990305-0.f, -O1
FAIL: g77.f-torture/compile/19990305-0.f, -O2
FAIL: g77.f-torture/compile/19990305-0.f, -O3 -fomit-frame-pointer
FAIL: g77.f-torture/compile/19990305-0.f, -O3 -g
FAIL: g77.f-torture/compile/19990305-0.f, -Os
FAIL: g77.f-torture/compile/19990419-0.f, -O0
FAIL: g77.f-torture/compile/19990419-0.f, -O1
FAIL: g77.f-torture/compile/19990419-0.f, -O2
FAIL: g77.f-torture/compile/19990419-0.f, -O3 -fomit-frame-pointer
FAIL: g77.f-torture/compile/19990419-0.f, -O3 -g
FAIL: g77.f-torture/compile/19990419-0.f, -Os
FAIL: g77.f-torture/compile/19990502-0.f, -O0
FAIL: g77.f-torture/compile/19990502-0.f, -O1
FAIL: g77.f-torture/compile/19990502-0.f, -O2
FAIL: g77.f-torture/compile/19990502-0.f, -O3 -fomit-frame-pointer
FAIL: g77.f-torture/compile/19990502-0.f, -O3 -g
FAIL: g77.f-torture/compile/19990502-0.f, -Os
FAIL: g77.f-torture/compile/19990502-1.f, -O0
FAIL: g77.f-torture/compile/19990502-1.f, -O1
FAIL: g77.f-torture/compile/19990502-1.f, -O2
FAIL: g77.f-torture/compile/19990502-1.f, -O3 -fomit-frame-pointer
FAIL: g77.f-torture/compile/19990502-1.f, -O3 -fomit-frame-pointer -funroll-loops
FAIL: g77.f-torture/compile/19990502-1.f, -O3 -fomit-frame-pointer -funroll-all-loops -finline-functions
FAIL: g77.f-torture/compile/19990502-1.f, -O3 -g
FAIL: g77.f-torture/compile/19990502-1.f, -Os
FAIL: g77.f-torture/compile/19990525-0.f, -O0
FAIL: g77.f-torture/compile/19990525-0.f, -O1
FAIL: g77.f-torture/compile/19990525-0.f, -O2
FAIL: g77.f-torture/compile/19990525-0.f, -O3 -fomit-frame-pointer
FAIL: g77.f-torture/compile/19990525-0.f, -O3 -g
FAIL: g77.f-torture/compile/19990525-0.f, -Os
FAIL: g77.f-torture/compile/19990826-1.f, -O0
FAIL: g77.f-torture/compile/19990826-1.f, -O1
FAIL: g77.f-torture/compile/19990826-1.f, -O2
FAIL: g77.f-torture/compile/19990826-1.f, -O3 -fomit-frame-pointer
FAIL: g77.f-torture/compile/19990826-1.f, -O3 -g
FAIL: g77.f-torture/compile/19990826-1.f, -Os
FAIL: g77.f-torture/compile/19990826-3.f, -O0
FAIL: g77.f-torture/compile/19990826-3.f, -O1
FAIL: g77.f-torture/compile/19990826-3.f, -O2
FAIL: g77.f-torture/compile/19990826-3.f, -O3 -fomit-frame-pointer
FAIL: g77.f-torture/compile/19990826-3.f, -O3 -fomit-frame-pointer -funroll-loops
FAIL: g77.f-torture/compile/19990826-3.f, -O3 -fomit-frame-pointer -funroll-all-loops -finline-functions
FAIL: g77.f-torture/compile/19990826-3.f, -O3 -g
FAIL: g77.f-torture/compile/19990826-3.f, -Os
FAIL: g77.f-torture/compile/19990905-0.f, -O0
FAIL: g77.f-torture/compile/19990905-0.f, -O1
FAIL: g77.f-torture/compile/19990905-0.f, -O2
FAIL: g77.f-torture/compile/19990905-0.f, -O3 -fomit-frame-pointer
FAIL: g77.f-torture/compile/19990905-0.f, -O3 -g
FAIL: g77.f-torture/compile/19990905-0.f, -Os
FAIL: g77.f-torture/compile/19990905-2.f, -O0
FAIL: g77.f-torture/compile/19990905-2.f, -O1
FAIL: g77.f-torture/compile/19990905-2.f, -O2
FAIL: g77.f-torture/compile/19990905-2.f, -O3 -fomit-frame-pointer
FAIL: g77.f-torture/compile/19990905-2.f, -O3 -g
FAIL: g77.f-torture/compile/19990905-2.f, -Os
FAIL: g77.f-torture/compile/20000412-1.f, -O0
FAIL: g77.f-torture/compile/20000412-1.f, -O1
FAIL: g77.f-torture/compile/20000412-1.f, -O2
FAIL: g77.f-torture/compile/20000412-1.f, -O3 -fomit-frame-pointer
FAIL: g77.f-torture/compile/20000412-1.f, -O3 -g
FAIL: g77.f-torture/compile/20000412-1.f, -Os
FAIL: g77.f-torture/compile/20000511-1.f, -O0
FAIL: g77.f-torture/compile/20000511-1.f, -O1
FAIL: g77.f-torture/compile/20000511-1.f, -O2
FAIL: g77.f-torture/compile/20000511-1.f, -O3 -fomit-frame-pointer
FAIL: g77.f-torture/compile/20000511-1.f, -O3 -fomit-frame-pointer -funroll-loops
FAIL: g77.f-torture/compile/20000511-1.f, -O3 -fomit-frame-pointer -funroll-all-loops -finline-functions
FAIL: g77.f-torture/compile/20000511-1.f, -O3 -g
FAIL: g77.f-torture/compile/20000511-1.f, -Os
FAIL: g77.f-torture/compile/20000511-2.f, -O0
FAIL: g77.f-torture/compile/20000511-2.f, -O1
FAIL: g77.f-torture/compile/20000511-2.f, -O2
FAIL: g77.f-torture/compile/20000511-2.f, -O3 -fomit-frame-pointer
FAIL: g77.f-torture/compile/20000511-2.f, -O3 -fomit-frame-pointer -funroll-loops
FAIL: g77.f-torture/compile/20000511-2.f, -O3 -fomit-frame-pointer -funroll-all-loops -finline-functions
FAIL: g77.f-torture/compile/20000511-2.f, -O3 -g
FAIL: g77.f-torture/compile/20000511-2.f, -Os
FAIL: g77.f-torture/compile/20000518.f, -O0
FAIL: g77.f-torture/compile/20000518.f, -O1
FAIL: g77.f-torture/compile/20000518.f, -O2
FAIL: g77.f-torture/compile/20000518.f, -O3 -fomit-frame-pointer
FAIL: g77.f-torture/compile/20000518.f, -O3 -fomit-frame-pointer -funroll-loops
FAIL: g77.f-torture/compile/20000518.f, -O3 -fomit-frame-pointer -funroll-all-loops -finline-functions
FAIL: g77.f-torture/compile/20000518.f, -O3 -g
FAIL: g77.f-torture/compile/20000518.f, -Os
FAIL: g77.f-torture/compile/20000601-1.f, -O0
FAIL: g77.f-torture/compile/20000601-1.f, -O1
FAIL: g77.f-torture/compile/20000601-1.f, -O2
FAIL: g77.f-torture/compile/20000601-1.f, -O3 -fomit-frame-pointer
FAIL: g77.f-torture/compile/20000601-1.f, -O3 -fomit-frame-pointer -funroll-loops
FAIL: g77.f-torture/compile/20000601-1.f, -O3 -fomit-frame-pointer -funroll-all-loops -finline-functions
FAIL: g77.f-torture/compile/20000601-1.f, -O3 -g
FAIL: g77.f-torture/compile/20000601-1.f, -Os
FAIL: g77.f-torture/compile/20000601-2.f, -O0
FAIL: g77.f-torture/compile/20000601-2.f, -O1
FAIL: g77.f-torture/compile/20000601-2.f, -O2
FAIL: g77.f-torture/compile/20000601-2.f, -O3 -fomit-frame-pointer
FAIL: g77.f-torture/compile/20000601-2.f, -O3 -fomit-frame-pointer -funroll-loops
FAIL: g77.f-torture/compile/20000601-2.f, -O3 -fomit-frame-pointer -funroll-all-loops -finline-functions
FAIL: g77.f-torture/compile/20000601-2.f, -O3 -g
FAIL: g77.f-torture/compile/20000601-2.f, -Os
FAIL: g77.f-torture/compile/20000629-1.f, -O0
FAIL: g77.f-torture/compile/20000629-1.f, -O1
FAIL: g77.f-torture/compile/20000629-1.f, -O2
FAIL: g77.f-torture/compile/20000629-1.f, -O3 -fomit-frame-pointer
FAIL: g77.f-torture/compile/20000629-1.f, -O3 -fomit-frame-pointer -funroll-loops
FAIL: g77.f-torture/compile/20000629-1.f, -O3 -fomit-frame-pointer -funroll-all-loops -finline-functions
FAIL: g77.f-torture/compile/20000629-1.f, -O3 -g
FAIL: g77.f-torture/compile/20000629-1.f, -Os
FAIL: g77.f-torture/compile/20000630-2.f, -O0
FAIL: g77.f-torture/compile/20000630-2.f, -O1
FAIL: g77.f-torture/compile/20000630-2.f, -O2
FAIL: g77.f-torture/compile/20000630-2.f, -O3 -fomit-frame-pointer
FAIL: g77.f-torture/compile/20000630-2.f, -O3 -g
FAIL: g77.f-torture/compile/20000630-2.f, -Os
FAIL: g77.f-torture/compile/20010115.f, -O0
FAIL: g77.f-torture/compile/20010115.f, -O1
FAIL: g77.f-torture/compile/20010115.f, -O2
FAIL: g77.f-torture/compile/20010115.f, -O3 -fomit-frame-pointer
FAIL: g77.f-torture/compile/20010115.f, -O3 -g
FAIL: g77.f-torture/compile/20010115.f, -Os
FAIL: g77.f-torture/compile/20010321-1.f, -O0
FAIL: g77.f-torture/compile/20010321-1.f, -O1
FAIL: g77.f-torture/compile/20010321-1.f, -O2
FAIL: g77.f-torture/compile/20010321-1.f, -O3 -fomit-frame-pointer
FAIL: g77.f-torture/compile/20010321-1.f, -O3 -g
FAIL: g77.f-torture/compile/20010321-1.f, -Os
FAIL: g77.f-torture/compile/20010426.f, -O0
FAIL: g77.f-torture/compile/20010426.f, -O1
FAIL: g77.f-torture/compile/20010426.f, -O2
FAIL: g77.f-torture/compile/20010426.f, -O3 -fomit-frame-pointer
FAIL: g77.f-torture/compile/20010426.f, -O3 -g
FAIL: g77.f-torture/compile/20010426.f, -Os
FAIL: g77.f-torture/compile/20010519-1.f, -O0
FAIL: g77.f-torture/compile/20010519-1.f, -O1
FAIL: g77.f-torture/compile/20010519-1.f, -O2
FAIL: g77.f-torture/compile/20010519-1.f, -O3 -fomit-frame-pointer
FAIL: g77.f-torture/compile/20010519-1.f, -O3 -fomit-frame-pointer -funroll-loops
FAIL: g77.f-torture/compile/20010519-1.f, -O3 -fomit-frame-pointer -funroll-all-loops -finline-functions
FAIL: g77.f-torture/compile/20010519-1.f, -O3 -g
FAIL: g77.f-torture/compile/20010519-1.f, -Os
FAIL: g77.f-torture/compile/20020307-1.f, -O0
FAIL: g77.f-torture/compile/20020307-1.f, -O1
FAIL: g77.f-torture/compile/20020307-1.f, -O2
FAIL: g77.f-torture/compile/20020307-1.f, -O3 -fomit-frame-pointer
FAIL: g77.f-torture/compile/20020307-1.f, -O3 -fomit-frame-pointer -funroll-loops
FAIL: g77.f-torture/compile/20020307-1.f, -O3 -fomit-frame-pointer -funroll-all-loops -finline-functions
FAIL: g77.f-torture/compile/20020307-1.f, -O3 -g
FAIL: g77.f-torture/compile/20020307-1.f, -Os
FAIL: g77.f-torture/compile/20030326-1.f, -O0
FAIL: g77.f-torture/compile/20030326-1.f, -O1
FAIL: g77.f-torture/compile/20030326-1.f, -O2
FAIL: g77.f-torture/compile/20030326-1.f, -O3 -fomit-frame-pointer
FAIL: g77.f-torture/compile/20030326-1.f, -O3 -g
FAIL: g77.f-torture/compile/20030326-1.f, -Os
FAIL: g77.f-torture/compile/8485.f, -O0
FAIL: g77.f-torture/compile/8485.f, -O1
FAIL: g77.f-torture/compile/8485.f, -O2
FAIL: g77.f-torture/compile/8485.f, -O3 -fomit-frame-pointer
FAIL: g77.f-torture/compile/8485.f, -O3 -g
FAIL: g77.f-torture/compile/8485.f, -Os
FAIL: g77.f-torture/compile/960317-1.f, -O0
FAIL: g77.f-torture/compile/960317-1.f, -O1
FAIL: g77.f-torture/compile/960317-1.f, -O2
FAIL: g77.f-torture/compile/960317-1.f, -O3 -fomit-frame-pointer
FAIL: g77.f-torture/compile/960317-1.f, -O3 -g
FAIL: g77.f-torture/compile/960317-1.f, -Os
FAIL: g77.f-torture/compile/970125-0.f, -O0
FAIL: g77.f-torture/compile/970125-0.f, -O1
FAIL: g77.f-torture/compile/970125-0.f, -O2
FAIL: g77.f-torture/compile/970125-0.f, -O3 -fomit-frame-pointer
FAIL: g77.f-torture/compile/970125-0.f, -O3 -g
FAIL: g77.f-torture/compile/970125-0.f, -Os
FAIL: g77.f-torture/compile/970915-0.f, -O0
FAIL: g77.f-torture/compile/970915-0.f, -O1
FAIL: g77.f-torture/compile/970915-0.f, -O2
FAIL: g77.f-torture/compile/970915-0.f, -O3 -fomit-frame-pointer
FAIL: g77.f-torture/compile/970915-0.f, -O3 -g
FAIL: g77.f-torture/compile/970915-0.f, -Os
FAIL: g77.f-torture/compile/980310-1.f, -O0
FAIL: g77.f-torture/compile/980310-1.f, -O1
FAIL: g77.f-torture/compile/980310-1.f, -O2
FAIL: g77.f-torture/compile/980310-1.f, -O3 -fomit-frame-pointer
FAIL: g77.f-torture/compile/980310-1.f, -O3 -g
FAIL: g77.f-torture/compile/980310-1.f, -Os
FAIL: g77.f-torture/compile/980310-2.f, -O0
FAIL: g77.f-torture/compile/980310-2.f, -O1
FAIL: g77.f-torture/compile/980310-2.f, -O2
FAIL: g77.f-torture/compile/980310-2.f, -O3 -fomit-frame-pointer
FAIL: g77.f-torture/compile/980310-2.f, -O3 -g
FAIL: g77.f-torture/compile/980310-2.f, -Os
FAIL: g77.f-torture/compile/980310-3.f, -O0
FAIL: g77.f-torture/compile/980310-3.f, -O1
FAIL: g77.f-torture/compile/980310-3.f, -O2
FAIL: g77.f-torture/compile/980310-3.f, -O3 -fomit-frame-pointer
FAIL: g77.f-torture/compile/980310-3.f, -O3 -fomit-frame-pointer -funroll-loops
FAIL: g77.f-torture/compile/980310-3.f, -O3 -fomit-frame-pointer -funroll-all-loops -finline-functions
FAIL: g77.f-torture/compile/980310-3.f, -O3 -g
FAIL: g77.f-torture/compile/980310-3.f, -Os
FAIL: g77.f-torture/compile/980310-4.f, -O0
FAIL: g77.f-torture/compile/980310-4.f, -O1
FAIL: g77.f-torture/compile/980310-4.f, -O2
FAIL: g77.f-torture/compile/980310-4.f, -O3 -fomit-frame-pointer
FAIL: g77.f-torture/compile/980310-4.f, -O3 -fomit-frame-pointer -funroll-loops
FAIL: g77.f-torture/compile/980310-4.f, -O3 -fomit-frame-pointer -funroll-all-loops -finline-functions
FAIL: g77.f-torture/compile/980310-4.f, -O3 -g
FAIL: g77.f-torture/compile/980310-4.f, -Os
FAIL: g77.f-torture/compile/980310-6.f, -O0
FAIL: g77.f-torture/compile/980310-6.f, -O1
FAIL: g77.f-torture/compile/980310-6.f, -O2
FAIL: g77.f-torture/compile/980310-6.f, -O3 -fomit-frame-pointer
FAIL: g77.f-torture/compile/980310-6.f, -O3 -g
FAIL: g77.f-torture/compile/980310-6.f, -Os
FAIL: g77.f-torture/compile/980310-7.f, -O0
FAIL: g77.f-torture/compile/980310-7.f, -O1
FAIL: g77.f-torture/compile/980310-7.f, -O2
FAIL: g77.f-torture/compile/980310-7.f, -O3 -fomit-frame-pointer
FAIL: g77.f-torture/compile/980310-7.f, -O3 -fomit-frame-pointer -funroll-loops
FAIL: g77.f-torture/compile/980310-7.f, -O3 -fomit-frame-pointer -funroll-all-loops -finline-functions
FAIL: g77.f-torture/compile/980310-7.f, -O3 -g
FAIL: g77.f-torture/compile/980310-7.f, -Os
FAIL: g77.f-torture/compile/980310-8.f, -O0
FAIL: g77.f-torture/compile/980310-8.f, -O1
FAIL: g77.f-torture/compile/980310-8.f, -O2
FAIL: g77.f-torture/compile/980310-8.f, -O3 -fomit-frame-pointer
FAIL: g77.f-torture/compile/980310-8.f, -O3 -fomit-frame-pointer -funroll-loops
FAIL: g77.f-torture/compile/980310-8.f, -O3 -fomit-frame-pointer -funroll-all-loops -finline-functions
FAIL: g77.f-torture/compile/980310-8.f, -O3 -g
FAIL: g77.f-torture/compile/980310-8.f, -Os
FAIL: g77.f-torture/compile/980419-2.f, -O0
FAIL: g77.f-torture/compile/980419-2.f, -O1
FAIL: g77.f-torture/compile/980419-2.f, -O2
FAIL: g77.f-torture/compile/980419-2.f, -O3 -fomit-frame-pointer
FAIL: g77.f-torture/compile/980419-2.f, -O3 -fomit-frame-pointer -funroll-loops
FAIL: g77.f-torture/compile/980419-2.f, -O3 -fomit-frame-pointer -funroll-all-loops -finline-functions
FAIL: g77.f-torture/compile/980419-2.f, -O3 -g
FAIL: g77.f-torture/compile/980419-2.f, -Os
FAIL: g77.f-torture/compile/980424-0.f, -O0
FAIL: g77.f-torture/compile/980424-0.f, -O1
FAIL: g77.f-torture/compile/980424-0.f, -O2
FAIL: g77.f-torture/compile/980424-0.f, -O3 -fomit-frame-pointer
FAIL: g77.f-torture/compile/980424-0.f, -O3 -g
FAIL: g77.f-torture/compile/980424-0.f, -Os
FAIL: g77.f-torture/compile/980427-0.f, -O0
FAIL: g77.f-torture/compile/980427-0.f, -O1
FAIL: g77.f-torture/compile/980427-0.f, -O2
FAIL: g77.f-torture/compile/980427-0.f, -O3 -fomit-frame-pointer
FAIL: g77.f-torture/compile/980427-0.f, -O3 -g
FAIL: g77.f-torture/compile/980427-0.f, -Os
FAIL: g77.f-torture/compile/980519-2.f, -O0
FAIL: g77.f-torture/compile/980519-2.f, -O1
FAIL: g77.f-torture/compile/980519-2.f, -O2
FAIL: g77.f-torture/compile/980519-2.f, -O3 -fomit-frame-pointer
FAIL: g77.f-torture/compile/980519-2.f, -O3 -g
FAIL: g77.f-torture/compile/980519-2.f, -Os
FAIL: g77.f-torture/compile/980729-0.f, -O0
FAIL: g77.f-torture/compile/980729-0.f, -O1
FAIL: g77.f-torture/compile/980729-0.f, -O2
FAIL: g77.f-torture/compile/980729-0.f, -O3 -fomit-frame-pointer
FAIL: g77.f-torture/compile/980729-0.f, -O3 -g
FAIL: g77.f-torture/compile/980729-0.f, -Os
FAIL: g77.f-torture/compile/981117-1.f, -O0
FAIL: g77.f-torture/compile/981117-1.f, -O1
FAIL: g77.f-torture/compile/981117-1.f, -O2
FAIL: g77.f-torture/compile/981117-1.f, -O3 -fomit-frame-pointer
FAIL: g77.f-torture/compile/981117-1.f, -O3 -fomit-frame-pointer -funroll-loops
FAIL: g77.f-torture/compile/981117-1.f, -O3 -fomit-frame-pointer -funroll-all-loops -finline-functions
FAIL: g77.f-torture/compile/981117-1.f, -O3 -g
FAIL: g77.f-torture/compile/981117-1.f, -Os
FAIL: g77.f-torture/compile/990115-1.f, -O0
FAIL: g77.f-torture/compile/990115-1.f, -O1
FAIL: g77.f-torture/compile/990115-1.f, -O2
FAIL: g77.f-torture/compile/990115-1.f, -O3 -fomit-frame-pointer
FAIL: g77.f-torture/compile/990115-1.f, -O3 -fomit-frame-pointer -funroll-loops
FAIL: g77.f-torture/compile/990115-1.f, -O3 -fomit-frame-pointer -funroll-all-loops -finline-functions
FAIL: g77.f-torture/compile/990115-1.f, -O3 -g
FAIL: g77.f-torture/compile/990115-1.f, -Os
FAIL: g77.f-torture/compile/alpha1.f, -O0
FAIL: g77.f-torture/compile/alpha1.f, -O1
FAIL: g77.f-torture/compile/alpha1.f, -O2
FAIL: g77.f-torture/compile/alpha1.f, -O3 -fomit-frame-pointer
FAIL: g77.f-torture/compile/alpha1.f, -O3 -g
FAIL: g77.f-torture/compile/alpha1.f, -Os
FAIL: g77.f-torture/compile/toon_1.f, -O0
FAIL: g77.f-torture/compile/toon_1.f, -O1
FAIL: g77.f-torture/compile/toon_1.f, -O2
FAIL: g77.f-torture/compile/toon_1.f, -O3 -fomit-frame-pointer
FAIL: g77.f-torture/compile/toon_1.f, -O3 -g
FAIL: g77.f-torture/compile/toon_1.f, -Os
FAIL: g77.f-torture/compile/xformat.f, -O0
FAIL: g77.f-torture/compile/xformat.f, -O1
FAIL: g77.f-torture/compile/xformat.f, -O2
FAIL: g77.f-torture/compile/xformat.f, -O3 -fomit-frame-pointer
FAIL: g77.f-torture/compile/xformat.f, -O3 -g
FAIL: g77.f-torture/compile/xformat.f, -Os
FAIL: g77.f-torture/compile/cpp.F, -O0
FAIL: g77.f-torture/compile/cpp.F, -O1
FAIL: g77.f-torture/compile/cpp.F, -O2
FAIL: g77.f-torture/compile/cpp.F, -O3 -fomit-frame-pointer
FAIL: g77.f-torture/compile/cpp.F, -O3 -fomit-frame-pointer -funroll-loops
FAIL: g77.f-torture/compile/cpp.F, -O3 -fomit-frame-pointer -funroll-all-loops -finline-functions
FAIL: g77.f-torture/compile/cpp.F, -O3 -g
FAIL: g77.f-torture/compile/cpp.F, -Os
FAIL: g77.f-torture/compile/cpp2.F, -O0
FAIL: g77.f-torture/compile/cpp2.F, -O1
FAIL: g77.f-torture/compile/cpp2.F, -O2
FAIL: g77.f-torture/compile/cpp2.F, -O3 -fomit-frame-pointer
FAIL: g77.f-torture/compile/cpp2.F, -O3 -g
FAIL: g77.f-torture/compile/cpp2.F, -Os
FAIL: g77.f-torture/execute/10197.f compilation, -O0
FAIL: g77.f-torture/execute/10197.f compilation, -O1
FAIL: g77.f-torture/execute/10197.f compilation, -O2
FAIL: g77.f-torture/execute/10197.f compilation, -O3 -fomit-frame-pointer
FAIL: g77.f-torture/execute/10197.f compilation, -O3 -g
FAIL: g77.f-torture/execute/10197.f compilation, -Os
FAIL: g77.f-torture/execute/12884.f compilation, -O0
FAIL: g77.f-torture/execute/12884.f compilation, -O1
FAIL: g77.f-torture/execute/12884.f compilation, -O2
FAIL: g77.f-torture/execute/12884.f compilation, -O3 -fomit-frame-pointer
FAIL: g77.f-torture/execute/12884.f compilation, -O3 -g
FAIL: g77.f-torture/execute/12884.f compilation, -Os
FAIL: g77.f-torture/execute/13037.f compilation, -O0
FAIL: g77.f-torture/execute/13037.f compilation, -O1
FAIL: g77.f-torture/execute/13037.f compilation, -O2
FAIL: g77.f-torture/execute/13037.f compilation, -O3 -fomit-frame-pointer
FAIL: g77.f-torture/execute/13037.f compilation, -O3 -fomit-frame-pointer -funroll-loops
FAIL: g77.f-torture/execute/13037.f compilation, -O3 -fomit-frame-pointer -funroll-all-loops -finline-functions
FAIL: g77.f-torture/execute/13037.f compilation, -O3 -g
FAIL: g77.f-torture/execute/13037.f compilation, -Os
FAIL: g77.f-torture/execute/1832.f compilation, -O0
FAIL: g77.f-torture/execute/1832.f compilation, -O1
FAIL: g77.f-torture/execute/1832.f compilation, -O2
FAIL: g77.f-torture/execute/1832.f compilation, -O3 -fomit-frame-pointer
FAIL: g77.f-torture/execute/1832.f compilation, -O3 -g
FAIL: g77.f-torture/execute/1832.f compilation, -Os
FAIL: g77.f-torture/execute/19981119-0.f compilation, -O0
FAIL: g77.f-torture/execute/19981119-0.f compilation, -O1
FAIL: g77.f-torture/execute/19981119-0.f compilation, -O2
FAIL: g77.f-torture/execute/19981119-0.f compilation, -O3 -fomit-frame-pointer
FAIL: g77.f-torture/execute/19981119-0.f compilation, -O3 -g
FAIL: g77.f-torture/execute/19981119-0.f compilation, -Os
FAIL: g77.f-torture/execute/19990313-0.f compilation, -O0
FAIL: g77.f-torture/execute/19990313-0.f compilation, -O1
FAIL: g77.f-torture/execute/19990313-0.f compilation, -O2
FAIL: g77.f-torture/execute/19990313-0.f compilation, -O3 -fomit-frame-pointer
FAIL: g77.f-torture/execute/19990313-0.f compilation, -O3 -g
FAIL: g77.f-torture/execute/19990313-0.f compilation, -Os
FAIL: g77.f-torture/execute/19990313-1.f compilation, -O0
FAIL: g77.f-torture/execute/19990313-1.f compilation, -O1
FAIL: g77.f-torture/execute/19990313-1.f compilation, -O2
FAIL: g77.f-torture/execute/19990313-1.f compilation, -O3 -fomit-frame-pointer
FAIL: g77.f-torture/execute/19990313-1.f compilation, -O3 -g
FAIL: g77.f-torture/execute/19990313-1.f compilation, -Os
FAIL: g77.f-torture/execute/19990313-2.f compilation, -O0
FAIL: g77.f-torture/execute/19990313-2.f compilation, -O1
FAIL: g77.f-torture/execute/19990313-2.f compilation, -O2
FAIL: g77.f-torture/execute/19990313-2.f compilation, -O3 -fomit-frame-pointer
FAIL: g77.f-torture/execute/19990313-2.f compilation, -O3 -g
FAIL: g77.f-torture/execute/19990313-2.f compilation, -Os
FAIL: g77.f-torture/execute/19990313-3.f compilation, -O0
FAIL: g77.f-torture/execute/19990313-3.f compilation, -O1
FAIL: g77.f-torture/execute/19990313-3.f compilation, -O2
FAIL: g77.f-torture/execute/19990313-3.f compilation, -O3 -fomit-frame-pointer
FAIL: g77.f-torture/execute/19990313-3.f compilation, -O3 -g
FAIL: g77.f-torture/execute/19990313-3.f compilation, -Os
FAIL: g77.f-torture/execute/19990325-0.f compilation, -O0
FAIL: g77.f-torture/execute/19990325-0.f compilation, -O1
FAIL: g77.f-torture/execute/19990325-0.f compilation, -O2
FAIL: g77.f-torture/execute/19990325-0.f compilation, -O3 -fomit-frame-pointer
FAIL: g77.f-torture/execute/19990325-0.f compilation, -O3 -g
FAIL: g77.f-torture/execute/19990325-0.f compilation, -Os
FAIL: g77.f-torture/execute/19990325-1.f compilation, -O0
FAIL: g77.f-torture/execute/19990325-1.f compilation, -O1
FAIL: g77.f-torture/execute/19990325-1.f compilation, -O2
FAIL: g77.f-torture/execute/19990325-1.f compilation, -O3 -fomit-frame-pointer
FAIL: g77.f-torture/execute/19990325-1.f compilation, -O3 -g
FAIL: g77.f-torture/execute/19990325-1.f compilation, -Os
FAIL: g77.f-torture/execute/19990419-1.f compilation, -O0
FAIL: g77.f-torture/execute/19990419-1.f compilation, -O1
FAIL: g77.f-torture/execute/19990419-1.f compilation, -O2
FAIL: g77.f-torture/execute/19990419-1.f compilation, -O3 -fomit-frame-pointer
FAIL: g77.f-torture/execute/19990419-1.f compilation, -O3 -fomit-frame-pointer -funroll-loops
FAIL: g77.f-torture/execute/19990419-1.f compilation, -O3 -fomit-frame-pointer -funroll-all-loops -finline-functions
FAIL: g77.f-torture/execute/19990419-1.f compilation, -O3 -g
FAIL: g77.f-torture/execute/19990419-1.f compilation, -Os
FAIL: g77.f-torture/execute/19990826-0.f compilation, -O0
FAIL: g77.f-torture/execute/19990826-0.f compilation, -O1
FAIL: g77.f-torture/execute/19990826-0.f compilation, -O2
FAIL: g77.f-torture/execute/19990826-0.f compilation, -O3 -fomit-frame-pointer
FAIL: g77.f-torture/execute/19990826-0.f compilation, -O3 -g
FAIL: g77.f-torture/execute/19990826-0.f compilation, -Os
FAIL: g77.f-torture/execute/19990826-2.f compilation, -O0
FAIL: g77.f-torture/execute/19990826-2.f compilation, -O1
FAIL: g77.f-torture/execute/19990826-2.f compilation, -O2
FAIL: g77.f-torture/execute/19990826-2.f compilation, -O3 -fomit-frame-pointer
FAIL: g77.f-torture/execute/19990826-2.f compilation, -O3 -g
FAIL: g77.f-torture/execute/19990826-2.f compilation, -Os
FAIL: g77.f-torture/execute/20000503-1.f compilation, -O0
FAIL: g77.f-torture/execute/20000503-1.f compilation, -O1
FAIL: g77.f-torture/execute/20000503-1.f compilation, -O2
FAIL: g77.f-torture/execute/20000503-1.f compilation, -O3 -fomit-frame-pointer
FAIL: g77.f-torture/execute/20000503-1.f compilation, -O3 -fomit-frame-pointer -funroll-loops
FAIL: g77.f-torture/execute/20000503-1.f compilation, -O3 -fomit-frame-pointer -funroll-all-loops -finline-functions
FAIL: g77.f-torture/execute/20000503-1.f compilation, -O3 -g
FAIL: g77.f-torture/execute/20000503-1.f compilation, -Os
FAIL: g77.f-torture/execute/20001111.f compilation, -O0
FAIL: g77.f-torture/execute/20001111.f compilation, -O1
FAIL: g77.f-torture/execute/20001111.f compilation, -O2
FAIL: g77.f-torture/execute/20001111.f compilation, -O3 -fomit-frame-pointer
FAIL: g77.f-torture/execute/20001111.f compilation, -O3 -fomit-frame-pointer -funroll-loops
FAIL: g77.f-torture/execute/20001111.f compilation, -O3 -fomit-frame-pointer -funroll-all-loops -finline-functions
FAIL: g77.f-torture/execute/20001111.f compilation, -O3 -g
FAIL: g77.f-torture/execute/20001111.f compilation, -Os
FAIL: g77.f-torture/execute/20001201.f compilation, -O0
FAIL: g77.f-torture/execute/20001201.f compilation, -O1
FAIL: g77.f-torture/execute/20001201.f compilation, -O2
FAIL: g77.f-torture/execute/20001201.f compilation, -O3 -fomit-frame-pointer
FAIL: g77.f-torture/execute/20001201.f compilation, -O3 -g
FAIL: g77.f-torture/execute/20001201.f compilation, -Os
FAIL: g77.f-torture/execute/20010116.f compilation, -O0
FAIL: g77.f-torture/execute/20010116.f compilation, -O1
FAIL: g77.f-torture/execute/20010116.f compilation, -O2
FAIL: g77.f-torture/execute/20010116.f compilation, -O3 -fomit-frame-pointer
FAIL: g77.f-torture/execute/20010116.f compilation, -O3 -fomit-frame-pointer -funroll-loops
FAIL: g77.f-torture/execute/20010116.f compilation, -O3 -fomit-frame-pointer -funroll-all-loops -finline-functions
FAIL: g77.f-torture/execute/20010116.f compilation, -O3 -g
FAIL: g77.f-torture/execute/20010116.f compilation, -Os
FAIL: g77.f-torture/execute/20010426.f compilation, -O0
FAIL: g77.f-torture/execute/20010426.f compilation, -O1
FAIL: g77.f-torture/execute/20010426.f compilation, -O2
FAIL: g77.f-torture/execute/20010426.f compilation, -O3 -fomit-frame-pointer
FAIL: g77.f-torture/execute/20010426.f compilation, -O3 -g
FAIL: g77.f-torture/execute/20010426.f compilation, -Os
FAIL: g77.f-torture/execute/20010430.f compilation, -O0
FAIL: g77.f-torture/execute/20010430.f compilation, -O1
FAIL: g77.f-torture/execute/20010430.f compilation, -O2
FAIL: g77.f-torture/execute/20010430.f compilation, -O3 -fomit-frame-pointer
FAIL: g77.f-torture/execute/20010430.f compilation, -O3 -fomit-frame-pointer -funroll-loops
FAIL: g77.f-torture/execute/20010430.f compilation, -O3 -fomit-frame-pointer -funroll-all-loops -finline-functions
FAIL: g77.f-torture/execute/20010430.f compilation, -O3 -g
FAIL: g77.f-torture/execute/20010430.f compilation, -Os
FAIL: g77.f-torture/execute/20010610.f compilation, -O0
FAIL: g77.f-torture/execute/20010610.f compilation, -O1
FAIL: g77.f-torture/execute/20010610.f compilation, -O2
FAIL: g77.f-torture/execute/20010610.f compilation, -O3 -fomit-frame-pointer
FAIL: g77.f-torture/execute/20010610.f compilation, -O3 -fomit-frame-pointer -funroll-loops
FAIL: g77.f-torture/execute/20010610.f compilation, -O3 -fomit-frame-pointer -funroll-all-loops -finline-functions
FAIL: g77.f-torture/execute/20010610.f compilation, -O3 -g
FAIL: g77.f-torture/execute/20010610.f compilation, -Os
FAIL: g77.f-torture/execute/5122.f compilation, -O0
FAIL: g77.f-torture/execute/5122.f compilation, -O1
FAIL: g77.f-torture/execute/5122.f compilation, -O2
FAIL: g77.f-torture/execute/5122.f compilation, -O3 -fomit-frame-pointer
FAIL: g77.f-torture/execute/5122.f compilation, -O3 -g
FAIL: g77.f-torture/execute/5122.f compilation, -Os
FAIL: g77.f-torture/execute/6177.f compilation, -O0
FAIL: g77.f-torture/execute/6177.f compilation, -O1
FAIL: g77.f-torture/execute/6177.f compilation, -O2
FAIL: g77.f-torture/execute/6177.f compilation, -O3 -fomit-frame-pointer
FAIL: g77.f-torture/execute/6177.f compilation, -O3 -g
FAIL: g77.f-torture/execute/6177.f compilation, -Os
FAIL: g77.f-torture/execute/6367.f compilation, -O0
FAIL: g77.f-torture/execute/6367.f compilation, -O1
FAIL: g77.f-torture/execute/6367.f compilation, -O2
FAIL: g77.f-torture/execute/6367.f compilation, -O3 -fomit-frame-pointer
FAIL: g77.f-torture/execute/6367.f compilation, -O3 -fomit-frame-pointer -funroll-loops
FAIL: g77.f-torture/execute/6367.f compilation, -O3 -fomit-frame-pointer -funroll-all-loops -finline-functions
FAIL: g77.f-torture/execute/6367.f compilation, -O3 -g
FAIL: g77.f-torture/execute/6367.f compilation, -Os
FAIL: g77.f-torture/execute/947.f compilation, -O0
FAIL: g77.f-torture/execute/947.f compilation, -O1
FAIL: g77.f-torture/execute/947.f compilation, -O2
FAIL: g77.f-torture/execute/947.f compilation, -O3 -fomit-frame-pointer
FAIL: g77.f-torture/execute/947.f compilation, -O3 -g
FAIL: g77.f-torture/execute/947.f compilation, -Os
FAIL: g77.f-torture/execute/970625-2.f compilation, -O0
FAIL: g77.f-torture/execute/970625-2.f compilation, -O1
FAIL: g77.f-torture/execute/970625-2.f compilation, -O2
FAIL: g77.f-torture/execute/970625-2.f compilation, -O3 -fomit-frame-pointer
FAIL: g77.f-torture/execute/970625-2.f compilation, -O3 -fomit-frame-pointer -funroll-loops
FAIL: g77.f-torture/execute/970625-2.f compilation, -O3 -fomit-frame-pointer -funroll-all-loops -finline-functions
FAIL: g77.f-torture/execute/970625-2.f compilation, -O3 -g
FAIL: g77.f-torture/execute/970625-2.f compilation, -Os
FAIL: g77.f-torture/execute/970816-3.f compilation, -O0
FAIL: g77.f-torture/execute/970816-3.f compilation, -O1
FAIL: g77.f-torture/execute/970816-3.f compilation, -O2
FAIL: g77.f-torture/execute/970816-3.f compilation, -O3 -fomit-frame-pointer
FAIL: g77.f-torture/execute/970816-3.f compilation, -O3 -g
FAIL: g77.f-torture/execute/970816-3.f compilation, -Os
FAIL: g77.f-torture/execute/971102-1.f compilation, -O0
FAIL: g77.f-torture/execute/971102-1.f compilation, -O1
FAIL: g77.f-torture/execute/971102-1.f compilation, -O2
FAIL: g77.f-torture/execute/971102-1.f compilation, -O3 -fomit-frame-pointer
FAIL: g77.f-torture/execute/971102-1.f compilation, -O3 -fomit-frame-pointer -funroll-loops
FAIL: g77.f-torture/execute/971102-1.f compilation, -O3 -fomit-frame-pointer -funroll-all-loops -finline-functions
FAIL: g77.f-torture/execute/971102-1.f compilation, -O3 -g
FAIL: g77.f-torture/execute/971102-1.f compilation, -Os
FAIL: g77.f-torture/execute/980520-1.f compilation, -O0
FAIL: g77.f-torture/execute/980520-1.f compilation, -O1
FAIL: g77.f-torture/execute/980520-1.f compilation, -O2
FAIL: g77.f-torture/execute/980520-1.f compilation, -O3 -fomit-frame-pointer
FAIL: g77.f-torture/execute/980520-1.f compilation, -O3 -g
FAIL: g77.f-torture/execute/980520-1.f compilation, -Os
FAIL: g77.f-torture/execute/980628-0.f compilation, -O0
FAIL: g77.f-torture/execute/980628-0.f compilation, -O1
FAIL: g77.f-torture/execute/980628-0.f compilation, -O2
FAIL: g77.f-torture/execute/980628-0.f compilation, -O3 -fomit-frame-pointer
FAIL: g77.f-torture/execute/980628-0.f compilation, -O3 -g
FAIL: g77.f-torture/execute/980628-0.f compilation, -Os
FAIL: g77.f-torture/execute/980628-1.f compilation, -O0
FAIL: g77.f-torture/execute/980628-1.f compilation, -O1
FAIL: g77.f-torture/execute/980628-1.f compilation, -O2
FAIL: g77.f-torture/execute/980628-1.f compilation, -O3 -fomit-frame-pointer
FAIL: g77.f-torture/execute/980628-1.f compilation, -O3 -g
FAIL: g77.f-torture/execute/980628-1.f compilation, -Os
FAIL: g77.f-torture/execute/980628-10.f compilation, -O0
FAIL: g77.f-torture/execute/980628-10.f compilation, -O1
FAIL: g77.f-torture/execute/980628-10.f compilation, -O2
FAIL: g77.f-torture/execute/980628-10.f compilation, -O3 -fomit-frame-pointer
FAIL: g77.f-torture/execute/980628-10.f compilation, -O3 -g
FAIL: g77.f-torture/execute/980628-10.f compilation, -Os
FAIL: g77.f-torture/execute/980628-2.f compilation, -O0
FAIL: g77.f-torture/execute/980628-2.f compilation, -O1
FAIL: g77.f-torture/execute/980628-2.f compilation, -O2
FAIL: g77.f-torture/execute/980628-2.f compilation, -O3 -fomit-frame-pointer
FAIL: g77.f-torture/execute/980628-2.f compilation, -O3 -g
FAIL: g77.f-torture/execute/980628-2.f compilation, -Os
FAIL: g77.f-torture/execute/980628-3.f compilation, -O0
FAIL: g77.f-torture/execute/980628-3.f compilation, -O1
FAIL: g77.f-torture/execute/980628-3.f compilation, -O2
FAIL: g77.f-torture/execute/980628-3.f compilation, -O3 -fomit-frame-pointer
FAIL: g77.f-torture/execute/980628-3.f compilation, -O3 -g
FAIL: g77.f-torture/execute/980628-3.f compilation, -Os
FAIL: g77.f-torture/execute/980628-4.f compilation, -O0
FAIL: g77.f-torture/execute/980628-4.f compilation, -O1
FAIL: g77.f-torture/execute/980628-4.f compilation, -O2
FAIL: g77.f-torture/execute/980628-4.f compilation, -O3 -fomit-frame-pointer
FAIL: g77.f-torture/execute/980628-4.f compilation, -O3 -g
FAIL: g77.f-torture/execute/980628-4.f compilation, -Os
FAIL: g77.f-torture/execute/980628-5.f compilation, -O0
FAIL: g77.f-torture/execute/980628-5.f compilation, -O1
FAIL: g77.f-torture/execute/980628-5.f compilation, -O2
FAIL: g77.f-torture/execute/980628-5.f compilation, -O3 -fomit-frame-pointer
FAIL: g77.f-torture/execute/980628-5.f compilation, -O3 -g
FAIL: g77.f-torture/execute/980628-5.f compilation, -Os
FAIL: g77.f-torture/execute/980628-6.f compilation, -O0
FAIL: g77.f-torture/execute/980628-6.f compilation, -O1
FAIL: g77.f-torture/execute/980628-6.f compilation, -O2
FAIL: g77.f-torture/execute/980628-6.f compilation, -O3 -fomit-frame-pointer
FAIL: g77.f-torture/execute/980628-6.f compilation, -O3 -g
FAIL: g77.f-torture/execute/980628-6.f compilation, -Os
FAIL: g77.f-torture/execute/980628-7.f compilation, -O0
FAIL: g77.f-torture/execute/980628-7.f compilation, -O1
FAIL: g77.f-torture/execute/980628-7.f compilation, -O2
FAIL: g77.f-torture/execute/980628-7.f compilation, -O3 -fomit-frame-pointer
FAIL: g77.f-torture/execute/980628-7.f compilation, -O3 -g
FAIL: g77.f-torture/execute/980628-7.f compilation, -Os
FAIL: g77.f-torture/execute/980628-8.f compilation, -O0
FAIL: g77.f-torture/execute/980628-8.f compilation, -O1
FAIL: g77.f-torture/execute/980628-8.f compilation, -O2
FAIL: g77.f-torture/execute/980628-8.f compilation, -O3 -fomit-frame-pointer
FAIL: g77.f-torture/execute/980628-8.f compilation, -O3 -g
FAIL: g77.f-torture/execute/980628-8.f compilation, -Os
FAIL: g77.f-torture/execute/980628-9.f compilation, -O0
FAIL: g77.f-torture/execute/980628-9.f compilation, -O1
FAIL: g77.f-torture/execute/980628-9.f compilation, -O2
FAIL: g77.f-torture/execute/980628-9.f compilation, -O3 -fomit-frame-pointer
FAIL: g77.f-torture/execute/980628-9.f compilation, -O3 -g
FAIL: g77.f-torture/execute/980628-9.f compilation, -Os
FAIL: g77.f-torture/execute/980701-0.f compilation, -O0
FAIL: g77.f-torture/execute/980701-0.f compilation, -O1
FAIL: g77.f-torture/execute/980701-0.f compilation, -O2
FAIL: g77.f-torture/execute/980701-0.f compilation, -O3 -fomit-frame-pointer
FAIL: g77.f-torture/execute/980701-0.f compilation, -O3 -g
FAIL: g77.f-torture/execute/980701-0.f compilation, -Os
FAIL: g77.f-torture/execute/980701-1.f compilation, -O0
FAIL: g77.f-torture/execute/980701-1.f compilation, -O1
FAIL: g77.f-torture/execute/980701-1.f compilation, -O2
FAIL: g77.f-torture/execute/980701-1.f compilation, -O3 -fomit-frame-pointer
FAIL: g77.f-torture/execute/980701-1.f compilation, -O3 -g
FAIL: g77.f-torture/execute/980701-1.f compilation, -Os
FAIL: g77.f-torture/execute/alpha2.f compilation, -O0
FAIL: g77.f-torture/execute/alpha2.f compilation, -O1
FAIL: g77.f-torture/execute/alpha2.f compilation, -O2
FAIL: g77.f-torture/execute/alpha2.f compilation, -O3 -fomit-frame-pointer
FAIL: g77.f-torture/execute/alpha2.f compilation, -O3 -g
FAIL: g77.f-torture/execute/alpha2.f compilation, -Os
FAIL: g77.f-torture/execute/auto0.f compilation, -O0
FAIL: g77.f-torture/execute/auto0.f compilation, -O1
FAIL: g77.f-torture/execute/auto0.f compilation, -O2
FAIL: g77.f-torture/execute/auto0.f compilation, -O3 -fomit-frame-pointer
FAIL: g77.f-torture/execute/auto0.f compilation, -O3 -fomit-frame-pointer -funroll-loops
FAIL: g77.f-torture/execute/auto0.f compilation, -O3 -fomit-frame-pointer -funroll-all-loops -finline-functions
FAIL: g77.f-torture/execute/auto0.f compilation, -O3 -g
FAIL: g77.f-torture/execute/auto0.f compilation, -Os
FAIL: g77.f-torture/execute/auto1.f compilation, -O0
FAIL: g77.f-torture/execute/auto1.f compilation, -O1
FAIL: g77.f-torture/execute/auto1.f compilation, -O2
FAIL: g77.f-torture/execute/auto1.f compilation, -O3 -fomit-frame-pointer
FAIL: g77.f-torture/execute/auto1.f compilation, -O3 -fomit-frame-pointer -funroll-loops
FAIL: g77.f-torture/execute/auto1.f compilation, -O3 -fomit-frame-pointer -funroll-all-loops -finline-functions
FAIL: g77.f-torture/execute/auto1.f compilation, -O3 -g
FAIL: g77.f-torture/execute/auto1.f compilation, -Os
FAIL: g77.f-torture/execute/cabs.f compilation, -O0
FAIL: g77.f-torture/execute/cabs.f compilation, -O1
FAIL: g77.f-torture/execute/cabs.f compilation, -O2
FAIL: g77.f-torture/execute/cabs.f compilation, -O3 -fomit-frame-pointer
FAIL: g77.f-torture/execute/cabs.f compilation, -O3 -g
FAIL: g77.f-torture/execute/cabs.f compilation, -Os
FAIL: g77.f-torture/execute/claus.f compilation, -O0
FAIL: g77.f-torture/execute/claus.f compilation, -O1
FAIL: g77.f-torture/execute/claus.f compilation, -O2
FAIL: g77.f-torture/execute/claus.f compilation, -O3 -fomit-frame-pointer
FAIL: g77.f-torture/execute/claus.f compilation, -O3 -fomit-frame-pointer -funroll-loops
FAIL: g77.f-torture/execute/claus.f compilation, -O3 -fomit-frame-pointer -funroll-all-loops -finline-functions
FAIL: g77.f-torture/execute/claus.f compilation, -O3 -g
FAIL: g77.f-torture/execute/claus.f compilation, -Os
FAIL: g77.f-torture/execute/complex_1.f compilation, -O0
FAIL: g77.f-torture/execute/complex_1.f compilation, -O1
FAIL: g77.f-torture/execute/complex_1.f compilation, -O2
FAIL: g77.f-torture/execute/complex_1.f compilation, -O3 -fomit-frame-pointer
FAIL: g77.f-torture/execute/complex_1.f compilation, -O3 -g
FAIL: g77.f-torture/execute/complex_1.f compilation, -Os
FAIL: g77.f-torture/execute/dcomplex.f compilation, -O0
FAIL: g77.f-torture/execute/dcomplex.f compilation, -O1
FAIL: g77.f-torture/execute/dcomplex.f compilation, -O2
FAIL: g77.f-torture/execute/dcomplex.f compilation, -O3 -fomit-frame-pointer
FAIL: g77.f-torture/execute/dcomplex.f compilation, -O3 -g
FAIL: g77.f-torture/execute/dcomplex.f compilation, -Os
FAIL: g77.f-torture/execute/dnrm2.f compilation, -O0
FAIL: g77.f-torture/execute/dnrm2.f compilation, -O1
FAIL: g77.f-torture/execute/dnrm2.f compilation, -O2
FAIL: g77.f-torture/execute/dnrm2.f compilation, -O3 -fomit-frame-pointer
FAIL: g77.f-torture/execute/dnrm2.f compilation, -O3 -fomit-frame-pointer -funroll-loops
FAIL: g77.f-torture/execute/dnrm2.f compilation, -O3 -fomit-frame-pointer -funroll-all-loops -finline-functions
FAIL: g77.f-torture/execute/dnrm2.f compilation, -O3 -g
FAIL: g77.f-torture/execute/dnrm2.f compilation, -Os
FAIL: g77.f-torture/execute/erfc.f compilation, -O0
FAIL: g77.f-torture/execute/erfc.f compilation, -O1
FAIL: g77.f-torture/execute/erfc.f compilation, -O2
FAIL: g77.f-torture/execute/erfc.f compilation, -O3 -fomit-frame-pointer
FAIL: g77.f-torture/execute/erfc.f compilation, -O3 -g
FAIL: g77.f-torture/execute/erfc.f compilation, -Os
FAIL: g77.f-torture/execute/exp.f compilation, -O0
FAIL: g77.f-torture/execute/exp.f compilation, -O1
FAIL: g77.f-torture/execute/exp.f compilation, -O2
FAIL: g77.f-torture/execute/exp.f compilation, -O3 -fomit-frame-pointer
FAIL: g77.f-torture/execute/exp.f compilation, -O3 -g
FAIL: g77.f-torture/execute/exp.f compilation, -Os
FAIL: g77.f-torture/execute/f90-intrinsic-bit.f compilation, -O0
FAIL: g77.f-torture/execute/f90-intrinsic-bit.f compilation, -O1
FAIL: g77.f-torture/execute/f90-intrinsic-bit.f compilation, -O2
FAIL: g77.f-torture/execute/f90-intrinsic-bit.f compilation, -O3 -fomit-frame-pointer
FAIL: g77.f-torture/execute/f90-intrinsic-bit.f compilation, -O3 -fomit-frame-pointer -funroll-loops
FAIL: g77.f-torture/execute/f90-intrinsic-bit.f compilation, -O3 -fomit-frame-pointer -funroll-all-loops -finline-functions
FAIL: g77.f-torture/execute/f90-intrinsic-bit.f compilation, -O3 -g
FAIL: g77.f-torture/execute/f90-intrinsic-bit.f compilation, -Os
FAIL: g77.f-torture/execute/f90-intrinsic-mathematical.f compilation, -O0
FAIL: g77.f-torture/execute/f90-intrinsic-mathematical.f compilation, -O1
FAIL: g77.f-torture/execute/f90-intrinsic-mathematical.f compilation, -O2
FAIL: g77.f-torture/execute/f90-intrinsic-mathematical.f compilation, -O3 -fomit-frame-pointer
FAIL: g77.f-torture/execute/f90-intrinsic-mathematical.f compilation, -O3 -g
FAIL: g77.f-torture/execute/f90-intrinsic-mathematical.f compilation, -Os
FAIL: g77.f-torture/execute/f90-intrinsic-numeric.f compilation, -O0
FAIL: g77.f-torture/execute/f90-intrinsic-numeric.f compilation, -O1
FAIL: g77.f-torture/execute/f90-intrinsic-numeric.f compilation, -O2
FAIL: g77.f-torture/execute/f90-intrinsic-numeric.f compilation, -O3 -fomit-frame-pointer
FAIL: g77.f-torture/execute/f90-intrinsic-numeric.f compilation, -O3 -g
FAIL: g77.f-torture/execute/f90-intrinsic-numeric.f compilation, -Os
FAIL: g77.f-torture/execute/int8421.f compilation, -O0
FAIL: g77.f-torture/execute/int8421.f compilation, -O1
FAIL: g77.f-torture/execute/int8421.f compilation, -O2
FAIL: g77.f-torture/execute/int8421.f compilation, -O3 -fomit-frame-pointer
FAIL: g77.f-torture/execute/int8421.f compilation, -O3 -g
FAIL: g77.f-torture/execute/int8421.f compilation, -Os
FAIL: g77.f-torture/execute/intrinsic-f2c-z.f compilation, -O0
FAIL: g77.f-torture/execute/intrinsic-f2c-z.f compilation, -O1
FAIL: g77.f-torture/execute/intrinsic-f2c-z.f compilation, -O2
FAIL: g77.f-torture/execute/intrinsic-f2c-z.f compilation, -O3 -fomit-frame-pointer
FAIL: g77.f-torture/execute/intrinsic-f2c-z.f compilation, -O3 -g
FAIL: g77.f-torture/execute/intrinsic-f2c-z.f compilation, -Os
FAIL: g77.f-torture/execute/intrinsic-unix-bessel.f compilation, -O0
FAIL: g77.f-torture/execute/intrinsic-unix-bessel.f compilation, -O1
FAIL: g77.f-torture/execute/intrinsic-unix-bessel.f compilation, -O2
FAIL: g77.f-torture/execute/intrinsic-unix-bessel.f compilation, -O3 -fomit-frame-pointer
FAIL: g77.f-torture/execute/intrinsic-unix-bessel.f compilation, -O3 -g
FAIL: g77.f-torture/execute/intrinsic-unix-bessel.f compilation, -Os
FAIL: g77.f-torture/execute/intrinsic-unix-erf.f compilation, -O0
FAIL: g77.f-torture/execute/intrinsic-unix-erf.f compilation, -O1
FAIL: g77.f-torture/execute/intrinsic-unix-erf.f compilation, -O2
FAIL: g77.f-torture/execute/intrinsic-unix-erf.f compilation, -O3 -fomit-frame-pointer
FAIL: g77.f-torture/execute/intrinsic-unix-erf.f compilation, -O3 -g
FAIL: g77.f-torture/execute/intrinsic-unix-erf.f compilation, -Os
FAIL: g77.f-torture/execute/intrinsic-vax-cd.f compilation, -O0
FAIL: g77.f-torture/execute/intrinsic-vax-cd.f compilation, -O1
FAIL: g77.f-torture/execute/intrinsic-vax-cd.f compilation, -O2
FAIL: g77.f-torture/execute/intrinsic-vax-cd.f compilation, -O3 -fomit-frame-pointer
FAIL: g77.f-torture/execute/intrinsic-vax-cd.f compilation, -O3 -g
FAIL: g77.f-torture/execute/intrinsic-vax-cd.f compilation, -Os
FAIL: g77.f-torture/execute/intrinsic77.f compilation, -O0
FAIL: g77.f-torture/execute/intrinsic77.f compilation, -O1
FAIL: g77.f-torture/execute/intrinsic77.f compilation, -O2
FAIL: g77.f-torture/execute/intrinsic77.f compilation, -O3 -fomit-frame-pointer
FAIL: g77.f-torture/execute/intrinsic77.f compilation, -O3 -g
FAIL: g77.f-torture/execute/intrinsic77.f compilation, -Os
FAIL: g77.f-torture/execute/io0.f compilation, -O0
FAIL: g77.f-torture/execute/io0.f compilation, -O1
FAIL: g77.f-torture/execute/io0.f compilation, -O2
FAIL: g77.f-torture/execute/io0.f compilation, -O3 -fomit-frame-pointer
FAIL: g77.f-torture/execute/io0.f compilation, -O3 -g
FAIL: g77.f-torture/execute/io0.f compilation, -Os
FAIL: g77.f-torture/execute/io1.f compilation, -O0
FAIL: g77.f-torture/execute/io1.f compilation, -O1
FAIL: g77.f-torture/execute/io1.f compilation, -O2
FAIL: g77.f-torture/execute/io1.f compilation, -O3 -fomit-frame-pointer
FAIL: g77.f-torture/execute/io1.f compilation, -O3 -g
FAIL: g77.f-torture/execute/io1.f compilation, -Os
FAIL: g77.f-torture/execute/labug1.f compilation, -O0
FAIL: g77.f-torture/execute/labug1.f compilation, -O1
FAIL: g77.f-torture/execute/labug1.f compilation, -O2
FAIL: g77.f-torture/execute/labug1.f compilation, -O3 -fomit-frame-pointer
FAIL: g77.f-torture/execute/labug1.f compilation, -O3 -fomit-frame-pointer -funroll-loops
FAIL: g77.f-torture/execute/labug1.f compilation, -O3 -fomit-frame-pointer -funroll-all-loops -finline-functions
FAIL: g77.f-torture/execute/labug1.f compilation, -O3 -g
FAIL: g77.f-torture/execute/labug1.f compilation, -Os
FAIL: g77.f-torture/execute/large_vec.f compilation, -O0
FAIL: g77.f-torture/execute/large_vec.f compilation, -O1
FAIL: g77.f-torture/execute/large_vec.f compilation, -O2
FAIL: g77.f-torture/execute/large_vec.f compilation, -O3 -fomit-frame-pointer
FAIL: g77.f-torture/execute/large_vec.f compilation, -O3 -g
FAIL: g77.f-torture/execute/large_vec.f compilation, -Os
FAIL: g77.f-torture/execute/le.f compilation, -O0
FAIL: g77.f-torture/execute/le.f compilation, -O1
FAIL: g77.f-torture/execute/le.f compilation, -O2
FAIL: g77.f-torture/execute/le.f compilation, -O3 -fomit-frame-pointer
FAIL: g77.f-torture/execute/le.f compilation, -O3 -g
FAIL: g77.f-torture/execute/le.f compilation, -Os
FAIL: g77.f-torture/execute/select.f compilation, -O0
FAIL: g77.f-torture/execute/select.f compilation, -O1
FAIL: g77.f-torture/execute/select.f compilation, -O2
FAIL: g77.f-torture/execute/select.f compilation, -O3 -fomit-frame-pointer
FAIL: g77.f-torture/execute/select.f compilation, -O3 -g
FAIL: g77.f-torture/execute/select.f compilation, -Os
FAIL: g77.f-torture/execute/short.f compilation, -O0
FAIL: g77.f-torture/execute/short.f compilation, -O1
FAIL: g77.f-torture/execute/short.f compilation, -O2
FAIL: g77.f-torture/execute/short.f compilation, -O3 -fomit-frame-pointer
FAIL: g77.f-torture/execute/short.f compilation, -O3 -fomit-frame-pointer -funroll-loops
FAIL: g77.f-torture/execute/short.f compilation, -O3 -fomit-frame-pointer -funroll-all-loops -finline-functions
FAIL: g77.f-torture/execute/short.f compilation, -O3 -g
FAIL: g77.f-torture/execute/short.f compilation, -Os
FAIL: g77.f-torture/execute/u77-test.f compilation, -O0
FAIL: g77.f-torture/execute/u77-test.f compilation, -O1
FAIL: g77.f-torture/execute/u77-test.f compilation, -O2
FAIL: g77.f-torture/execute/u77-test.f compilation, -O3 -fomit-frame-pointer
FAIL: g77.f-torture/execute/u77-test.f compilation, -O3 -fomit-frame-pointer -funroll-loops
FAIL: g77.f-torture/execute/u77-test.f compilation, -O3 -fomit-frame-pointer -funroll-all-loops -finline-functions
FAIL: g77.f-torture/execute/u77-test.f compilation, -O3 -g
FAIL: g77.f-torture/execute/u77-test.f compilation, -Os
FAIL: g77.f-torture/execute/cpp.F compilation, -O0
FAIL: g77.f-torture/execute/cpp.F compilation, -O1
FAIL: g77.f-torture/execute/cpp.F compilation, -O2
FAIL: g77.f-torture/execute/cpp.F compilation, -O3 -fomit-frame-pointer
FAIL: g77.f-torture/execute/cpp.F compilation, -O3 -g
FAIL: g77.f-torture/execute/cpp.F compilation, -Os
FAIL: g77.f-torture/execute/cpp2.F compilation, -O0
FAIL: g77.f-torture/execute/cpp2.F compilation, -O1
FAIL: g77.f-torture/execute/cpp2.F compilation, -O2
FAIL: g77.f-torture/execute/cpp2.F compilation, -O3 -fomit-frame-pointer
FAIL: g77.f-torture/execute/cpp2.F compilation, -O3 -g
FAIL: g77.f-torture/execute/cpp2.F compilation, -Os
FAIL: g77.f-torture/noncompile/check0.f
=== g77 Summary ===
# of unexpected failures 1104
# of unresolved testcases 33
# of untested testcases 462
# of unsupported tests 6
/usr/src/GCC/build-gcc/gcc/testsuite/../g77 version 3.4.2 20040731 (prerelease)
=== gcc tests ===
Running target unix
WARNING: program timed out.
FAIL: gcc.c-torture/compile/20001226-1.c (test for excess errors)
UNRESOLVED: gcc.c-torture/execute/simd-4.c execution, -O0
UNRESOLVED: gcc.dg/compat/vector-1 c_compat_x_tst.o-c_compat_y_tst.o link
UNRESOLVED: gcc.dg/compat/vector-1 c_compat_x_tst.o-c_compat_y_tst.o execute
UNRESOLVED: gcc.dg/compat/vector-2 c_compat_x_tst.o-c_compat_y_tst.o link
UNRESOLVED: gcc.dg/compat/vector-2 c_compat_x_tst.o-c_compat_y_tst.o execute
FAIL: gcc.dg/titype-1.c (test for excess errors)
WARNING: gcc.dg/titype-1.c compilation failed to produce executable
XPASS: gcc.dg/uninit-4.c uninitialized variable warning (test for bogus messages, line 26)
FAIL: gcc.dg/uninit-C.c (test for excess errors)
=== gcc Summary ===
# of expected passes 24386
# of unexpected failures 3
# of unexpected successes 1
# of expected failures 73
# of unresolved testcases 5
# of untested testcases 7
# of unsupported tests 315
/usr/src/GCC/build-gcc/gcc/xgcc version 3.4.2 20040731 (prerelease)
=== objc tests ===
Running target unix
=== objc Summary ===
# of expected passes 1352
# of unsupported tests 8
/usr/src/GCC/build-gcc/gcc/xgcc version 3.4.2 20040731 (prerelease)
=== libffi tests ===
Running target unix
=== libffi Summary ===
# of expected passes 212
# of unsupported tests 2
=== libstdc++-v3 check-abi Summary ===
# of added symbols: 301
# of missing symbols: 422
# of incompatible symbols: 422
=== libstdc++ tests ===
Running target unix
FAIL: 22_locale/codecvt/encoding/wchar_t/wrapped_locale.cc execution test
FAIL: 22_locale/codecvt/in/wchar_t/9.cc execution test
FAIL: 22_locale/codecvt/max_length/wchar_t/wrapped_locale.cc execution test
FAIL: 22_locale/ctype/widen/wchar_t/2.cc execution test
WARNING: program timed out.
XPASS: 26_numerics/c99_classification_macros_c.cc (test for excess errors)
FAIL: 27_io/basic_filebuf/imbue/wchar_t/12868.cc execution test
FAIL: 27_io/basic_filebuf/overflow/wchar_t/11305-1.cc execution test
FAIL: 27_io/basic_filebuf/overflow/wchar_t/11305-2.cc execution test
FAIL: 27_io/basic_filebuf/overflow/wchar_t/11305-3.cc execution test
FAIL: 27_io/basic_filebuf/overflow/wchar_t/11305-4.cc execution test
FAIL: 27_io/basic_filebuf/seekoff/wchar_t/1.cc execution test
FAIL: 27_io/basic_filebuf/seekoff/wchar_t/2.cc execution test
FAIL: 27_io/basic_filebuf/seekpos/wchar_t/9874.cc execution test
FAIL: 27_io/basic_filebuf/underflow/wchar_t/1.cc execution test
FAIL: 27_io/basic_filebuf/underflow/wchar_t/2.cc execution test
FAIL: 27_io/basic_filebuf/underflow/wchar_t/3.cc execution test
FAIL: 27_io/basic_filebuf/underflow/wchar_t/9520.cc execution test
=== libstdc++ Summary ===
# of expected passes 2683
# of unexpected failures 16
# of unexpected successes 1
# of expected failures 6
Compiler version: 3.4.2 20040731 (prerelease)
Platform: sparc-unknown-linux-gnu
configure flags: none
More information about the Gcc-testresults
mailing list