Results for 3.2.3 20030502 (Red Hat Linux 3.2.3-14) testsuite on powerpc64-unknown-linux-gnu
Janis Johnson
janis187@us.ibm.com
Mon Aug 9 11:07:00 GMT 2004
Linux 2.4.21-17.EL ppc64
GNU C Library stable release version 2.3.2
GNU ld version 2.15
GNU assembler 2.15
GNU Make version 3.79.1
DejaGnu:
Expect version is 5.40.0
Tcl version is 8.4
Framework version is 1.4.4
LAST_UPDATED: Mon Aug 9 10:07:53 UTC 2004
Native configuration is powerpc64-unknown-linux-gnu
=== g++ tests ===
Running target unix/-m32
XPASS: g++.other/init5.C Execution test
=== g++ Summary for unix/-m32 ===
# of expected passes 7455
# of unexpected successes 1
# of expected failures 88
# of untested testcases 23
# of unsupported tests 9
Running target unix/-m64
=== g77 tests ===
Running target unix/-m32
=== g77 Summary for unix/-m32 ===
# of expected passes 1458
# of unsupported tests 8
Running target unix/-m64
FAIL: g77.f-torture/compile/20010519-1.f, -O1
=== g77 Summary for unix/-m64 ===
# of expected passes 1457
# of unexpected failures 1
# of unsupported tests 8
=== g77 Summary ===
# of expected passes 2915
# of unexpected failures 1
# of unsupported tests 16
/home/janis/build/nightly/build-gcc-3.2rh/gcc/testsuite/../g77 version 3.2.3 20030502 (Red Hat Linux 3.2.3-14)
=== gcc tests ===
Running target unix/-m32
XPASS: gcc.c-torture/execute/20020227-1.c execution, -O0
XPASS: gcc.c-torture/execute/20020227-1.c execution, -O1
XPASS: gcc.c-torture/execute/20020227-1.c execution, -O2
XPASS: gcc.c-torture/execute/20020227-1.c execution, -O3 -fomit-frame-pointer
XPASS: gcc.c-torture/execute/20020227-1.c execution, -O3 -g
XPASS: gcc.c-torture/execute/20020227-1.c execution, -Os
=== objc tests ===
Running target unix/-m32
=== objc Summary for unix/-m32 ===
# of expected passes 1047
# of expected failures 6
Running target unix/-m64
=== objc Summary for unix/-m64 ===
# of expected passes 1047
# of expected failures 6
=== objc Summary ===
# of expected passes 2094
# of expected failures 12
/home/janis/build/nightly/build-gcc-3.2rh/gcc/xgcc version 3.2.3 20030502 (Red Hat Linux 3.2.3-14)
=== libjava tests ===
Running target unix/-m32
=== libstdc++-v3 tests ===
Running target unix/-m32
XPASS: 22_locale/collate_byname.cc execution test
XPASS: 22_locale/collate_members_char.cc execution test
XPASS: 22_locale/collate_members_wchar_t.cc execution test
XPASS: 22_locale/ctype_is_char.cc execution test
XPASS: 22_locale/ctype_is_wchar_t.cc execution test
XPASS: 22_locale/members.cc execution test
XPASS: 22_locale/messages_byname.cc execution test
XPASS: 22_locale/messages_members_char.cc execution test
XPASS: 22_locale/money_get_members_char.cc execution test
XPASS: 22_locale/money_get_members_wchar_t.cc execution test
XPASS: 22_locale/money_put_members_char.cc execution test
XPASS: 22_locale/money_put_members_wchar_t.cc execution test
XPASS: 22_locale/moneypunct_byname.cc execution test
XPASS: 22_locale/moneypunct_members_char.cc execution test
XPASS: 22_locale/moneypunct_members_wchar_t.cc execution test
XPASS: 22_locale/num_get_members_char.cc execution test
XPASS: 22_locale/num_get_members_wchar_t.cc execution test
XPASS: 22_locale/num_put_members_char.cc execution test
XPASS: 22_locale/num_put_members_wchar_t.cc execution test
XPASS: 22_locale/numpunct_byname.cc execution test
XPASS: 22_locale/numpunct_members_char.cc execution test
XPASS: 22_locale/numpunct_members_wchar_t.cc execution test
XPASS: 22_locale/time_get_members_char.cc execution test
XPASS: 22_locale/time_get_members_wchar_t.cc execution test
FAIL: 26_numerics/c99_classification_macros_c.cc (test for excess errors)
=== libstdc++-v3 Summary for unix/-m32 ===
# of expected passes 556
# of unexpected failures 1
# of unexpected successes 24
# of expected failures 2
Running target unix/-m64
FAIL: 17_intro/header_cassert.cc (test for excess errors)
WARNING: 17_intro/header_cassert.cc compilation failed to produce executable
XPASS: 22_locale/collate_byname.cc execution test
XPASS: 22_locale/collate_members_char.cc execution test
XPASS: 22_locale/collate_members_wchar_t.cc execution test
XPASS: 22_locale/ctype_is_char.cc execution test
XPASS: 22_locale/ctype_is_wchar_t.cc execution test
XPASS: 22_locale/members.cc execution test
XPASS: 22_locale/money_get_members_char.cc execution test
XPASS: 22_locale/money_get_members_wchar_t.cc execution test
XPASS: 22_locale/money_put_members_char.cc execution test
XPASS: 22_locale/money_put_members_wchar_t.cc execution test
XPASS: 22_locale/moneypunct_byname.cc execution test
XPASS: 22_locale/moneypunct_members_char.cc execution test
XPASS: 22_locale/moneypunct_members_wchar_t.cc execution test
XPASS: 22_locale/num_get_members_char.cc execution test
XPASS: 22_locale/num_get_members_wchar_t.cc execution test
XPASS: 22_locale/num_put_members_char.cc execution test
XPASS: 22_locale/num_put_members_wchar_t.cc execution test
XPASS: 22_locale/numpunct_byname.cc execution test
XPASS: 22_locale/numpunct_members_char.cc execution test
XPASS: 22_locale/numpunct_members_wchar_t.cc execution test
XPASS: 22_locale/time_get_members_char.cc execution test
XPASS: 22_locale/time_get_members_wchar_t.cc execution test
FAIL: 26_numerics/c99_classification_macros_c.cc (test for excess errors)
=== libstdc++-v3 Summary for unix/-m64 ===
# of expected passes 554
# of unexpected failures 2
# of unexpected successes 22
# of expected failures 4
=== libstdc++-v3 Summary ===
# of expected passes 1110
# of unexpected failures 3
# of unexpected successes 46
# of expected failures 6
Compiler version: 3.2.3 20030502 (Red Hat Linux 3.2.3-14)
Platform: powerpc64-unknown-linux-gnu
configure flags: --prefix=/opt/gcc-nightly/3.2rh-20040809 --build=powerpc64-linux --host=powerpc64-linux --target=powerpc64-linux --with-cpu=default32 --with-as=/home/janis/tools/binutils-2.15/bin/as --with-ld=/home/janis/tools/binutils-2.15/bin/ld --enable-threads=posix --enable-shared --enable-__cxa_atexit --enable-languages=c,c++,f77,java,objc
More information about the Gcc-testresults
mailing list