Results for 3.5.0 20040809 (experimental) testsuite on i686-pc-linux-gnu
Al Stone
ahs3@fcahs3.fc.hp.com
Mon Aug 9 08:15:00 GMT 2004
LAST_UPDATED: Mon Aug 9 06:44:16 UTC 2004
Native configuration is i686-pc-linux-gnu
=== gcc tests ===
Running target unix
WARNING: program timed out.
FAIL: gcc.c-torture/execute/980617-1.c compilation, -O1
FAIL: gcc.dg/compat/vector-1 c_compat_x_tst.o compile
FAIL: gcc.dg/compat/vector-1 c_compat_y_tst.o compile
FAIL: tmpdir-gcc.dg-struct-layout-1/t026 c_compat_x_tst.o-c_compat_y_tst.o execute
FAIL: tmpdir-gcc.dg-struct-layout-1/t028 c_compat_x_tst.o-c_compat_y_tst.o execute
FAIL: gcc.dg/debug/dwarf2/dwarf-die7.c scan-assembler 1.*DW_AT_inline
FAIL: gcc.dg/c90-const-expr-3.c (test for excess errors)
FAIL: gcc.dg/c99-const-expr-3.c (test for excess errors)
FAIL: gcc.dg/dll-2.c (test for excess errors)
XPASS: gcc.dg/setjmp-1.c spurious clobbered warning (test for bogus messages, line 16)
FAIL: gcc.dg/wchar_t-2.c (test for excess errors)
XPASS: gcc.dg/tree-ssa/20040615-1.c scan-tree-dump-times bar2 0
FAIL: 96:is -:should be 1
FAIL: gcc.misc-tests/gcov-4.c gcov: 1 failures in line counts, 0 in branch percentages, 0 in return percentages
=== gcc Summary ===
# of expected passes 27425
# of unexpected failures 12
# of unexpected successes 2
# of expected failures 65
# of unresolved testcases 3
# of untested testcases 28
# of unsupported tests 246
/opt/toolchain/i686/obj/gcc/gcc/xgcc version 3.5.0 20040809 (experimental)
=== g++ tests ===
Running target unix
XPASS: g++.dg/rtti/tinfo1.C scan-assembler _ZTIP9CTemplateIhE:
XPASS: g++.dg/rtti/tinfo1.C scan-assembler-not .globl[ \\t]+_ZTIP9CTemplateIhE
XPASS: g++.dg/rtti/tinfo1.C scan-assembler-not .section[^\\n\\r]*_ZTIP9CTemplateIhE[^\\n\\r]*
FAIL: 102:is -:should be 1
FAIL: g++.dg/gcov/gcov-1.C gcov: 1 failures in line counts, 0 in branch percentages, 0 in return percentages
WARNING: g++.old-deja/g++.mike/p10769a.C compilation failed to produce executable
WARNING: g++.old-deja/g++.other/enum5.C compilation failed to produce executable
WARNING: g++.old-deja/g++.pt/friend44.C compilation failed to produce executable
=== g++ Summary ===
# of expected passes 10035
# of unexpected failures 2
# of unexpected successes 3
# of expected failures 79
# of unsupported tests 43
/opt/toolchain/i686/obj/gcc/gcc/testsuite/../g++ version 3.5.0 20040809 (experimental)
=== libstdc++ tests ===
Running target unix
XPASS: 22_locale/locale/cons/12658_thread-1.cc execution test
XPASS: 26_numerics/cmath/c99_classification_macros_c.cc (test for excess errors)
=== libstdc++ Summary ===
# of expected passes 2831
# of unexpected successes 2
# of expected failures 5
=== g++ tests ===
Running target unix
XPASS: g++.dg/rtti/tinfo1.C scan-assembler _ZTIP9CTemplateIhE:
XPASS: g++.dg/rtti/tinfo1.C scan-assembler-not .globl[ \\t]+_ZTIP9CTemplateIhE
XPASS: g++.dg/rtti/tinfo1.C scan-assembler-not .section[^\\n\\r]*_ZTIP9CTemplateIhE[^\\n\\r]*
FAIL: 102:is -:should be 1
FAIL: g++.dg/gcov/gcov-1.C gcov: 1 failures in line counts, 0 in branch percentages, 0 in return percentages
WARNING: g++.old-deja/g++.mike/p10769a.C compilation failed to produce executable
WARNING: g++.old-deja/g++.other/enum5.C compilation failed to produce executable
WARNING: g++.old-deja/g++.pt/friend44.C compilation failed to produce executable
=== g++ Summary ===
# of expected passes 10035
# of unexpected failures 2
# of unexpected successes 3
# of expected failures 79
# of unsupported tests 43
/opt/toolchain/i686/obj/gcc/gcc/testsuite/../g++ version 3.5.0 20040809 (experimental)
=== gcc tests ===
Running target unix
WARNING: program timed out.
FAIL: gcc.c-torture/execute/980617-1.c compilation, -O1
UNRESOLVED: gcc.c-torture/execute/980617-1.c execution, -O1
FAIL: gcc.dg/compat/vector-1 c_compat_x_tst.o compile
FAIL: gcc.dg/compat/vector-1 c_compat_y_tst.o compile
UNRESOLVED: gcc.dg/compat/vector-1 c_compat_x_tst.o-c_compat_y_tst.o link
UNRESOLVED: gcc.dg/compat/vector-1 c_compat_x_tst.o-c_compat_y_tst.o execute
FAIL: tmpdir-gcc.dg-struct-layout-1/t026 c_compat_x_tst.o-c_compat_y_tst.o execute
FAIL: tmpdir-gcc.dg-struct-layout-1/t028 c_compat_x_tst.o-c_compat_y_tst.o execute
FAIL: gcc.dg/debug/dwarf2/dwarf-die7.c scan-assembler 1.*DW_AT_inline
FAIL: gcc.dg/c90-const-expr-3.c (test for excess errors)
FAIL: gcc.dg/c99-const-expr-3.c (test for excess errors)
FAIL: gcc.dg/dll-2.c (test for excess errors)
XPASS: gcc.dg/setjmp-1.c spurious clobbered warning (test for bogus messages, line 16)
FAIL: gcc.dg/wchar_t-2.c (test for excess errors)
XPASS: gcc.dg/tree-ssa/20040615-1.c scan-tree-dump-times bar2 0
FAIL: 96:is -:should be 1
FAIL: gcc.misc-tests/gcov-4.c gcov: 1 failures in line counts, 0 in branch percentages, 0 in return percentages
=== gcc Summary ===
# of expected passes 27425
# of unexpected failures 12
# of unexpected successes 2
# of expected failures 65
# of unresolved testcases 3
# of untested testcases 28
# of unsupported tests 246
/opt/toolchain/i686/obj/gcc/gcc/xgcc version 3.5.0 20040809 (experimental)
=== libstdc++ tests ===
Running target unix
XPASS: 22_locale/locale/cons/12658_thread-1.cc execution test
XPASS: 26_numerics/cmath/c99_classification_macros_c.cc (test for excess errors)
=== libstdc++ Summary ===
# of expected passes 2831
# of unexpected successes 2
# of expected failures 5
Compiler version: 3.5.0 20040809 (experimental)
Platform: i686-pc-linux-gnu
configure flags: --enable-shared --program-suffix=-main --with-system-zlib --enable-nls --without-included-gettext --prefix=/opt/toolchain/i686 --enable-languages=c,c++
Counting all warnings,
there are 34 warnings in stage3 of this bootstrap.
Number of warnings per file:
11 gengtype-lex.c
7 gcc/unwind-dw2-fde.c
5 gcc/config/i386/i386.md
3 insn-conditions.c
3 gcc/gthr.h
3 gcc/gcc.c
1 gcc/unwind-dw2.c
1 gcc/libgcc2.c
Number of warning types:
6 string length \`???' is greater than the length \`???' ISO C89 compilers are required to support
6 pointer targets in passing arg ??? of \`???' differ in signedness
4 source missing a mode?
3 pointer targets in assignment differ in signedness
3 junk at end of '#pragma GCC visibility'
1 operand 1 missing mode?
1 no previous prototype for 'yyset_out'
1 no previous prototype for 'yyset_lineno'
1 no previous prototype for 'yyset_in'
1 no previous prototype for 'yyset_debug'
1 no previous prototype for 'yylex_destroy'
1 no previous prototype for 'yyget_text'
1 no previous prototype for 'yyget_out'
1 no previous prototype for 'yyget_lineno'
1 no previous prototype for 'yyget_leng'
1 no previous prototype for 'yyget_in'
1 no previous prototype for 'yyget_debug'
More information about the Gcc-testresults
mailing list