Results for [unified] 3.5.020040804(experimental) testsuite on i686-pc-linux-gnu

Autocrasher autocrasher@devphil.com
Thu Aug 5 14:00:00 GMT 2004


The configure/build/test log and regression plots can be
found at http://www.devphil.com/build/

Host was an x86-type system.

This particular run used a unified gcc+binutils tree.

- The Autocrasher (Phil's Builder Bot, version 2.1)



LAST_UPDATED: Wed Aug  4 15:10:05 UTC 2004

Native configuration is i686-pc-linux-gnu

		=== g++ tests ===


Running target unix
XPASS: g++.dg/rtti/tinfo1.C scan-assembler _ZTIP9CTemplateIhE:
XPASS: g++.dg/rtti/tinfo1.C scan-assembler-not .globl[ \\t]+_ZTIP9CTemplateIhE
XPASS: g++.dg/rtti/tinfo1.C scan-assembler-not .section[^\\n\\r]*_ZTIP9CTemplateIhE[^\\n\\r]*
FAIL: 102:is -:should be 1
FAIL: g++.dg/gcov/gcov-1.C gcov: 1 failures in line counts, 0 in branch percentages, 0 in return percentages
WARNING: g++.old-deja/g++.mike/p10769a.C compilation failed to produce executable
WARNING: g++.old-deja/g++.other/enum5.C compilation failed to produce executable
XPASS: g++.old-deja/g++.other/init5.C execution test
WARNING: g++.old-deja/g++.pt/friend44.C compilation failed to produce executable

		=== g++ Summary ===

# of expected passes		9869
# of unexpected failures	2
# of unexpected successes	4
# of expected failures		64
# of unsupported tests		42
/mnt/build/build-2004-08-04/gcc/testsuite/../g++  version 3.5.0 20040804 (experimental)

		=== gcc tests ===


Running target unix
FAIL: gcc.dg/c90-const-expr-3.c (test for excess errors)
FAIL: gcc.dg/c99-const-expr-3.c (test for excess errors)
XPASS: gcc.dg/setjmp-1.c spurious clobbered warning (test for bogus messages, line 16)
FAIL: 96:is -:should be 1
FAIL: gcc.misc-tests/gcov-4.c gcov: 1 failures in line counts, 0 in branch percentages, 0 in return percentages

		=== gcc Summary ===

# of expected passes		26187
# of unexpected failures	4
# of unexpected successes	1
# of expected failures		51
# of untested testcases		28
# of unsupported tests		204
/mnt/build/build-2004-08-04/gcc/xgcc  version 3.5.0 20040804 (experimental)


		=== libstdc++-v3 check-abi Summary ===

# of added symbols:		 353
# of missing symbols:		 322
# of incompatible symbols:	 322
		=== libstdc++ tests ===


Running target unix
XPASS: 22_locale/locale/cons/12658_thread-1.cc execution test
XPASS: 26_numerics/cmath/c99_classification_macros_c.cc (test for excess errors)

		=== libstdc++ Summary ===

# of expected passes		2831
# of unexpected successes	2
# of expected failures		5

Compiler version: 3.5.020040804(experimental) 
Platform: i686-pc-linux-gnu
configure flags: --prefix=/mnt/build/install-2004-08-04 --enable-threads=posix --enable-__cxa_atexit --with-dwarf2 --enable-install-libiberty --enable-concept-checks --enable-gdbtk --enable-debug --enable-languages=c,c++



More information about the Gcc-testresults mailing list