Results for 3.5.0 20040430 (experimental) testsuite on s390x-ibm-linux-gnu
Ulrich Weigand
weigand@i1.informatik.uni-erlangen.de
Fri Apr 30 21:40:00 GMT 2004
LAST_UPDATED:
=== acats tests ===
FAIL: c380004
=== acats Summary ===
# of expected passes 2321
# of unexpected failures 1
Native configuration is s390x-ibm-linux-gnu
=== g++ tests ===
Running target unix
FAIL: g++.dg/abi/empty6.C (test for warnings, line 6)
WARNING: g++.old-deja/g++.mike/p10769a.C compilation failed to produce executable
WARNING: g++.old-deja/g++.other/enum5.C compilation failed to produce executable
XPASS: g++.old-deja/g++.other/init5.C execution test
FAIL: g++.old-deja/g++.other/warn7.C (test for warnings, line 38)
WARNING: g++.old-deja/g++.pt/friend44.C compilation failed to produce executable
=== g++ Summary ===
# of expected passes 9669
# of unexpected failures 2
# of unexpected successes 1
# of expected failures 82
# of unsupported tests 77
/mnt/dasdc1/fsf/gcc-head-build/gcc/testsuite/../g++ version 3.5.0 20040430 (experimental)
=== g77 tests ===
Running target unix
=== g77 Summary ===
# of expected passes 1788
# of unsupported tests 6
/mnt/dasdc1/fsf/gcc-head-build/gcc/testsuite/../g77 version 3.5.0 20040430 (experimental)
=== gcc tests ===
Running target unix
FAIL: gcc.dg/c90-const-expr-3.c (test for excess errors)
FAIL: gcc.dg/c99-const-expr-3.c (test for excess errors)
=== gcc Summary ===
# of expected passes 25786
# of unexpected failures 2
# of expected failures 60
# of untested testcases 28
# of unsupported tests 329
/mnt/dasdc1/fsf/gcc-head-build/gcc/xgcc version 3.5.0 20040430 (experimental)
=== objc tests ===
Running target unix
=== objc Summary ===
# of expected passes 1339
# of unsupported tests 8
/mnt/dasdc1/fsf/gcc-head-build/gcc/xgcc version 3.5.0 20040430 (experimental)
=== libffi tests ===
Running target unix
=== libffi Summary ===
# of expected passes 212
# of unsupported tests 2
=== libjava tests ===
Running target unix
=== libjava Summary ===
# of expected passes 3326
# of expected failures 14
# of untested testcases 16
=== libstdc++ tests ===
Running target unix
XPASS: 26_numerics/c99_classification_macros_c.cc (test for excess errors)
XPASS: 27_io/fpos/14320-1.cc execution test
=== libstdc++ Summary ===
# of expected passes 2667
# of unexpected successes 2
# of expected failures 4
Compiler version: 3.5.0 20040430 (experimental)
Platform: s390x-ibm-linux-gnu
configure flags: --prefix=/home/weigand/fsf/gcc-head-install --enable-__cxa_atexit --disable-multilib --enable-languages=c,ada,c++,f77,java,objc
More information about the Gcc-testresults
mailing list