Results for 3.5.0 20040428 (experimental) testsuite on i386-pc-solaris2.10
Rainer Orth
ro@TechFak.Uni-Bielefeld.DE
Fri Apr 30 19:27:00 GMT 2004
LAST_UPDATED: Wed Apr 28 22:12:39 UTC 2004
=== acats tests ===
FAIL: c954025
FAIL: c954026
FAIL: cxg2021
=== acats Summary ===
# of expected passes 2319
# of unexpected failures 3
Native configuration is i386-pc-solaris2.10
=== g++ tests ===
Running target unix
FAIL: g++.dg/eh/simd-2.C (test for excess errors)
WARNING: g++.dg/eh/simd-2.C compilation failed to produce executable
FAIL: g++.dg/special/conpr-1.C execution test
FAIL: g++.dg/special/conpr-3.C execution test
FAIL: g++.dg/special/conpr-4.C execution test
FAIL: g++.old-deja/g++.brendan/cvt3.C (test for errors, line 41)
FAIL: g++.old-deja/g++.brendan/cvt3.C (test for errors, line 47)
FAIL: g++.old-deja/g++.brendan/cvt3.C (test for excess errors)
FAIL: g++.old-deja/g++.brendan/err-msg1.C (test for errors, line 5)
FAIL: g++.old-deja/g++.brendan/err-msg1.C (test for errors, line 6)
FAIL: g++.old-deja/g++.brendan/err-msg1.C (test for excess errors)
FAIL: g++.old-deja/g++.brendan/shadow1.C (test for errors, line 4)
FAIL: g++.old-deja/g++.brendan/shadow1.C (test for excess errors)
FAIL: g++.old-deja/g++.brendan/sizeof4.C (test for errors, line 10)
FAIL: g++.old-deja/g++.brendan/sizeof4.C (test for excess errors)
FAIL: g++.old-deja/g++.bugs/900401_01.C (test for errors, line 13)
FAIL: g++.old-deja/g++.bugs/900401_01.C (test for excess errors)
FAIL: g++.old-deja/g++.eh/badalloc1.C execution test
FAIL: g++.old-deja/g++.jason/access18.C (test for errors, line 17)
FAIL: g++.old-deja/g++.jason/crash10.C (test for errors, line 8)
FAIL: g++.old-deja/g++.jason/crash10.C (test for excess errors)
FAIL: g++.old-deja/g++.jason/crash5.C (test for errors, line 4)
FAIL: g++.old-deja/g++.jason/crash5.C (test for excess errors)
FAIL: g++.old-deja/g++.jason/dot.C (test for errors, line 19)
FAIL: g++.old-deja/g++.jason/dot.C (test for excess errors)
FAIL: g++.old-deja/g++.jason/overload35.C (test for errors, line 24)
FAIL: g++.old-deja/g++.jason/overload35.C (test for excess errors)
FAIL: g++.old-deja/g++.jason/rfg13.C (test for errors, line 11)
FAIL: g++.old-deja/g++.jason/rfg13.C (test for excess errors)
FAIL: g++.old-deja/g++.jason/scoping16.C (test for errors, line 3)
FAIL: g++.old-deja/g++.jason/scoping16.C (test for errors, line 4)
FAIL: g++.old-deja/g++.jason/scoping16.C (test for excess errors)
FAIL: g++.old-deja/g++.law/enum3.C (test for errors, line 15)
FAIL: g++.old-deja/g++.law/enum3.C (test for errors, line 16)
FAIL: g++.old-deja/g++.law/enum3.C (test for excess errors)
FAIL: g++.old-deja/g++.law/init7.C (test for errors, line 11)
FAIL: g++.old-deja/g++.law/init7.C (test for excess errors)
WARNING: g++.old-deja/g++.mike/p10769a.C compilation failed to produce executable
FAIL: g++.old-deja/g++.mike/p8009.C (test for errors, line 13)
FAIL: g++.old-deja/g++.mike/p8009.C (test for excess errors)
FAIL: g++.old-deja/g++.mike/p9732c.C (test for warnings, line 5)
FAIL: g++.old-deja/g++.mike/p9732c.C (test for excess errors)
FAIL: g++.old-deja/g++.other/defarg8.C (test for errors, line 15)
FAIL: g++.old-deja/g++.other/defarg8.C (test for excess errors)
WARNING: g++.old-deja/g++.other/enum5.C compilation failed to produce executable
FAIL: g++.old-deja/g++.other/init17.C (test for errors, line 14)
FAIL: g++.old-deja/g++.other/init17.C (test for errors, line 17)
FAIL: g++.old-deja/g++.other/init17.C (test for excess errors)
FAIL: g++.old-deja/g++.other/warn7.C (test for warnings, line 38)
FAIL: g++.old-deja/g++.pt/crash32.C (test for errors, line 11)
FAIL: g++.old-deja/g++.pt/crash32.C (test for excess errors)
WARNING: g++.old-deja/g++.pt/friend44.C compilation failed to produce executable
=== g++ Summary ===
# of expected passes 9631
# of unexpected failures 48
# of expected failures 85
# of unsupported tests 60
/amnt/figaro/volumes/obj-gcc/gcc/obj.sol86/gcc-3.5.0-20040428/10-gcc/gcc/testsuite/../g++ version 3.5.0 20040428 (experimental)
=== g77 tests ===
Running target unix
=== g77 Summary ===
# of expected passes 1788
# of unsupported tests 6
/amnt/figaro/volumes/obj-gcc/gcc/obj.sol86/gcc-3.5.0-20040428/10-gcc/gcc/testsuite/../g77 version 3.5.0 20040428 (experimental)
=== gcc tests ===
Running target unix
FAIL: gcc.c-torture/execute/va-arg-25.c execution, -Os
FAIL: gcc.dg/compat/vector-1 c_compat_x_tst.o compile
FAIL: gcc.dg/compat/vector-1 c_compat_y_tst.o compile
UNRESOLVED: gcc.dg/compat/vector-1 c_compat_x_tst.o-c_compat_y_tst.o link
UNRESOLVED: gcc.dg/compat/vector-1 c_compat_x_tst.o-c_compat_y_tst.o execute
FAIL: gcc.dg/compat/vector-2 c_compat_x_tst.o compile
FAIL: gcc.dg/compat/vector-2 c_compat_y_tst.o compile
UNRESOLVED: gcc.dg/compat/vector-2 c_compat_x_tst.o-c_compat_y_tst.o link
UNRESOLVED: gcc.dg/compat/vector-2 c_compat_x_tst.o-c_compat_y_tst.o execute
FAIL: gcc.dg/20011009-1.c (test for excess errors)
WARNING: gcc.dg/20011009-1.c compilation failed to produce executable
FAIL: gcc.dg/20020523-1.c (test for excess errors)
WARNING: gcc.dg/20020523-1.c compilation failed to produce executable
FAIL: gcc.dg/20020523-2.c (test for excess errors)
WARNING: gcc.dg/20020523-2.c compilation failed to produce executable
FAIL: gcc.dg/c90-const-expr-3.c (test for excess errors)
FAIL: gcc.dg/c99-const-expr-3.c (test for excess errors)
FAIL: gcc.dg/const-elim-1.c scan-assembler-not L\\\\\$?C[^A-Z]
FAIL: gcc.dg/i386-sse-6.c (test for excess errors)
WARNING: gcc.dg/i386-sse-6.c compilation failed to produce executable
FAIL: gcc.dg/visibility-1.c (test for excess errors)
FAIL: gcc.dg/visibility-1.c scan-assembler \\\\.hidden.*foo
FAIL: gcc.dg/visibility-2.c (test for excess errors)
FAIL: gcc.dg/visibility-2.c scan-assembler \\\\.hidden.*foo
FAIL: gcc.dg/visibility-3.c (test for excess errors)
FAIL: gcc.dg/visibility-3.c scan-assembler \\\\.hidden.*xyzzy
FAIL: gcc.dg/visibility-4.c (test for excess errors)
FAIL: gcc.dg/visibility-4.c scan-assembler \\\\.hidden.*xyzzy
FAIL: gcc.dg/visibility-5.c (test for excess errors)
FAIL: gcc.dg/visibility-5.c scan-assembler \\\\.hidden.*foo
FAIL: gcc.dg/visibility-6.c (test for excess errors)
FAIL: gcc.dg/visibility-6.c scan-assembler \\\\.hidden.*xyzzy
FAIL: gcc.dg/visibility-7.c (test for excess errors)
FAIL: gcc.dg/visibility-7.c scan-assembler \\\\.hidden.*xyzzy
FAIL: gcc.dg/visibility-8.c (test for excess errors)
FAIL: gcc.dg/visibility-8.c scan-assembler \\\\.hidden.*__GI_fputs_unlocked
FAIL: largefile.c (test for excess errors)
FAIL: largefile.c (test for excess errors)
FAIL: largefile.c (test for excess errors)
FAIL: largefile.c (test for excess errors)
FAIL: largefile.c (test for excess errors)
FAIL: largefile.c (test for excess errors)
FAIL: largefile.c (test for excess errors)
=== gcc Summary ===
# of expected passes 25260
# of unexpected failures 35
# of expected failures 59
# of unresolved testcases 4
# of untested testcases 35
# of unsupported tests 211
/amnt/figaro/volumes/obj-gcc/gcc/obj.sol86/gcc-3.5.0-20040428/10-gcc/gcc/xgcc version 3.5.0 20040428 (experimental)
=== objc tests ===
Running target unix
=== objc Summary ===
# of expected passes 1339
# of unsupported tests 8
/amnt/figaro/volumes/obj-gcc/gcc/obj.sol86/gcc-3.5.0-20040428/10-gcc/gcc/xgcc version 3.5.0 20040428 (experimental)
=== libffi tests ===
Running target unix
=== libffi Summary ===
# of expected passes 212
# of unsupported tests 2
=== libjava tests ===
Running target unix
ERROR: tcl error sourcing /vol/gnu/src/gcc/gcc-dist/libjava/testsuite/libjava.compile/compile.exp.
ERROR: can't read "x": no such variable
ERROR: No \`main' given in program ArrayStore
UNRESOLVED: ArrayStore2 compilation from source
ERROR: No \`main' given in program Array_1
UNRESOLVED: Array_2 compilation from source
FAIL: Array_2 -O3 compilation from bytecode
ERROR: No \`main' given in program Class_1
UNRESOLVED: Class_1 -O3 compilation from source
FAIL: FileHandleGcTest execution - source compiled test
FAIL: FileHandleGcTest execution - gij test
FAIL: FileHandleGcTest compilation from bytecode
FAIL: FileHandleGcTest -O3 execution - source compiled test
FAIL: FileHandleGcTest execution - gij test
FAIL: FileHandleGcTest -O3 execution - bytecode->native test
FAIL: Final -O3 compilation from bytecode
ERROR: No \`main' given in program Float_1
UNRESOLVED: Float_1 -O3 compilation from source
ERROR: No \`main' given in program G19990302_02
UNRESOLVED: G19990302_02 -O3 compilation from source
FAIL: G19990303_01 -O3 compilation from bytecode
ERROR: No \`main' given in program G19990303_02
UNRESOLVED: G19990303_02 -O3 compilation from source
ERROR: No \`main' given in program G19990303_02
UNRESOLVED: G19990304_01 compilation from source
FAIL: G19990310_01 -O3 compilation from bytecode
ERROR: No \`main' given in program II
UNRESOLVED: II -O3 compilation from source
FAIL: InterfaceDispatch -O3 compilation from bytecode
FAIL: InvokeInterface -O3 compilation from bytecode
ERROR: No \`main' given in program Invoke_1
UNRESOLVED: Invoke_1 -O3 compilation from source
FAIL: MathBuiltin compilation from bytecode
ERROR: No \`main' given in program MathBuiltin
UNRESOLVED: Matrix4f compilation from source
ERROR: No \`main' given in program Matrix4f
UNRESOLVED: N19990310_02 compilation from source
FAIL: N19990310_02 compilation from bytecode
ERROR: No \`main' given in program N19990310_02
UNRESOLVED: N19990310_3 compilation from source
ERROR: No \`main' given in program N19990310_4
UNRESOLVED: N19990310_4 -O3 compilation from source
ERROR: No \`main' given in program PR12350
UNRESOLVED: PR12416 compilation from source
ERROR: No \`main' given in program PR12416
UNRESOLVED: PR12656 compilation from source
FAIL: PR12656 compilation from bytecode
FAIL: PR141 compilation from bytecode
FAIL: PR141 -O3 compilation from bytecode
FAIL: PR160 compilation from bytecode
FAIL: PR162 compilation from bytecode
ERROR: No \`main' given in program PR162
UNRESOLVED: PR218 compilation from source
FAIL: PR218 -O3 compilation from bytecode
ERROR: No \`main' given in program PR260
UNRESOLVED: PR260 -O3 compilation from source
ERROR: No \`main' given in program PR5057
UNRESOLVED: PR5057_2 compilation from source
ERROR: No \`main' given in program PR5057_2
UNRESOLVED: PR5057_2 -O3 compilation from source
ERROR: No \`main' given in program PR5057_2
UNRESOLVED: PR55 compilation from source
FAIL: PR55 compilation from bytecode
ERROR: No \`main' given in program PR56
UNRESOLVED: PR6085 compilation from source
FAIL: PR6204 compilation from bytecode
FAIL: PR6729 -O3 compilation from bytecode
ERROR: No \`main' given in program PR6820
UNRESOLVED: PR7482 compilation from source
ERROR: No \`main' given in program PR7482
UNRESOLVED: PR7482 -O3 compilation from source
ERROR: No \`main' given in program Shazam
UNRESOLVED: Shazam -O3 compilation from source
FAIL: Shazam -O3 compilation from bytecode
ERROR: No \`main' given in program StaticConstructor
UNRESOLVED: StaticConstructor -O3 compilation from source
FAIL: StringBuffer_1 compilation from bytecode
ERROR: No \`main' given in program StringBuffer_1
UNRESOLVED: StringBuffer_overflow compilation from source
ERROR: No \`main' given in program SyncTest
UNRESOLVED: Synch compilation from source
ERROR: No \`main' given in program Synch
UNRESOLVED: Synch -O3 compilation from source
ERROR: No \`main' given in program Synch
UNRESOLVED: TLtest compilation from source
FAIL: TLtest execution - gij test
FAIL: Thread_Join execution - gij test
FAIL: Thread_Join compilation from bytecode
FAIL: Thread_Join execution - gij test
FAIL: Thread_Monitor -O3 compilation from bytecode
ERROR: No \`main' given in program Thread_Sleep
UNRESOLVED: Thread_Sleep -O3 compilation from source
FAIL: Thread_Wait_2 execution - gij test
FAIL: Thread_Wait_Interrupt execution - gij test
FAIL: Throw_2 execution - source compiled test
ERROR: No \`main' given in program Throw_2
UNRESOLVED: Throw_2 -O3 compilation from source
FAIL: Throw_2 -O3 execution - source compiled test
ERROR: No \`main' given in program Throw_2
UNRESOLVED: anfi compilation from source
ERROR: No \`main' given in program anfi
UNRESOLVED: anfi -O3 compilation from source
FAIL: anfi -O3 compilation from bytecode
ERROR: No \`main' given in program anon2
UNRESOLVED: anon3 compilation from source
FAIL: anon4 -O3 compilation from bytecode
FAIL: anon_ctor_itf_arg compilation from bytecode
FAIL: anon_ctor_itf_arg -O3 compilation from bytecode
ERROR: No \`main' given in program anonarray2
UNRESOLVED: anonarray3 compilation from source
ERROR: No \`main' given in program err1
UNRESOLVED: err1 -O3 compilation from source
FAIL: err11 compilation from bytecode
FAIL: err13 compilation from bytecode
FAIL: err13 -O3 compilation from bytecode
ERROR: No \`main' given in program err3
UNRESOLVED: err4 compilation from source
ERROR: No \`main' given in program err4
UNRESOLVED: err4 -O3 compilation from source
ERROR: No \`main' given in program err8
UNRESOLVED: err9 compilation from source
FAIL: final_inner compilation from bytecode
FAIL: final_inner -O3 compilation from bytecode
FAIL: final_int compilation from bytecode
FAIL: final_int -O3 compilation from bytecode
ERROR: No \`main' given in program final_static_and_friend
UNRESOLVED: indirect compilation from source
FAIL: indirect -O3 compilation from bytecode
ERROR: No \`main' given in program indirect_read
UNRESOLVED: indirect_read -O3 compilation from source
ERROR: No \`main' given in program inline
UNRESOLVED: inline -O3 compilation from source
FAIL: inner1 -O3 compilation from bytecode
ERROR: No \`main' given in program inner2
UNRESOLVED: inner3 compilation from source
FAIL: inner3 compilation from bytecode
FAIL: inner4 compilation from bytecode
FAIL: inner_array compilation from bytecode
ERROR: No \`main' given in program inner_array
UNRESOLVED: inner_interface compilation from source
ERROR: No \`main' given in program instinit
UNRESOLVED: instinit -O3 compilation from source
FAIL: invoke_from_inner -O3 compilation from bytecode
FAIL: invokethrow compilation from bytecode
FAIL: invokethrow -O3 compilation from bytecode
ERROR: No \`main' given in program newarray_overflow
UNRESOLVED: override compilation from source
FAIL: override compilation from bytecode
FAIL: override -O3 compilation from bytecode
FAIL: pr109 compilation from bytecode
FAIL: pr133 compilation from bytecode
FAIL: pr179 -O3 compilation from bytecode
ERROR: No \`main' given in program pr6388
UNRESOLVED: pr83 compilation from source
ERROR: No \`main' given in program pr83
UNRESOLVED: pr83 -O3 compilation from source
FAIL: pr8676 compilation from bytecode
ERROR: No \`main' given in program stub
UNRESOLVED: test_long compilation from source
ERROR: No \`main' given in program utf8concat
UNRESOLVED: utilTest compilation from source
FAIL: utilTest compilation from bytecode
FAIL: verify -O3 compilation from bytecode
=== libjava Summary ===
# of expected passes 2325
# of unexpected failures 61
# of expected failures 9
# of unresolved testcases 50
# of untested testcases 118
=== libstdc++ tests ===
Running target unix
FAIL: 26_numerics/c99_classification_macros_c++.cc (test for excess errors)
FAIL: 26_numerics/c99_classification_macros_c.cc (test for excess errors)
FAIL: 27_io/basic_istream/extractors_arithmetic/char/12.cc execution test
=== libstdc++ Summary ===
# of expected passes 2665
# of unexpected failures 3
# of expected failures 5
Compiler version: 3.5.0 20040428 (experimental)
Platform: i386-pc-solaris2.10
configure flags: --prefix=/vol/gcc --with-local-prefix=/vol/gcc --disable-nls --with-as=/vol/gcc/lib/as-7.0 --enable-languages=c,ada,c++,f77,java,objc
BOOT_CFLAGS=-g -O2
More information about the Gcc-testresults
mailing list