Results for 3.5.0 20040428 (experimental) testsuite on i686-pc-linux-gnu
Diego Novillo
dnovillo@redhat.com
Wed Apr 28 17:35:00 GMT 2004
LAST_UPDATED:
Native configuration is i686-pc-linux-gnu
=== g++ tests ===
Running target unix
WARNING: g++.old-deja/g++.mike/p10769a.C compilation failed to produce executable
WARNING: g++.old-deja/g++.other/enum5.C compilation failed to produce executable
WARNING: g++.old-deja/g++.pt/friend44.C compilation failed to produce executable
=== g++ Summary ===
# of expected passes 9749
# of expected failures 83
# of unsupported tests 37
/notnfs/dnovillo/sbox/gcc/bld.toribio/gcc/testsuite/../g++ version 3.5.0 20040428 (experimental)
=== g77 tests ===
Running target unix
=== g77 Summary ===
# of expected passes 1800
/notnfs/dnovillo/sbox/gcc/bld.toribio/gcc/testsuite/../g77 version 3.5.0 20040428 (experimental)
=== gcc tests ===
Running target unix
FAIL: gcc.c-torture/execute/va-arg-25.c execution, -Os
FAIL: gcc.dg/c90-const-expr-3.c (test for excess errors)
FAIL: gcc.dg/c99-const-expr-3.c (test for excess errors)
=== gcc Summary ===
# of expected passes 25407
# of unexpected failures 3
# of expected failures 60
# of untested testcases 28
# of unsupported tests 194
/notnfs/dnovillo/sbox/gcc/bld.toribio/gcc/xgcc version 3.5.0 20040428 (experimental)
=== objc tests ===
Running target unix
=== objc Summary ===
# of expected passes 1339
# of unsupported tests 8
/notnfs/dnovillo/sbox/gcc/bld.toribio/gcc/xgcc version 3.5.0 20040428 (experimental)
=== libffi tests ===
Running target unix
=== libffi Summary ===
# of expected passes 212
# of unsupported tests 2
=== libjava tests ===
Running target unix
=== libjava Summary ===
# of expected passes 3326
# of expected failures 14
# of untested testcases 16
=== libstdc++-v3 check-abi Summary ===
# of added symbols: 295
# of missing symbols: 289
# of incompatible symbols: 320
=== libstdc++ tests ===
Running target unix
XPASS: 26_numerics/c99_classification_macros_c.cc (test for excess errors)
=== libstdc++ Summary ===
# of expected passes 2667
# of unexpected successes 1
# of expected failures 5
Compiler version: 3.5.0 20040428 (experimental)
Platform: i686-pc-linux-gnu
configure flags: --prefix=/home/cygnus/dnovillo/perf/sbox/gcc/local.i686/inst.toribio --srcdir=/home/cygnus/dnovillo/perf/sbox/gcc/local.i686/src --disable-multilib --disable-checking --enable-languages=c,c++,f77,java,objc
More information about the Gcc-testresults
mailing list