Results for 3.4.0 testsuite on i686-pc-linux-gnu
David G. Miller
dave@bend.local.davenjudy.org
Sun Apr 25 21:31:00 GMT 2004
Linux bend.local.davenjudy.org 2.6.5 #2 SMP Sun Apr 4 21:16:23 MDT 2004 i686 athlon i386 GNU/Linux
LAST_UPDATED: Obtained from CVS: -rgcc_3_4_0_release
Native configuration is i686-pc-linux-gnu
=== g77 tests ===
Running target unix
=== g77 Summary ===
# of expected passes 1812
/home/dave/gccBuild/gcc/testsuite/../g77 version 3.4.0
=== gcc tests ===
Running target unix
FAIL: gcc.c-torture/execute/va-arg-25.c execution, -Os
=== gcc Summary ===
# of expected passes 24576
# of unexpected failures 1
# of expected failures 70
# of untested testcases 7
# of unsupported tests 182
/home/dave/gccBuild/gcc/xgcc version 3.4.0
=== g++ tests ===
Running target unix
WARNING: g++.old-deja/g++.mike/p10769a.C compilation failed to produce executable
WARNING: g++.old-deja/g++.other/enum5.C compilation failed to produce executable
WARNING: g++.old-deja/g++.pt/friend44.C compilation failed to produce executable
=== g++ Summary ===
# of expected passes 9581
# of expected failures 68
# of unsupported tests 31
/home/dave/gccBuild/gcc/testsuite/../g++ version 3.4.0
=== objc tests ===
Running target unix
=== objc Summary ===
# of expected passes 1341
# of unsupported tests 8
/home/dave/gccBuild/gcc/xgcc version 3.4.0
=== libffi tests ===
Running target unix
=== libffi Summary ===
# of expected passes 212
# of unsupported tests 2
=== libjava tests ===
Running target unix
FAIL: linking simple
=== libjava Summary ===
# of expected passes 3260
# of unexpected failures 1
# of expected failures 11
# of untested testcases 8
=== libstdc++ tests ===
Running target unix
FAIL: 22_locale/messages/members/char/1.cc execution test
FAIL: 22_locale/messages/members/char/2.cc execution test
FAIL: 22_locale/messages/members/char/wrapped_env.cc execution test
FAIL: 22_locale/messages/members/char/wrapped_locale.cc execution test
FAIL: 22_locale/messages_byname/named_equivalence.cc execution test
XPASS: 26_numerics/c99_classification_macros_c.cc (test for excess errors)
=== libstdc++ Summary ===
# of expected passes 2642
# of unexpected failures 5
# of unexpected successes 1
# of expected failures 5
Compiler version: 3.4.0
Platform: i686-pc-linux-gnu
configure flags: --enable-languages=c,c++,f77,java,objc --disable-libada
More information about the Gcc-testresults
mailing list