Results for 3.5.0 20040421 (experimental) testsuite on sparc-sun-solaris2.8
Eric Botcazou
eric@localhost.localdomain
Thu Apr 22 21:10:00 GMT 2004
LAST_UPDATED: Wed Apr 21 04:17:10 UTC 2004
Native configuration is sparc-sun-solaris2.8
=== g++ tests ===
Running target unix
WARNING: g++.old-deja/g++.mike/p10769a.C compilation failed to produce executable
WARNING: g++.old-deja/g++.other/enum5.C compilation failed to produce executable
WARNING: g++.old-deja/g++.pt/friend44.C compilation failed to produce executable
=== g++ Summary ===
# of expected passes 9620
# of expected failures 84
# of unsupported tests 83
/opt/build/eric/gcc/gcc/testsuite/../g++ version 3.5.0 20040421 (experimental)
=== g77 tests ===
Running target unix
=== g77 Summary ===
# of expected passes 1788
# of unsupported tests 6
/opt/build/eric/gcc/gcc/testsuite/../g77 version 3.5.0 20040421 (experimental)
=== gcc tests ===
Running target unix
XPASS: gcc.dg/cpp/cmdlne-dI-M.c scan-file (^|\\\\n)cmdlne-dI-M.*:[^\\\\n]*cmdlne-dI-M.c
XPASS: gcc.dg/cpp/cmdlne-dM-M.c scan-file (^|\\\\n)cmdlne-dM-M[^\\\\n]*:[^\\\\n]*cmdlne-dM-M.c
FAIL: gcc.dg/c90-const-expr-3.c (test for excess errors)
FAIL: gcc.dg/c99-const-expr-3.c (test for excess errors)
UNRESOLVED: gcc.dg/visibility-1.c
UNRESOLVED: gcc.dg/visibility-2.c
UNRESOLVED: gcc.dg/visibility-3.c
UNRESOLVED: gcc.dg/visibility-4.c
UNRESOLVED: gcc.dg/visibility-5.c
UNRESOLVED: gcc.dg/visibility-6.c
UNRESOLVED: gcc.dg/visibility-7.c
UNRESOLVED: gcc.dg/visibility-8.c
FAIL: largefile.c -O0 -g (test for excess errors)
FAIL: largefile.c -O0 (test for excess errors)
FAIL: largefile.c -O1 (test for excess errors)
FAIL: largefile.c -O2 (test for excess errors)
FAIL: largefile.c -O3 -fomit-frame-pointer (test for excess errors)
FAIL: largefile.c -O3 -g (test for excess errors)
FAIL: largefile.c -Os (test for excess errors)
=== gcc Summary ===
# of expected passes 24955
# of unexpected failures 9
# of unexpected successes 2
# of expected failures 56
# of unresolved testcases 8
# of untested testcases 35
# of unsupported tests 334
/opt/build/eric/gcc/gcc/xgcc version 3.5.0 20040421 (experimental)
=== objc tests ===
Running target unix
=== objc Summary ===
# of expected passes 1339
# of unsupported tests 8
/opt/build/eric/gcc/gcc/xgcc version 3.5.0 20040421 (experimental)
=== libffi tests ===
Running target unix
=== libffi Summary ===
# of expected passes 212
# of unsupported tests 2
=== libjava tests ===
Running target unix
FAIL: Array_3 execution - gij test
FAIL: Array_3 execution - gij test
FAIL: FileHandleGcTest execution - source compiled test
FAIL: FileHandleGcTest execution - gij test
FAIL: FileHandleGcTest execution - bytecode->native test
FAIL: FileHandleGcTest -O3 execution - source compiled test
FAIL: FileHandleGcTest execution - gij test
FAIL: FileHandleGcTest -O3 execution - bytecode->native test
FAIL: InvokeInterface execution - gij test
FAIL: InvokeInterface execution - gij test
=== libjava Summary ===
# of expected passes 3306
# of unexpected failures 10
# of expected failures 14
# of untested testcases 26
=== libstdc++ tests ===
Running target unix
=== libstdc++ Summary ===
# of expected passes 2659
# of expected failures 6
Compiler version: 3.5.0 20040421 (experimental)
Platform: sparc-sun-solaris2.8
configure flags: --prefix=/opt/build/eric/local/gcc-3.5 --enable-checking=misc,tree,rtlflag --disable-multilib --enable-languages=c,c++,f77,java,objc
BOOT_CFLAGS=-g -O2
More information about the Gcc-testresults
mailing list