Results for 3.4.0 testsuite on i686-pc-linux-gnu
shopadm@caligula.rd.francetelecom.fr
shopadm@caligula.rd.francetelecom.fr
Wed Apr 21 15:25:00 GMT 2004
LAST_UPDATED: Obtained from CVS: -rgcc_3_4_0_release
=== acats tests ===
=== acats Summary ===
# of expected passes 2322
# of unexpected failures 0
Native configuration is i686-pc-linux-gnu
=== g++ tests ===
Running target unix
WARNING: g++.old-deja/g++.mike/p10769a.C compilation failed to produce executable
WARNING: g++.old-deja/g++.other/enum5.C compilation failed to produce executable
WARNING: g++.old-deja/g++.pt/friend44.C compilation failed to produce executable
=== g++ Summary ===
# of expected passes 9581
# of expected failures 68
# of unsupported tests 31
/free/build_shop/build-gcc-3.4.0-i686-pc-linux-gnu/gcc/testsuite/../g++ version 3.4.0
=== g77 tests ===
Running target unix
=== g77 Summary ===
# of expected passes 1812
/free/build_shop/build-gcc-3.4.0-i686-pc-linux-gnu/gcc/testsuite/../g77 version 3.4.0
=== gcc tests ===
Running target unix
FAIL: gcc.c-torture/execute/va-arg-25.c execution, -Os
FAIL: gcc.dg/typespec-1.c unsigned long long int long (test for errors, line 932)
FAIL: gcc.dg/typespec-1.c unsigned long long int float (test for errors, line 933)
FAIL: gcc.dg/typespec-1.c unsigned long long int double (test for errors, line 934)
FAIL: gcc.dg/typespec-1.c unsigned long long int signed (test for errors, line 935)
FAIL: gcc.dg/typespec-1.c unsigned long long int unsigned (test for errors, line 936)
FAIL: gcc.dg/typespec-1.c unsigned long long int _Bool (test for errors, line 937)
FAIL: gcc.dg/typespec-1.c (test for excess errors)
FAIL: gcc.dg/format/ext-3.c -DWIDE bad %^# (test for warnings, line 215)
=== gcc Summary ===
# of expected passes 24568
# of unexpected failures 9
# of expected failures 70
# of untested testcases 7
# of unsupported tests 182
/free/build_shop/build-gcc-3.4.0-i686-pc-linux-gnu/gcc/xgcc version 3.4.0
=== objc tests ===
Running target unix
=== objc Summary ===
# of expected passes 1341
# of unsupported tests 8
/free/build_shop/build-gcc-3.4.0-i686-pc-linux-gnu/gcc/xgcc version 3.4.0
=== libffi tests ===
Running target unix
=== libffi Summary ===
# of expected passes 212
# of unsupported tests 2
=== libjava tests ===
Running target unix
FAIL: linking simple
=== libjava Summary ===
# of expected passes 3260
# of unexpected failures 1
# of expected failures 11
# of untested testcases 8
=== libstdc++-v3 check-abi Summary ===
# of added symbols: 333
# of missing symbols: 328
# of incompatible symbols: 359
=== libstdc++ tests ===
Running target unix
XPASS: 26_numerics/c99_classification_macros_c.cc (test for excess errors)
=== libstdc++ Summary ===
# of expected passes 2647
# of unexpected successes 1
# of expected failures 5
Compiler version: 3.4.0
Platform: i686-pc-linux-gnu
configure flags: --prefix=/export/shop/stow/gcc-3.4.0/i686-pc-linux-gnu --infodir=/export/shop/stow/gcc-3.4.0/info --mandir=/export/shop/stow/gcc-3.4.0/man --datadir=/export/shop/stow/gcc-3.4.0/share --enable-threads=posix --enable-long-long --enable-namespaces --enable-multilib --with-as=/export/shop/stow/binutils-2.14/i686-pc-linux-gnu/bin/as --with-ld=/export/shop/stow/binutils-2.14/i686-pc-linux-gnu/bin/ld --enable-nls --with-included-gettext
More information about the Gcc-testresults
mailing list