Results for 3.5.0 20040417 (experimental) testsuite on sparc64-sun-solaris2.7
Kaveh R. Ghazi
ghazi@caip.rutgers.edu
Sun Apr 18 19:32:00 GMT 2004
LAST_UPDATED:
Native configuration is sparc64-sun-solaris2.7
=== g77 tests ===
Running target unix
=== g77 Summary ===
# of expected passes 1788
# of unsupported tests 6
/teal/tmpdisk/ghazi/gcc-testing-sol9/v9-35/build/gcc/testsuite/../g77 version 3.5.0 20040417 (experimental)
=== gcc tests ===
Running target unix
FAIL: gcc.dg/c90-const-expr-3.c (test for excess errors)
FAIL: gcc.dg/c99-const-expr-3.c (test for excess errors)
UNRESOLVED: gcc.dg/visibility-1.c
UNRESOLVED: gcc.dg/visibility-2.c
UNRESOLVED: gcc.dg/visibility-3.c
UNRESOLVED: gcc.dg/visibility-4.c
UNRESOLVED: gcc.dg/visibility-5.c
UNRESOLVED: gcc.dg/visibility-6.c
UNRESOLVED: gcc.dg/visibility-7.c
UNRESOLVED: gcc.dg/visibility-8.c
FAIL: largefile.c -O0 -g (test for excess errors)
FAIL: largefile.c -O0 (test for excess errors)
FAIL: largefile.c -O1 (test for excess errors)
FAIL: largefile.c -O2 (test for excess errors)
FAIL: largefile.c -O3 -fomit-frame-pointer (test for excess errors)
FAIL: largefile.c -O3 -g (test for excess errors)
FAIL: largefile.c -Os (test for excess errors)
=== gcc Summary ===
# of expected passes 24917
# of unexpected failures 9
# of expected failures 64
# of unresolved testcases 8
# of untested testcases 35
# of unsupported tests 332
/teal/tmpdisk/ghazi/gcc-testing-sol9/v9-35/build/gcc/xgcc version 3.5.0 20040417 (experimental)
=== g++ tests ===
Running target unix
FAIL: g++.dg/parse/stack1.C (test for excess errors)
WARNING: g++.old-deja/g++.mike/p10769a.C compilation failed to produce executable
WARNING: g++.old-deja/g++.other/enum5.C compilation failed to produce executable
WARNING: g++.old-deja/g++.pt/friend44.C compilation failed to produce executable
=== g++ Summary ===
# of expected passes 9616
# of unexpected failures 1
# of expected failures 84
# of unsupported tests 84
/teal/tmpdisk/ghazi/gcc-testing-sol9/v9-35/build/gcc/testsuite/../g++ version 3.5.0 20040417 (experimental)
=== objc tests ===
Running target unix
=== objc Summary ===
# of expected passes 1339
# of unsupported tests 8
/teal/tmpdisk/ghazi/gcc-testing-sol9/v9-35/build/gcc/xgcc version 3.5.0 20040417 (experimental)
=== libffi tests ===
Running target unix
=== libffi Summary ===
# of expected passes 212
# of unsupported tests 2
=== libjava tests ===
Running target unix
FAIL: Array_3 execution - gij test
FAIL: Array_3 execution - gij test
FAIL: FileHandleGcTest execution - source compiled test
FAIL: FileHandleGcTest execution - gij test
FAIL: FileHandleGcTest execution - bytecode->native test
FAIL: FileHandleGcTest -O3 execution - source compiled test
FAIL: FileHandleGcTest execution - gij test
FAIL: FileHandleGcTest -O3 execution - bytecode->native test
FAIL: InvokeInterface execution - gij test
FAIL: InvokeInterface execution - gij test
FAIL: PR218 execution - gij test
FAIL: PR218 execution - gij test
WARNING: program timed out.
FAIL: Thread_Wait_2 execution - gij test
=== libjava Summary ===
# of expected passes 3300
# of unexpected failures 13
# of expected failures 14
# of untested testcases 29
=== libstdc++ tests ===
Running target unix
=== libstdc++ Summary ===
# of expected passes 2659
# of expected failures 6
Compiler version: 3.5.0 20040417 (experimental)
Platform: sparc64-sun-solaris2.7
configure flags: --verbose sparc64-sun-solaris2.7 --enable-languages=c,c++,f77,java,objc
More information about the Gcc-testresults
mailing list