Results for 3.4.020040415(prerelease) testsuite on i686-pc-linux-gnu
Karel Gardas
kgardas@objectsecurity.com
Thu Apr 15 14:34:00 GMT 2004
LAST_UPDATED: Thu Apr 15 08:16:22 UTC 2004
Native configuration is i686-pc-linux-gnu
=== g++ tests ===
Running target unix
FAIL: g++.dg/ext/visibility-1.C (test for excess errors)
FAIL: g++.dg/ext/visibility-1.C scan-assembler \\\\.hidden.*_Z3foov
FAIL: g++.dg/ext/visibility-2.C (test for excess errors)
FAIL: g++.dg/ext/visibility-2.C scan-assembler \\\\.hidden.*_Z3foov
FAIL: g++.dg/ext/visibility-3.C (test for excess errors)
FAIL: g++.dg/ext/visibility-3.C scan-assembler \\\\.hidden.*xyzzy
FAIL: g++.dg/ext/visibility-4.C (test for excess errors)
FAIL: g++.dg/ext/visibility-4.C scan-assembler \\\\.hidden.*xyzzy
FAIL: g++.dg/ext/visibility-5.C (test for excess errors)
FAIL: g++.dg/ext/visibility-5.C scan-assembler \\\\.hidden.*_Z3foov
FAIL: g++.dg/ext/visibility-6.C (test for excess errors)
FAIL: g++.dg/ext/visibility-6.C scan-assembler \\\\.hidden.*xyzzy
FAIL: g++.dg/ext/visibility-7.C (test for excess errors)
FAIL: g++.dg/ext/visibility-7.C scan-assembler \\\\.hidden.*xyzzy
WARNING: g++.old-deja/g++.mike/p10769a.C compilation failed to produce executable
WARNING: g++.old-deja/g++.other/enum5.C compilation failed to produce executable
XPASS: g++.old-deja/g++.other/init5.C execution test
WARNING: g++.old-deja/g++.pt/friend44.C compilation failed to produce executable
=== g++ Summary ===
# of expected passes 9545
# of unexpected failures 14
# of unexpected successes 1
# of expected failures 67
# of unsupported tests 31
/mnt/karel/gcc34/obj/gcc/testsuite/../g++ version 3.4.0 20040415 (prerelease)
=== gcc tests ===
Running target unix
FAIL: gcc.c-torture/execute/va-arg-25.c execution, -Os
FAIL: gcc.dg/visibility-1.c (test for excess errors)
FAIL: gcc.dg/visibility-1.c scan-assembler \\\\.hidden.*foo
FAIL: gcc.dg/visibility-2.c (test for excess errors)
FAIL: gcc.dg/visibility-2.c scan-assembler \\\\.hidden.*foo
FAIL: gcc.dg/visibility-3.c (test for excess errors)
FAIL: gcc.dg/visibility-3.c scan-assembler \\\\.hidden.*xyzzy
FAIL: gcc.dg/visibility-4.c (test for excess errors)
FAIL: gcc.dg/visibility-4.c scan-assembler \\\\.hidden.*xyzzy
FAIL: gcc.dg/visibility-5.c (test for excess errors)
FAIL: gcc.dg/visibility-5.c scan-assembler \\\\.hidden.*foo
FAIL: gcc.dg/visibility-6.c (test for excess errors)
FAIL: gcc.dg/visibility-6.c scan-assembler \\\\.hidden.*xyzzy
FAIL: gcc.dg/visibility-7.c (test for excess errors)
FAIL: gcc.dg/visibility-7.c scan-assembler \\\\.hidden.*xyzzy
FAIL: gcc.dg/visibility-8.c (test for excess errors)
FAIL: gcc.dg/visibility-8.c scan-assembler \\\\.hidden.*__GI_fputs_unlocked
=== gcc Summary ===
# of expected passes 24517
# of unexpected failures 17
# of expected failures 69
# of untested testcases 7
# of unsupported tests 181
/mnt/karel/gcc34/obj/gcc/xgcc version 3.4.0 20040415 (prerelease)
=== libstdc++-v3 check-abi Summary ===
# of added symbols: 328
# of missing symbols: 328
# of incompatible symbols: 359
=== libstdc++ tests ===
Running target unix
XPASS: 26_numerics/c99_classification_macros_c.cc (test for excess errors)
=== libstdc++ Summary ===
# of expected passes 2645
# of unexpected successes 1
# of expected failures 5
Compiler version: 3.4.020040415(prerelease)
Platform: i686-pc-linux-gnu
configure flags: --prefix=/home/karel/usr/local/gcc3.4.0-20040415 --enable-shared --enable-threads --enable-languages=c++ --disable-checking --enable-__cxa_atexit
More information about the Gcc-testresults
mailing list