Results for gcc acats testsuite on
Andreas Schwab
schwab@suse.de
Mon Apr 12 12:35:00 GMT 2004
LAST_UPDATED: Mon Apr 12 08:04:56 UTC 2004
=== acats tests ===
FAIL: ad8011a
FAIL: c380004
FAIL: c67005a
FAIL: c91004b
FAIL: c940010
FAIL: c94002g
FAIL: c94007a
FAIL: c95022b
FAIL: c95072a
FAIL: c95072b
FAIL: c954016
FAIL: c954017
FAIL: c974004
FAIL: c974009
FAIL: c9a011a
FAIL: cb1010a
FAIL: cb20001
FAIL: cb20004
FAIL: cb41002
FAIL: cb5001a
FAIL: cb5001b
FAIL: cb5002a
FAIL: cd2a83c
FAIL: cd2a91c
FAIL: cxg2002
FAIL: cxg2003
FAIL: cxg2004
FAIL: cxg2006
FAIL: cxg2007
FAIL: cxg2010
FAIL: cxg2011
FAIL: cxg2012
FAIL: cxg2013
FAIL: cxg2014
FAIL: cxg2015
FAIL: cxg2016
FAIL: cxg2017
FAIL: cxg2018
FAIL: cxg2019
FAIL: cxg2020
FAIL: cxg2021
=== acats Summary ===
# of expected passes 2281
# of unexpected failures 41
=== libstdc++-v3 check-abi Summary ===
# of added symbols: 288
# of missing symbols: 253
# of incompatible symbols: 284
Compiler version: gcc acats
Platform:
configure flags: --host=ia64-suse-linux --enable-shared --enable-threads --with-system-zlib --enable-languages=c,ada,c++,f77,java,objc
More information about the Gcc-testresults
mailing list