Results for 3.4.0 20040331 (prerelease) testsuite on i686-pc-linux-gnu
David Kredba
kredba@ibot.cas.cz
Fri Apr 9 05:27:00 GMT 2004
LAST_UPDATED: Obtained from CVS: -rgcc-ss-3_4-20040331
=== acats tests ===
=== acats Summary ===
# of expected passes 2322
# of unexpected failures 0
Native configuration is i686-pc-linux-gnu
=== gcc tests ===
Running target unix
FAIL: gcc.c-torture/execute/va-arg-25.c execution, -Os
=== gcc Summary ===
# of expected passes 25231
# of unexpected failures 1
# of expected failures 70
# of untested testcases 7
# of unsupported tests 182
/home/dave/gcc/gcc-3.4/gcc/xgcc version 3.4.0 20040331 (prerelease)
=== g++ tests ===
Running target unix
FAIL: g++.dg/lookup/koenig1.C (test for errors, line 12)
FAIL: g++.dg/lookup/koenig1.C (test for excess errors)
FAIL: g++.dg/template/error1.C (test for errors, line 12)
FAIL: g++.dg/template/error1.C (test for excess errors)
FAIL: g++.old-deja/g++.jason/special.C (test for excess errors)
WARNING: g++.old-deja/g++.mike/p10769a.C compilation failed to produce
executable
FAIL: g++.old-deja/g++.other/crash24.C (test for errors, line 10)
FAIL: g++.old-deja/g++.other/crash24.C (test for excess errors)
FAIL: g++.old-deja/g++.other/crash37.C (test for excess errors)
WARNING: g++.old-deja/g++.other/enum5.C compilation failed to produce
executable
XPASS: g++.old-deja/g++.other/init5.C execution test
FAIL: g++.old-deja/g++.other/vaarg3.C (test for errors, line 12)
FAIL: g++.old-deja/g++.other/vaarg3.C (test for errors, line 21)
FAIL: g++.old-deja/g++.other/vaarg3.C (test for errors, line 23)
FAIL: g++.old-deja/g++.other/vaarg3.C (test for errors, line 24)
FAIL: g++.old-deja/g++.other/vaarg3.C (test for errors, line 25)
FAIL: g++.old-deja/g++.other/vaarg3.C (test for errors, line 26)
FAIL: g++.old-deja/g++.other/vaarg3.C (test for excess errors)
FAIL: g++.old-deja/g++.pt/crash14.C (test for excess errors)
WARNING: g++.old-deja/g++.pt/friend44.C compilation failed to produce
executable
FAIL: g++.old-deja/g++.pt/instantiate8.C (test for errors, line 28)
FAIL: g++.old-deja/g++.pt/instantiate8.C (test for errors, line 36)
FAIL: g++.old-deja/g++.pt/instantiate8.C (test for excess errors)
FAIL: g++.old-deja/g++.pt/partial2.C (test for errors, line 11)
FAIL: g++.old-deja/g++.pt/partial2.C (test for errors, line 17)
FAIL: g++.old-deja/g++.pt/partial2.C (test for errors, line 23)
FAIL: g++.old-deja/g++.pt/partial2.C (test for excess errors)
FAIL: g++.old-deja/g++.robertl/eb4.C (test for errors, line 47)
FAIL: g++.old-deja/g++.robertl/eb4.C (test for excess errors)
=== g++ Summary ===
# of expected passes 9558
# of unexpected failures 25
# of unexpected successes 1
# of expected failures 63
# of unsupported tests 31
/home/dave/gcc/gcc-3.4/gcc/testsuite/../g++ version 3.4.0 20040331
(prerelease)
=== g77 tests ===
Running target unix
=== g77 Summary ===
# of expected passes 1812
/home/dave/gcc/gcc-3.4/gcc/testsuite/../g77 version 3.4.0 20040331
(prerelease)
=== objc tests ===
Running target unix
=== objc Summary ===
# of expected passes 1341
# of unsupported tests 8
/home/dave/gcc/gcc-3.4/gcc/xgcc version 3.4.0 20040331 (prerelease)
=== libffi tests ===
Running target unix
=== libffi Summary ===
# of expected passes 212
# of unsupported tests 2
=== libjava tests ===
Running target unix
FAIL: linking simple
=== libjava Summary ===
# of expected passes 3260
# of unexpected failures 1
# of expected failures 11
# of untested testcases 8
=== libstdc++-v3 check-abi Summary ===
# of added symbols: 289
# of missing symbols: 289
# of incompatible symbols: 320
=== libstdc++ tests ===
Running target unix
XPASS: 26_numerics/c99_classification_macros_c.cc (test for excess errors)
=== libstdc++ Summary ===
# of expected passes 2645
# of unexpected successes 1
# of expected failures 5
Compiler version: 3.4.0 20040331 (prerelease)
Platform: i686-pc-linux-gnu
configure flags: --prefix=/opt --enable-shared --enable-threads=posix
--enable-checking --enable-long-long --enable-__cxa_atexit
--enable-clocale=gnu --enable-languages=c,c++,ada,f77,objc,java
--with-system-zlib
--
David Kredba <kredba at ibot.cas.cz>
GPG: ID 1024D/5B6B02DE
Fingerprint: F0B3312596BEDCF91DFB 0699E06AACD75B6B02DE
More information about the Gcc-testresults
mailing list