Results for 3.5.0 20040406 (experimental) testsuite on i586-suse-linux-gnu
Robert Schiele
rschiele@uni-mannheim.de
Wed Apr 7 07:15:00 GMT 2004
LAST_UPDATED: Tue Apr 6 23:21:16 UTC 2004
Native configuration is i586-suse-linux-gnu
=== g77 tests ===
Running target unix
=== g77 Summary ===
# of expected passes 1788
# of unsupported tests 6
/local/build/gcc/testsuite/../g77 version 3.5.0 20040406 (experimental)
=== gcc tests ===
Running target unix
FAIL: gcc.c-torture/execute/va-arg-25.c execution, -Os
XPASS: gcc.dg/cpp/cmdlne-dI-M.c scan-file (^|\\\\n)cmdlne-dI-M.*:[^\\\\n]*cmdlne-dI-M.c
XPASS: gcc.dg/cpp/cmdlne-dM-M.c scan-file (^|\\\\n)cmdlne-dM-M[^\\\\n]*:[^\\\\n]*cmdlne-dM-M.c
FAIL: gcc.dg/c90-const-expr-3.c (test for excess errors)
FAIL: gcc.dg/c99-const-expr-3.c (test for excess errors)
FAIL: gcc.dg/pch/warn-1.c (test for errors, line 5)
FAIL: gcc.dg/pch/warn-1.c (test for excess errors)
FAIL: gcc.dg/pch/warn-1.c -O0 -g assembly comparison
FAIL: gcc.dg/pch/warn-1.c (test for errors, line 5)
FAIL: gcc.dg/pch/warn-1.c (test for excess errors)
FAIL: gcc.dg/pch/warn-1.c -O0 assembly comparison
FAIL: gcc.dg/pch/warn-1.c (test for errors, line 5)
FAIL: gcc.dg/pch/warn-1.c (test for excess errors)
FAIL: gcc.dg/pch/warn-1.c -O1 assembly comparison
FAIL: gcc.dg/pch/warn-1.c (test for errors, line 5)
FAIL: gcc.dg/pch/warn-1.c (test for excess errors)
FAIL: gcc.dg/pch/warn-1.c -O2 assembly comparison
FAIL: gcc.dg/pch/warn-1.c (test for errors, line 5)
FAIL: gcc.dg/pch/warn-1.c (test for excess errors)
FAIL: gcc.dg/pch/warn-1.c -O3 -fomit-frame-pointer assembly comparison
FAIL: gcc.dg/pch/warn-1.c (test for errors, line 5)
FAIL: gcc.dg/pch/warn-1.c (test for excess errors)
FAIL: gcc.dg/pch/warn-1.c -O3 -g assembly comparison
FAIL: gcc.dg/pch/warn-1.c (test for errors, line 5)
FAIL: gcc.dg/pch/warn-1.c (test for excess errors)
FAIL: gcc.dg/pch/warn-1.c -Os assembly comparison
=== gcc Summary ===
# of expected passes 25070
# of unexpected failures 24
# of unexpected successes 2
# of expected failures 58
# of unsupported tests 186
/local/build/gcc/xgcc version 3.5.0 20040406 (experimental)
=== g++ tests ===
Running target unix
FAIL: g++.old-deja/g++.mike/p10769a.C (test for excess errors)
WARNING: g++.old-deja/g++.mike/p10769a.C compilation failed to produce executable
FAIL: g++.old-deja/g++.other/enum5.C (test for excess errors)
WARNING: g++.old-deja/g++.other/enum5.C compilation failed to produce executable
XPASS: g++.old-deja/g++.other/init5.C execution test
FAIL: g++.old-deja/g++.pt/friend44.C (test for excess errors)
WARNING: g++.old-deja/g++.pt/friend44.C compilation failed to produce executable
FAIL: g++.old-deja/g++.pt/typename16.C (test for excess errors)
=== g++ Summary ===
# of expected passes 9722
# of unexpected failures 4
# of unexpected successes 1
# of expected failures 82
# of unsupported tests 37
/local/build/gcc/testsuite/../g++ version 3.5.0 20040406 (experimental)
=== objc tests ===
Running target unix
=== objc Summary ===
# of expected passes 1339
# of unsupported tests 8
/local/build/gcc/xgcc version 3.5.0 20040406 (experimental)
=== libstdc++-v3 check-abi Summary ===
# of added symbols: 290
# of missing symbols: 289
# of incompatible symbols: 320
=== libstdc++ tests ===
Running target unix
FAIL: 23_containers/multiset/invalidation/2.cc execution test
XPASS: 26_numerics/c99_classification_macros_c.cc (test for excess errors)
=== libstdc++ Summary ===
# of expected passes 2648
# of unexpected failures 1
# of unexpected successes 1
# of expected failures 5
Compiler version: 3.5.0 20040406 (experimental)
Platform: i586-suse-linux-gnu
configure flags: --enable-threads=posix --prefix=/local/inst/gcc350 --disable-checking --disable-libgcj --with-gxx-include-dir=/local/inst/gcc350/include/g++ --with-system-zlib --enable-shared --enable-__cxa_atexit i586-suse-linux --enable-languages=c,c++,f77,objc
More information about the Gcc-testresults
mailing list