Results for 3.4 20030909 (experimental) testsuite on powerpc-unknown-linux-gnu
Olaf Hering
olh@suse.de
Wed Sep 10 11:18:00 GMT 2003
LAST_UPDATED: Wed Sep 10 00:01:04 UTC 2003
Native configuration is powerpc-unknown-linux-gnu
=== g++ tests ===
Running target unix
XPASS: g++.dg/ext/lvalue1.C not an lvalue (test for errors, line 7)
FAIL: g++.dg/ext/pretty1.C scan-assembler top level
FAIL: g++.dg/ext/pretty2.C (test for excess errors)
WARNING: g++.dg/ext/pretty2.C compilation failed to produce executable
FAIL: g++.dg/init/array10.C (test for excess errors)
XPASS: g++.dg/other/packed1.C execution test
WARNING: g++.old-deja/g++.mike/p10769a.C compilation failed to produce executable
WARNING: g++.old-deja/g++.other/enum5.C compilation failed to produce executable
XPASS: g++.old-deja/g++.other/init5.C execution test
WARNING: g++.old-deja/g++.pt/friend44.C compilation failed to produce executable
=== g++ Summary ===
# of expected passes 8947
# of unexpected failures 3
# of unexpected successes 3
# of expected failures 62
# of unsupported tests 60
/abuild/gcc_cvs_build/obj/obj-gcc34/gcc/testsuite/../g++ version 3.4 20030909 (experimental)
=== g77 tests ===
Running target unix
FAIL: g77.f-torture/execute/980520-1.f compilation, -O0
=== g77 Summary ===
# of expected passes 1752
# of unexpected failures 1
# of untested testcases 1
# of unsupported tests 6
/abuild/gcc_cvs_build/obj/obj-gcc34/gcc/testsuite/../g77 version 3.4 20030909 (experimental)
=== gcc tests ===
Running target unix
WARNING: program timed out.
FAIL: gcc.c-torture/compile/20001226-1.c (test for excess errors)
WARNING: program timed out.
FAIL: gcc.c-torture/compile/20001226-1.c (test for excess errors)
FAIL: gcc.c-torture/execute/20030125-1.c execution, -O1
FAIL: gcc.c-torture/execute/20030125-1.c execution, -O2
FAIL: gcc.c-torture/execute/20030125-1.c execution, -O3 -fomit-frame-pointer
FAIL: gcc.c-torture/execute/20030125-1.c execution, -O3 -g
FAIL: gcc.c-torture/execute/20030125-1.c execution, -Os
UNRESOLVED: gcc.c-torture/execute/wchar_t-1.c execution, -O0
UNRESOLVED: gcc.c-torture/execute/wchar_t-1.c execution, -O1
UNRESOLVED: gcc.c-torture/execute/wchar_t-1.c execution, -O2
UNRESOLVED: gcc.c-torture/execute/wchar_t-1.c execution, -O3 -fomit-frame-pointer
UNRESOLVED: gcc.c-torture/execute/wchar_t-1.c execution, -O3 -g
UNRESOLVED: gcc.c-torture/execute/wchar_t-1.c execution, -Os
FAIL: gcc.dg/compat/scalar-by-value-3 c_compat_x_tst.o-c_compat_y_tst.o execute
FAIL: gcc.dg/compat/scalar-return-3 c_compat_x_tst.o-c_compat_y_tst.o execute
FAIL: gcc.dg/20020103-1.c scan-assembler-not LC
FAIL: gcc.dg/20020118-1.c execution test
FAIL: gcc.dg/altivec-5.c (test for excess errors)
FAIL: gcc.dg/builtins-18.c (test for excess errors)
FAIL: gcc.dg/builtins-20.c (test for excess errors)
FAIL: gcc.dg/ppc-sdata-1.c scan-assembler sdat@sdarel\\(13\\)
FAIL: gcc.dg/ppc-sdata-1.c scan-assembler sdat2@sda21\\(2\\)
=== gcc Summary ===
# of expected passes 23934
# of unexpected failures 16
# of expected failures 80
# of unresolved testcases 6
# of untested testcases 7
# of unsupported tests 240
/abuild/gcc_cvs_build/obj/obj-gcc34/gcc/xgcc version 3.4 20030909 (experimental)
=== objc tests ===
Running target unix
=== objc Summary ===
# of expected passes 1156
/abuild/gcc_cvs_build/obj/obj-gcc34/gcc/xgcc version 3.4 20030909 (experimental)
=== libffi tests ===
Running target unix
=== libffi Summary ===
# of expected passes 125
# of unsupported tests 2
=== libjava tests ===
Running target unix
FAIL: Array_3 -O3 execution - source compiled test
=== libjava Summary ===
# of expected passes 3090
# of unexpected failures 1
# of expected failures 10
# of untested testcases 9
=== libstdc++ tests ===
Running target unix
FAIL: ext/stdio_sync_filebuf_char.cc (test for excess errors)
WARNING: ext/stdio_sync_filebuf_char.cc compilation failed to produce executable
FAIL: ext/stdio_sync_filebuf_wchar_t.cc (test for excess errors)
WARNING: ext/stdio_sync_filebuf_wchar_t.cc compilation failed to produce executable
=== libstdc++ Summary ===
# of expected passes 2117
# of unexpected failures 2
# of expected failures 12
Compiler version: 3.4 20030909 (experimental)
Platform: powerpc-unknown-linux-gnu
configure flags: --enable-checking --enable-libgcj --enable-shared --enable-__cxa_atexit --enable-threads --enable-languages=c,c++,f77,java,objc,ada --prefix=/home/foo/boofared --with-system-zlib
GNU ld version 2.14.90 20030704 (SuSE Linux)
FAIL: gcc.dg/altivec-5.c (test for excess errors)
output is:
/home/foo/src/gcc-head/gcc/testsuite/gcc.dg/altivec-5.c: In function \`foo':
/home/foo/src/gcc-head/gcc/testsuite/gcc.dg/altivec-5.c:12: error: unrecognizable insn:
(insn:HI 5 18 6 0 (set (reg/v:V4SI 120 [ b ])
(mem/f:V4SI (plus:SI (reg/f:SI 67 ap)
(const_int 8 [0x8])) [4 b+0 S16 A128])) -1 (nil)
(nil))
/home/foo/src/gcc-head/gcc/testsuite/gcc.dg/altivec-5.c:12: internal compiler error: in extract_insn, at recog.c:2064
Please submit a full bug report,
with preprocessed source if appropriate.
See <URL:http://gcc.gnu.org/bugs.html> for instructions.
FAIL: gcc.dg/builtins-18.c (test for excess errors)
output is:
/tmp/ccl97l6o.o(.text+0x7c): In function \`main':
: undefined reference to \`link_error'
/tmp/ccl97l6o.o(.text+0x84): In function \`main':
: undefined reference to \`link_error'
/tmp/ccl97l6o.o(.text+0x9c): In function \`main':
: undefined reference to \`link_error'
/tmp/ccl97l6o.o(.text+0xa4): In function \`main':
: undefined reference to \`link_error'
collect2: ld returned 1 exit status
FAIL: gcc.dg/builtins-20.c (test for excess errors)
output is:
/tmp/ccDr6qzt.o(.text+0xb4): In function \`test1l':
: undefined reference to \`link_error'
/tmp/ccDr6qzt.o(.text+0xcc): In function \`test1l':
: undefined reference to \`link_error'
/tmp/ccDr6qzt.o(.text+0xdc): In function \`test1l':
: undefined reference to \`link_error'
/tmp/ccDr6qzt.o(.text+0xe4): In function \`test1l':
: undefined reference to \`link_error'
/tmp/ccDr6qzt.o(.text+0x1c8): In function \`test1f':
: undefined reference to \`link_error'
/tmp/ccDr6qzt.o(.text+0x1e0): more undefined references to \`link_error' follow
collect2: ld returned 1 exit status
FAIL: g++.dg/ext/pretty2.C (test for excess errors)
output is:
/tmp/ccyFKVQD.o(.text+0x1de): In function \`__static_initialization_and_destruction_0(int, int)':
: undefined reference to \`__PRETTY_FUNCTION__'
/tmp/ccyFKVQD.o(.text+0x1e2): In function \`__static_initialization_and_destruction_0(int, int)':
: undefined reference to \`__PRETTY_FUNCTION__'
/tmp/ccyFKVQD.o(.text+0x242): In function \`__static_initialization_and_destruction_0(int, int)':
: undefined reference to \`__PRETTY_FUNCTION__'
/tmp/ccyFKVQD.o(.text+0x246): In function \`__static_initialization_and_destruction_0(int, int)':
: undefined reference to \`__PRETTY_FUNCTION__'
/tmp/ccyFKVQD.o(.text+0x2a6): In function \`__static_initialization_and_destruction_0(int, int)':
: undefined reference to \`__PRETTY_FUNCTION__'
/tmp/ccyFKVQD.o(.text+0x2aa): more undefined references to \`__PRETTY_FUNCTION__' follow
collect2: ld returned 1 exit status
FAIL: g++.dg/init/array10.C (test for excess errors)
output is:
/home/foo/src/gcc-head/gcc/testsuite/g++.dg/init/array10.C:5: error: ISO C++ forbids compound-literals
FAIL: g77.f-torture/execute/980520-1.f compilation, -O0
output is:
/tmp/ccATekwr.o(.text+0x48): In function \`values.0':
: undefined reference to \`val_'
collect2: ld returned 1 exit status
FAIL: ext/stdio_sync_filebuf_char.cc (test for excess errors)
output is:
/tmp/ccy7CmEy.o(.text._Z6test05v+0x3c): In function \`test01()':
/home/foo/src/gcc-head/libstdc++-v3/testsuite/ext/stdio_sync_filebuf_char.cc:84: undefined reference to \`__gnu_cxx::stdio_sync_filebuf<char, std::char_traits<char> >::stdio_sync_filebuf[in-charge](_IO_FILE*)'
/tmp/ccy7CmEy.o(.text._Z6test04v+0x3c):/home/foo/src/gcc-head/libstdc++-v3/testsuite/ext/stdio_sync_filebuf_char.cc:84: undefined reference to \`__gnu_cxx::stdio_sync_filebuf<char, std::char_traits<char> >::stdio_sync_filebuf[in-charge](_IO_FILE*)'
/tmp/ccy7CmEy.o(.text._Z6test03v+0x3c):/home/foo/src/gcc-head/libstdc++-v3/testsuite/ext/stdio_sync_filebuf_char.cc:84: undefined reference to \`__gnu_cxx::stdio_sync_filebuf<char, std::char_traits<char> >::stdio_sync_filebuf[in-charge](_IO_FILE*)'
/tmp/ccy7CmEy.o(.text._Z6test02v+0x3c):/home/foo/src/gcc-head/libstdc++-v3/testsuite/ext/stdio_sync_filebuf_char.cc:84: undefined reference to \`__gnu_cxx::stdio_sync_filebuf<char, std::char_traits<char> >::stdio_sync_filebuf[in-charge](_IO_FILE*)'
/tmp/ccy7CmEy.o(.text._Z6test01v+0x88):/home/foo/src/gcc-head/libstdc++-v3/testsuite/ext/stdio_sync_filebuf_char.cc:89: undefined reference to \`__gnu_cxx::stdio_sync_filebuf<char, std::char_traits<char> >::stdio_sync_filebuf[in-charge](_IO_FILE*)'
collect2: ld returned 1 exit status
FAIL: ext/stdio_sync_filebuf_wchar_t.cc (test for excess errors)
output is:
/tmp/ccYPm1Xi.o(.text._Z6test05v+0x3c): In function \`test01()':
/home/foo/src/gcc-head/libstdc++-v3/testsuite/ext/stdio_sync_filebuf_wchar_t.cc:85: undefined reference to \`__gnu_cxx::stdio_sync_filebuf<wchar_t, std::char_traits<wchar_t> >::stdio_sync_filebuf[in-charge](_IO_FILE*)'
/tmp/ccYPm1Xi.o(.text._Z6test04v+0x3c):/home/foo/src/gcc-head/libstdc++-v3/testsuite/ext/stdio_sync_filebuf_wchar_t.cc:85: undefined reference to \`__gnu_cxx::stdio_sync_filebuf<wchar_t, std::char_traits<wchar_t> >::stdio_sync_filebuf[in-charge](_IO_FILE*)'
/tmp/ccYPm1Xi.o(.text._Z6test03v+0x3c):/home/foo/src/gcc-head/libstdc++-v3/testsuite/ext/stdio_sync_filebuf_wchar_t.cc:85: undefined reference to \`__gnu_cxx::stdio_sync_filebuf<wchar_t, std::char_traits<wchar_t> >::stdio_sync_filebuf[in-charge](_IO_FILE*)'
/tmp/ccYPm1Xi.o(.text._Z6test02v+0x3c):/home/foo/src/gcc-head/libstdc++-v3/testsuite/ext/stdio_sync_filebuf_wchar_t.cc:85: undefined reference to \`__gnu_cxx::stdio_sync_filebuf<wchar_t, std::char_traits<wchar_t> >::stdio_sync_filebuf[in-charge](_IO_FILE*)'
/tmp/ccYPm1Xi.o(.text._Z6test01v+0x94): In function \`test01()':
/abuild/gcc_cvs_build/obj/obj-gcc34/powerpc-unknown-linux-gnu/libstdc++-v3/include/bits/char_traits.h:350: undefined reference to \`__gnu_cxx::stdio_sync_filebuf<wchar_t, std::char_traits<wchar_t> >::stdio_sync_filebuf[in-charge](_IO_FILE*)'
collect2: ld returned 1 exit status
More information about the Gcc-testresults
mailing list