Results for 3.4 20030908 (experimental) testsuite on hppa-unknown-linux-gnu
John David Anglin
dave@hiauly6.hia.nrc.ca
Tue Sep 9 00:50:00 GMT 2003
LAST_UPDATED: Mon Sep 8 15:49:16 UTC 2003
Native configuration is hppa-unknown-linux-gnu
=== g++ tests ===
Running target unix
XPASS: g++.dg/ext/lvalue1.C not an lvalue (test for errors, line 7)
FAIL: g++.dg/ext/pretty1.C scan-assembler top level
FAIL: g++.dg/ext/pretty2.C (test for excess errors)
WARNING: g++.dg/ext/pretty2.C compilation failed to produce executable
FAIL: g++.dg/init/array10.C (test for excess errors)
FAIL: g++.dg/opt/inline4.C (test for excess errors)
ERROR: g++.dg/opt/inline4.C: error executing dg-final: couldn't open "inline4.s": no such file or directory
UNRESOLVED: g++.dg/opt/inline4.C: error executing dg-final: couldn't open "inline4.s": no such file or directory
XPASS: g++.dg/other/packed1.C execution test
FAIL: g++.dg/template/recurse.C (test for errors, line 8)
WARNING: g++.old-deja/g++.mike/p10769a.C compilation failed to produce executable
WARNING: g++.old-deja/g++.other/enum5.C compilation failed to produce executable
XPASS: g++.old-deja/g++.other/init5.C execution test
WARNING: g++.old-deja/g++.pt/friend44.C compilation failed to produce executable
=== g++ Summary ===
# of expected passes 8918
# of unexpected failures 5
# of unexpected successes 3
# of expected failures 62
# of unresolved testcases 1
# of unsupported tests 61
/home/dave/gnu/gcc-3.4/objdir/gcc/testsuite/../g++ version 3.4 20030908 (experimental)
=== g77 tests ===
Running target unix
FAIL: g77.f-torture/execute/980520-1.f compilation, -O0
=== g77 Summary ===
# of expected passes 1752
# of unexpected failures 1
# of untested testcases 1
# of unsupported tests 6
/home/dave/gnu/gcc-3.4/objdir/gcc/testsuite/../g77 version 3.4 20030908 (experimental)
=== gcc tests ===
Running target unix
FAIL: gcc.c-torture/compile/20011119-1.c (test for excess errors)
FAIL: gcc.c-torture/compile/20011119-1.c (test for excess errors)
FAIL: gcc.c-torture/compile/20011119-1.c (test for excess errors)
FAIL: gcc.c-torture/compile/20011119-1.c (test for excess errors)
FAIL: gcc.c-torture/compile/20011119-2.c (test for excess errors)
FAIL: gcc.c-torture/compile/20011119-2.c (test for excess errors)
FAIL: gcc.c-torture/compile/20011119-2.c (test for excess errors)
FAIL: gcc.c-torture/compile/20011119-2.c (test for excess errors)
FAIL: gcc.c-torture/compile/20011119-2.c (test for excess errors)
FAIL: gcc.c-torture/execute/20030307-1.c execution, -O2
FAIL: gcc.c-torture/execute/20030307-1.c execution, -Os
UNRESOLVED: gcc.c-torture/execute/wchar_t-1.c execution, -O0
UNRESOLVED: gcc.c-torture/execute/wchar_t-1.c execution, -O1
UNRESOLVED: gcc.c-torture/execute/wchar_t-1.c execution, -O2
UNRESOLVED: gcc.c-torture/execute/wchar_t-1.c execution, -O3 -fomit-frame-pointer
UNRESOLVED: gcc.c-torture/execute/wchar_t-1.c execution, -O3 -g
UNRESOLVED: gcc.c-torture/execute/wchar_t-1.c execution, -Os
FAIL: gcc.dg/compat/vector-2 c_compat_x_tst.o compile
FAIL: gcc.dg/compat/vector-2 c_compat_y_tst.o compile
UNRESOLVED: gcc.dg/compat/vector-2 c_compat_x_tst.o-c_compat_y_tst.o link
UNRESOLVED: gcc.dg/compat/vector-2 c_compat_x_tst.o-c_compat_y_tst.o execute
FAIL: gcc.dg/debug/debug-1.c scan-assembler xyzzy
FAIL: gcc.dg/debug/debug-1.c scan-assembler xyzzy
FAIL: gcc.dg/debug/debug-1.c scan-assembler xyzzy
FAIL: gcc.dg/debug/debug-1.c scan-assembler xyzzy
FAIL: gcc.dg/debug/debug-1.c scan-assembler xyzzy
FAIL: gcc.dg/debug/debug-1.c scan-assembler xyzzy
FAIL: gcc.dg/debug/debug-2.c scan-assembler xyzzy
FAIL: gcc.dg/debug/debug-2.c scan-assembler xyzzy
FAIL: gcc.dg/debug/debug-2.c scan-assembler xyzzy
FAIL: gcc.dg/debug/debug-2.c scan-assembler xyzzy
FAIL: gcc.dg/debug/debug-2.c scan-assembler xyzzy
FAIL: gcc.dg/debug/debug-2.c scan-assembler xyzzy
FAIL: gcc.dg/const-elim-1.c scan-assembler-not L\\\$?C[^A-Z]
=== gcc Summary ===
# of expected passes 23815
# of unexpected failures 26
# of expected failures 79
# of unresolved testcases 8
# of untested testcases 7
# of unsupported tests 264
/home/dave/gnu/gcc-3.4/objdir/gcc/xgcc version 3.4 20030908 (experimental)
=== objc tests ===
Running target unix
FAIL: objc/execute/formal_protocol-1.m compilation, -O3 -fomit-frame-pointer
UNRESOLVED: objc/execute/formal_protocol-1.m execution, -O3 -fomit-frame-pointer
FAIL: objc/execute/formal_protocol-1.m compilation, -O3 -g
UNRESOLVED: objc/execute/formal_protocol-1.m execution, -O3 -g
FAIL: objc/execute/formal_protocol-2.m compilation, -O3 -fomit-frame-pointer
UNRESOLVED: objc/execute/formal_protocol-2.m execution, -O3 -fomit-frame-pointer
FAIL: objc/execute/formal_protocol-2.m compilation, -O3 -g
UNRESOLVED: objc/execute/formal_protocol-2.m execution, -O3 -g
FAIL: objc/execute/formal_protocol-3.m compilation, -O3 -fomit-frame-pointer
UNRESOLVED: objc/execute/formal_protocol-3.m execution, -O3 -fomit-frame-pointer
FAIL: objc/execute/formal_protocol-3.m compilation, -O3 -g
UNRESOLVED: objc/execute/formal_protocol-3.m execution, -O3 -g
=== objc Summary ===
# of expected passes 1144
# of unexpected failures 6
# of unresolved testcases 6
/home/dave/gnu/gcc-3.4/objdir/gcc/xgcc version 3.4 20030908 (experimental)
=== libstdc++-v3 check-abi Summary ===
# of added symbols: 177
# of missing symbols: 238
# of incompatible symbols: 242
=== libstdc++ tests ===
Running target unix
FAIL: 22_locale/ctype/is/wchar_t/1.cc execution test
FAIL: 22_locale/money_get/get/char/5.cc execution test
FAIL: 22_locale/money_get/get/wchar_t/5.cc execution test
FAIL: 22_locale/num_get/get/char/4.cc execution test
FAIL: 22_locale/num_get/get/wchar_t/4.cc execution test
FAIL: 26_numerics/complex_inserters_extractors.cc execution test
FAIL: 27_io/basic_filebuf/sgetn/char/1-in.cc execution test
FAIL: 27_io/basic_filebuf/sgetn/char/1-io.cc execution test
FAIL: 27_io/basic_filebuf/sgetn/char/2-in.cc execution test
FAIL: 27_io/basic_filebuf/sgetn/char/2-io.cc execution test
FAIL: 27_io/basic_istream/extractors_arithmetic/char/01.cc execution test
FAIL: 27_io/basic_istream/readsome/char/6746-2.cc execution test
FAIL: ext/stdio_sync_filebuf_char.cc (test for excess errors)
WARNING: ext/stdio_sync_filebuf_char.cc compilation failed to produce executable
FAIL: ext/stdio_sync_filebuf_wchar_t.cc (test for excess errors)
WARNING: ext/stdio_sync_filebuf_wchar_t.cc compilation failed to produce executable
=== libstdc++ Summary ===
# of expected passes 2105
# of unexpected failures 14
# of expected failures 12
Compiler version: 3.4 20030908 (experimental)
Platform: hppa-unknown-linux-gnu
configure flags: --with-gnu-as --with-as=/home/dave/opt/gnu/bin/as --with-gnu-ld --with-ld=/home/dave/opt/gnu/bin/ld --enable-shared --disable-nls --prefix=/home/dave/opt/gnu --with-local-prefix=/home/dave/opt/gnu --enable-threads=posix --enable-__cxa_atexit --host=hppa-linux --enable-languages=c,c++,f77,java,objc
More information about the Gcc-testresults
mailing list